000
CDUS46 KMTR 050837
CLINUQ


CLIMATE REPORT
NATIONAL WEATHER SERVICE SAN FRANCISCO BAY AREA
137 AM PDT THU MAY 5 2016


...................................

...THE MOFFETT FIELD CLIMATE SUMMARY FOR MAY 4 2016...

CLIMATE NORMAL PERIOD 1981 TO 2010
CLIMATE RECORD PERIOD 1945 TO 2016


WEATHER ITEM   OBSERVED TIME   RECORD YEAR NORMAL DEPARTURE LAST
                VALUE   (LST)  VALUE       VALUE  FROM      YEAR
                                                  NORMAL
..................................................................
TEMPERATURE (F)
 YESTERDAY
  MAXIMUM         70    133 PM  88    1990  71     -1       MM
  MINIMUM         56    548 AM  38    1952  52      4       MM
  AVERAGE         63                        61      2       MM

PRECIPITATION (IN)
  YESTERDAY        0.00          0.56 2005   0.03  -0.03     0.00
  MONTH TO DATE    0.00                      0.11  -0.11     0.00
  SINCE OCT 1     13.02                     14.01  -0.99    13.48
  SINCE JAN 1      8.62                      9.17  -0.55     3.49

DEGREE DAYS
 HEATING
  YESTERDAY        2                                        MM
  MONTH TO DATE    5                                        MM
  SINCE MAR 1    339                                       305
  SINCE JUL 1   1724                                      1410

 COOLING
  YESTERDAY        0                                        MM
  MONTH TO DATE    4                                        MM
  SINCE MAR 1     27                                        18
  SINCE JAN 1     29                                        18
..................................................................


WIND (MPH)
  RESULTANT WIND SPEED   5   RESULTANT WIND DIRECTION   N (360)
  HIGHEST WIND SPEED    16   HIGHEST WIND DIRECTION     N (350)
  HIGHEST GUST SPEED    19   HIGHEST GUST DIRECTION     N (350)
  AVERAGE WIND SPEED     6.1


SKY COVER
  POSSIBLE SUNSHINE  MM
  AVERAGE SKY COVER 0.4


WEATHER CONDITIONS
 THE FOLLOWING WEATHER WAS RECORDED YESTERDAY.
  NO SIGNIFICANT WEATHER WAS OBSERVED.


RELATIVE HUMIDITY (PERCENT)
 HIGHEST    86           400 AM
 LOWEST     55           300 PM
 AVERAGE    71

..........................................................


THE MOFFETT FIELD CLIMATE NORMALS FOR TODAY
                         NORMAL    RECORD    YEAR
 MAXIMUM TEMPERATURE (F)   71        94      1987
 MINIMUM TEMPERATURE (F)   52        41      1952


SUNRISE AND SUNSET
MAY  5 2016...........SUNRISE   608 AM PDT   SUNSET   802 PM PDT
MAY  6 2016...........SUNRISE   607 AM PDT   SUNSET   803 PM PDT


-  INDICATES NEGATIVE NUMBERS.
R  INDICATES RECORD WAS SET OR TIED.
MM INDICATES DATA IS MISSING.
T  INDICATES TRACE AMOUNT.




$$
