083
CDUS46 KMTR 210826
CLINUQ


CLIMATE REPORT
NATIONAL WEATHER SERVICE SAN FRANCISCO BAY AREA
1226 AM PST TUE NOV 21 2017


...................................

...THE MOFFETT FIELD CLIMATE SUMMARY FOR NOVEMBER 20 2017...

CLIMATE NORMAL PERIOD 1981 TO 2010
CLIMATE RECORD PERIOD 1945 TO 2017


WEATHER ITEM   OBSERVED TIME   RECORD YEAR NORMAL DEPARTURE LAST
                VALUE   (LST)  VALUE       VALUE  FROM      YEAR
                                                  NORMAL
..................................................................
TEMPERATURE (F)
 YESTERDAY
  MAXIMUM         67    138 PM  74    1989  64      3       63
  MINIMUM         54    542 AM  32    1947  46      8       50
  AVERAGE         61                        55      6       57

PRECIPITATION (IN)
  YESTERDAY        0.00          0.91 1961   0.06  -0.06     0.44
  MONTH TO DATE    1.51                      1.04   0.47     0.52
  SINCE OCT 1      1.66                      1.68  -0.02     2.21
  SINCE JAN 1     15.30                     11.52   3.78    10.96

DEGREE DAYS
 HEATING
  YESTERDAY        4                                         8
  MONTH TO DATE  151                                        90
  SINCE SEP 1    216                                       155
  SINCE JUL 1    218                                       162

 COOLING
  YESTERDAY        0                                         0
  MONTH TO DATE    0                                         0
  SINCE SEP 1    278                                       124
  SINCE JAN 1    689                                       460
..................................................................


WIND (MPH)
  RESULTANT WIND SPEED   1   RESULTANT WIND DIRECTION   N (350)
  HIGHEST WIND SPEED     9   HIGHEST WIND DIRECTION     N (340)
  HIGHEST GUST SPEED    10   HIGHEST GUST DIRECTION     N (340)
  AVERAGE WIND SPEED     1.8


SKY COVER
  POSSIBLE SUNSHINE  MM
  AVERAGE SKY COVER 0.7


WEATHER CONDITIONS
 THE FOLLOWING WEATHER WAS RECORDED YESTERDAY.
  NO SIGNIFICANT WEATHER WAS OBSERVED.


RELATIVE HUMIDITY (PERCENT)
 HIGHEST    83           300 AM
 LOWEST     56           300 PM
 AVERAGE    70

..........................................................


THE MOFFETT FIELD CLIMATE NORMALS FOR TODAY
                         NORMAL    RECORD    YEAR
 MAXIMUM TEMPERATURE (F)   63        74      1950
 MINIMUM TEMPERATURE (F)   46        32      1947


SUNRISE AND SUNSET
NOVEMBER 21 2017......SUNRISE   654 AM PST   SUNSET   454 PM PST
NOVEMBER 22 2017......SUNRISE   655 AM PST   SUNSET   453 PM PST


-  INDICATES NEGATIVE NUMBERS.
R  INDICATES RECORD WAS SET OR TIED.
MM INDICATES DATA IS MISSING.
T  INDICATES TRACE AMOUNT.




$$
