646
CDUS46 KMTR 250829
CLINUQ


CLIMATE REPORT
NATIONAL WEATHER SERVICE SAN FRANCISCO BAY AREA
1229 AM PST SUN FEB 25 2018


...................................

...THE MOFFETT FIELD CLIMATE SUMMARY FOR FEBRUARY 24 2018...

CLIMATE NORMAL PERIOD 1981 TO 2010
CLIMATE RECORD PERIOD 1945 TO 2018


WEATHER ITEM   OBSERVED TIME   RECORD YEAR NORMAL DEPARTURE LAST
                VALUE   (LST)  VALUE       VALUE  FROM      YEAR
                                                  NORMAL
..................................................................
TEMPERATURE (F)
 YESTERDAY
  MAXIMUM         57    142 PM  76    1992  63     -6       55
  MINIMUM         32R   559 AM  34    2017  46    -14       34
                                      1974
  AVERAGE         45                        55    -10       45

PRECIPITATION (IN)
  YESTERDAY        0.00          0.94 1958   0.12  -0.12     0.00
  MONTH TO DATE    0.02                      2.63  -2.61     5.19
  SINCE OCT 1      4.72                     10.22  -5.50    15.16
  SINCE JAN 1      2.77                      5.38  -2.61    10.59

DEGREE DAYS
 HEATING
  YESTERDAY       20                                        20
  MONTH TO DATE  248                                       236
  SINCE DEC 1   1064                                      1173
  SINCE JUL 1   1346                                      1460

 COOLING
  YESTERDAY        0                                         0
  MONTH TO DATE    0                                         0
  SINCE DEC 1      0                                         0
  SINCE JAN 1      0                                         0
..................................................................


WIND (MPH)
  RESULTANT WIND SPEED   3   RESULTANT WIND DIRECTION  NW (300)
  HIGHEST WIND SPEED    20   HIGHEST WIND DIRECTION     W (290)
  HIGHEST GUST SPEED    29   HIGHEST GUST DIRECTION    NW (300)
  AVERAGE WIND SPEED     6.7


SKY COVER
  POSSIBLE SUNSHINE  MM
  AVERAGE SKY COVER 0.1


WEATHER CONDITIONS
 THE FOLLOWING WEATHER WAS RECORDED YESTERDAY.
  NO SIGNIFICANT WEATHER WAS OBSERVED.


RELATIVE HUMIDITY (PERCENT)
 HIGHEST    77           900 PM
 LOWEST     38           100 PM
 AVERAGE    58

..........................................................


THE MOFFETT FIELD CLIMATE NORMALS FOR TODAY
                         NORMAL    RECORD    YEAR
 MAXIMUM TEMPERATURE (F)   63        78      1992
 MINIMUM TEMPERATURE (F)   46        34      1953


SUNRISE AND SUNSET
FEBRUARY 25 2018......SUNRISE   645 AM PST   SUNSET   558 PM PST
FEBRUARY 26 2018......SUNRISE   643 AM PST   SUNSET   559 PM PST


-  INDICATES NEGATIVE NUMBERS.
R  INDICATES RECORD WAS SET OR TIED.
MM INDICATES DATA IS MISSING.
T  INDICATES TRACE AMOUNT.




$$
