000
CDUS46 KMTR 030025
CLINUQ


CLIMATE REPORT
NATIONAL WEATHER SERVICE SAN FRANCISCO BAY AREA
525 PM PDT TUE JUN 2 2015


...................................

...THE MOFFETT FIELD CLIMATE SUMMARY FOR JUNE 2 2015...
VALID TODAY AS OF 0500 PM LOCAL TIME.

CLIMATE NORMAL PERIOD 1981 TO 2010
CLIMATE RECORD PERIOD 1945 TO 2015


WEATHER ITEM   OBSERVED TIME   RECORD YEAR NORMAL DEPARTURE LAST
                VALUE   (LST)  VALUE       VALUE  FROM      YEAR
                                                  NORMAL
..................................................................
TEMPERATURE (F)
 TODAY
  MAXIMUM         70    352 PM 104    1960  74     -4       73
  MINIMUM         57    523 AM  45    1966  55      2       54
  AVERAGE         64                        65     -1       64

PRECIPITATION (IN)
  TODAY            0.00          0.08 1967   0.01  -0.01     0.00
  MONTH TO DATE    0.00                      0.02  -0.02     0.00
  SINCE OCT 1     14.12                     14.39  -0.27     5.94
  SINCE JAN 1      4.13                      9.55  -5.42     5.18

DEGREE DAYS
 HEATING
  TODAY            1                                         1
  MONTH TO DATE    1                                         1
  SINCE JUN 1      1                                         1
  SINCE JUL 1   1553                                      1781

 COOLING
  TODAY            0                                         0
  MONTH TO DATE    1                                         1
  SINCE JUN 1      1                                         1
  SINCE JAN 1     19                                        88
..................................................................


WIND (MPH)
  RESULTANT WIND SPEED   6   RESULTANT WIND DIRECTION   N (360)
  HIGHEST WIND SPEED    23   HIGHEST WIND DIRECTION     N (350)
  HIGHEST GUST SPEED    26   HIGHEST GUST DIRECTION     N (350)
  AVERAGE WIND SPEED     7.2


SKY COVER
  POSSIBLE SUNSHINE  MM
  AVERAGE SKY COVER 0.4


WEATHER CONDITIONS
 THE FOLLOWING WEATHER WAS RECORDED TODAY.
  NO SIGNIFICANT WEATHER WAS OBSERVED.


RELATIVE HUMIDITY (PERCENT)
 HIGHEST    86           200 AM
 LOWEST     59          1100 AM
 AVERAGE    73

..........................................................


THE MOFFETT FIELD CLIMATE NORMALS FOR TOMORROW
                         NORMAL    RECORD    YEAR
 MAXIMUM TEMPERATURE (F)   75        89      1949
 MINIMUM TEMPERATURE (F)   55        45      1953


SUNRISE AND SUNSET
JUNE  2 2015..........SUNRISE   549 AM PDT   SUNSET   824 PM PDT
JUNE  3 2015..........SUNRISE   548 AM PDT   SUNSET   825 PM PDT


-  INDICATES NEGATIVE NUMBERS.
R  INDICATES RECORD WAS SET OR TIED.
MM INDICATES DATA IS MISSING.
T  INDICATES TRACE AMOUNT.




$$
