000
CDUS46 KMTR 290836
CLINUQ


CLIMATE REPORT
NATIONAL WEATHER SERVICE SAN FRANCISCO BAY AREA
1235 AM PST THU JAN 29 2015


...................................

...THE MOFFETT FIELD CLIMATE SUMMARY FOR JANUARY 28 2015...

CLIMATE NORMAL PERIOD 1981 TO 2010
CLIMATE RECORD PERIOD 1945 TO 2015


WEATHER ITEM   OBSERVED TIME   RECORD YEAR NORMAL DEPARTURE LAST
                VALUE   (LST)  VALUE       VALUE  FROM      YEAR
                                                  NORMAL
..................................................................
TEMPERATURE (F)
 YESTERDAY
  MAXIMUM         67    354 PM  69    1984  60      7       66
  MINIMUM         44    552 AM  29    1948  44      0       48
  AVERAGE         56                        52      4       57

PRECIPITATION (IN)
  YESTERDAY        0.00          0.55 1981   0.08  -0.08      T
  MONTH TO DATE    0.01                      2.48  -2.47     0.02
  SINCE JUL 1     10.41                      7.53   2.88     1.28
  SINCE JAN 1      0.01                      2.48  -2.47     0.02

DEGREE DAYS
 HEATING
  YESTERDAY        9                                         8
  MONTH TO DATE  365                                       297
  SINCE DEC 1    656                                       803
  SINCE JUL 1    883                                      1175

 COOLING
  YESTERDAY        0                                         0
  MONTH TO DATE    0                                         0
  SINCE DEC 1      0                                         0
  SINCE JAN 1      0                                         0
..................................................................


WIND (MPH)
  RESULTANT WIND SPEED   2   RESULTANT WIND DIRECTION   N (340)
  HIGHEST WIND SPEED     8   HIGHEST WIND DIRECTION     N (10)
  HIGHEST GUST SPEED    10   HIGHEST GUST DIRECTION    NW (330)
  AVERAGE WIND SPEED     2.2


SKY COVER
  POSSIBLE SUNSHINE  MM
  AVERAGE SKY COVER 0.0


WEATHER CONDITIONS
 THE FOLLOWING WEATHER WAS RECORDED YESTERDAY.
  NO SIGNIFICANT WEATHER WAS OBSERVED.


RELATIVE HUMIDITY (PERCENT)
 HIGHEST    92           400 AM
 LOWEST     45           200 PM
 AVERAGE    69

..........................................................


THE MOFFETT FIELD CLIMATE NORMALS FOR TODAY
                         NORMAL    RECORD    YEAR
 MAXIMUM TEMPERATURE (F)   60        68      2014
                                             1989
 MINIMUM TEMPERATURE (F)   44        28      1949


SUNRISE AND SUNSET
JANUARY 29 2015.......SUNRISE   714 AM PST   SUNSET   529 PM PST
JANUARY 30 2015.......SUNRISE   713 AM PST   SUNSET   530 PM PST


-  INDICATES NEGATIVE NUMBERS.
R  INDICATES RECORD WAS SET OR TIED.
MM INDICATES DATA IS MISSING.
T  INDICATES TRACE AMOUNT.




$$
