000
CDUS46 KMTR 010035
CLINUQ


CLIMATE REPORT
NATIONAL WEATHER SERVICE SAN FRANCISCO BAY AREA
535 PM PDT SUN APR 30 2017


...................................

...THE MOFFETT FIELD CLIMATE SUMMARY FOR APRIL 30 2017...
VALID TODAY AS OF 0500 PM LOCAL TIME.

CLIMATE NORMAL PERIOD 1981 TO 2010
CLIMATE RECORD PERIOD 1945 TO 2017


WEATHER ITEM   OBSERVED TIME   RECORD YEAR NORMAL DEPARTURE LAST
                VALUE   (LST)  VALUE       VALUE  FROM      YEAR
                                                  NORMAL
..................................................................
TEMPERATURE (F)
 TODAY
  MAXIMUM         77    243 PM  91    2014  71      6       78
  MINIMUM         51    524 AM  38    1946  51      0       53
  AVERAGE         64                        61      3       66

PRECIPITATION (IN)
  TODAY            0.00          0.48 1953   0.02  -0.02     0.00
  MONTH TO DATE    1.33                      0.98   0.35     1.41
  SINCE OCT 1     18.13                     13.90   4.23    13.02
  SINCE JAN 1     13.56                      9.06   4.50     8.62

DEGREE DAYS
 HEATING
  TODAY            1                                         0
  MONTH TO DATE  164                                       121
  SINCE MAR 1    397                                       334
  SINCE JUL 1   1925                                      1719

 COOLING
  TODAY            0                                         1
  MONTH TO DATE    2                                        23
  SINCE MAR 1      2                                        23
  SINCE JAN 1      2                                        25
..................................................................


WIND (MPH)
  RESULTANT WIND SPEED   5   RESULTANT WIND DIRECTION   N (350)
  HIGHEST WIND SPEED    17   HIGHEST WIND DIRECTION     N (350)
  HIGHEST GUST SPEED    21   HIGHEST GUST DIRECTION     N (350)
  AVERAGE WIND SPEED     5.5


SKY COVER
  POSSIBLE SUNSHINE  MM
  AVERAGE SKY COVER 0.0


WEATHER CONDITIONS
 THE FOLLOWING WEATHER WAS RECORDED TODAY.
  NO SIGNIFICANT WEATHER WAS OBSERVED.


RELATIVE HUMIDITY (PERCENT)
 HIGHEST    86          1200 AM
 LOWEST     38           300 PM
 AVERAGE    62

..........................................................


THE MOFFETT FIELD CLIMATE NORMALS FOR TOMORROW
                         NORMAL    RECORD    YEAR
 MAXIMUM TEMPERATURE (F)   71        91      1947
 MINIMUM TEMPERATURE (F)   51        39      1948


SUNRISE AND SUNSET
APRIL 30 2017.........SUNRISE   614 AM PDT   SUNSET   757 PM PDT
MAY  1 2017...........SUNRISE   613 AM PDT   SUNSET   758 PM PDT


-  INDICATES NEGATIVE NUMBERS.
R  INDICATES RECORD WAS SET OR TIED.
MM INDICATES DATA IS MISSING.
T  INDICATES TRACE AMOUNT.




$$
