000
CDUS46 KMTR 280836
CLINUQ


CLIMATE REPORT
NATIONAL WEATHER SERVICE SAN FRANCISCO BAY AREA
136 AM PDT TUE JUL 28 2015


...................................

...THE MOFFETT FIELD CLIMATE SUMMARY FOR JULY 27 2015...

CLIMATE NORMAL PERIOD 1981 TO 2010
CLIMATE RECORD PERIOD 1945 TO 2015


WEATHER ITEM   OBSERVED TIME   RECORD YEAR NORMAL DEPARTURE LAST
                VALUE   (LST)  VALUE       VALUE  FROM      YEAR
                                                  NORMAL
..................................................................
TEMPERATURE (F)
 YESTERDAY
  MAXIMUM         85    338 PM  88    1954  77      8       85
  MINIMUM         59    544 AM  52    1953  60     -1       63
  AVERAGE         72                        68      4       74

PRECIPITATION (IN)
  YESTERDAY        0.00          T    2014   0.00   0.00      T
  MONTH TO DATE    T                         0.02  -0.02      T
  SINCE OCT 1     14.23                     14.49  -0.26     5.95
  SINCE JAN 1      4.24                      9.65  -5.41     5.19

DEGREE DAYS
 HEATING
  YESTERDAY        0                                         0
  MONTH TO DATE    0                                         0
  SINCE JUN 1     16                                         7
  SINCE JUL 1      0                                         0

 COOLING
  YESTERDAY        7                                         9
  MONTH TO DATE  119                                       128
  SINCE JUN 1    197                                       205
  SINCE JAN 1    215                                       292
..................................................................


WIND (MPH)
  RESULTANT WIND SPEED   6   RESULTANT WIND DIRECTION   N (350)
  HIGHEST WIND SPEED    23   HIGHEST WIND DIRECTION     N (350)
  HIGHEST GUST SPEED    26   HIGHEST GUST DIRECTION     N (350)
  AVERAGE WIND SPEED     6.9


SKY COVER
  POSSIBLE SUNSHINE  MM
  AVERAGE SKY COVER 0.0


WEATHER CONDITIONS
 THE FOLLOWING WEATHER WAS RECORDED YESTERDAY.
  NO SIGNIFICANT WEATHER WAS OBSERVED.


RELATIVE HUMIDITY (PERCENT)
 HIGHEST    78           300 AM
 LOWEST     36          1000 AM
 AVERAGE    57

..........................................................


THE MOFFETT FIELD CLIMATE NORMALS FOR TODAY
                         NORMAL    RECORD    YEAR
 MAXIMUM TEMPERATURE (F)   77        93      1954
 MINIMUM TEMPERATURE (F)   60        50      1955


SUNRISE AND SUNSET
JULY 28 2015..........SUNRISE   609 AM PDT   SUNSET   820 PM PDT
JULY 29 2015..........SUNRISE   610 AM PDT   SUNSET   819 PM PDT


-  INDICATES NEGATIVE NUMBERS.
R  INDICATES RECORD WAS SET OR TIED.
MM INDICATES DATA IS MISSING.
T  INDICATES TRACE AMOUNT.




$$
