000
CDUS46 KMTR 250829
CLINUQ


CLIMATE REPORT
NATIONAL WEATHER SERVICE SAN FRANCISCO BAY AREA
127 AM PDT MON JUL 25 2016


...................................

...THE MOFFETT FIELD CLIMATE SUMMARY FOR JULY 24 2016...

CLIMATE NORMAL PERIOD 1981 TO 2010
CLIMATE RECORD PERIOD 1945 TO 2016


WEATHER ITEM   OBSERVED TIME   RECORD YEAR NORMAL DEPARTURE LAST
                VALUE   (LST)  VALUE       VALUE  FROM      YEAR
                                                  NORMAL
..................................................................
TEMPERATURE (F)
 YESTERDAY
  MAXIMUM         80    116 PM  93    2006  77      3       75
  MINIMUM         58    500 AM  52    1948  59     -1       56
  AVERAGE         69                        68      1       66

PRECIPITATION (IN)
  YESTERDAY        0.00          0.00 2009   0.00   0.00     0.00
  MONTH TO DATE    0.00                      0.02  -0.02      T
  SINCE OCT 1     13.15                     14.49  -1.34    14.23
  SINCE JAN 1      8.75                      9.65  -0.90     4.24

DEGREE DAYS
 HEATING
  YESTERDAY        0                                         0
  MONTH TO DATE    5                                         0
  SINCE JUN 1     13                                        16
  SINCE JUL 1      5                                         0

 COOLING
  YESTERDAY        4                                         1
  MONTH TO DATE   48                                       107
  SINCE JUN 1    152                                       185
  SINCE JAN 1    212                                       203
..................................................................


WIND (MPH)
  RESULTANT WIND SPEED   6   RESULTANT WIND DIRECTION   N (340)
  HIGHEST WIND SPEED    16   HIGHEST WIND DIRECTION    NW (330)
  HIGHEST GUST SPEED    21   HIGHEST GUST DIRECTION    NW (320)
  AVERAGE WIND SPEED     6.8


SKY COVER
  POSSIBLE SUNSHINE  MM
  AVERAGE SKY COVER 0.0


WEATHER CONDITIONS
 THE FOLLOWING WEATHER WAS RECORDED YESTERDAY.
  NO SIGNIFICANT WEATHER WAS OBSERVED.


RELATIVE HUMIDITY (PERCENT)
 HIGHEST    86           500 AM
 LOWEST     45           100 PM
 AVERAGE    66

..........................................................


THE MOFFETT FIELD CLIMATE NORMALS FOR TODAY
                         NORMAL    RECORD    YEAR
 MAXIMUM TEMPERATURE (F)   77        95      2014
 MINIMUM TEMPERATURE (F)   59        48      1955


SUNRISE AND SUNSET
JULY 25 2016..........SUNRISE   607 AM PDT   SUNSET   822 PM PDT
JULY 26 2016..........SUNRISE   608 AM PDT   SUNSET   821 PM PDT


-  INDICATES NEGATIVE NUMBERS.
R  INDICATES RECORD WAS SET OR TIED.
MM INDICATES DATA IS MISSING.
T  INDICATES TRACE AMOUNT.




$$
