000
CDUS46 KMTR 310842
CLINUQ


CLIMATE REPORT
NATIONAL WEATHER SERVICE SAN FRANCISCO BAY AREA
142 AM PDT SUN AUG 31 2014


...................................

...THE MOFFETT FIELD CLIMATE SUMMARY FOR AUGUST 30 2014...

CLIMATE NORMAL PERIOD 1981 TO 2010
CLIMATE RECORD PERIOD 1945 TO 2014


WEATHER ITEM   OBSERVED TIME   RECORD YEAR NORMAL DEPARTURE LAST
                VALUE   (LST)  VALUE       VALUE  FROM      YEAR
                                                  NORMAL
..................................................................
TEMPERATURE (F)
 YESTERDAY
  MAXIMUM         81    452 PM  90    2007  78      3       84
  MINIMUM         61    459 AM  47    1955  59      2       64
  AVERAGE         71                        68      3       74

PRECIPITATION (IN)
  YESTERDAY        0.00          0.03 1966   0.00   0.00     0.00
  MONTH TO DATE    T                         0.01  -0.01     0.00
  SINCE JUL 1      T                         0.03  -0.03      T
  SINCE JAN 1      5.19                      9.66  -4.47     1.82

DEGREE DAYS
 HEATING
  YESTERDAY        0                                         0
  MONTH TO DATE    0                                         3
  SINCE JUN 1      7                                        17
  SINCE JUL 1      0                                         4

 COOLING
  YESTERDAY        6                                         9
  MONTH TO DATE  122                                        90
  SINCE JUN 1    351                                       281
  SINCE JAN 1    438                                       355
..................................................................


WIND (MPH)
  RESULTANT WIND SPEED   6   RESULTANT WIND DIRECTION   N (350)
  HIGHEST WIND SPEED    23   HIGHEST WIND DIRECTION     N (340)
  HIGHEST GUST SPEED    26   HIGHEST GUST DIRECTION     N (340)
  AVERAGE WIND SPEED     6.5


SKY COVER
  POSSIBLE SUNSHINE  MM
  AVERAGE SKY COVER 0.0


WEATHER CONDITIONS
 THE FOLLOWING WEATHER WAS RECORDED YESTERDAY.
  NO SIGNIFICANT WEATHER WAS OBSERVED.


RELATIVE HUMIDITY (PERCENT)
 HIGHEST    90           500 AM
 LOWEST     42           100 PM
 AVERAGE    66

..........................................................


THE MOFFETT FIELD CLIMATE NORMALS FOR TODAY
                         NORMAL    RECORD    YEAR
 MAXIMUM TEMPERATURE (F)   78        94      2005
 MINIMUM TEMPERATURE (F)   59        50      1955


SUNRISE AND SUNSET
AUGUST 31 2014........SUNRISE   638 AM PDT   SUNSET   738 PM PDT
SEPTEMBER  1 2014.....SUNRISE   639 AM PDT   SUNSET   737 PM PDT


-  INDICATES NEGATIVE NUMBERS.
R  INDICATES RECORD WAS SET OR TIED.
MM INDICATES DATA IS MISSING.
T  INDICATES TRACE AMOUNT.




$$
