000
CDUS41 KOKX 300626
CLINYC


CLIMATE REPORT
NATIONAL WEATHER SERVICE NEW YORK NY
226 AM EDT MON MAY 30 2016


...................................

...THE CENTRAL PARK NY CLIMATE SUMMARY FOR MAY 29 2016...

CLIMATE NORMAL PERIOD 1981 TO 2010
CLIMATE RECORD PERIOD 1869 TO 2016


WEATHER ITEM   OBSERVED TIME   RECORD YEAR NORMAL DEPARTURE LAST
                VALUE   (LST)  VALUE       VALUE  FROM      YEAR
                                                  NORMAL
..................................................................
TEMPERATURE (F)
 YESTERDAY
  MAXIMUM         87    114 PM  97    1969  74     13       85
  MINIMUM         70   1144 PM  43    1902  58     12       65
                                      1884
  AVERAGE         79                        66     13       75

PRECIPITATION (IN)
  YESTERDAY        T             3.99 1968   0.16  -0.16     0.00
  MONTH TO DATE    2.10                      3.89  -1.79     0.40
  SINCE MAR 1      4.88                     12.75  -7.87     7.20
  SINCE JAN 1     13.69                     19.49  -5.80    14.47

SNOWFALL (IN)
  YESTERDAY        0.0           0.0  2002   0.0    0.0      0.0
                                      2001
  MONTH TO DATE    0.0                       0.0    0.0      0.0
  SINCE OCT 1     32.8                      25.8    7.0     50.3
  SINCE JUL 1     32.8                      25.8    7.0     50.3
  SNOW DEPTH       0

DEGREE DAYS
 HEATING
  YESTERDAY        0                         2     -2        0
  MONTH TO DATE  161                       134     27       37
  SINCE MAR 1   1014                      1205   -191     1182
  SINCE JUL 1   3761                      4727   -966     4941

 COOLING
  YESTERDAY       14                         3     11       10
  MONTH TO DATE   77                        50     27      136
  SINCE MAR 1     96                        62     34      141
  SINCE JAN 1     96                        62     34      141
..................................................................


WIND (MPH)
  HIGHEST WIND SPEED    13   HIGHEST WIND DIRECTION     S (170)
  HIGHEST GUST SPEED    24   HIGHEST GUST DIRECTION     S (170)
  AVERAGE WIND SPEED     4.8


SKY COVER
  AVERAGE SKY COVER 0.1


WEATHER CONDITIONS
 THE FOLLOWING WEATHER WAS RECORDED YESTERDAY.
  HEAVY RAIN
  FOG


RELATIVE HUMIDITY (PERCENT)
 HIGHEST    79          1100 PM
 LOWEST     37           200 PM
 AVERAGE    58

..........................................................


THE CENTRAL PARK NY CLIMATE NORMALS FOR TODAY
                         NORMAL    RECORD    YEAR
 MAXIMUM TEMPERATURE (F)   75        97      1987
 MINIMUM TEMPERATURE (F)   58        42      1884


SUNRISE AND SUNSET
MAY 30 2016...........SUNRISE   527 AM EDT   SUNSET   820 PM EDT
MAY 31 2016...........SUNRISE   527 AM EDT   SUNSET   821 PM EDT


-  INDICATES NEGATIVE NUMBERS.
R  INDICATES RECORD WAS SET OR TIED.
MM INDICATES DATA IS MISSING.
T  INDICATES TRACE AMOUNT.




$$
