473
CDUS41 KOKX 080618
CLINYC


CLIMATE REPORT
NATIONAL WEATHER SERVICE NEW YORK NY
117 AM EST MON FEB 8 2016


...................................

...THE CENTRAL PARK NY CLIMATE SUMMARY FOR FEBRUARY 7 2016...

CLIMATE NORMAL PERIOD 1981 TO 2010
CLIMATE RECORD PERIOD 1869 TO 2016


WEATHER ITEM   OBSERVED TIME   RECORD YEAR NORMAL DEPARTURE LAST
                VALUE   (LST)  VALUE       VALUE  FROM      YEAR
                                                  NORMAL
..................................................................
TEMPERATURE (F)
 YESTERDAY
  MAXIMUM         47    200 PM  54    1938  40      7       40
  MINIMUM         33    624 AM   1    1910  28      5       25
  AVERAGE         40                        34      6       33

PRECIPITATION (IN)
  YESTERDAY        0.00          2.96 1941   0.11  -0.11     0.02
  MONTH TO DATE    1.27                      0.76   0.51     1.07
  SINCE DEC 1     10.40                      8.41   1.99    12.34
  SINCE JAN 1      5.68                      4.41   1.27     6.30

SNOWFALL (IN)
  YESTERDAY        0.0          12.5  1967   0.3   -0.3       T
  MONTH TO DATE    2.5                       2.3    0.2      5.3
  SINCE OCT 1     29.7                      14.4   15.3     23.4
  SINCE JUL 1     29.7                      14.4   15.3     23.4
  SNOW DEPTH       0

DEGREE DAYS
 HEATING
  YESTERDAY       25                        31     -6       32
  MONTH TO DATE  143                       220    -77      268
  SINCE DEC 1   1517                      2076   -559     2099
  SINCE JUL 1   2105                      2909   -804     2884

 COOLING
  YESTERDAY        0                         0      0        0
  MONTH TO DATE    0                         0      0        0
  SINCE DEC 1      3                         0      3        0
  SINCE JAN 1      0                         0      0        0
..................................................................


WIND (MPH)
  HIGHEST WIND SPEED    18   HIGHEST WIND DIRECTION    NE (60)
  HIGHEST GUST SPEED    26   HIGHEST GUST DIRECTION     E (90)
  AVERAGE WIND SPEED     5.4


SKY COVER
  AVERAGE SKY COVER 0.0


WEATHER CONDITIONS
 THE FOLLOWING WEATHER WAS RECORDED YESTERDAY.
  NO SIGNIFICANT WEATHER WAS OBSERVED.


RELATIVE HUMIDITY (PERCENT)
 HIGHEST    59           900 PM
 LOWEST     37           100 PM
 AVERAGE    48

..........................................................


THE CENTRAL PARK NY CLIMATE NORMALS FOR TODAY
                         NORMAL    RECORD    YEAR
 MAXIMUM TEMPERATURE (F)   40        61      1965
 MINIMUM TEMPERATURE (F)   28        -7      1934


SUNRISE AND SUNSET
FEBRUARY  8 2016......SUNRISE   659 AM EST   SUNSET   521 PM EST
FEBRUARY  9 2016......SUNRISE   658 AM EST   SUNSET   523 PM EST


-  INDICATES NEGATIVE NUMBERS.
R  INDICATES RECORD WAS SET OR TIED.
MM INDICATES DATA IS MISSING.
T  INDICATES TRACE AMOUNT.




$$
