000
CDUS41 KOKX 200617
CLINYC


CLIMATE REPORT
NATIONAL WEATHER SERVICE NEW YORK NY
117 AM EST TUE FEB 20 2018


...................................

...THE CENTRAL PARK NY CLIMATE SUMMARY FOR FEBRUARY 19 2018...

CLIMATE NORMAL PERIOD 1981 TO 2010
CLIMATE RECORD PERIOD 1869 TO 2018


WEATHER ITEM   OBSERVED TIME   RECORD YEAR NORMAL DEPARTURE LAST
                VALUE   (LST)  VALUE       VALUE  FROM      YEAR
                                                  NORMAL
..................................................................
TEMPERATURE (F)
 YESTERDAY
  MAXIMUM         49    755 PM  66    1997  42      7       65
  MINIMUM         36    454 AM   1    1936  30      6       53
  AVERAGE         43                        36      7       59

PRECIPITATION (IN)
  YESTERDAY        0.04          2.15 1908   0.11  -0.07     0.00
  MONTH TO DATE    4.73                      2.05   2.68     1.94
  SINCE DEC 1      9.12                      9.70  -0.58     9.66
  SINCE JAN 1      6.91                      5.70   1.21     6.77

SNOWFALL (IN)
  YESTERDAY        0.0          12.7  1979   0.4   -0.4      0.0
  MONTH TO DATE    4.9                       6.4   -1.5      9.4
  SINCE OCT 1     23.8                      18.5    5.3     20.5
  SINCE JUL 1     23.8                      18.5    5.3     20.5
  SNOW DEPTH       0

DEGREE DAYS
 HEATING
  YESTERDAY       22                        29     -7        6
  MONTH TO DATE  501                       580    -79      512
  SINCE DEC 1   2447                      2436     11     2160
  SINCE JUL 1   3109                      3269   -160     2847

 COOLING
  YESTERDAY        0                         0      0        0
  MONTH TO DATE    0                         0      0        0
  SINCE DEC 1      0                         0      0        0
  SINCE JAN 1      0                         0      0        0
..................................................................


WIND (MPH)
  HIGHEST WIND SPEED    12   HIGHEST WIND DIRECTION     S (160)
  HIGHEST GUST SPEED    18   HIGHEST GUST DIRECTION     S (190)
  AVERAGE WIND SPEED     4.2


SKY COVER
  AVERAGE SKY COVER 0.5


WEATHER CONDITIONS
 THE FOLLOWING WEATHER WAS RECORDED YESTERDAY.
  LIGHT RAIN
  FOG


RELATIVE HUMIDITY (PERCENT)
 HIGHEST    93          1000 PM
 LOWEST     48           100 AM
 AVERAGE    71

..........................................................


THE CENTRAL PARK NY CLIMATE NORMALS FOR TODAY
                         NORMAL    RECORD    YEAR
 MAXIMUM TEMPERATURE (F)   43        69      1939
                                             1930
 MINIMUM TEMPERATURE (F)   30         2      2015


SUNRISE AND SUNSET
FEBRUARY 20 2018......SUNRISE   643 AM EST   SUNSET   537 PM EST
FEBRUARY 21 2018......SUNRISE   642 AM EST   SUNSET   538 PM EST


-  INDICATES NEGATIVE NUMBERS.
R  INDICATES RECORD WAS SET OR TIED.
MM INDICATES DATA IS MISSING.
T  INDICATES TRACE AMOUNT.




$$
