000
CDUS41 KOKX 040619
CLINYC


CLIMATE REPORT
NATIONAL WEATHER SERVICE NEW YORK NY
218 AM EDT TUE AUG 4 2015


...................................

...THE CENTRAL PARK NY CLIMATE SUMMARY FOR AUGUST 3 2015...

CLIMATE NORMAL PERIOD 1981 TO 2010
CLIMATE RECORD PERIOD 1869 TO 2015


WEATHER ITEM   OBSERVED TIME   RECORD YEAR NORMAL DEPARTURE LAST
                VALUE   (LST)  VALUE       VALUE  FROM      YEAR
                                                  NORMAL
..................................................................
TEMPERATURE (F)
 YESTERDAY
  MAXIMUM         90    149 PM  97    2005  84      6       76
  MINIMUM         75    606 AM  55    1927  69      6       66
                                      1886
                                      1875
  AVERAGE         83                        76      7       71

PRECIPITATION (IN)
  YESTERDAY        0.00          2.71 1946   0.17  -0.17     0.07
  MONTH TO DATE    0.00                      0.49  -0.49     0.48
  SINCE JUN 1      8.77                      9.50  -0.73    10.33
  SINCE JAN 1     24.70                     29.29  -4.59    34.49

SNOWFALL (IN)
  YESTERDAY        0.0           0.0  2002   0.0    0.0      0.0
                                      2001
  MONTH TO DATE    0.0                       0.0    0.0      0.0
  SINCE OCT 1     50.3                      25.8   24.5     57.4
  SINCE JUL 1      0.0                       0.0    0.0      0.0
  SNOW DEPTH       0

DEGREE DAYS
 HEATING
  YESTERDAY        0                         0      0        0
  MONTH TO DATE    0                         0      0        0
  SINCE JUN 1     33                        19     14        0
  SINCE JUL 1      0                         0      0        0

 COOLING
  YESTERDAY       18                        11      7        6
  MONTH TO DATE   50                        34     16       23
  SINCE JUN 1    715                       601    114      606
  SINCE JAN 1    874                       670    204      660
..................................................................


WIND (MPH)
  HIGHEST WIND SPEED    12   HIGHEST WIND DIRECTION     W (250)
  HIGHEST GUST SPEED    21   HIGHEST GUST DIRECTION     W (250)
  AVERAGE WIND SPEED     5.0


SKY COVER
  AVERAGE SKY COVER 0.1


WEATHER CONDITIONS
 THE FOLLOWING WEATHER WAS RECORDED YESTERDAY.
  NO SIGNIFICANT WEATHER WAS OBSERVED.


RELATIVE HUMIDITY (PERCENT)
 HIGHEST    60           500 AM
 LOWEST     38           200 PM
 AVERAGE    49

..........................................................


THE CENTRAL PARK NY CLIMATE NORMALS FOR TODAY
                         NORMAL    RECORD    YEAR
 MAXIMUM TEMPERATURE (F)   84       100      1944
 MINIMUM TEMPERATURE (F)   69        56      1886
                                             1874


SUNRISE AND SUNSET
AUGUST  4 2015........SUNRISE   555 AM EDT   SUNSET   808 PM EDT
AUGUST  5 2015........SUNRISE   556 AM EDT   SUNSET   807 PM EDT


-  INDICATES NEGATIVE NUMBERS.
R  INDICATES RECORD WAS SET OR TIED.
MM INDICATES DATA IS MISSING.
T  INDICATES TRACE AMOUNT.




$$
