000
CDUS41 KOKX 290618
CLINYC


CLIMATE REPORT
NATIONAL WEATHER SERVICE NEW YORK NY
217 AM EDT WED MAR 29 2017


...................................

...THE CENTRAL PARK NY CLIMATE SUMMARY FOR MARCH 28 2017...

CLIMATE NORMAL PERIOD 1981 TO 2010
CLIMATE RECORD PERIOD 1869 TO 2017


WEATHER ITEM   OBSERVED TIME   RECORD YEAR NORMAL DEPARTURE LAST
                VALUE   (LST)  VALUE       VALUE  FROM      YEAR
                                                  NORMAL
..................................................................
TEMPERATURE (F)
 YESTERDAY
  MAXIMUM         46   1255 AM  84    1945  54     -8       62
  MINIMUM         41    738 PM  13    1923  39      2       42
  AVERAGE         44                        46     -2       52

PRECIPITATION (IN)
  YESTERDAY        0.72          2.98 2005   0.15   0.57     0.38
  MONTH TO DATE    3.73                      3.90  -0.17     1.17
  SINCE MAR 1      3.73                      3.90  -0.17     1.17
  SINCE JAN 1     11.04                     10.64   0.40     9.98

SNOWFALL (IN)
  YESTERDAY        0.0           1.5  1984   0.0    0.0      0.0
  MONTH TO DATE    9.7                       3.7    6.0      0.9
  SINCE OCT 1     30.2                      25.0    5.2     32.8
  SINCE JUL 1     30.2                      25.0    5.2     32.8
  SNOW DEPTH       0

DEGREE DAYS
 HEATING
  YESTERDAY       21                        19      2       13
  MONTH TO DATE  734                       645     89      458
  SINCE MAR 1    734                       645     89      458
  SINCE JUL 1   3717                      4167   -450     3205

 COOLING
  YESTERDAY        0                         0      0        0
  MONTH TO DATE    0                         0      0        6
  SINCE MAR 1      0                         0      0        6
  SINCE JAN 1      0                         0      0        6
..................................................................


WIND (MPH)
  HIGHEST WIND SPEED    14   HIGHEST WIND DIRECTION     E (70)
  HIGHEST GUST SPEED    21   HIGHEST GUST DIRECTION    NE (60)
  AVERAGE WIND SPEED     5.8


SKY COVER
  AVERAGE SKY COVER 1.0


WEATHER CONDITIONS
 THE FOLLOWING WEATHER WAS RECORDED YESTERDAY.
  HEAVY RAIN
  RAIN
  LIGHT RAIN
  FOG


RELATIVE HUMIDITY (PERCENT)
 HIGHEST   100           100 AM
 LOWEST     89           400 PM
 AVERAGE    95

..........................................................


THE CENTRAL PARK NY CLIMATE NORMALS FOR TODAY
                         NORMAL    RECORD    YEAR
 MAXIMUM TEMPERATURE (F)   54        86      1945
 MINIMUM TEMPERATURE (F)   39        10      1923


SUNRISE AND SUNSET
MARCH 29 2017.........SUNRISE   644 AM EDT   SUNSET   718 PM EDT
MARCH 30 2017.........SUNRISE   642 AM EDT   SUNSET   719 PM EDT


-  INDICATES NEGATIVE NUMBERS.
R  INDICATES RECORD WAS SET OR TIED.
MM INDICATES DATA IS MISSING.
T  INDICATES TRACE AMOUNT.




$$
