000
CDUS45 KPSR 090803
CLINYL

CDUS45 KPSR DDHHMM
CLINYL

CLIMATE REPORT
NATIONAL WEATHER SERVICE PHOENIX AZ
103 AM MST TUE FEB 9 2016

...................................

...THE YUMA AZ CLIMATE SUMMARY FOR FEBRUARY 8 2016...

CLIMATE NORMAL PERIOD 1981 TO 2010
CLIMATE RECORD PERIOD 1876 TO 2016


WEATHER ITEM   OBSERVED TIME   RECORD YEAR NORMAL DEPARTURE LAST
                VALUE   (LST)  VALUE       VALUE  FROM      YEAR
                                                  NORMAL
..................................................................
TEMPERATURE (F)
 YESTERDAY
  MAXIMUM         83    340 PM  88    1996  73     10       87
  MINIMUM         59   1259 AM  29    1933  49     10       57
  AVERAGE         71                        61     10       72

PRECIPITATION (IN)
  YESTERDAY        0.00          0.45 1993   0.01  -0.01     0.00
  MONTH TO DATE    0.00                      0.10  -0.10     0.00
  SINCE OCT 1      0.63                      1.41  -0.78     0.63
  SINCE JAN 1      0.49                      0.47   0.02     0.19

DEGREE DAYS
 HEATING
  YESTERDAY        0                         5     -5        0
  MONTH TO DATE   54                        40     14        0
  SINCE DEC 1    506                       480     26       39
  SINCE JUL 1    576                       548     28       54

 COOLING
  YESTERDAY        6                         1      5        7
  MONTH TO DATE    7                         7      0       27
  SINCE DEC 1     11                        15     -4       29
  SINCE JAN 1      9                        13     -4       29
..................................................................


WIND (MPH)
  HIGHEST WIND SPEED    22   HIGHEST WIND DIRECTION     N (360)
  HIGHEST GUST SPEED    30   HIGHEST GUST DIRECTION     N (360)
  AVERAGE WIND SPEED    13.0


SKY COVER
  AVERAGE SKY COVER 0.1


WEATHER CONDITIONS
 THE FOLLOWING WEATHER WAS RECORDED YESTERDAY.
  NO SIGNIFICANT WEATHER WAS OBSERVED.


RELATIVE HUMIDITY (PERCENT)
 HIGHEST    23
 LOWEST     10
 AVERAGE    17

..........................................................


THE YUMA AZ CLIMATE NORMALS FOR TODAY
                         NORMAL    RECORD    YEAR
 MAXIMUM TEMPERATURE (F)   73        90      2015
 MINIMUM TEMPERATURE (F)   49        30      1933


SUNRISE AND SUNSET
FEBRUARY  9 2016......SUNRISE   727 AM MST   SUNSET   618 PM MST
FEBRUARY 10 2016......SUNRISE   726 AM MST   SUNSET   619 PM MST


-  INDICATES NEGATIVE NUMBERS.
R  INDICATES RECORD WAS SET OR TIED.
MM INDICATES DATA IS MISSING.
T  INDICATES TRACE AMOUNT.

$$
