000
CDUS45 KPSR 280851
CLINYL

CDUS45 KPSR DDHHMM
CLINYL

CLIMATE REPORT
NATIONAL WEATHER SERVICE PHOENIX AZ
148 AM MST WED SEP 28 2016


...................................

...THE YUMA AZ CLIMATE SUMMARY FOR SEPTEMBER 27 2016...

CLIMATE NORMAL PERIOD 1981 TO 2010
CLIMATE RECORD PERIOD 1876 TO 2016


WEATHER ITEM   OBSERVED TIME   RECORD YEAR NORMAL DEPARTURE LAST
                VALUE   (LST)  VALUE       VALUE  FROM      YEAR
                                                  NORMAL
..................................................................
TEMPERATURE (F)
 YESTERDAY
  MAXIMUM         93    245 PM 111    1963  97     -4      107
                                      1892
  MINIMUM         76    629 AM  52    1923  73      3       82
  AVERAGE         85                        85      0       95

PRECIPITATION (IN)
  YESTERDAY        0.00          0.67 1903   0.02  -0.02     0.00
  MONTH TO DATE    0.12                      0.49  -0.37     0.95
  SINCE OCT 1      2.01                      3.52  -1.51     2.63
  SINCE JAN 1      1.87                      2.58  -0.71     2.19

DEGREE DAYS
 HEATING
  YESTERDAY        0                         0      0        0
  MONTH TO DATE    0                         0      0        0
  SINCE SEP 1      0                         0      0        0
  SINCE JUL 1      0                         0      0        0

 COOLING
  YESTERDAY       20                        20      0       30
  MONTH TO DATE  602                       664    -62      715
  SINCE SEP 1    602                       664    -62      715
  SINCE JAN 1   4349                      4117    232     4502
..................................................................


WIND (MPH)
  HIGHEST WIND SPEED    21   HIGHEST WIND DIRECTION     E (80)
  HIGHEST GUST SPEED    25   HIGHEST GUST DIRECTION     E (80)
  AVERAGE WIND SPEED     9.0


SKY COVER
  AVERAGE SKY COVER 0.6


WEATHER CONDITIONS
 THE FOLLOWING WEATHER WAS RECORDED YESTERDAY.
  NO SIGNIFICANT WEATHER WAS OBSERVED.


RELATIVE HUMIDITY (PERCENT)
 HIGHEST    36
 LOWEST     22
 AVERAGE    29

..........................................................


THE YUMA AZ CLIMATE NORMALS FOR TODAY
                         NORMAL    RECORD    YEAR
 MAXIMUM TEMPERATURE (F)   97       108      1994
                                             1992
                                             1963
 MINIMUM TEMPERATURE (F)   72        54      1936


SUNRISE AND SUNSET
SEPTEMBER 28 2016.....SUNRISE   631 AM MST   SUNSET   626 PM MST
SEPTEMBER 29 2016.....SUNRISE   632 AM MST   SUNSET   625 PM MST


-  INDICATES NEGATIVE NUMBERS.
R  INDICATES RECORD WAS SET OR TIED.
MM INDICATES DATA IS MISSING.
T  INDICATES TRACE AMOUNT.

$$
