000
CDUS45 KPSR 260021 RRA
CLINYL

CLIMATE REPORT
NATIONAL WEATHER SERVICE PHOENIX AZ
518 PM MST MON SEP 25 2017


...................................

...THE YUMA AZ CLIMATE SUMMARY FOR SEPTEMBER 25 2017...
VALID TODAY AS OF 0500 PM LOCAL TIME.

CLIMATE NORMAL PERIOD 1981 TO 2010
CLIMATE RECORD PERIOD 1876 TO 2017


WEATHER ITEM   OBSERVED TIME   RECORD YEAR NORMAL DEPARTURE LAST
                VALUE   (LST)  VALUE       VALUE  FROM      YEAR
                                                  NORMAL
..................................................................
TEMPERATURE (F)
 TODAY
  MAXIMUM         91    358 PM 112    1963  98     -7       98
  MINIMUM         61    544 AM  53    1901  74    -13       73
  AVERAGE         76                        86    -10       86

PRECIPITATION (IN)
  TODAY            0.00          3.98 1997   0.02  -0.02     0.00
  MONTH TO DATE    0.45                      0.46  -0.01     0.12
  SINCE OCT 1      3.19                      3.49  -0.30     2.01
  SINCE JAN 1      2.24                      2.55  -0.31     1.87

DEGREE DAYS
 HEATING
  TODAY            0                         0      0        0
  MONTH TO DATE    0                         0      0        0
  SINCE SEP 1      0                         0      0        0
  SINCE JUL 1      0                         0      0        0

 COOLING
  TODAY           11                        21    -10       21
  MONTH TO DATE  550                       624    -74      558
  SINCE SEP 1    550                       624    -74      558
  SINCE JAN 1   4318                      4077    241     4305
..................................................................


WIND (MPH)
  HIGHEST WIND SPEED    20   HIGHEST WIND DIRECTION     N (350)
  HIGHEST GUST SPEED    24   HIGHEST GUST DIRECTION     N (350)
  AVERAGE WIND SPEED     7.0


SKY COVER
  AVERAGE SKY COVER 0.2


WEATHER CONDITIONS
 THE FOLLOWING WEATHER WAS RECORDED TODAY.
  NO SIGNIFICANT WEATHER WAS OBSERVED.


RELATIVE HUMIDITY (PERCENT)
 HIGHEST    30
 LOWEST      7
 AVERAGE    19

..........................................................


THE YUMA AZ CLIMATE NORMALS FOR TOMORROW
                         NORMAL    RECORD    YEAR
 MAXIMUM TEMPERATURE (F)   98       111      2010
 MINIMUM TEMPERATURE (F)   73        52      1901


SUNRISE AND SUNSET
SEPTEMBER 25 2017.....SUNRISE   629 AM MST   SUNSET   631 PM MST
SEPTEMBER 26 2017.....SUNRISE   629 AM MST   SUNSET   629 PM MST


-  INDICATES NEGATIVE NUMBERS.
R  INDICATES RECORD WAS SET OR TIED.
MM INDICATES DATA IS MISSING.
T  INDICATES TRACE AMOUNT.

$$
