000
CDUS45 KPSR 290834
CLINYL

CLIMATE REPORT
NATIONAL WEATHER SERVICE PHOENIX AZ
132 AM MST MON MAY 29 2017


...................................

...THE YUMA AZ CLIMATE SUMMARY FOR MAY 28 2017...

CLIMATE NORMAL PERIOD 1981 TO 2010
CLIMATE RECORD PERIOD 1876 TO 2017


WEATHER ITEM   OBSERVED TIME   RECORD YEAR NORMAL DEPARTURE LAST
                VALUE   (LST)  VALUE       VALUE  FROM      YEAR
                                                  NORMAL
..................................................................
TEMPERATURE (F)
 YESTERDAY
  MAXIMUM        102    426 PM 116    1983  99      3       96
  MINIMUM         68    538 AM  51    1908  70     -2       68
  AVERAGE         85                        84      1       82

PRECIPITATION (IN)
  YESTERDAY        0.00          T    1990   0.00   0.00     0.00
                                      1944
                                      1937
  MONTH TO DATE    0.14                      0.07   0.07     0.18
  SINCE OCT 1      2.65                      2.25   0.40     1.12
  SINCE JAN 1      1.70                      1.31   0.39     0.98

DEGREE DAYS
 HEATING
  YESTERDAY        0                         0      0        0
  MONTH TO DATE    0                         0      0        0
  SINCE MAR 1     13                        63    -50       22
  SINCE JUL 1    526                       686   -160      598

 COOLING
  YESTERDAY       20                        19      1       17
  MONTH TO DATE  400                       446    -46      362
  SINCE MAR 1    963                       816    147      814
  SINCE JAN 1   1004                       852    152      950
..................................................................


WIND (MPH)
  HIGHEST WIND SPEED    14   HIGHEST WIND DIRECTION     W (260)
  HIGHEST GUST SPEED    17   HIGHEST GUST DIRECTION     W (270)
  AVERAGE WIND SPEED     4.2


SKY COVER
  AVERAGE SKY COVER 0.0


WEATHER CONDITIONS
 THE FOLLOWING WEATHER WAS RECORDED YESTERDAY.
  NO SIGNIFICANT WEATHER WAS OBSERVED.


RELATIVE HUMIDITY (PERCENT)
 HIGHEST    43
 LOWEST      5
 AVERAGE    24

..........................................................


THE YUMA AZ CLIMATE NORMALS FOR TODAY
                         NORMAL    RECORD    YEAR
 MAXIMUM TEMPERATURE (F)   99       115      1984
                                             1910
 MINIMUM TEMPERATURE (F)   70        51      1971


SUNRISE AND SUNSET
MAY 29 2017...........SUNRISE   532 AM MST   SUNSET   740 PM MST
MAY 30 2017...........SUNRISE   532 AM MST   SUNSET   740 PM MST


-  INDICATES NEGATIVE NUMBERS.
R  INDICATES RECORD WAS SET OR TIED.
MM INDICATES DATA IS MISSING.
T  INDICATES TRACE AMOUNT.

$$
