000
CDUS45 KPSR 300827
CLINYL

CLIMATE REPORT
NATIONAL WEATHER SERVICE PHOENIX AZ
126 AM MST SAT AUG 30 2014


...................................

...THE YUMA AZ CLIMATE SUMMARY FOR AUGUST 29 2014...

CLIMATE NORMAL PERIOD 1981 TO 2010
CLIMATE RECORD PERIOD 1876 TO 2014


WEATHER ITEM   OBSERVED TIME   RECORD YEAR NORMAL DEPARTURE LAST
                VALUE   (LST)  VALUE       VALUE  FROM      YEAR
                                                  NORMAL
..................................................................
TEMPERATURE (F)
 YESTERDAY
  MAXIMUM        113    418 PM 117    1954 106      7       94
  MINIMUM         81    637 AM  64    1947  81      0       78
  AVERAGE         97                        93      4       86

PRECIPITATION (IN)
  YESTERDAY        0.00          0.93 1931   0.01  -0.01     0.20
  MONTH TO DATE    0.49                      0.44   0.05     0.22
  SINCE OCT 1      1.95                      3.00  -1.05     2.43
  SINCE JAN 1      0.84                      2.06  -1.22     1.80

DEGREE DAYS
 HEATING
  YESTERDAY        0                         0      0        0
  MONTH TO DATE    0                         0      0        0
  SINCE JUN 1      0                         0      0        0
  SINCE JUL 1      0                         0      0        0

 COOLING
  YESTERDAY       32                        28      4       21
  MONTH TO DATE  820                       852    -32      831
  SINCE JUN 1   2607                      2486    121     2582
  SINCE JAN 1   3769                      3398    371     3643
..................................................................


WIND (MPH)
  HIGHEST WIND SPEED    14   HIGHEST WIND DIRECTION     S (180)
  HIGHEST GUST SPEED    22   HIGHEST GUST DIRECTION     S (190)
  AVERAGE WIND SPEED     3.3


SKY COVER
  AVERAGE SKY COVER 0.0


WEATHER CONDITIONS
 THE FOLLOWING WEATHER WAS RECORDED YESTERDAY.
  NO SIGNIFICANT WEATHER WAS OBSERVED.


RELATIVE HUMIDITY (PERCENT)
 HIGHEST    37
 LOWEST      7
 AVERAGE    22

..........................................................


THE YUMA AZ CLIMATE NORMALS FOR TODAY
                         NORMAL    RECORD    YEAR
 MAXIMUM TEMPERATURE (F)  106       114      1998
                                             1984
                                             1950
 MINIMUM TEMPERATURE (F)   81        58      1907


SUNRISE AND SUNSET
AUGUST 30 2014........SUNRISE   612 AM MST   SUNSET   706 PM MST
AUGUST 31 2014........SUNRISE   613 AM MST   SUNSET   704 PM MST


-  INDICATES NEGATIVE NUMBERS.
R  INDICATES RECORD WAS SET OR TIED.
MM INDICATES DATA IS MISSING.
T  INDICATES TRACE AMOUNT.

$$
