000
CDUS45 KPSR 280013
CLINYL

CLIMATE REPORT
NATIONAL WEATHER SERVICE PHOENIX AZ
512 PM MST SAT AUG 27 2016


...................................

...THE YUMA AZ CLIMATE SUMMARY FOR AUGUST 27 2016...
VALID TODAY AS OF 0500 PM LOCAL TIME.

CLIMATE NORMAL PERIOD 1981 TO 2010
CLIMATE RECORD PERIOD 1876 TO 2016


WEATHER ITEM   OBSERVED TIME   RECORD YEAR NORMAL DEPARTURE LAST
                VALUE   (LST)  VALUE       VALUE  FROM      YEAR
                                                  NORMAL
..................................................................
TEMPERATURE (F)
 TODAY
  MAXIMUM        101    439 PM 120    1981 106     -5      110
  MINIMUM         78    620 AM  62    1920  82     -4       88
  AVERAGE         90                        94     -4       99

PRECIPITATION (IN)
  TODAY            0.00          0.31 1929   0.01  -0.01     0.00
  MONTH TO DATE    0.08                      0.41  -0.33      T
  SINCE OCT 1      1.89                      2.97  -1.08     1.68
  SINCE JAN 1      1.75                      2.03  -0.28     1.24

DEGREE DAYS
 HEATING
  TODAY            0                         0      0        0
  MONTH TO DATE    0                         0      0        0
  SINCE JUN 1      0                         0      0        0
  SINCE JUL 1      0                         0      0        0

 COOLING
  TODAY           25                        29     -4       34
  MONTH TO DATE  822                       795     27      887
  SINCE JUN 1   2626                      2429    197     2572
  SINCE JAN 1   3627                      3341    286     3651
..................................................................


WIND (MPH)
  HIGHEST WIND SPEED    14   HIGHEST WIND DIRECTION    SE (120)
  HIGHEST GUST SPEED    18   HIGHEST GUST DIRECTION    SE (140)
  AVERAGE WIND SPEED     5.6


SKY COVER
  AVERAGE SKY COVER 0.0


WEATHER CONDITIONS
 THE FOLLOWING WEATHER WAS RECORDED TODAY.
  NO SIGNIFICANT WEATHER WAS OBSERVED.


RELATIVE HUMIDITY (PERCENT)
 HIGHEST    48
 LOWEST     24
 AVERAGE    36

..........................................................


THE YUMA AZ CLIMATE NORMALS FOR TOMORROW
                         NORMAL    RECORD    YEAR
 MAXIMUM TEMPERATURE (F)  106       118      1981
 MINIMUM TEMPERATURE (F)   81        60      1920


SUNRISE AND SUNSET
AUGUST 27 2016........SUNRISE   610 AM MST   SUNSET   709 PM MST
AUGUST 28 2016........SUNRISE   611 AM MST   SUNSET   707 PM MST


-  INDICATES NEGATIVE NUMBERS.
R  INDICATES RECORD WAS SET OR TIED.
MM INDICATES DATA IS MISSING.
T  INDICATES TRACE AMOUNT.

$$
