000
CDUS45 KPSR 230029
CLINYL

CLIMATE REPORT
NATIONAL WEATHER SERVICE PHOENIX AZ
525 PM MST SAT JUL 22 2017


...................................

...THE YUMA AZ CLIMATE SUMMARY FOR JULY 22 2017...
VALID TODAY AS OF 0500 PM LOCAL TIME.

CLIMATE NORMAL PERIOD 1981 TO 2010
CLIMATE RECORD PERIOD 1876 TO 2017


WEATHER ITEM   OBSERVED TIME   RECORD YEAR NORMAL DEPARTURE LAST
                VALUE   (LST)  VALUE       VALUE  FROM      YEAR
                                                  NORMAL
..................................................................
TEMPERATURE (F)
 TODAY
  MAXIMUM        108    453 PM 116    2006 107      1      114
  MINIMUM         87    330 AM  67    1924  83      4       88
  AVERAGE         98                        95      3      101

PRECIPITATION (IN)
  TODAY            0.00          0.38 1946   0.01  -0.01     0.00
  MONTH TO DATE    T                         0.15  -0.15     0.00
  SINCE OCT 1      2.65                      2.42   0.23     1.12
  SINCE JAN 1      1.70                      1.48   0.22     0.98

DEGREE DAYS
 HEATING
  TODAY            0                         0      0        0
  MONTH TO DATE    0                         0      0        0
  SINCE JUN 1      0                         0      0        0
  SINCE JUL 1      0                         0      0        0

 COOLING
  TODAY           33                        30      3       36
  MONTH TO DATE  701                       644     57      690
  SINCE JUN 1   1456                      1365     91     1523
  SINCE JAN 1   2524                      2277    247     2524
..................................................................


WIND (MPH)
  HIGHEST WIND SPEED    17   HIGHEST WIND DIRECTION    SW (220)
  HIGHEST GUST SPEED    23   HIGHEST GUST DIRECTION     S (190)
  AVERAGE WIND SPEED     9.1


SKY COVER
  AVERAGE SKY COVER 0.0


WEATHER CONDITIONS
 THE FOLLOWING WEATHER WAS RECORDED TODAY.
  NO SIGNIFICANT WEATHER WAS OBSERVED.


RELATIVE HUMIDITY (PERCENT)
 HIGHEST    47
 LOWEST     22
 AVERAGE    35

..........................................................


THE YUMA AZ CLIMATE NORMALS FOR TOMORROW
                         NORMAL    RECORD    YEAR
 MAXIMUM TEMPERATURE (F)  107       117      2014
 MINIMUM TEMPERATURE (F)   83        69      1928
                                             1913


SUNRISE AND SUNSET
JULY 22 2017..........SUNRISE   546 AM MST   SUNSET   743 PM MST
JULY 23 2017..........SUNRISE   547 AM MST   SUNSET   743 PM MST


-  INDICATES NEGATIVE NUMBERS.
R  INDICATES RECORD WAS SET OR TIED.
MM INDICATES DATA IS MISSING.
T  INDICATES TRACE AMOUNT.

$$
