000
CDUS45 KPSR 250823
CLINYL

CDUS45 KPSR DDHHMM
CLINYL

CLIMATE REPORT
NATIONAL WEATHER SERVICE PHOENIX AZ
122 AM MST WED MAY 25 2016


...................................

...THE YUMA AZ CLIMATE SUMMARY FOR MAY 24 2016...

CLIMATE NORMAL PERIOD 1981 TO 2010
CLIMATE RECORD PERIOD 1876 TO 2016


WEATHER ITEM   OBSERVED TIME   RECORD YEAR NORMAL DEPARTURE LAST
                VALUE   (LST)  VALUE       VALUE  FROM      YEAR
                                                  NORMAL
..................................................................
TEMPERATURE (F)
 YESTERDAY
  MAXIMUM         86        MM 109    2001  98    -12       86
                                      1983
  MINIMUM         62        MM  52    2010  69     -7       61
                                      1909
  AVERAGE         74                        83     -9       74

PRECIPITATION (IN)
  YESTERDAY        0.00          0.31 1994   0.01  -0.01     0.00
  MONTH TO DATE    0.18                      0.07   0.11     0.31
  SINCE OCT 1      1.12                      2.25  -1.13     1.26
  SINCE JAN 1      0.98                      1.31  -0.33     0.82

DEGREE DAYS
 HEATING
  YESTERDAY        0                         0      0        0
  MONTH TO DATE    0                         0      0        3
  SINCE MAR 1     22                        63    -41       26
  SINCE JUL 1    598                       686    -88       86

 COOLING
  YESTERDAY        9                        18     -9        9
  MONTH TO DATE  312                       370    -58      253
  SINCE MAR 1    764                       740     24      832
  SINCE JAN 1    900                       776    124      943
..................................................................


WIND (MPH)
  HIGHEST WIND SPEED    16   HIGHEST WIND DIRECTION    NW (300)
  HIGHEST GUST SPEED    23   HIGHEST GUST DIRECTION    NW (310)
  AVERAGE WIND SPEED    10.3


SKY COVER
  AVERAGE SKY COVER 0.1


WEATHER CONDITIONS
 THE FOLLOWING WEATHER WAS RECORDED YESTERDAY.
  NO SIGNIFICANT WEATHER WAS OBSERVED.


RELATIVE HUMIDITY (PERCENT)
 HIGHEST    43
 LOWEST     15
 AVERAGE    29

..........................................................


THE YUMA AZ CLIMATE NORMALS FOR TODAY
                         NORMAL    RECORD    YEAR
 MAXIMUM TEMPERATURE (F)   98       112      1951
 MINIMUM TEMPERATURE (F)   69        51      1916


SUNRISE AND SUNSET
MAY 25 2016...........SUNRISE   534 AM MST   SUNSET   737 PM MST
MAY 26 2016...........SUNRISE   533 AM MST   SUNSET   738 PM MST


-  INDICATES NEGATIVE NUMBERS.
R  INDICATES RECORD WAS SET OR TIED.
MM INDICATES DATA IS MISSING.
T  INDICATES TRACE AMOUNT.

$$
