000
CDUS45 KPSR 260902
CLINYL

CLIMATE REPORT
NATIONAL WEATHER SERVICE PHOENIX AZ
200 AM MST FRI DEC 26 2014


...................................

...THE YUMA AZ CLIMATE SUMMARY FOR DECEMBER 25 2014...

CLIMATE NORMAL PERIOD 1981 TO 2010
CLIMATE RECORD PERIOD 1876 TO 2014


WEATHER ITEM   OBSERVED TIME   RECORD YEAR NORMAL DEPARTURE LAST
                VALUE   (LST)  VALUE       VALUE  FROM      YEAR
                                                  NORMAL
..................................................................
TEMPERATURE (F)
 YESTERDAY
  MAXIMUM         MM        MM  80    1950  67     MM       73
  MINIMUM         MM        MM  25    1891  46     MM       54
  AVERAGE         MM                        57     MM       64

PRECIPITATION (IN)
  YESTERDAY        0.00          0.59 1994   0.02  -0.02     0.00
  MONTH TO DATE    0.38                      0.41  -0.03     0.11
  SINCE OCT 1      0.43                      0.84  -0.41     1.11
  SINCE JAN 1      2.71                      3.46  -0.75     3.42

DEGREE DAYS
 HEATING
  YESTERDAY       MM                         8     MM        1
  MONTH TO DATE   MM                       184     MM      168
  SINCE DEC 1     MM                       184     MM      168
  SINCE JUL 1     15                       252   -237      207

 COOLING
  YESTERDAY       MM                         0     MM        0
  MONTH TO DATE   MM                         0     MM        1
  SINCE DEC 1     MM                         0     MM        1
  SINCE JAN 1   5292                      4649    643     4806
..................................................................


WIND (MPH)
  HIGHEST WIND SPEED    17   HIGHEST WIND DIRECTION     N (360)
  HIGHEST GUST SPEED    31   HIGHEST GUST DIRECTION     N (10)
  AVERAGE WIND SPEED    10.2


SKY COVER
  AVERAGE SKY COVER 0.6


WEATHER CONDITIONS
 THE FOLLOWING WEATHER WAS RECORDED YESTERDAY.
  NO SIGNIFICANT WEATHER WAS OBSERVED.


RELATIVE HUMIDITY (PERCENT)
 HIGHEST    MM
 LOWEST     MM
 AVERAGE    MM

..........................................................


THE YUMA AZ CLIMATE NORMALS FOR TODAY
                         NORMAL    RECORD    YEAR
 MAXIMUM TEMPERATURE (F)   67        80      1980
 MINIMUM TEMPERATURE (F)   46        22      1911


SUNRISE AND SUNSET
DECEMBER 26 2014......SUNRISE   739 AM MST   SUNSET   540 PM MST
DECEMBER 27 2014......SUNRISE   739 AM MST   SUNSET   540 PM MST


-  INDICATES NEGATIVE NUMBERS.
R  INDICATES RECORD WAS SET OR TIED.
MM INDICATES DATA IS MISSING.
T  INDICATES TRACE AMOUNT.

$$
