000
CDUS45 KPSR 300821 RRA
CLINYL

CLIMATE REPORT
NATIONAL WEATHER SERVICE PHOENIX AZ
121 AM MST TUE JUN 30 2015


...................................

...THE YUMA AZ CLIMATE SUMMARY FOR JUNE 29 2015...

CLIMATE NORMAL PERIOD 1981 TO 2010
CLIMATE RECORD PERIOD 1876 TO 2015


WEATHER ITEM   OBSERVED TIME   RECORD YEAR NORMAL DEPARTURE LAST
                VALUE   (LST)  VALUE       VALUE  FROM      YEAR
                                                  NORMAL
..................................................................
TEMPERATURE (F)
 YESTERDAY
  MAXIMUM        109    410 PM 116    1891 106      3      106
  MINIMUM         87    513 AM  60    1913  79      8       83
  AVERAGE         98                        92      6       95

PRECIPITATION (IN)
  YESTERDAY        0.00          0.62 1912   0.00   0.00     0.00
  MONTH TO DATE    0.31                      0.01   0.30     0.00
  SINCE OCT 1      1.57                      2.27  -0.70     1.18
  SINCE JAN 1      1.13                      1.33  -0.20     0.07

DEGREE DAYS
 HEATING
  YESTERDAY        0                         0      0        0
  MONTH TO DATE    0                         0      0        0
  SINCE JUN 1      0                         0      0        0
  SINCE JUL 1     86                       686   -600      370

 COOLING
  YESTERDAY       33                        27      6       30
  MONTH TO DATE  761                       694     67      779
  SINCE JUN 1    761                       694     67      779
  SINCE JAN 1   1840                      1606    234     1941
..................................................................


WIND (MPH)
  HIGHEST WIND SPEED    17   HIGHEST WIND DIRECTION     S (190)
  HIGHEST GUST SPEED    21   HIGHEST GUST DIRECTION     S (170)
  AVERAGE WIND SPEED     9.8


SKY COVER
  AVERAGE SKY COVER 0.4


WEATHER CONDITIONS
 THE FOLLOWING WEATHER WAS RECORDED YESTERDAY.
  NO SIGNIFICANT WEATHER WAS OBSERVED.


RELATIVE HUMIDITY (PERCENT)
 HIGHEST    53
 LOWEST     22
 AVERAGE    38

..........................................................


THE YUMA AZ CLIMATE NORMALS FOR TODAY
                         NORMAL    RECORD    YEAR
 MAXIMUM TEMPERATURE (F)  106       117      1950
 MINIMUM TEMPERATURE (F)   79        61      1910


SUNRISE AND SUNSET
JUNE 30 2015..........SUNRISE   534 AM MST   SUNSET   750 PM MST
JULY  1 2015..........SUNRISE   534 AM MST   SUNSET   750 PM MST


-  INDICATES NEGATIVE NUMBERS.
R  INDICATES RECORD WAS SET OR TIED.
MM INDICATES DATA IS MISSING.
T  INDICATES TRACE AMOUNT.

$$
