000
CDUS45 KPSR 260812
CLINYL

CLIMATE REPORT
NATIONAL WEATHER SERVICE PHOENIX AZ
111 AM MST MON JAN 26 2015


...................................

...THE YUMA AZ CLIMATE SUMMARY FOR JANUARY 25 2015...

CLIMATE NORMAL PERIOD 1981 TO 2010
CLIMATE RECORD PERIOD 1876 TO 2015


WEATHER ITEM   OBSERVED TIME   RECORD YEAR NORMAL DEPARTURE LAST
                VALUE   (LST)  VALUE       VALUE  FROM      YEAR
                                                  NORMAL
..................................................................
TEMPERATURE (F)
 YESTERDAY
  MAXIMUM         76    426 PM  86    1951  71      5       79
  MINIMUM         52    608 AM  26    1932  48      4       59
  AVERAGE         64                        59      5       69

PRECIPITATION (IN)
  YESTERDAY        0.00          0.62 2013   0.01  -0.01      T
  MONTH TO DATE    0.12                      0.31  -0.19      T
  SINCE OCT 1      0.56                      1.25  -0.69     1.11
  SINCE JAN 1      0.12                      0.31  -0.19      T

DEGREE DAYS
 HEATING
  YESTERDAY        1                         6     -5        0
  MONTH TO DATE   27                       170   -143       62
  SINCE DEC 1     27                       406   -379      264
  SINCE JUL 1     42                       474   -432      303

 COOLING
  YESTERDAY        0                         0      0        4
  MONTH TO DATE    0                         0      0        7
  SINCE DEC 1      0                         2     -2        8
  SINCE JAN 1      0                         0      0        7
..................................................................


WIND (MPH)
  HIGHEST WIND SPEED    20   HIGHEST WIND DIRECTION    NE (40)
  HIGHEST GUST SPEED    23   HIGHEST GUST DIRECTION    NE (40)
  AVERAGE WIND SPEED     5.1


SKY COVER
  AVERAGE SKY COVER 0.0


WEATHER CONDITIONS
 THE FOLLOWING WEATHER WAS RECORDED YESTERDAY.
  NO SIGNIFICANT WEATHER WAS OBSERVED.


RELATIVE HUMIDITY (PERCENT)
 HIGHEST    43
 LOWEST     18
 AVERAGE    31

..........................................................


THE YUMA AZ CLIMATE NORMALS FOR TODAY
                         NORMAL    RECORD    YEAR
 MAXIMUM TEMPERATURE (F)   71        83      2003
                                             1951
 MINIMUM TEMPERATURE (F)   48        30      1929


SUNRISE AND SUNSET
JANUARY 26 2015.......SUNRISE   737 AM MST   SUNSET   606 PM MST
JANUARY 27 2015.......SUNRISE   736 AM MST   SUNSET   607 PM MST


-  INDICATES NEGATIVE NUMBERS.
R  INDICATES RECORD WAS SET OR TIED.
MM INDICATES DATA IS MISSING.
T  INDICATES TRACE AMOUNT.

$$
