000
CDUS46 KMTR 010827
CLIOAK


CLIMATE REPORT
NATIONAL WEATHER SERVICE SAN FRANCISCO BAY AREA
127 AM PDT WED OCT 1 2014


...................................

...THE OAKLAND AIRPORT CLIMATE SUMMARY FOR SEPTEMBER 30 2014...

CLIMATE NORMAL PERIOD 1981 TO 2010
CLIMATE RECORD PERIOD 1948 TO 2014


WEATHER ITEM   OBSERVED TIME   RECORD YEAR NORMAL DEPARTURE LAST
                VALUE   (LST)  VALUE       VALUE  FROM      YEAR
                                                  NORMAL
..................................................................
TEMPERATURE (F)
 YESTERDAY
  MAXIMUM         73    258 PM  93    1980  73      0       72
  MINIMUM         57   1231 AM  41    1950  53      4       59
  AVERAGE         65                        63      2       66

PRECIPITATION (IN)
  YESTERDAY        0.00          0.45 1983   0.02  -0.02     0.00
  MONTH TO DATE    0.44                      0.22   0.22     0.61
  SINCE JUL 1      0.45                      0.28   0.17     0.61
  SINCE JAN 1      8.43                     13.50  -5.07     3.43

SNOWFALL (IN)
  YESTERDAY        0.0                                       0.0
  MONTH TO DATE    0.0                                       0.0
  SINCE SEP 1      0.0                                       0.0
  SINCE JUL 1      0.0                                       0.0

DEGREE DAYS
 HEATING
  YESTERDAY        0                         3     -3        0
  MONTH TO DATE    5                        64    -59       17
  SINCE SEP 1      5                        60    -55       17
  SINCE JUL 1     30                       200   -170      104

 COOLING
  YESTERDAY        0                         1     -1        1
  MONTH TO DATE   70                        45     25       55
  SINCE SEP 1     70                        45     25       55
  SINCE JAN 1    266                       125    141      199
..................................................................


WIND (MPH)
  RESULTANT WIND SPEED   5   RESULTANT WIND DIRECTION   W (260)
  HIGHEST WIND SPEED    16   HIGHEST WIND DIRECTION     S (200)
  HIGHEST GUST SPEED    18   HIGHEST GUST DIRECTION     S (190)
  AVERAGE WIND SPEED     6.8


SKY COVER
  POSSIBLE SUNSHINE  MM
  AVERAGE SKY COVER 0.4


WEATHER CONDITIONS
 THE FOLLOWING WEATHER WAS RECORDED YESTERDAY.
  HAZE


RELATIVE HUMIDITY (PERCENT)
 HIGHEST    90           400 AM
 LOWEST     57           300 PM
 AVERAGE    74

..........................................................


THE OAKLAND AIRPORT CLIMATE NORMALS FOR TODAY
                         NORMAL    RECORD    YEAR
 MAXIMUM TEMPERATURE (F)   73        94      1952
 MINIMUM TEMPERATURE (F)   53        42      1950


SUNRISE AND SUNSET
OCTOBER  1 2014.......SUNRISE   705 AM PDT   SUNSET   652 PM PDT
OCTOBER  2 2014.......SUNRISE   705 AM PDT   SUNSET   650 PM PDT


-  INDICATES NEGATIVE NUMBERS.
R  INDICATES RECORD WAS SET OR TIED.
MM INDICATES DATA IS MISSING.
T  INDICATES TRACE AMOUNT.




$$
