000
CDUS46 KMTR 290826
CLIOAK


CLIMATE REPORT
NATIONAL WEATHER SERVICE SAN FRANCISCO BAY AREA
126 AM PDT FRI AUG 29 2014


...................................

...THE OAKLAND AIRPORT CLIMATE SUMMARY FOR AUGUST 28 2014...

CLIMATE NORMAL PERIOD 1981 TO 2010
CLIMATE RECORD PERIOD 1948 TO 2014


WEATHER ITEM   OBSERVED TIME   RECORD YEAR NORMAL DEPARTURE LAST
                VALUE   (LST)  VALUE       VALUE  FROM      YEAR
                                                  NORMAL
..................................................................
TEMPERATURE (F)
 YESTERDAY
  MAXIMUM         75    245 PM  94    2009  75      0       75
  MINIMUM         60    214 AM  52    2005  56      4       60
  AVERAGE         68                        65      3       68

PRECIPITATION (IN)
  YESTERDAY        0.00          0.01 2001   0.01  -0.01     0.00
  MONTH TO DATE    T                         0.04  -0.04      T
  SINCE JUL 1      0.01                      0.05  -0.04      T
  SINCE JAN 1      7.99                     13.27  -5.28     2.82

SNOWFALL (IN)
  YESTERDAY        0.0                                       0.0
  MONTH TO DATE    0.0                                       0.0
  SINCE JUN 1      0.0                                       0.0
  SINCE JUL 1      0.0                                       0.0

DEGREE DAYS
 HEATING
  YESTERDAY        0                         2     -2        0
  MONTH TO DATE    4                        56    -52       43
  SINCE JUN 1     96                       242   -146      147
  SINCE JUL 1     25                       139   -114       87

 COOLING
  YESTERDAY        3                         2      1        3
  MONTH TO DATE   54                        22     32       28
  SINCE JUN 1    143                        58     85       92
  SINCE JAN 1    187                        74    113      133
..................................................................


WIND (MPH)
  RESULTANT WIND SPEED   8   RESULTANT WIND DIRECTION   W (290)
  HIGHEST WIND SPEED    20   HIGHEST WIND DIRECTION     W (290)
  HIGHEST GUST SPEED    22   HIGHEST GUST DIRECTION     W (290)
  AVERAGE WIND SPEED     8.7


SKY COVER
  POSSIBLE SUNSHINE  MM
  AVERAGE SKY COVER 0.5


WEATHER CONDITIONS
 THE FOLLOWING WEATHER WAS RECORDED YESTERDAY.
  NO SIGNIFICANT WEATHER WAS OBSERVED.


RELATIVE HUMIDITY (PERCENT)
 HIGHEST    90           300 AM
 LOWEST     57           100 PM
 AVERAGE    74

..........................................................


THE OAKLAND AIRPORT CLIMATE NORMALS FOR TODAY
                         NORMAL    RECORD    YEAR
 MAXIMUM TEMPERATURE (F)   75        90      2009
                                             2008
                                             1977
 MINIMUM TEMPERATURE (F)   56        50      2012


SUNRISE AND SUNSET
AUGUST 29 2014........SUNRISE   637 AM PDT   SUNSET   742 PM PDT
AUGUST 30 2014........SUNRISE   637 AM PDT   SUNSET   741 PM PDT


-  INDICATES NEGATIVE NUMBERS.
R  INDICATES RECORD WAS SET OR TIED.
MM INDICATES DATA IS MISSING.
T  INDICATES TRACE AMOUNT.




$$
