779
CDUS46 KMTR 180026
CLIOAK


CLIMATE REPORT
NATIONAL WEATHER SERVICE SAN FRANCISCO BAY AREA
426 PM PST TUE JAN 17 2017


...................................

...THE OAKLAND AIRPORT CLIMATE SUMMARY FOR JANUARY 17 2017...
VALID TODAY AS OF 0400 PM LOCAL TIME.

CLIMATE NORMAL PERIOD 1981 TO 2010
CLIMATE RECORD PERIOD 1948 TO 2017


WEATHER ITEM   OBSERVED TIME   RECORD YEAR NORMAL DEPARTURE LAST
                VALUE   (LST)  VALUE       VALUE  FROM      YEAR
                                                  NORMAL
..................................................................
TEMPERATURE (F)
 TODAY
  MAXIMUM         55    143 PM  66    1986  57     -2       59
  MINIMUM         39    652 AM  28    2012  42     -3       56
  AVERAGE         47                        49     -2       58

PRECIPITATION (IN)
  TODAY            0.00          1.83 1950   0.09  -0.09     0.67
  MONTH TO DATE    4.85                      2.89   1.96     3.22
  SINCE OCT 1     13.28                     10.20   3.08     8.44
  SINCE JAN 1      4.85                      2.89   1.96     3.22

SNOWFALL (IN)
  TODAY            0.0           0.0  1985
  MONTH TO DATE    0.0
  SINCE DEC 1      0.0
  SINCE JUL 1      0.0

DEGREE DAYS
 HEATING
  TODAY           18                        16      2        7
  MONTH TO DATE  242                       277    -35      219
  SINCE DEC 1    681                       774    -93      706
  SINCE JUL 1   1051                      1449   -398     1103

 COOLING
  TODAY            0                         0      0        0
  MONTH TO DATE    0                         0      0        0
  SINCE DEC 1      0                         0      0        0
  SINCE JAN 1      0                         0      0        0
..................................................................


WIND (MPH)
  RESULTANT WIND SPEED   2   RESULTANT WIND DIRECTION  NE (60)
  HIGHEST WIND SPEED    13   HIGHEST WIND DIRECTION     E (70)
  HIGHEST GUST SPEED    15   HIGHEST GUST DIRECTION     E (70)
  AVERAGE WIND SPEED     4.2


SKY COVER
  POSSIBLE SUNSHINE  MM
  AVERAGE SKY COVER 0.6


WEATHER CONDITIONS
 THE FOLLOWING WEATHER WAS RECORDED TODAY.
  FOG
  HAZE


RELATIVE HUMIDITY (PERCENT)
 HIGHEST    92           400 AM
 LOWEST     64           100 PM
 AVERAGE    78

..........................................................


THE OAKLAND AIRPORT CLIMATE NORMALS FOR TOMORROW
                         NORMAL    RECORD    YEAR
 MAXIMUM TEMPERATURE (F)   57        67      2014
 MINIMUM TEMPERATURE (F)   42        30      2012


SUNRISE AND SUNSET
JANUARY 17 2017.......SUNRISE   722 AM PST   SUNSET   517 PM PST
JANUARY 18 2017.......SUNRISE   722 AM PST   SUNSET   518 PM PST


-  INDICATES NEGATIVE NUMBERS.
R  INDICATES RECORD WAS SET OR TIED.
MM INDICATES DATA IS MISSING.
T  INDICATES TRACE AMOUNT.




$$
