000
CDUS46 KMTR 130831
CLIOAK


CLIMATE REPORT
NATIONAL WEATHER SERVICE SAN FRANCISCO BAY AREA
130 AM PDT SUN JUL 13 2014


...................................

...THE OAKLAND AIRPORT CLIMATE SUMMARY FOR JULY 12 2014...

CLIMATE NORMAL PERIOD 1981 TO 2010
CLIMATE RECORD PERIOD 1948 TO 2014


WEATHER ITEM   OBSERVED TIME   RECORD YEAR NORMAL DEPARTURE LAST
                VALUE   (LST)  VALUE       VALUE  FROM      YEAR
                                                  NORMAL
..................................................................
TEMPERATURE (F)
 YESTERDAY
  MAXIMUM         70    246 PM  87    1954  71     -1       68
  MINIMUM         58   1144 PM  51    1950  56      2       57
  AVERAGE         64                        63      1       63

PRECIPITATION (IN)
  YESTERDAY        T   R         T    2011   0.00   0.00     0.00
  MONTH TO DATE    T                         0.01  -0.01     0.00
  SINCE JUL 1      T                         0.01  -0.01     0.00
  SINCE JAN 1      7.98                     13.23  -5.25     2.82

SNOWFALL (IN)
  YESTERDAY        0.0                                       0.0
  MONTH TO DATE    0.0                                       0.0
  SINCE JUN 1      0.0                                       0.0
  SINCE JUL 1      0.0                                       0.0

DEGREE DAYS
 HEATING
  YESTERDAY        1                         3     -2        2
  MONTH TO DATE   21                        36    -15        9
  SINCE JUN 1     92                       139    -47       69
  SINCE JUL 1     21                        36    -15        9

 COOLING
  YESTERDAY        0                         1     -1        0
  MONTH TO DATE    4                        12     -8       27
  SINCE JUN 1     24                        30     -6       62
  SINCE JAN 1     68                        46     22      103
..................................................................


WIND (MPH)
  RESULTANT WIND SPEED  11   RESULTANT WIND DIRECTION   W (280)
  HIGHEST WIND SPEED    23   HIGHEST WIND DIRECTION     W (280)
  HIGHEST GUST SPEED    25   HIGHEST GUST DIRECTION     W (280)
  AVERAGE WIND SPEED    11.5


SKY COVER
  POSSIBLE SUNSHINE  MM
  AVERAGE SKY COVER 0.7


WEATHER CONDITIONS
 THE FOLLOWING WEATHER WAS RECORDED YESTERDAY.
  LIGHT RAIN
  FOG


RELATIVE HUMIDITY (PERCENT)
 HIGHEST    80          1000 PM
 LOWEST     57           200 PM
 AVERAGE    69

..........................................................


THE OAKLAND AIRPORT CLIMATE NORMALS FOR TODAY
                         NORMAL    RECORD    YEAR
 MAXIMUM TEMPERATURE (F)   70        94      1972
 MINIMUM TEMPERATURE (F)   56        51      2009
                                             1955


SUNRISE AND SUNSET
JULY 13 2014..........SUNRISE   558 AM PDT   SUNSET   831 PM PDT
JULY 14 2014..........SUNRISE   559 AM PDT   SUNSET   831 PM PDT


-  INDICATES NEGATIVE NUMBERS.
R  INDICATES RECORD WAS SET OR TIED.
MM INDICATES DATA IS MISSING.
T  INDICATES TRACE AMOUNT.




$$
