000
CDUS46 KMTR 210825
CLIOAK


CLIMATE REPORT
NATIONAL WEATHER SERVICE SAN FRANCISCO BAY AREA
125 AM PDT TUE OCT 21 2014


...................................

...THE OAKLAND AIRPORT CLIMATE SUMMARY FOR OCTOBER 20 2014...

CLIMATE NORMAL PERIOD 1981 TO 2010
CLIMATE RECORD PERIOD 1948 TO 2014


WEATHER ITEM   OBSERVED TIME   RECORD YEAR NORMAL DEPARTURE LAST
                VALUE   (LST)  VALUE       VALUE  FROM      YEAR
                                                  NORMAL
..................................................................
TEMPERATURE (F)
 YESTERDAY
  MAXIMUM         70    240 PM  90    1998  69      1       65
  MINIMUM         54   1152 PM  36    1949  51      3       48
  AVERAGE         62                        60      2       57

PRECIPITATION (IN)
  YESTERDAY        0.01          0.45 1985   0.04  -0.03     0.00
  MONTH TO DATE    0.01                      0.58  -0.57     0.00
  SINCE JUL 1      0.46                      0.86  -0.40     0.61
  SINCE JAN 1      8.44                     14.08  -5.64     3.43

SNOWFALL (IN)
  YESTERDAY        0.0                                       0.0
  MONTH TO DATE    0.0                                       0.0
  SINCE SEP 1      0.0                                       0.0
  SINCE JUL 1      0.0                                       0.0

DEGREE DAYS
 HEATING
  YESTERDAY        3                         5     -2        8
  MONTH TO DATE   26                        82    -56       69
  SINCE SEP 1     31                       142   -111       86
  SINCE JUL 1     56                       282   -226      173

 COOLING
  YESTERDAY        0                         0      0        0
  MONTH TO DATE   39                        12     27       13
  SINCE SEP 1    109                        57     52       68
  SINCE JAN 1    305                       137    168      212
..................................................................


WIND (MPH)
  RESULTANT WIND SPEED   5   RESULTANT WIND DIRECTION   W (250)
  HIGHEST WIND SPEED    18   HIGHEST WIND DIRECTION     W (280)
  HIGHEST GUST SPEED    22   HIGHEST GUST DIRECTION     W (270)
  AVERAGE WIND SPEED     9.2


SKY COVER
  POSSIBLE SUNSHINE  MM
  AVERAGE SKY COVER 0.6


WEATHER CONDITIONS
 THE FOLLOWING WEATHER WAS RECORDED YESTERDAY.
  LIGHT RAIN
  FOG


RELATIVE HUMIDITY (PERCENT)
 HIGHEST    78           200 AM
 LOWEST     57           300 PM
 AVERAGE    68

..........................................................


THE OAKLAND AIRPORT CLIMATE NORMALS FOR TODAY
                         NORMAL    RECORD    YEAR
 MAXIMUM TEMPERATURE (F)   69        85      1998
 MINIMUM TEMPERATURE (F)   51        37      1949


SUNRISE AND SUNSET
OCTOBER 21 2014.......SUNRISE   723 AM PDT   SUNSET   623 PM PDT
OCTOBER 22 2014.......SUNRISE   724 AM PDT   SUNSET   622 PM PDT


-  INDICATES NEGATIVE NUMBERS.
R  INDICATES RECORD WAS SET OR TIED.
MM INDICATES DATA IS MISSING.
T  INDICATES TRACE AMOUNT.




$$
