000
CDUS46 KMTR 290827
CLIOAK


CLIMATE REPORT
NATIONAL WEATHER SERVICE SAN FRANCISCO BAY AREA
127 AM PDT SAT APR 29 2017


...................................

...THE OAKLAND AIRPORT CLIMATE SUMMARY FOR APRIL 28 2017...

CLIMATE NORMAL PERIOD 1981 TO 2010
CLIMATE RECORD PERIOD 1948 TO 2017


WEATHER ITEM   OBSERVED TIME   RECORD YEAR NORMAL DEPARTURE LAST
                VALUE   (LST)  VALUE       VALUE  FROM      YEAR
                                                  NORMAL
..................................................................
TEMPERATURE (F)
 YESTERDAY
  MAXIMUM         73   1238 PM  87    1957  67      6       68
  MINIMUM         49    458 AM  40    1955  50     -1       48
  AVERAGE         61                        58      3       58

PRECIPITATION (IN)
  YESTERDAY        0.00          0.85 1951   0.03  -0.03     0.00
  MONTH TO DATE    2.46                      1.28   1.18     1.00
  SINCE OCT 1     28.45                     19.61   8.84    16.54
  SINCE JAN 1     20.02                     12.30   7.72    11.32

SNOWFALL (IN)
  YESTERDAY        0.0                                       0.0
  MONTH TO DATE    0.0                                       0.0
  SINCE MAR 1      0.0                                       0.0
  SINCE JUL 1      0.0                                       0.0

DEGREE DAYS
 HEATING
  YESTERDAY        4                         7     -3        7
  MONTH TO DATE  155                       220    -65      112
  SINCE MAR 1    365                       551   -186      329
  SINCE JUL 1   1894                      2573   -679     1804

 COOLING
  YESTERDAY        0                         0      0        0
  MONTH TO DATE    0                         0      0       14
  SINCE MAR 1      1                         1      0       14
  SINCE JAN 1      1                         1      0       15
..................................................................


WIND (MPH)
  RESULTANT WIND SPEED   8   RESULTANT WIND DIRECTION   W (290)
  HIGHEST WIND SPEED    22   HIGHEST WIND DIRECTION     W (260)
  HIGHEST GUST SPEED    25   HIGHEST GUST DIRECTION     W (260)
  AVERAGE WIND SPEED     9.9


SKY COVER
  POSSIBLE SUNSHINE  MM
  AVERAGE SKY COVER 0.2


WEATHER CONDITIONS
 THE FOLLOWING WEATHER WAS RECORDED YESTERDAY.
  NO SIGNIFICANT WEATHER WAS OBSERVED.


RELATIVE HUMIDITY (PERCENT)
 HIGHEST    86           500 AM
 LOWEST     33          1200 PM
 AVERAGE    60

..........................................................


THE OAKLAND AIRPORT CLIMATE NORMALS FOR TODAY
                         NORMAL    RECORD    YEAR
 MAXIMUM TEMPERATURE (F)   67        83      2014
 MINIMUM TEMPERATURE (F)   50        41      1950


SUNRISE AND SUNSET
APRIL 29 2017.........SUNRISE   615 AM PDT   SUNSET   758 PM PDT
APRIL 30 2017.........SUNRISE   614 AM PDT   SUNSET   759 PM PDT


-  INDICATES NEGATIVE NUMBERS.
R  INDICATES RECORD WAS SET OR TIED.
MM INDICATES DATA IS MISSING.
T  INDICATES TRACE AMOUNT.




$$
