000
CDUS43 KOAX 260626
CLIOAX


CLIMATE REPORT
NATIONAL WEATHER SERVICE OMAHA NEBRASKA
1225 AM CST WED NOV 26 2014


...................................

...THE VALLEY  NWS, NEBRASKA CLIMATE SUMMARY FOR NOVEMBER 25 2014...

CLIMATE NORMAL PERIOD 1981 TO 2010
CLIMATE RECORD PERIOD 1997 TO 2014


WEATHER ITEM   OBSERVED TIME   NORMAL DEPARTURE LAST
                VALUE   (LST)  VALUE  FROM      YEAR
                                      NORMAL
......................................................
TEMPERATURE (F)
 YESTERDAY
  MAXIMUM         44    208 PM  43      1       46
  MINIMUM         18    737 AM  24     -6       25
  AVERAGE         31            34     -3       36

PRECIPITATION (IN)
  YESTERDAY        0.02          0.05  -0.03     0.00
  MONTH TO DATE    0.31          1.25  -0.94     1.51
  SINCE SEP 1      6.41          6.39   0.02     7.87
  SINCE JAN 1     36.46         31.31   5.15    28.91

SNOWFALL (IN)
  YESTERDAY        0.0                           0.0
  MONTH TO DATE    3.0                           0.7
  SINCE JUL 1      3.0                           0.7
  SNOW DEPTH       0

DEGREE DAYS
 HEATING
  YESTERDAY       34            31      3       29
  MONTH TO DATE  771           624    147      630
  SINCE SEP 1   1148          1099     49     1036
  SINCE JUL 1   1149          1105     44     1041

 COOLING
  YESTERDAY        0             0      0        0
  MONTH TO DATE    0             0      0        0
  SINCE SEP 1    114           124    -10      225
  SINCE JAN 1   1039          1075    -36     1237
......................................................


WIND (MPH)
  HIGHEST WIND SPEED    MM   HIGHEST WIND DIRECTION    MM
  HIGHEST GUST SPEED    MM   HIGHEST GUST DIRECTION    MM


SKY COVER
  POSSIBLE SUNSHINE  MM


WEATHER CONDITIONS
 THE FOLLOWING WEATHER WAS RECORDED YESTERDAY.
  LIGHT RAIN


..........................................................


THE VALLEY  NWS, NEBRASKA CLIMATE NORMALS FOR TODAY
                         NORMAL
 MAXIMUM TEMPERATURE (F)   43
 MINIMUM TEMPERATURE (F)   24


SUNRISE AND SUNSET
NOVEMBER 26 2014......SUNRISE   726 AM CST   SUNSET   459 PM CST
NOVEMBER 27 2014......SUNRISE   728 AM CST   SUNSET   458 PM CST


-  INDICATES NEGATIVE NUMBERS.
R  INDICATES RECORD WAS SET OR TIED.
MM INDICATES DATA IS MISSING.
T  INDICATES TRACE AMOUNT.


$$

BCM
