000
CDUS43 KOAX 252234
CLIOAX


CLIMATE REPORT
NATIONAL WEATHER SERVICE OMAHA NEBRASKA
431 PM CST SUN JAN 25 2015


...................................

...THE VALLEY  NWS, NEBRASKA CLIMATE SUMMARY FOR JANUARY 25 2015...
VALID TODAY AS OF 0400 PM LOCAL TIME.

CLIMATE NORMAL PERIOD 1981 TO 2010
CLIMATE RECORD PERIOD 1997 TO 2015


WEATHER ITEM   OBSERVED TIME   NORMAL DEPARTURE LAST
                VALUE   (LST)  VALUE  FROM      YEAR
                                      NORMAL
......................................................
TEMPERATURE (F)
 TODAY
  MAXIMUM         44   1204 AM  33     11       45
  MINIMUM         35    700 AM  14     21       29
  AVERAGE         40            24     16       37

PRECIPITATION (IN)
  TODAY            T             0.03  -0.03      T
  MONTH TO DATE    0.09          0.60  -0.51     0.14
  SINCE DEC 1      1.99          1.71   0.28     0.32
  SINCE JAN 1      0.09          0.60  -0.51     0.14

SNOWFALL (IN)
  TODAY            T                              T
  MONTH TO DATE    1.9                           1.8
  SINCE JUL 1      6.2                           5.9
  SNOW DEPTH       0

DEGREE DAYS
 HEATING
  TODAY           25            41    -16       28
  MONTH TO DATE  979          1048    -69     1063
  SINCE DEC 1   2027          2258   -231     2375
  SINCE JUL 1   3344          3528   -184     3594

 COOLING
  TODAY            0             0      0        0
  MONTH TO DATE    0             0      0        0
  SINCE DEC 1      0             0      0        0
  SINCE JAN 1      0             0      0        0
......................................................


WIND (MPH)
  HIGHEST WIND SPEED    MM   HIGHEST WIND DIRECTION    MM
  HIGHEST GUST SPEED    43   HIGHEST GUST DIRECTION    MM



WEATHER CONDITIONS
 THE FOLLOWING WEATHER WAS RECORDED TODAY.
  NO SIGNIFICANT WEATHER WAS OBSERVED.


..........................................................


THE VALLEY  NWS, NEBRASKA CLIMATE NORMALS FOR TOMORROW
                         NORMAL
 MAXIMUM TEMPERATURE (F)   33
 MINIMUM TEMPERATURE (F)   14


SUNRISE AND SUNSET
JANUARY 25 2015.......SUNRISE   743 AM CST   SUNSET   533 PM CST
JANUARY 26 2015.......SUNRISE   742 AM CST   SUNSET   534 PM CST


-  INDICATES NEGATIVE NUMBERS.
R  INDICATES RECORD WAS SET OR TIED.
MM INDICATES DATA IS MISSING.
T  INDICATES TRACE AMOUNT.




$$
