000
CDUS43 KOAX 270632
CLIOAX


CLIMATE REPORT
NATIONAL WEATHER SERVICE OMAHA NEBRASKA
131 AM CDT WED JUL 27 2016


...................................

...THE VALLEY  NWS, NEBRASKA CLIMATE SUMMARY FOR JULY 26 2016...

CLIMATE NORMAL PERIOD 1981 TO 2010
CLIMATE RECORD PERIOD 1997 TO 2016


WEATHER ITEM   OBSERVED TIME   NORMAL DEPARTURE LAST
                VALUE   (LST)  VALUE  FROM      YEAR
                                      NORMAL
......................................................
TEMPERATURE (F)
 YESTERDAY
  MAXIMUM         85    256 PM  86     -1       89
  MINIMUM         65    448 AM  67     -2       69
  AVERAGE         75            77     -2       79

PRECIPITATION (IN)
  YESTERDAY        0.00          0.13  -0.13     0.32
  MONTH TO DATE    5.42          3.75   1.67     2.35
  SINCE JUN 1     13.11          8.84   4.27     7.65
  SINCE JAN 1     29.61         20.16   9.45    19.50

SNOWFALL (IN)
  YESTERDAY        0.0                           0.0
  MONTH TO DATE    0.0                           0.0
  SINCE JUL 1      0.0                           0.0
  SNOW DEPTH       0

DEGREE DAYS
 HEATING
  YESTERDAY        0             0      0        0
  MONTH TO DATE    0             0      0        0
  SINCE JUN 1      0            16    -16        1
  SINCE JUL 1      0             0      0        0

 COOLING
  YESTERDAY       10            12     -2       14
  MONTH TO DATE  304           304      0      281
  SINCE JUN 1    692           538    154      515
  SINCE JAN 1    745           610    135      546
......................................................


WIND (MPH)
  HIGHEST WIND SPEED    MM   HIGHEST WIND DIRECTION    MM
  HIGHEST GUST SPEED    15   HIGHEST GUST DIRECTION    MM


SKY COVER
  POSSIBLE SUNSHINE  MM


WEATHER CONDITIONS
 THE FOLLOWING WEATHER WAS RECORDED YESTERDAY.
  NO SIGNIFICANT WEATHER WAS OBSERVED.


..........................................................


THE VALLEY  NWS, NEBRASKA CLIMATE NORMALS FOR TODAY
                         NORMAL
 MAXIMUM TEMPERATURE (F)   86
 MINIMUM TEMPERATURE (F)   67


SUNRISE AND SUNSET
JULY 27 2016..........SUNRISE   616 AM CDT   SUNSET   847 PM CDT
JULY 28 2016..........SUNRISE   617 AM CDT   SUNSET   846 PM CDT


-  INDICATES NEGATIVE NUMBERS.
R  INDICATES RECORD WAS SET OR TIED.
MM INDICATES DATA IS MISSING.
T  INDICATES TRACE AMOUNT.




$$
