000
CDUS43 KOAX 232228
CLIOAX


CLIMATE REPORT
NATIONAL WEATHER SERVICE OMAHA NEBRASKA
426 PM CST TUE JAN 23 2018


...................................

...THE VALLEY  NWS, NEBRASKA CLIMATE SUMMARY FOR JANUARY 23 2018...
VALID TODAY AS OF 0400 PM LOCAL TIME.

CLIMATE NORMAL PERIOD 1981 TO 2010
CLIMATE RECORD PERIOD 1997 TO 2018


WEATHER ITEM   OBSERVED TIME   NORMAL DEPARTURE LAST
                VALUE   (LST)  VALUE  FROM      YEAR
                                      NORMAL
......................................................
TEMPERATURE (F)
 TODAY
  MAXIMUM         27   1200 AM  33     -6       38
  MINIMUM         21    754 AM  14      7       30
  AVERAGE         24            23      1       34

PRECIPITATION (IN)
  TODAY            0.00          0.03  -0.03     0.00
  MONTH TO DATE    1.30          0.54   0.76     0.84
  SINCE DEC 1      1.68          1.65   0.03     2.15
  SINCE JAN 1      1.30          0.54   0.76     0.84

SNOWFALL (IN)
  TODAY            0.0                           0.0
  MONTH TO DATE    7.2                           0.5
  SINCE JUL 1     10.5                           3.1
  SNOW DEPTH       4

DEGREE DAYS
 HEATING
  TODAY           41            42     -1       31
  MONTH TO DATE 1007           966     41      896
  SINCE DEC 1   2160          2176    -16     2074
  SINCE JUL 1   3235          3446   -211     2863

 COOLING
  TODAY            0             0      0        0
  MONTH TO DATE    0             0      0        0
  SINCE DEC 1      0             0      0        0
  SINCE JAN 1      0             0      0        0
......................................................


WIND (MPH)
  HIGHEST WIND SPEED    MM   HIGHEST WIND DIRECTION    MM
  HIGHEST GUST SPEED    36   HIGHEST GUST DIRECTION    MM



WEATHER CONDITIONS
 THE FOLLOWING WEATHER WAS RECORDED TODAY.
  NO SIGNIFICANT WEATHER WAS OBSERVED.


..........................................................


THE VALLEY  NWS, NEBRASKA CLIMATE NORMALS FOR TOMORROW
                         NORMAL
 MAXIMUM TEMPERATURE (F)   33
 MINIMUM TEMPERATURE (F)   14


SUNRISE AND SUNSET
JANUARY 23 2018.......SUNRISE   744 AM CST   SUNSET   531 PM CST
JANUARY 24 2018.......SUNRISE   744 AM CST   SUNSET   532 PM CST


-  INDICATES NEGATIVE NUMBERS.
R  INDICATES RECORD WAS SET OR TIED.
MM INDICATES DATA IS MISSING.
T  INDICATES TRACE AMOUNT.




$$
