000
CDUS43 KOAX 280635
CLIOAX


CLIMATE REPORT
NATIONAL WEATHER SERVICE OMAHA NEBRASKA
130 AM CDT WED JUN 28 2017


...................................

...THE VALLEY  NWS, NEBRASKA CLIMATE SUMMARY FOR JUNE 27 2017...

CLIMATE NORMAL PERIOD 1981 TO 2010
CLIMATE RECORD PERIOD 1997 TO 2017


WEATHER ITEM   OBSERVED TIME   NORMAL DEPARTURE LAST
                VALUE   (LST)  VALUE  FROM      YEAR
                                      NORMAL
......................................................
TEMPERATURE (F)
 YESTERDAY
  MAXIMUM         80    452 PM  85     -5       87
  MINIMUM         57    429 AM  65     -8       69
  AVERAGE         69            75     -6       78

PRECIPITATION (IN)
  YESTERDAY        0.00          0.15  -0.15     0.00
  MONTH TO DATE    2.15          4.68  -2.53     6.78
  SINCE JUN 1      2.15          4.68  -2.53     6.78
  SINCE JAN 1     17.50         16.00   1.50    23.28

SNOWFALL (IN)
  YESTERDAY        0.0                           0.0
  MONTH TO DATE    T                             0.0
  SINCE JUL 1     11.8                          28.7
  SNOW DEPTH       0

DEGREE DAYS
 HEATING
  YESTERDAY        0             0      0        0
  MONTH TO DATE    0            13    -13        0
  SINCE JUN 1      0            13    -13        0
  SINCE JUL 1   5048          6263  -1215     4999

 COOLING
  YESTERDAY        4            10     -6       13
  MONTH TO DATE  281           202     79      355
  SINCE JUN 1    281           202     79      355
  SINCE JAN 1    345           274     71      408
......................................................


WIND (MPH)
  HIGHEST WIND SPEED    MM   HIGHEST WIND DIRECTION    MM
  HIGHEST GUST SPEED    33   HIGHEST GUST DIRECTION    MM


SKY COVER
  POSSIBLE SUNSHINE  MM


WEATHER CONDITIONS
 THE FOLLOWING WEATHER WAS RECORDED YESTERDAY.
  THUNDERSTORM


..........................................................


THE VALLEY  NWS, NEBRASKA CLIMATE NORMALS FOR TODAY
                         NORMAL
 MAXIMUM TEMPERATURE (F)   85
 MINIMUM TEMPERATURE (F)   66


SUNRISE AND SUNSET
JUNE 28 2017..........SUNRISE   555 AM CDT   SUNSET   903 PM CDT
JUNE 29 2017..........SUNRISE   555 AM CDT   SUNSET   903 PM CDT


-  INDICATES NEGATIVE NUMBERS.
R  INDICATES RECORD WAS SET OR TIED.
MM INDICATES DATA IS MISSING.
T  INDICATES TRACE AMOUNT.




$$

KLISH
