496
CDUS43 KOAX 190631
CLIOAX


CLIMATE REPORT
NATIONAL WEATHER SERVICE OMAHA NEBRASKA
1228 AM CST SUN FEB 19 2017


...................................

...THE VALLEY  NWS, NEBRASKA CLIMATE SUMMARY FOR FEBRUARY 18 2017...

CLIMATE NORMAL PERIOD 1981 TO 2010
CLIMATE RECORD PERIOD 1997 TO 2017


WEATHER ITEM   OBSERVED TIME   NORMAL DEPARTURE LAST
                VALUE   (LST)  VALUE  FROM      YEAR
                                      NORMAL
......................................................
TEMPERATURE (F)
 YESTERDAY
  MAXIMUM         65    400 PM  37     28       65
  MINIMUM         31    729 AM  18     13       38
  AVERAGE         48            28     20       52

PRECIPITATION (IN)
  YESTERDAY        0.00          0.03  -0.03     0.00
  MONTH TO DATE    0.29          0.57  -0.28     0.94
  SINCE DEC 1      2.55          2.47   0.08     6.80
  SINCE JAN 1      1.24          1.36  -0.12     1.69

SNOWFALL (IN)
  YESTERDAY        0.0                           0.0
  MONTH TO DATE    4.0                           9.1
  SINCE JUL 1      9.0                          27.9
  SNOW DEPTH       0

DEGREE DAYS
 HEATING
  YESTERDAY       17            37    -20       13
  MONTH TO DATE  530           704   -174      651
  SINCE DEC 1   2864          3208   -344     2857
  SINCE JUL 1   3653          4478   -825     3742

 COOLING
  YESTERDAY        0             0      0        0
  MONTH TO DATE    0             0      0        0
  SINCE DEC 1      0             0      0        0
  SINCE JAN 1      0             0      0        0
......................................................


WIND (MPH)
  HIGHEST WIND SPEED    MM   HIGHEST WIND DIRECTION    MM
  HIGHEST GUST SPEED    15   HIGHEST GUST DIRECTION    MM


SKY COVER
  POSSIBLE SUNSHINE  MM


WEATHER CONDITIONS
 THE FOLLOWING WEATHER WAS RECORDED YESTERDAY.
  NO SIGNIFICANT WEATHER WAS OBSERVED.


..........................................................


THE VALLEY  NWS, NEBRASKA CLIMATE NORMALS FOR TODAY
                         NORMAL
 MAXIMUM TEMPERATURE (F)   38
 MINIMUM TEMPERATURE (F)   19


SUNRISE AND SUNSET
FEBRUARY 19 2017......SUNRISE   714 AM CST   SUNSET   605 PM CST
FEBRUARY 20 2017......SUNRISE   713 AM CST   SUNSET   606 PM CST


-  INDICATES NEGATIVE NUMBERS.
R  INDICATES RECORD WAS SET OR TIED.
MM INDICATES DATA IS MISSING.
T  INDICATES TRACE AMOUNT.




$$
