000
CDUS43 KOAX 200626
CLIOAX


CLIMATE REPORT
NATIONAL WEATHER SERVICE OMAHA NEBRASKA
123 AM CDT FRI OCT 20 2017


...................................

...THE VALLEY  NWS, NEBRASKA CLIMATE SUMMARY FOR OCTOBER 19 2017...

CLIMATE NORMAL PERIOD 1981 TO 2010
CLIMATE RECORD PERIOD 1997 TO 2017


WEATHER ITEM   OBSERVED TIME   NORMAL DEPARTURE LAST
                VALUE   (LST)  VALUE  FROM      YEAR
                                      NORMAL
......................................................
TEMPERATURE (F)
 YESTERDAY
  MAXIMUM         77    304 PM  63     14       70
  MINIMUM         43    428 AM  41      2       50
  AVERAGE         60            52      8       60

PRECIPITATION (IN)
  YESTERDAY        0.00          0.07  -0.07     0.05
  MONTH TO DATE    5.41          1.51   3.90     1.71
  SINCE SEP 1     10.35          4.36   5.99     4.33
  SINCE JAN 1     35.57         29.28   6.29    41.77

SNOWFALL (IN)
  YESTERDAY        0.0                           0.0
  MONTH TO DATE    0.0                           0.0
  SINCE JUL 1      0.0                           0.0
  SNOW DEPTH       0

DEGREE DAYS
 HEATING
  YESTERDAY        5            13     -8        5
  MONTH TO DATE  128           191    -63      127
  SINCE SEP 1    162           281   -119      165
  SINCE JUL 1    162           287   -125      167

 COOLING
  YESTERDAY        0             0      0        0
  MONTH TO DATE   12            13     -1        8
  SINCE SEP 1    198           121     77      182
  SINCE JAN 1   1203          1072    131     1279
......................................................


WIND (MPH)
  HIGHEST WIND SPEED    MM   HIGHEST WIND DIRECTION    MM
  HIGHEST GUST SPEED    18   HIGHEST GUST DIRECTION    MM


SKY COVER
  POSSIBLE SUNSHINE  MM


WEATHER CONDITIONS
 THE FOLLOWING WEATHER WAS RECORDED YESTERDAY.
  NO SIGNIFICANT WEATHER WAS OBSERVED.


..........................................................


THE VALLEY  NWS, NEBRASKA CLIMATE NORMALS FOR TODAY
                         NORMAL
 MAXIMUM TEMPERATURE (F)   63
 MINIMUM TEMPERATURE (F)   40


SUNRISE AND SUNSET
OCTOBER 20 2017.......SUNRISE   743 AM CDT   SUNSET   637 PM CDT
OCTOBER 21 2017.......SUNRISE   744 AM CDT   SUNSET   635 PM CDT


-  INDICATES NEGATIVE NUMBERS.
R  INDICATES RECORD WAS SET OR TIED.
MM INDICATES DATA IS MISSING.
T  INDICATES TRACE AMOUNT.




$$
