000
CDUS43 KGID 020635
CLIODX


CLIMATE REPORT
NATIONAL WEATHER SERVICE HASTINGS NE
131 AM CDT SAT AUG 2 2014


...................................

...THE ORD NE CLIMATE SUMMARY FOR AUGUST 1 2014...

CLIMATE NORMAL PERIOD 1981 TO 2010
CLIMATE RECORD PERIOD 1895 TO 2014


WEATHER ITEM   OBSERVED TIME   NORMAL DEPARTURE LAST
                VALUE   (LST)  VALUE  FROM      YEAR
                                      NORMAL
......................................................
TEMPERATURE (F)
 YESTERDAY
  MAXIMUM         86    407 PM  87     -1       88
  MINIMUM         53    601 AM  62     -9       61
  AVERAGE         70            75     -5       75

PRECIPITATION (IN)
  YESTERDAY        0.00          0.09  -0.09     0.21
  MONTH TO DATE    0.00          0.09  -0.09     0.21
  SINCE JUN 1     10.15          7.18   2.97     5.73
  SINCE JAN 1     12.37         15.84  -3.47    15.87

DEGREE DAYS
 HEATING
  YESTERDAY        0             0      0        0
  MONTH TO DATE    0             0      0        0
  SINCE JUN 1     51            42      9       54
  SINCE JUL 1     19             5     14        7

 COOLING
  YESTERDAY        5            10     -5       10
  MONTH TO DATE    5            10     -5       10
  SINCE JUN 1    336           469   -133      451
  SINCE JAN 1    405           510   -105      498
......................................................


WIND (MPH)
  HIGHEST WIND SPEED    12   HIGHEST WIND DIRECTION     E (110)
  HIGHEST GUST SPEED    29   HIGHEST GUST DIRECTION    SE (140)
  AVERAGE WIND SPEED     5.0


SKY COVER
  AVERAGE SKY COVER 0.0


WEATHER CONDITIONS
 THE FOLLOWING WEATHER WAS RECORDED YESTERDAY.
  FOG


RELATIVE HUMIDITY (PERCENT)
 HIGHEST   100           100 AM
 LOWEST     37           300 PM
 AVERAGE    69

..........................................................


THE ORD NE CLIMATE NORMALS FOR TODAY
                         NORMAL
 MAXIMUM TEMPERATURE (F)   87
 MINIMUM TEMPERATURE (F)   62


SUNRISE AND SUNSET
AUGUST  2 2014........SUNRISE   631 AM CDT   SUNSET   852 PM CDT
AUGUST  3 2014........SUNRISE   632 AM CDT   SUNSET   851 PM CDT


-  INDICATES NEGATIVE NUMBERS.
R  INDICATES RECORD WAS SET OR TIED.
MM INDICATES DATA IS MISSING.
T  INDICATES TRACE AMOUNT.




$$

BRYANT
