000
CDUS43 KGID 250634
CLIODX


CLIMATE REPORT
NATIONAL WEATHER SERVICE HASTINGS NE
125 AM CDT MON SEP 25 2017


...................................

...THE ORD NE CLIMATE SUMMARY FOR SEPTEMBER 24 2017...

CLIMATE NORMAL PERIOD 1981 TO 2010
CLIMATE RECORD PERIOD 1895 TO 2017


WEATHER ITEM   OBSERVED TIME   NORMAL DEPARTURE LAST
                VALUE   (LST)  VALUE  FROM      YEAR
                                      NORMAL
......................................................
TEMPERATURE (F)
 YESTERDAY
  MAXIMUM         60    647 AM  75    -15       81
  MINIMUM         52   1147 PM  45      7       51
  AVERAGE         56            60     -4       66

PRECIPITATION (IN)
  YESTERDAY        0.93          0.07   0.86      T
  MONTH TO DATE    2.05          2.06  -0.01     1.70
  SINCE SEP 1      2.05          2.06  -0.01     1.70
  SINCE JAN 1     22.22         20.97   1.25    28.86

DEGREE DAYS
 HEATING
  YESTERDAY        9             7      2        0
  MONTH TO DATE   57            75    -18       35
  SINCE SEP 1     57            75    -18       35
  SINCE JUL 1     65            89    -24       49

 COOLING
  YESTERDAY        0             1     -1        1
  MONTH TO DATE   95            76     19       77
  SINCE SEP 1     95            76     19       77
  SINCE JAN 1    839           833      6      883
......................................................


WIND (MPH)
  HIGHEST WIND SPEED    16   HIGHEST WIND DIRECTION     N (350)
  HIGHEST GUST SPEED    21   HIGHEST GUST DIRECTION    NW (330)
  AVERAGE WIND SPEED     7.5


SKY COVER
  AVERAGE SKY COVER 0.9


WEATHER CONDITIONS
 THE FOLLOWING WEATHER WAS RECORDED YESTERDAY.
  THUNDERSTORM
  HEAVY RAIN
  RAIN
  LIGHT RAIN
  FOG


RELATIVE HUMIDITY (PERCENT)
 HIGHEST    93          1200 AM
 LOWEST     80           200 PM
 AVERAGE    87

..........................................................


THE ORD NE CLIMATE NORMALS FOR TODAY
                         NORMAL
 MAXIMUM TEMPERATURE (F)   74
 MINIMUM TEMPERATURE (F)   44


SUNRISE AND SUNSET
SEPTEMBER 25 2017.....SUNRISE   727 AM CDT   SUNSET   727 PM CDT
SEPTEMBER 26 2017.....SUNRISE   728 AM CDT   SUNSET   726 PM CDT


-  INDICATES NEGATIVE NUMBERS.
R  INDICATES RECORD WAS SET OR TIED.
MM INDICATES DATA IS MISSING.
T  INDICATES TRACE AMOUNT.




$$
