000
CDUS43 KGID 080640
CLIODX


CLIMATE REPORT
NATIONAL WEATHER SERVICE HASTINGS NE
1240 AM CST MON FEB 8 2016


...................................

...THE ORD NE CLIMATE SUMMARY FOR FEBRUARY 7 2016...

CLIMATE NORMAL PERIOD 1981 TO 2010
CLIMATE RECORD PERIOD 1895 TO 2016


WEATHER ITEM   OBSERVED TIME   NORMAL DEPARTURE LAST
                VALUE   (LST)  VALUE  FROM      YEAR
                                      NORMAL
......................................................
TEMPERATURE (F)
 YESTERDAY
  MAXIMUM         42   1229 PM  39      3       66
  MINIMUM         30   1148 PM  14     16       26
  AVERAGE         36            26     10       46

PRECIPITATION (IN)
  YESTERDAY        0.00          0.01  -0.01     0.00
  MONTH TO DATE    0.85          0.12   0.73     0.49
  SINCE DEC 1      1.84          1.08   0.76     2.22
  SINCE JAN 1      1.15          0.49   0.66     0.66

DEGREE DAYS
 HEATING
  YESTERDAY       29            39    -10       19
  MONTH TO DATE  273           273      0      298
  SINCE DEC 1   2587          2768   -181     2685
  SINCE JUL 1   3726          4249   -523     4271

 COOLING
  YESTERDAY        0             0      0        0
  MONTH TO DATE    0             0      0        0
  SINCE DEC 1      0             0      0        0
  SINCE JAN 1      0             0      0        0
......................................................


WIND (MPH)
  HIGHEST WIND SPEED    45   HIGHEST WIND DIRECTION    NW (320)
  HIGHEST GUST SPEED    56   HIGHEST GUST DIRECTION    NW (320)
  AVERAGE WIND SPEED    24.2


SKY COVER
  AVERAGE SKY COVER 0.3


WEATHER CONDITIONS
 THE FOLLOWING WEATHER WAS RECORDED YESTERDAY.
  NO SIGNIFICANT WEATHER WAS OBSERVED.


RELATIVE HUMIDITY (PERCENT)
 HIGHEST    75          1200 AM
 LOWEST     33          1200 PM
 AVERAGE    54

..........................................................


THE ORD NE CLIMATE NORMALS FOR TODAY
                         NORMAL
 MAXIMUM TEMPERATURE (F)   39
 MINIMUM TEMPERATURE (F)   14


SUNRISE AND SUNSET
FEBRUARY  8 2016......SUNRISE   741 AM CST   SUNSET   600 PM CST
FEBRUARY  9 2016......SUNRISE   739 AM CST   SUNSET   601 PM CST


-  INDICATES NEGATIVE NUMBERS.
R  INDICATES RECORD WAS SET OR TIED.
MM INDICATES DATA IS MISSING.
T  INDICATES TRACE AMOUNT.




$$
