000
CDUS43 KGID 280626
CLIODX


CLIMATE REPORT
NATIONAL WEATHER SERVICE HASTINGS NE
125 AM CDT SAT MAR 28 2015


...................................

...THE ORD NE CLIMATE SUMMARY FOR MARCH 27 2015...

CLIMATE NORMAL PERIOD 1981 TO 2010
CLIMATE RECORD PERIOD 1895 TO 2015


WEATHER ITEM   OBSERVED TIME   NORMAL DEPARTURE LAST
                VALUE   (LST)  VALUE  FROM      YEAR
                                      NORMAL
......................................................
TEMPERATURE (F)
 YESTERDAY
  MAXIMUM         49    508 PM  55     -6       44
  MINIMUM         20    548 AM  29     -9       24
  AVERAGE         35            42     -7       34

PRECIPITATION (IN)
  YESTERDAY        T             0.08  -0.08     0.12
  MONTH TO DATE    0.03          1.04  -1.01     0.20
  SINCE MAR 1      0.03          1.04  -1.01     0.20
  SINCE JAN 1      0.77          1.85  -1.08     0.45

DEGREE DAYS
 HEATING
  YESTERDAY       30            23      7       31
  MONTH TO DATE  662           758    -96      856
  SINCE MAR 1    662           758    -96      856
  SINCE JUL 1   5794          5775     19     6009

 COOLING
  YESTERDAY        0             0      0        0
  MONTH TO DATE    0             0      0        0
  SINCE MAR 1      0             0      0        0
  SINCE JAN 1      0             0      0        0
......................................................


WIND (MPH)
  HIGHEST WIND SPEED    20   HIGHEST WIND DIRECTION     S (180)
  HIGHEST GUST SPEED    25   HIGHEST GUST DIRECTION     S (180)
  AVERAGE WIND SPEED     7.3


SKY COVER
  AVERAGE SKY COVER 0.6


WEATHER CONDITIONS
 THE FOLLOWING WEATHER WAS RECORDED YESTERDAY.
  LIGHT SNOW
  HAZE


RELATIVE HUMIDITY (PERCENT)
 HIGHEST    88           100 AM
 LOWEST     46           500 PM
 AVERAGE    67

..........................................................


THE ORD NE CLIMATE NORMALS FOR TODAY
                         NORMAL
 MAXIMUM TEMPERATURE (F)   56
 MINIMUM TEMPERATURE (F)   29


SUNRISE AND SUNSET
MARCH 28 2015.........SUNRISE   726 AM CDT   SUNSET   757 PM CDT
MARCH 29 2015.........SUNRISE   724 AM CDT   SUNSET   758 PM CDT


-  INDICATES NEGATIVE NUMBERS.
R  INDICATES RECORD WAS SET OR TIED.
MM INDICATES DATA IS MISSING.
T  INDICATES TRACE AMOUNT.




$$
