000
CDUS43 KGID 280626
CLIODX


CLIMATE REPORT
NATIONAL WEATHER SERVICE HASTINGS NE
125 AM CDT TUE MAR 28 2017


...................................

...THE ORD NE CLIMATE SUMMARY FOR MARCH 27 2017...

CLIMATE NORMAL PERIOD 1981 TO 2010
CLIMATE RECORD PERIOD 1895 TO 2017


WEATHER ITEM   OBSERVED TIME   NORMAL DEPARTURE LAST
                VALUE   (LST)  VALUE  FROM      YEAR
                                      NORMAL
......................................................
TEMPERATURE (F)
 YESTERDAY
  MAXIMUM         59    413 PM  55      4       58
  MINIMUM         41    149 AM  29     12       15
  AVERAGE         50            42      8       37

PRECIPITATION (IN)
  YESTERDAY        0.00          0.08  -0.08     0.00
  MONTH TO DATE    1.68          1.04   0.64     1.03
  SINCE MAR 1      1.68          1.04   0.64     1.03
  SINCE JAN 1      3.62          1.85   1.77     2.18

DEGREE DAYS
 HEATING
  YESTERDAY       15            23     -8       28
  MONTH TO DATE  640           758   -118      602
  SINCE MAR 1    640           758   -118      602
  SINCE JUL 1   5151          5775   -624     4951

 COOLING
  YESTERDAY        0             0      0        0
  MONTH TO DATE    0             0      0        0
  SINCE MAR 1      0             0      0        0
  SINCE JAN 1      0             0      0        0
......................................................


WIND (MPH)
  HIGHEST WIND SPEED    12   HIGHEST WIND DIRECTION     W (280)
  HIGHEST GUST SPEED    14   HIGHEST GUST DIRECTION     W (280)
  AVERAGE WIND SPEED     4.2


SKY COVER
  AVERAGE SKY COVER 0.6


WEATHER CONDITIONS
 THE FOLLOWING WEATHER WAS RECORDED YESTERDAY.
  HAZE


RELATIVE HUMIDITY (PERCENT)
 HIGHEST    89          1200 AM
 LOWEST     51           500 PM
 AVERAGE    70

..........................................................


THE ORD NE CLIMATE NORMALS FOR TODAY
                         NORMAL
 MAXIMUM TEMPERATURE (F)   56
 MINIMUM TEMPERATURE (F)   29


SUNRISE AND SUNSET
MARCH 28 2017.........SUNRISE   725 AM CDT   SUNSET   757 PM CDT
MARCH 29 2017.........SUNRISE   723 AM CDT   SUNSET   758 PM CDT


-  INDICATES NEGATIVE NUMBERS.
R  INDICATES RECORD WAS SET OR TIED.
MM INDICATES DATA IS MISSING.
T  INDICATES TRACE AMOUNT.




$$
