000
CDUS43 KGID 180640
CLIODX


CLIMATE REPORT
NATIONAL WEATHER SERVICE HASTINGS NE
1238 AM CST THU DEC 18 2014


...................................

...THE ORD NE CLIMATE SUMMARY FOR DECEMBER 17 2014...

CLIMATE NORMAL PERIOD 1981 TO 2010
CLIMATE RECORD PERIOD 1895 TO 2014


WEATHER ITEM   OBSERVED TIME   NORMAL DEPARTURE LAST
                VALUE   (LST)  VALUE  FROM      YEAR
                                      NORMAL
......................................................
TEMPERATURE (F)
 YESTERDAY
  MAXIMUM         24    910 PM  36    -12       47
  MINIMUM         18   1112 AM  12      6       16
  AVERAGE         21            24     -3       32

PRECIPITATION (IN)
  YESTERDAY        0.00          0.01  -0.01     0.00
  MONTH TO DATE    1.25          0.45   0.80      T
  SINCE DEC 1      1.25          0.45   0.80      T
  SINCE JAN 1     21.77         24.80  -3.03    24.35

DEGREE DAYS
 HEATING
  YESTERDAY       44            41      3       33
  MONTH TO DATE  560           662   -102      608
  SINCE DEC 1    560           662   -102      608
  SINCE JUL 1   2146          2143      3     2088

 COOLING
  YESTERDAY        0             0      0        0
  MONTH TO DATE    0             0      0        0
  SINCE DEC 1      0             0      0        0
  SINCE JAN 1    692           845   -153      907
......................................................


WIND (MPH)
  HIGHEST WIND SPEED    10   HIGHEST WIND DIRECTION    SE (150)
  HIGHEST GUST SPEED    13   HIGHEST GUST DIRECTION    SE (130)
  AVERAGE WIND SPEED     5.4


SKY COVER
  AVERAGE SKY COVER 1.0


WEATHER CONDITIONS
 THE FOLLOWING WEATHER WAS RECORDED YESTERDAY.
  NO SIGNIFICANT WEATHER WAS OBSERVED.


RELATIVE HUMIDITY (PERCENT)
 HIGHEST    92           800 AM
 LOWEST     84          1200 AM
 AVERAGE    88

..........................................................


THE ORD NE CLIMATE NORMALS FOR TODAY
                         NORMAL
 MAXIMUM TEMPERATURE (F)   36
 MINIMUM TEMPERATURE (F)   12


SUNRISE AND SUNSET
DECEMBER 18 2014......SUNRISE   758 AM CST   SUNSET   507 PM CST
DECEMBER 19 2014......SUNRISE   758 AM CST   SUNSET   508 PM CST


-  INDICATES NEGATIVE NUMBERS.
R  INDICATES RECORD WAS SET OR TIED.
MM INDICATES DATA IS MISSING.
T  INDICATES TRACE AMOUNT.




$$

BRYANT
