000
CDUS43 KGID 190653
CLIODX


CLIMATE REPORT
NATIONAL WEATHER SERVICE HASTINGS NE
1252 AM CST THU JAN 19 2017


...................................

...THE ORD NE CLIMATE SUMMARY FOR JANUARY 18 2017...

CLIMATE NORMAL PERIOD 1981 TO 2010
CLIMATE RECORD PERIOD 1895 TO 2017


WEATHER ITEM   OBSERVED TIME   NORMAL DEPARTURE LAST
                VALUE   (LST)  VALUE  FROM      YEAR
                                      NORMAL
......................................................
TEMPERATURE (F)
 YESTERDAY
  MAXIMUM         48    228 PM  37     11       26
  MINIMUM         23    815 AM  12     11       -4
  AVERAGE         36            25     11       11

PRECIPITATION (IN)
  YESTERDAY        0.00          0.01  -0.01      T
  MONTH TO DATE    0.67          0.18   0.49     0.03
  SINCE DEC 1      1.08          0.77   0.31     0.72
  SINCE JAN 1      0.67          0.18   0.49     0.03

DEGREE DAYS
 HEATING
  YESTERDAY       29            40    -11       54
  MONTH TO DATE  836           733    103      757
  SINCE DEC 1   2116          1976    140     1868
  SINCE JUL 1   3232          3457   -225     3007

 COOLING
  YESTERDAY        0             0      0        0
  MONTH TO DATE    0             0      0        0
  SINCE DEC 1      0             0      0        0
  SINCE JAN 1      0             0      0        0
......................................................


WIND (MPH)
  HIGHEST WIND SPEED    18   HIGHEST WIND DIRECTION     S (200)
  HIGHEST GUST SPEED    23   HIGHEST GUST DIRECTION    SW (210)
  AVERAGE WIND SPEED     7.2


SKY COVER
  AVERAGE SKY COVER 0.0


WEATHER CONDITIONS
 THE FOLLOWING WEATHER WAS RECORDED YESTERDAY.
  FOG


RELATIVE HUMIDITY (PERCENT)
 HIGHEST    96          1100 PM
 LOWEST     62          1200 PM
 AVERAGE    79

..........................................................


THE ORD NE CLIMATE NORMALS FOR TODAY
                         NORMAL
 MAXIMUM TEMPERATURE (F)   37
 MINIMUM TEMPERATURE (F)   12


SUNRISE AND SUNSET
JANUARY 19 2017.......SUNRISE   758 AM CST   SUNSET   536 PM CST
JANUARY 20 2017.......SUNRISE   757 AM CST   SUNSET   537 PM CST


-  INDICATES NEGATIVE NUMBERS.
R  INDICATES RECORD WAS SET OR TIED.
MM INDICATES DATA IS MISSING.
T  INDICATES TRACE AMOUNT.




$$
