552
CDUS43 KGID 252341
CLIODX


CLIMATE REPORT
NATIONAL WEATHER SERVICE HASTINGS NE
540 PM CST SUN FEB 25 2018


...................................

...THE ORD NE CLIMATE SUMMARY FOR FEBRUARY 25 2018...
VALID TODAY AS OF 0500 PM LOCAL TIME.

CLIMATE NORMAL PERIOD 1981 TO 2010
CLIMATE RECORD PERIOD 1895 TO 2018


WEATHER ITEM   OBSERVED TIME   NORMAL DEPARTURE LAST
                VALUE   (LST)  VALUE  FROM      YEAR
                                      NORMAL
......................................................
TEMPERATURE (F)
 TODAY
  MAXIMUM         41    431 PM  43     -2       34
  MINIMUM         11    805 AM  18     -7       -1
  AVERAGE         26            30     -4       17

PRECIPITATION (IN)
  TODAY            0.00          0.02  -0.02     0.00
  MONTH TO DATE    0.51          0.41   0.10     0.79
  SINCE DEC 1      1.77          1.37   0.40     2.35
  SINCE JAN 1      1.34          0.78   0.56     1.94

DEGREE DAYS
 HEATING
  TODAY           39            35      4       48
  MONTH TO DATE 1160           939    221      760
  SINCE DEC 1   3700          3434    266     3298
  SINCE JUL 1   5045          4915    130     4414

 COOLING
  TODAY            0             0      0        0
  MONTH TO DATE    0             0      0        0
  SINCE DEC 1      0             0      0        0
  SINCE JAN 1      0             0      0        0
......................................................


WIND (MPH)
  HIGHEST WIND SPEED    17   HIGHEST WIND DIRECTION     W (250)
  HIGHEST GUST SPEED    23   HIGHEST GUST DIRECTION     W (260)
  AVERAGE WIND SPEED     7.6


SKY COVER
  AVERAGE SKY COVER 0.0


WEATHER CONDITIONS
 THE FOLLOWING WEATHER WAS RECORDED TODAY.
  NO SIGNIFICANT WEATHER WAS OBSERVED.


RELATIVE HUMIDITY (PERCENT)
 HIGHEST    80           800 AM
 LOWEST     44           100 PM
 AVERAGE    62

..........................................................


THE ORD NE CLIMATE NORMALS FOR TOMORROW
                         NORMAL
 MAXIMUM TEMPERATURE (F)   43
 MINIMUM TEMPERATURE (F)   18


SUNRISE AND SUNSET
FEBRUARY 25 2018......SUNRISE   717 AM CST   SUNSET   622 PM CST
FEBRUARY 26 2018......SUNRISE   715 AM CST   SUNSET   623 PM CST


-  INDICATES NEGATIVE NUMBERS.
R  INDICATES RECORD WAS SET OR TIED.
MM INDICATES DATA IS MISSING.
T  INDICATES TRACE AMOUNT.




$$
