000
CDUS43 KGID 260631
CLIODX


CLIMATE REPORT
NATIONAL WEATHER SERVICE HASTINGS NE
130 AM CDT WED JUL 26 2017


...................................

...THE ORD NE CLIMATE SUMMARY FOR JULY 25 2017...

CLIMATE NORMAL PERIOD 1981 TO 2010
CLIMATE RECORD PERIOD 1895 TO 2017


WEATHER ITEM   OBSERVED TIME   NORMAL DEPARTURE LAST
                VALUE   (LST)  VALUE  FROM      YEAR
                                      NORMAL
......................................................
TEMPERATURE (F)
 YESTERDAY
  MAXIMUM         95    440 PM  88      7       87
  MINIMUM         72   1159 PM  62     10       59
  AVERAGE         84            75      9       73

PRECIPITATION (IN)
  YESTERDAY        0.00          0.08  -0.08     0.00
  MONTH TO DATE    1.43          2.09  -0.66     3.54
  SINCE JUN 1      2.02          6.21  -4.19     7.06
  SINCE JAN 1     13.14         14.87  -1.73    23.60

DEGREE DAYS
 HEATING
  YESTERDAY        0             0      0        0
  MONTH TO DATE    0             0      0        8
  SINCE JUN 1     10            37    -27       10
  SINCE JUL 1      0             0      0        8

 COOLING
  YESTERDAY       19            10      9        8
  MONTH TO DATE  332           237     95      242
  SINCE JUN 1    545           399    146      507
  SINCE JAN 1    559           440    119      529
......................................................


WIND (MPH)
  HIGHEST WIND SPEED    31   HIGHEST WIND DIRECTION     N (20)
  HIGHEST GUST SPEED    41   HIGHEST GUST DIRECTION     N (20)
  AVERAGE WIND SPEED    13.9


SKY COVER
  AVERAGE SKY COVER 0.0


WEATHER CONDITIONS
 THE FOLLOWING WEATHER WAS RECORDED YESTERDAY.
  THUNDERSTORM


RELATIVE HUMIDITY (PERCENT)
 HIGHEST    79           100 AM
 LOWEST     39           100 PM
 AVERAGE    59

..........................................................


THE ORD NE CLIMATE NORMALS FOR TODAY
                         NORMAL
 MAXIMUM TEMPERATURE (F)   88
 MINIMUM TEMPERATURE (F)   62


SUNRISE AND SUNSET
JULY 26 2017..........SUNRISE   625 AM CDT   SUNSET   859 PM CDT
JULY 27 2017..........SUNRISE   626 AM CDT   SUNSET   858 PM CDT


-  INDICATES NEGATIVE NUMBERS.
R  INDICATES RECORD WAS SET OR TIED.
MM INDICATES DATA IS MISSING.
T  INDICATES TRACE AMOUNT.




$$

JMBW
