000
CDUS43 KGID 260634
CLIODX


CLIMATE REPORT
NATIONAL WEATHER SERVICE HASTINGS NE
133 AM CDT THU MAY 26 2016


...................................

...THE ORD NE CLIMATE SUMMARY FOR MAY 25 2016...

CLIMATE NORMAL PERIOD 1981 TO 2010
CLIMATE RECORD PERIOD 1895 TO 2016


WEATHER ITEM   OBSERVED TIME   NORMAL DEPARTURE LAST
                VALUE   (LST)  VALUE  FROM      YEAR
                                      NORMAL
......................................................
TEMPERATURE (F)
 YESTERDAY
  MAXIMUM         81    331 PM  75      6       74
  MINIMUM         57   1244 AM  50      7       55
  AVERAGE         69            62      7       65

PRECIPITATION (IN)
  YESTERDAY        0.55          0.14   0.41     0.01
  MONTH TO DATE    3.77          2.93   0.84     2.85
  SINCE MAR 1     14.11          6.97   7.14     5.59
  SINCE JAN 1     15.26          7.78   7.48     6.33

DEGREE DAYS
 HEATING
  YESTERDAY        0             4     -4        0
  MONTH TO DATE  219           195     24      217
  SINCE MAR 1   1337          1531   -194     1366
  SINCE JUL 1   5686          6548   -862     6498

 COOLING
  YESTERDAY        4             2      2        0
  MONTH TO DATE   13            27    -14        5
  SINCE MAR 1     13            29    -16        9
  SINCE JAN 1     13            29    -16        9
......................................................


WIND (MPH)
  HIGHEST WIND SPEED    41   HIGHEST WIND DIRECTION    SW (240)
  HIGHEST GUST SPEED    56   HIGHEST GUST DIRECTION    SW (240)
  AVERAGE WIND SPEED     8.2


SKY COVER
  AVERAGE SKY COVER 0.3


WEATHER CONDITIONS
 THE FOLLOWING WEATHER WAS RECORDED YESTERDAY.
  THUNDERSTORM
  HEAVY RAIN
  RAIN
  LIGHT RAIN
  FOG
  HAZE


RELATIVE HUMIDITY (PERCENT)
 HIGHEST    93           300 AM
 LOWEST     42           400 PM
 AVERAGE    68

..........................................................


THE ORD NE CLIMATE NORMALS FOR TODAY
                         NORMAL
 MAXIMUM TEMPERATURE (F)   75
 MINIMUM TEMPERATURE (F)   51


SUNRISE AND SUNSET
MAY 26 2016...........SUNRISE   607 AM CDT   SUNSET   859 PM CDT
MAY 27 2016...........SUNRISE   606 AM CDT   SUNSET   900 PM CDT


-  INDICATES NEGATIVE NUMBERS.
R  INDICATES RECORD WAS SET OR TIED.
MM INDICATES DATA IS MISSING.
T  INDICATES TRACE AMOUNT.




$$

JMBW
