000
CDUS43 KOAX 220630
CLIOFK


CLIMATE REPORT
NATIONAL WEATHER SERVICE OMAHA NEBRASKA
128 AM CDT TUE AUG 22 2017


...................................

...THE NORFOLK, NEBRASKA CLIMATE SUMMARY FOR AUGUST 21 2017...

CLIMATE NORMAL PERIOD 1981 TO 2010
CLIMATE RECORD PERIOD 1888 TO 2017


WEATHER ITEM   OBSERVED TIME   RECORD YEAR NORMAL DEPARTURE LAST
                VALUE   (LST)  VALUE       VALUE  FROM      YEAR
                                                  NORMAL
..................................................................
TEMPERATURE (F)
 YESTERDAY
  MAXIMUM         83    133 PM 100    1914  84     -1       80
  MINIMUM         63   1159 PM  43    1939  61      2       45
  AVERAGE         73                        72      1       63

PRECIPITATION (IN)
  YESTERDAY        0.85          2.48 1998   0.10   0.75     0.00
  MONTH TO DATE    5.28                      2.32   2.96     1.15
  SINCE JUN 1      9.85                      9.90  -0.05     7.24
  SINCE JAN 1     21.46                     19.60   1.86    23.69

SNOWFALL (IN)
  YESTERDAY        0.0                       0.0    0.0      0.0
  MONTH TO DATE    0.0                       0.0    0.0      0.0
  SINCE JUL 1      0.0                       0.0    0.0      0.0
  SNOW DEPTH       0

DEGREE DAYS
 HEATING
  YESTERDAY        0                         0      0        2
  MONTH TO DATE   10                         0     10        3
  SINCE JUN 1     22                        34    -12       13
  SINCE JUL 1     10                         4      6       10

 COOLING
  YESTERDAY        8                         8      0        0
  MONTH TO DATE   84                       188   -104      172
  SINCE JUN 1    698                       688     10      743
  SINCE JAN 1    726                       749    -23      781
..................................................................


WIND (MPH)
  HIGHEST WIND SPEED    31   HIGHEST WIND DIRECTION     N (010)
  HIGHEST GUST SPEED    37   HIGHEST GUST DIRECTION     N (010)
  AVERAGE WIND SPEED    12.3


SKY COVER
  POSSIBLE SUNSHINE  MM
  AVERAGE SKY COVER 0.4


WEATHER CONDITIONS
 THE FOLLOWING WEATHER WAS RECORDED YESTERDAY.
  THUNDERSTORM
  HEAVY RAIN
  RAIN
  LIGHT RAIN
  FOG


RELATIVE HUMIDITY (PERCENT)
 HIGHEST   100          1000 PM
 LOWEST     68           200 PM
 AVERAGE    84

..........................................................


THE NORFOLK, NEBRASKA CLIMATE NORMALS FOR TODAY
                         NORMAL    RECORD    YEAR
 MAXIMUM TEMPERATURE (F)   84       106      1938
 MINIMUM TEMPERATURE (F)   61        40      1923


SUNRISE AND SUNSET
AUGUST 22 2017........SUNRISE   645 AM CDT   SUNSET   819 PM CDT
AUGUST 23 2017........SUNRISE   646 AM CDT   SUNSET   817 PM CDT


-  INDICATES NEGATIVE NUMBERS.
R  INDICATES RECORD WAS SET OR TIED.
MM INDICATES DATA IS MISSING.
T  INDICATES TRACE AMOUNT.




$$
