000
CDUS43 KOAX 200639
CLIOFK


CLIMATE REPORT
NATIONAL WEATHER SERVICE OMAHA NEBRASKA
1237 AM CST FRI JAN 20 2017


...................................

...THE NORFOLK, NEBRASKA CLIMATE SUMMARY FOR JANUARY 19 2017...

CLIMATE NORMAL PERIOD 1981 TO 2010
CLIMATE RECORD PERIOD 1888 TO 2017


WEATHER ITEM   OBSERVED TIME   RECORD YEAR NORMAL DEPARTURE LAST
                VALUE   (LST)  VALUE       VALUE  FROM      YEAR
                                                  NORMAL
..................................................................
TEMPERATURE (F)
 YESTERDAY
  MAXIMUM         40    525 PM  66    2014  33      7       22
                                      1921
  MINIMUM         33    324 AM -27    1943  12     21       16
  AVERAGE         37                        22     15       19

PRECIPITATION (IN)
  YESTERDAY        0.00          0.59 1952   0.02  -0.02     0.23
  MONTH TO DATE    0.66                      0.35   0.31     0.50
  SINCE DEC 1      1.50                      1.10   0.40     2.77
  SINCE JAN 1      0.66                      0.35   0.31     0.50

SNOWFALL (IN)
  YESTERDAY        0.0                       0.2   -0.2      2.0
  MONTH TO DATE    2.4                       3.7   -1.3      4.4
  SINCE JUL 1      8.5                      14.6   -6.1     24.4
  SNOW DEPTH       0

DEGREE DAYS
 HEATING
  YESTERDAY       28                        43    -15       46
  MONTH TO DATE  863                       817     46      855
  SINCE DEC 1   2148                      2078     70     1917
  SINCE JUL 1   3193                      3523   -330     2938

 COOLING
  YESTERDAY        0                         0      0        0
  MONTH TO DATE    0                         0      0        0
  SINCE DEC 1      0                         0      0        0
  SINCE JAN 1      0                         0      0        0
..................................................................


WIND (MPH)
  HIGHEST WIND SPEED    18   HIGHEST WIND DIRECTION     S (190)
  HIGHEST GUST SPEED    23   HIGHEST GUST DIRECTION     S (190)
  AVERAGE WIND SPEED     8.5


SKY COVER
  POSSIBLE SUNSHINE  MM
  AVERAGE SKY COVER 0.8


WEATHER CONDITIONS
 THE FOLLOWING WEATHER WAS RECORDED YESTERDAY.
  FOG


RELATIVE HUMIDITY (PERCENT)
 HIGHEST   100           900 AM
 LOWEST     85          1200 AM
 AVERAGE    93

..........................................................


THE NORFOLK, NEBRASKA CLIMATE NORMALS FOR TODAY
                         NORMAL    RECORD    YEAR
 MAXIMUM TEMPERATURE (F)   33        63      1986
                                             1908
 MINIMUM TEMPERATURE (F)   12       -26      1962


SUNRISE AND SUNSET
JANUARY 20 2017.......SUNRISE   752 AM CST   SUNSET   530 PM CST
JANUARY 21 2017.......SUNRISE   752 AM CST   SUNSET   531 PM CST


-  INDICATES NEGATIVE NUMBERS.
R  INDICATES RECORD WAS SET OR TIED.
MM INDICATES DATA IS MISSING.
T  INDICATES TRACE AMOUNT.




$$
