000
CDUS43 KOAX 030633
CLIOFK


CLIMATE REPORT
NATIONAL WEATHER SERVICE OMAHA NEBRASKA
132 AM CDT FRI JUL 3 2015


...................................

...THE NORFOLK, NEBRASKA CLIMATE SUMMARY FOR JULY 2 2015...

CLIMATE NORMAL PERIOD 1981 TO 2010
CLIMATE RECORD PERIOD 1888 TO 2015


WEATHER ITEM   OBSERVED TIME   RECORD YEAR NORMAL DEPARTURE LAST
                VALUE   (LST)  VALUE       VALUE  FROM      YEAR
                                                  NORMAL
..................................................................
TEMPERATURE (F)
 YESTERDAY
  MAXIMUM         68   1214 AM 104    1990  86    -18       73
  MINIMUM         61    735 AM  44    1924  63     -2       51
  AVERAGE         65                        74     -9       62

PRECIPITATION (IN)
  YESTERDAY        1.07          2.07 1902   0.12   0.95     0.00
  MONTH TO DATE    1.07                      0.24   0.83     0.00
  SINCE JUN 1      5.67                      4.50   1.17    11.39
  SINCE JAN 1     12.63                     14.20  -1.57    16.88

SNOWFALL (IN)
  YESTERDAY        0.0                       0.0    0.0      0.0
  MONTH TO DATE    0.0                       0.0    0.0      0.0
  SINCE JUL 1      0.0                       0.0    0.0      0.0
  SNOW DEPTH       0

DEGREE DAYS
 HEATING
  YESTERDAY        0                         0      0        3
  MONTH TO DATE    0                         0      0        3
  SINCE JUN 1      3                        30    -27       28
  SINCE JUL 1      0                         0      0        3

 COOLING
  YESTERDAY        0                         9     -9        0
  MONTH TO DATE    8                        18    -10        1
  SINCE JUN 1    194                       204    -10      195
  SINCE JAN 1    227                       265    -38      292
..................................................................


WIND (MPH)
  HIGHEST WIND SPEED    13   HIGHEST WIND DIRECTION     E (70)
  HIGHEST GUST SPEED    16   HIGHEST GUST DIRECTION     E (70)
  AVERAGE WIND SPEED     6.7


SKY COVER
  POSSIBLE SUNSHINE  MM
  AVERAGE SKY COVER 1.0


WEATHER CONDITIONS
 THE FOLLOWING WEATHER WAS RECORDED YESTERDAY.
  HEAVY RAIN
  RAIN
  LIGHT RAIN
  FOG


RELATIVE HUMIDITY (PERCENT)
 HIGHEST   100           700 AM
 LOWEST     87          1200 AM
 AVERAGE    94

..........................................................


THE NORFOLK, NEBRASKA CLIMATE NORMALS FOR TODAY
                         NORMAL    RECORD    YEAR
 MAXIMUM TEMPERATURE (F)   86       111      1936
 MINIMUM TEMPERATURE (F)   63        45      1908


SUNRISE AND SUNSET
JULY  3 2015..........SUNRISE   559 AM CDT   SUNSET   909 PM CDT
JULY  4 2015..........SUNRISE   600 AM CDT   SUNSET   908 PM CDT


-  INDICATES NEGATIVE NUMBERS.
R  INDICATES RECORD WAS SET OR TIED.
MM INDICATES DATA IS MISSING.
T  INDICATES TRACE AMOUNT.




$$
