000
CDUS43 KOAX 200633
CLIOFK


CLIMATE REPORT
NATIONAL WEATHER SERVICE OMAHA NEBRASKA
131 AM CDT SUN APR 20 2014


...................................

...THE NORFOLK, NEBRASKA CLIMATE SUMMARY FOR APRIL 19 2014...

CLIMATE NORMAL PERIOD 1981 TO 2010
CLIMATE RECORD PERIOD 1888 TO 2014


WEATHER ITEM   OBSERVED TIME   RECORD YEAR NORMAL DEPARTURE LAST
                VALUE   (LST)  VALUE       VALUE  FROM      YEAR
                                                  NORMAL
..................................................................
TEMPERATURE (F)
 YESTERDAY
  MAXIMUM         74    423 PM  90    1987  63     11       45
  MINIMUM         53    632 AM  13    1907  39     14       26
  AVERAGE         64                        51     13       36

PRECIPITATION (IN)
  YESTERDAY        0.00          1.46 1993   0.09  -0.09     0.00
  MONTH TO DATE    1.46                      1.56  -0.10     3.15
  SINCE MAR 1      1.83                      3.33  -1.50     4.43
  SINCE JAN 1      2.39                      4.68  -2.29     5.33

SNOWFALL (IN)
  YESTERDAY        0.0                       0.1   -0.1      0.0
  MONTH TO DATE    4.5                       2.0    2.5      4.6
  SINCE JUL 1     19.9                      29.9  -10.0     25.3
  SNOW DEPTH       0

DEGREE DAYS
 HEATING
  YESTERDAY        1                        14    -13       29
  MONTH TO DATE  348                       337     11      454
  SINCE MAR 1   1292                      1193     99     1446
  SINCE JUL 1   6642                      6286    356     6367

 COOLING
  YESTERDAY        0                         1     -1        0
  MONTH TO DATE    0                         1     -1        0
  SINCE MAR 1      0                         1     -1        0
  SINCE JAN 1      0                         1     -1        0
..................................................................


WIND (MPH)
  HIGHEST WIND SPEED    26   HIGHEST WIND DIRECTION     S (200)
  HIGHEST GUST SPEED    35   HIGHEST GUST DIRECTION     S (180)
  AVERAGE WIND SPEED    10.5


SKY COVER
  POSSIBLE SUNSHINE  MM
  AVERAGE SKY COVER 0.4


WEATHER CONDITIONS
 THE FOLLOWING WEATHER WAS RECORDED YESTERDAY.
  HAZE


RELATIVE HUMIDITY (PERCENT)
 HIGHEST    60           900 PM
 LOWEST     41           200 PM
 AVERAGE    51

..........................................................


THE NORFOLK, NEBRASKA CLIMATE NORMALS FOR TODAY
                         NORMAL    RECORD    YEAR
 MAXIMUM TEMPERATURE (F)   64        91      1989
                                             1980
 MINIMUM TEMPERATURE (F)   39        22      1953
                                             1943


SUNRISE AND SUNSET
APRIL 20 2014.........SUNRISE   642 AM CDT   SUNSET   816 PM CDT
APRIL 21 2014.........SUNRISE   640 AM CDT   SUNSET   818 PM CDT


-  INDICATES NEGATIVE NUMBERS.
R  INDICATES RECORD WAS SET OR TIED.
MM INDICATES DATA IS MISSING.
T  INDICATES TRACE AMOUNT.




$$
