000
CDUS43 KOAX 300630
CLIOFK


CLIMATE REPORT
NATIONAL WEATHER SERVICE OMAHA NEBRASKA
127 AM CDT THU JUL 30 2015


...................................

...THE NORFOLK, NEBRASKA CLIMATE SUMMARY FOR JULY 29 2015...

CLIMATE NORMAL PERIOD 1981 TO 2010
CLIMATE RECORD PERIOD 1888 TO 2015


WEATHER ITEM   OBSERVED TIME   RECORD YEAR NORMAL DEPARTURE LAST
                VALUE   (LST)  VALUE       VALUE  FROM      YEAR
                                                  NORMAL
..................................................................
TEMPERATURE (F)
 YESTERDAY
  MAXIMUM         86    610 PM 109    1947  86      0       80
  MINIMUM         54    546 AM  48    1971  64    -10       52
  AVERAGE         70                        75     -5       66

PRECIPITATION (IN)
  YESTERDAY        0.00          2.24 1922   0.11  -0.11     0.00
  MONTH TO DATE    5.14                      3.12   2.02     1.13
  SINCE JUN 1      9.74                      7.38   2.36    12.52
  SINCE JAN 1     16.70                     17.08  -0.38    18.01

SNOWFALL (IN)
  YESTERDAY        0.0                       0.0    0.0      0.0
  MONTH TO DATE    0.0                       0.0    0.0      0.0
  SINCE JUL 1      0.0                       0.0    0.0      0.0
  SNOW DEPTH       0

DEGREE DAYS
 HEATING
  YESTERDAY        0                         0      0        0
  MONTH TO DATE    4                         0      4       12
  SINCE JUN 1      7                        30    -23       37
  SINCE JUL 1      4                         0      4       12

 COOLING
  YESTERDAY        5                        10     -5        1
  MONTH TO DATE  285                       288     -3      188
  SINCE JUN 1    471                       474     -3      382
  SINCE JAN 1    504                       535    -31      479
..................................................................


WIND (MPH)
  HIGHEST WIND SPEED    14   HIGHEST WIND DIRECTION     S (200)
  HIGHEST GUST SPEED    18   HIGHEST GUST DIRECTION     W (270)
  AVERAGE WIND SPEED     6.3


SKY COVER
  POSSIBLE SUNSHINE  MM
  AVERAGE SKY COVER 0.0


WEATHER CONDITIONS
 THE FOLLOWING WEATHER WAS RECORDED YESTERDAY.
  NO SIGNIFICANT WEATHER WAS OBSERVED.


RELATIVE HUMIDITY (PERCENT)
 HIGHEST    93          1200 AM
 LOWEST     29           200 PM
 AVERAGE    61

..........................................................


THE NORFOLK, NEBRASKA CLIMATE NORMALS FOR TODAY
                         NORMAL    RECORD    YEAR
 MAXIMUM TEMPERATURE (F)   86       104      1935
 MINIMUM TEMPERATURE (F)   64        42      1971


SUNRISE AND SUNSET
JULY 30 2015..........SUNRISE   621 AM CDT   SUNSET   851 PM CDT
JULY 31 2015..........SUNRISE   622 AM CDT   SUNSET   850 PM CDT


-  INDICATES NEGATIVE NUMBERS.
R  INDICATES RECORD WAS SET OR TIED.
MM INDICATES DATA IS MISSING.
T  INDICATES TRACE AMOUNT.


$$

BCM
