176
CDUS43 KOAX 192128
CLIOFK


CLIMATE REPORT
NATIONAL WEATHER SERVICE OMAHA NEBRASKA
426 PM CDT THU OCT 19 2017


...................................

...THE NORFOLK, NEBRASKA CLIMATE SUMMARY FOR OCTOBER 19 2017...
VALID TODAY AS OF 0400 PM LOCAL TIME.

CLIMATE NORMAL PERIOD 1981 TO 2010
CLIMATE RECORD PERIOD 1888 TO 2017


WEATHER ITEM   OBSERVED TIME   RECORD YEAR NORMAL DEPARTURE LAST
                VALUE   (LST)  VALUE       VALUE  FROM      YEAR
                                                  NORMAL
..................................................................
TEMPERATURE (F)
 TODAY
  MAXIMUM         79    259 PM  89    2003  62     17       64
  MINIMUM         35    709 AM  12    1917  38     -3       43
  AVERAGE         57                        50      7       54

PRECIPITATION (IN)
  TODAY            0.00          1.03 1919   0.07  -0.07      T
  MONTH TO DATE    3.52                      1.43   2.09     2.33
  SINCE SEP 1      5.60                      4.12   1.48     4.37
  SINCE JAN 1     27.38                     24.65   2.73    29.24

SNOWFALL (IN)
  TODAY            0.0                       0.0    0.0      0.0
  MONTH TO DATE    0.0                       0.2   -0.2      0.0
  SINCE JUL 1      0.0                       0.2   -0.2      0.0
  SNOW DEPTH       0

DEGREE DAYS
 HEATING
  TODAY            8                        15     -7       11
  MONTH TO DATE  192                       228    -36      195
  SINCE SEP 1    274                       354    -80      266
  SINCE JUL 1    285                       370    -85      279

 COOLING
  TODAY            0                         0      0        0
  MONTH TO DATE    3                         8     -5        3
  SINCE SEP 1    119                        98     21      119
  SINCE JAN 1    877                       914    -37      962
..................................................................


WIND (MPH)
  HIGHEST WIND SPEED    18   HIGHEST WIND DIRECTION     S (160)
  HIGHEST GUST SPEED    27   HIGHEST GUST DIRECTION     S (160)
  AVERAGE WIND SPEED     6.8


SKY COVER
  POSSIBLE SUNSHINE  MM
  AVERAGE SKY COVER 0.0


WEATHER CONDITIONS
 THE FOLLOWING WEATHER WAS RECORDED TODAY.
  NO SIGNIFICANT WEATHER WAS OBSERVED.


RELATIVE HUMIDITY (PERCENT)
 HIGHEST   100           700 AM
 LOWEST     32           300 PM
 AVERAGE    66

..........................................................


THE NORFOLK, NEBRASKA CLIMATE NORMALS FOR TOMORROW
                         NORMAL    RECORD    YEAR
 MAXIMUM TEMPERATURE (F)   62        90      1947
 MINIMUM TEMPERATURE (F)   37        15      1989


SUNRISE AND SUNSET
OCTOBER 19 2017.......SUNRISE   747 AM CDT   SUNSET   641 PM CDT
OCTOBER 20 2017.......SUNRISE   748 AM CDT   SUNSET   640 PM CDT


-  INDICATES NEGATIVE NUMBERS.
R  INDICATES RECORD WAS SET OR TIED.
MM INDICATES DATA IS MISSING.
T  INDICATES TRACE AMOUNT.




$$
