000
CDUS43 KOAX 050629
CLIOFK


CLIMATE REPORT
NATIONAL WEATHER SERVICE OMAHA NEBRASKA
125 AM CDT SAT SEP 5 2015


...................................

...THE NORFOLK, NEBRASKA CLIMATE SUMMARY FOR SEPTEMBER 4 2015...

CLIMATE NORMAL PERIOD 1981 TO 2010
CLIMATE RECORD PERIOD 1888 TO 2015


WEATHER ITEM   OBSERVED TIME   RECORD YEAR NORMAL DEPARTURE LAST
                VALUE   (LST)  VALUE       VALUE  FROM      YEAR
                                                  NORMAL
..................................................................
TEMPERATURE (F)
 YESTERDAY
  MAXIMUM         91    409 PM 102    2012  81     10       79
                                      1913
  MINIMUM         72    741 AM  34    1902  56     16       63
  AVERAGE         82                        69     13       71

PRECIPITATION (IN)
  YESTERDAY        0.11          1.05 1929   0.10   0.01     0.00
  MONTH TO DATE    0.11                      0.38  -0.27     0.37
  SINCE SEP 1      0.11                      0.38  -0.27     0.37
  SINCE JAN 1     19.50                     20.91  -1.41    25.59

SNOWFALL (IN)
  YESTERDAY        0.0                       0.0    0.0      0.0
  MONTH TO DATE    0.0                       0.0    0.0      0.0
  SINCE JUL 1      0.0                       0.0    0.0      0.0
  SNOW DEPTH       0

DEGREE DAYS
 HEATING
  YESTERDAY        0                         2     -2        0
  MONTH TO DATE    0                         5     -5        0
  SINCE SEP 1      0                         5     -5        0
  SINCE JUL 1     24                        21      3       12

 COOLING
  YESTERDAY       17                         5     12        6
  MONTH TO DATE   53                        22     31       22
  SINCE SEP 1     53                        22     31       22
  SINCE JAN 1    779                       838    -59      749
..................................................................


WIND (MPH)
  HIGHEST WIND SPEED    33   HIGHEST WIND DIRECTION     S (160)
  HIGHEST GUST SPEED    43   HIGHEST GUST DIRECTION     S (160)
  AVERAGE WIND SPEED    14.4


SKY COVER
  POSSIBLE SUNSHINE  MM
  AVERAGE SKY COVER 0.1


WEATHER CONDITIONS
 THE FOLLOWING WEATHER WAS RECORDED YESTERDAY.
  THUNDERSTORM
  LIGHT RAIN


RELATIVE HUMIDITY (PERCENT)
 HIGHEST    74           500 AM
 LOWEST     49           200 PM
 AVERAGE    62

..........................................................


THE NORFOLK, NEBRASKA CLIMATE NORMALS FOR TODAY
                         NORMAL    RECORD    YEAR
 MAXIMUM TEMPERATURE (F)   80       101      1913
 MINIMUM TEMPERATURE (F)   56        34      1962


SUNRISE AND SUNSET
SEPTEMBER  5 2015.....SUNRISE   659 AM CDT   SUNSET   757 PM CDT
SEPTEMBER  6 2015.....SUNRISE   700 AM CDT   SUNSET   755 PM CDT


-  INDICATES NEGATIVE NUMBERS.
R  INDICATES RECORD WAS SET OR TIED.
MM INDICATES DATA IS MISSING.
T  INDICATES TRACE AMOUNT.




$$
