000
CDUS43 KOAX 300627
CLIOFK


CLIMATE REPORT
NATIONAL WEATHER SERVICE OMAHA NEBRASKA
125 AM CDT SUN APR 30 2017


...................................

...THE NORFOLK, NEBRASKA CLIMATE SUMMARY FOR APRIL 29 2017...

CLIMATE NORMAL PERIOD 1981 TO 2010
CLIMATE RECORD PERIOD 1888 TO 2017


WEATHER ITEM   OBSERVED TIME   RECORD YEAR NORMAL DEPARTURE LAST
                VALUE   (LST)  VALUE       VALUE  FROM      YEAR
                                                  NORMAL
..................................................................
TEMPERATURE (F)
 YESTERDAY
  MAXIMUM         49   1114 AM  93    1926  67    -18       45
  MINIMUM         39    710 AM  25    1958  43     -4       41
  AVERAGE         44                        55    -11       43

PRECIPITATION (IN)
  YESTERDAY        T             1.80 1895   0.10  -0.10      T
  MONTH TO DATE    2.00                      2.55  -0.55     4.09
  SINCE MAR 1      3.21                      4.32  -1.11     6.50
  SINCE JAN 1      5.45                      5.67  -0.22     8.65

SNOWFALL (IN)
  YESTERDAY        0.0                       0.1   -0.1      0.0
  MONTH TO DATE    0.5                       2.6   -2.1       T
  SINCE JUL 1     30.7                      30.5    0.2     53.0
  SNOW DEPTH       0

DEGREE DAYS
 HEATING
  YESTERDAY       21                        11     10       22
  MONTH TO DATE  432                       462    -30      398
  SINCE MAR 1   1198                      1318   -120     1061
  SINCE JUL 1   5653                      6411   -758     5362

 COOLING
  YESTERDAY        0                         1     -1        0
  MONTH TO DATE    0                        11    -11        0
  SINCE MAR 1      0                        11    -11        0
  SINCE JAN 1      0                        11    -11        0
..................................................................


WIND (MPH)
  HIGHEST WIND SPEED    26   HIGHEST WIND DIRECTION    NE (40)
  HIGHEST GUST SPEED    34   HIGHEST GUST DIRECTION    NE (50)
  AVERAGE WIND SPEED    15.0


SKY COVER
  POSSIBLE SUNSHINE  MM
  AVERAGE SKY COVER 0.7


WEATHER CONDITIONS
 THE FOLLOWING WEATHER WAS RECORDED YESTERDAY.
  LIGHT RAIN


RELATIVE HUMIDITY (PERCENT)
 HIGHEST    70          1200 AM
 LOWEST     45           600 PM
 AVERAGE    58

..........................................................


THE NORFOLK, NEBRASKA CLIMATE NORMALS FOR TODAY
                         NORMAL    RECORD    YEAR
 MAXIMUM TEMPERATURE (F)   67        96      1926
 MINIMUM TEMPERATURE (F)   43        15      1907


SUNRISE AND SUNSET
APRIL 30 2017.........SUNRISE   627 AM CDT   SUNSET   828 PM CDT
MAY  1 2017...........SUNRISE   625 AM CDT   SUNSET   829 PM CDT


-  INDICATES NEGATIVE NUMBERS.
R  INDICATES RECORD WAS SET OR TIED.
MM INDICATES DATA IS MISSING.
T  INDICATES TRACE AMOUNT.




$$
