000
CDUS43 KOAX 020136
CLIOFK


CLIMATE REPORT
NATIONAL WEATHER SERVICE OMAHA NEBRASKA
736 PM CST SUN FEB 1 2015


...................................

...THE NORFOLK, NEBRASKA CLIMATE SUMMARY FOR FEBRUARY 1 2015...
VALID TODAY AS OF 400 PM LOCAL TIME.

CLIMATE NORMAL PERIOD 1981 TO 2010
CLIMATE RECORD PERIOD 1888 TO 2015


WEATHER ITEM   OBSERVED TIME   RECORD YEAR NORMAL DEPARTURE LAST
                VALUE   (LST)  VALUE       VALUE  FROM      YEAR
                                                  NORMAL
..................................................................
TEMPERATURE (F)
 TODAY
  MAXIMUM         29   1222 AM  66    1992  34     -5       22
  MINIMUM          5    352 PM -26    1917  13     -8        4
  AVERAGE         17                        24     -7       13

PRECIPITATION (IN)
  TODAY            0.16          0.34 2004   0.02   0.14     0.02
  MONTH TO DATE    0.16                      0.02   0.14     0.02
  SINCE DEC 1      1.93                      1.36   0.57     0.30
  SINCE JAN 1      0.73                      0.61   0.12     0.16

SNOWFALL (IN)
  TODAY            2.0                       0.2    1.8      0.7
  MONTH TO DATE    2.0                       0.2    1.8      0.7
  SINCE JUL 1     18.3                      17.5    0.8      5.2
  SNOW DEPTH       4

DEGREE DAYS
 HEATING
  TODAY           48                        41      7       52
  MONTH TO DATE   48                        41      7       52
  SINCE DEC 1   2386                      2618   -232     2762
  SINCE JUL 1   3879                      4063   -184     4148

 COOLING
  TODAY            0                         0      0        0
  MONTH TO DATE    0                         0      0        0
  SINCE DEC 1      0                         0      0        0
  SINCE JAN 1      0                         0      0        0
..................................................................


WIND (MPH)
  HIGHEST WIND SPEED    33   HIGHEST WIND DIRECTION    NW (330)
  HIGHEST GUST SPEED    41   HIGHEST GUST DIRECTION    NW (330)
  AVERAGE WIND SPEED    24.7


SKY COVER
  POSSIBLE SUNSHINE  MM
  AVERAGE SKY COVER 1.0


WEATHER CONDITIONS
 THE FOLLOWING WEATHER WAS RECORDED TODAY.
  HEAVY SNOW
  SNOW
  LIGHT SNOW
  FOG
  HAZE
  BLOWING SNOW


RELATIVE HUMIDITY (PERCENT)
 HIGHEST    92          1200 AM
 LOWEST     76           400 PM
 AVERAGE    84

..........................................................


THE NORFOLK, NEBRASKA CLIMATE NORMALS FOR TOMORROW
                         NORMAL    RECORD    YEAR
 MAXIMUM TEMPERATURE (F)   34        67      1924
 MINIMUM TEMPERATURE (F)   13       -35      1905


SUNRISE AND SUNSET
FEBRUARY  1 2015......SUNRISE   743 AM CST   SUNSET   544 PM CST
FEBRUARY  2 2015......SUNRISE   742 AM CST   SUNSET   546 PM CST


-  INDICATES NEGATIVE NUMBERS.
R  INDICATES RECORD WAS SET OR TIED.
MM INDICATES DATA IS MISSING.
T  INDICATES TRACE AMOUNT.




$$

KLISH
