000
CDUS43 KOAX 270625
CLIOFK


CLIMATE REPORT
NATIONAL WEATHER SERVICE OMAHA NEBRASKA
1222 AM CST FRI FEB 27 2015


...................................

...THE NORFOLK, NEBRASKA CLIMATE SUMMARY FOR FEBRUARY 26 2015...

CLIMATE NORMAL PERIOD 1981 TO 2010
CLIMATE RECORD PERIOD 1888 TO 2015


WEATHER ITEM   OBSERVED TIME   RECORD YEAR NORMAL DEPARTURE LAST
                VALUE   (LST)  VALUE       VALUE  FROM      YEAR
                                                  NORMAL
..................................................................
TEMPERATURE (F)
 YESTERDAY
  MAXIMUM         13    357 PM  72    1896  41    -28       33
  MINIMUM         -2    731 AM -22    1934  20    -22       -9
  AVERAGE          6                        30    -24       12

PRECIPITATION (IN)
  YESTERDAY        T             0.70 1899   0.04  -0.04     0.00
  MONTH TO DATE    0.31                      0.70  -0.39     0.39
  SINCE DEC 1      2.08                      2.04   0.04     0.67
  SINCE JAN 1      0.88                      1.29  -0.41     0.53

SNOWFALL (IN)
  YESTERDAY        T                         0.2   -0.2      0.0
  MONTH TO DATE    4.0                       5.2   -1.2      6.2
  SINCE JUL 1     20.3                      22.5   -2.2     10.7
  SNOW DEPTH       T

DEGREE DAYS
 HEATING
  YESTERDAY       59                        35     24       53
  MONTH TO DATE 1109                      1001    108     1154
  SINCE DEC 1   3447                      3578   -131     3864
  SINCE JUL 1   4940                      5023    -83     5250

 COOLING
  YESTERDAY        0                         0      0        0
  MONTH TO DATE    0                         0      0        0
  SINCE DEC 1      0                         0      0        0
  SINCE JAN 1      0                         0      0        0
..................................................................


WIND (MPH)
  HIGHEST WIND SPEED    28   HIGHEST WIND DIRECTION     N (340)
  HIGHEST GUST SPEED    34   HIGHEST GUST DIRECTION     N (340)
  AVERAGE WIND SPEED    14.0


SKY COVER
  POSSIBLE SUNSHINE  MM
  AVERAGE SKY COVER 0.4


WEATHER CONDITIONS
 THE FOLLOWING WEATHER WAS RECORDED YESTERDAY.
  LIGHT SNOW


RELATIVE HUMIDITY (PERCENT)
 HIGHEST    86           800 PM
 LOWEST     58           500 PM
 AVERAGE    72

..........................................................


THE NORFOLK, NEBRASKA CLIMATE NORMALS FOR TODAY
                         NORMAL    RECORD    YEAR
 MAXIMUM TEMPERATURE (F)   41        68      2006
 MINIMUM TEMPERATURE (F)   20       -18      1899


SUNRISE AND SUNSET
FEBRUARY 27 2015......SUNRISE   708 AM CST   SUNSET   617 PM CST
FEBRUARY 28 2015......SUNRISE   707 AM CST   SUNSET   618 PM CST


-  INDICATES NEGATIVE NUMBERS.
R  INDICATES RECORD WAS SET OR TIED.
MM INDICATES DATA IS MISSING.
T  INDICATES TRACE AMOUNT.


$$

BCM
