000
CDUS43 KOAX 290624
CLIOFK


CLIMATE REPORT
NATIONAL WEATHER SERVICE OMAHA NEBRASKA
124 AM CDT SUN MAR 29 2015


...................................

...THE NORFOLK, NEBRASKA CLIMATE SUMMARY FOR MARCH 28 2015...

CLIMATE NORMAL PERIOD 1981 TO 2010
CLIMATE RECORD PERIOD 1888 TO 2015


WEATHER ITEM   OBSERVED TIME   RECORD YEAR NORMAL DEPARTURE LAST
                VALUE   (LST)  VALUE       VALUE  FROM      YEAR
                                                  NORMAL
..................................................................
TEMPERATURE (F)
 YESTERDAY
  MAXIMUM         56    442 PM  87    1986  54      2       35
  MINIMUM         27    628 AM   6    1926  30     -3       21
  AVERAGE         42                        42      0       28

PRECIPITATION (IN)
  YESTERDAY        0.00          2.41 1981   0.07  -0.07      T
  MONTH TO DATE    0.82                      1.53  -0.71     0.37
  SINCE MAR 1      0.82                      1.53  -0.71     0.37
  SINCE JAN 1      1.70                      2.88  -1.18     0.93

SNOWFALL (IN)
  YESTERDAY        0.0                       0.1   -0.1       T
  MONTH TO DATE    0.2                       4.6   -4.4      4.0
  SINCE JUL 1     20.5                      27.4   -6.9     15.4
  SNOW DEPTH       0

DEGREE DAYS
 HEATING
  YESTERDAY       23                        23      0       37
  MONTH TO DATE  649                       790   -141      891
  SINCE MAR 1    649                       790   -141      891
  SINCE JUL 1   5695                      5883   -188     6241

 COOLING
  YESTERDAY        0                         0      0        0
  MONTH TO DATE    0                         0      0        0
  SINCE MAR 1      0                         0      0        0
  SINCE JAN 1      0                         0      0        0
..................................................................


WIND (MPH)
  HIGHEST WIND SPEED    28   HIGHEST WIND DIRECTION     S (160)
  HIGHEST GUST SPEED    35   HIGHEST GUST DIRECTION     S (160)
  AVERAGE WIND SPEED    14.2


SKY COVER
  POSSIBLE SUNSHINE  MM
  AVERAGE SKY COVER 0.1


WEATHER CONDITIONS
 THE FOLLOWING WEATHER WAS RECORDED YESTERDAY.
  HAZE


RELATIVE HUMIDITY (PERCENT)
 HIGHEST    78           200 AM
 LOWEST     43           400 PM
 AVERAGE    61

..........................................................


THE NORFOLK, NEBRASKA CLIMATE NORMALS FOR TODAY
                         NORMAL    RECORD    YEAR
 MAXIMUM TEMPERATURE (F)   55        88      1986
 MINIMUM TEMPERATURE (F)   31         5      1969


SUNRISE AND SUNSET
MARCH 29 2015.........SUNRISE   718 AM CDT   SUNSET   752 PM CDT
MARCH 30 2015.........SUNRISE   716 AM CDT   SUNSET   753 PM CDT


-  INDICATES NEGATIVE NUMBERS.
R  INDICATES RECORD WAS SET OR TIED.
MM INDICATES DATA IS MISSING.
T  INDICATES TRACE AMOUNT.




$$
