000
CDUS43 KOAX 180632
CLIOFK


CLIMATE REPORT
NATIONAL WEATHER SERVICE OMAHA NEBRASKA
1230 AM CST MON DEC 18 2017


...................................

...THE NORFOLK, NEBRASKA CLIMATE SUMMARY FOR DECEMBER 17 2017...

CLIMATE NORMAL PERIOD 1981 TO 2010
CLIMATE RECORD PERIOD 1888 TO 2017


WEATHER ITEM   OBSERVED TIME   RECORD YEAR NORMAL DEPARTURE LAST
                VALUE   (LST)  VALUE       VALUE  FROM      YEAR
                                                  NORMAL
..................................................................
TEMPERATURE (F)
 YESTERDAY
  MAXIMUM         39    344 PM  66    1980  33      6       15
  MINIMUM         19   1140 PM -16    2016  14      5      -16
  AVERAGE         29                        24      5        0

PRECIPITATION (IN)
  YESTERDAY        0.00          0.25 1908   0.02  -0.02     0.11
  MONTH TO DATE    0.01                      0.46  -0.45     0.24
  SINCE DEC 1      0.01                      0.46  -0.45     0.24
  SINCE JAN 1     27.48                     27.12   0.36    30.83

SNOWFALL (IN)
  YESTERDAY        0.0                       0.1   -0.1      2.3
  MONTH TO DATE    T                         3.4   -3.4      3.6
  SINCE JUL 1      T                         8.3   -8.3      6.1
  SNOW DEPTH       0

DEGREE DAYS
 HEATING
  YESTERDAY       36                        41     -5       65
  MONTH TO DATE  516                       670   -154      770
  SINCE DEC 1    516                       670   -154      770
  SINCE JUL 1   1822                      2115   -293     1815

 COOLING
  YESTERDAY        0                         0      0        0
  MONTH TO DATE    0                         0      0        0
  SINCE DEC 1      0                         0      0        0
  SINCE JAN 1    879                       915    -36      963
..................................................................


WIND (MPH)
  HIGHEST WIND SPEED    14   HIGHEST WIND DIRECTION    NE (040)
  HIGHEST GUST SPEED    17   HIGHEST GUST DIRECTION     N (010)
  AVERAGE WIND SPEED     7.1


SKY COVER
  POSSIBLE SUNSHINE  MM
  AVERAGE SKY COVER 0.6


WEATHER CONDITIONS
 THE FOLLOWING WEATHER WAS RECORDED YESTERDAY.
  NO SIGNIFICANT WEATHER WAS OBSERVED.


RELATIVE HUMIDITY (PERCENT)
 HIGHEST    92           200 AM
 LOWEST     64           400 PM
 AVERAGE    78

..........................................................


THE NORFOLK, NEBRASKA CLIMATE NORMALS FOR TODAY
                         NORMAL    RECORD    YEAR
 MAXIMUM TEMPERATURE (F)   33        69      1979
 MINIMUM TEMPERATURE (F)   14       -24      2016


SUNRISE AND SUNSET
DECEMBER 18 2017......SUNRISE   753 AM CST   SUNSET   500 PM CST
DECEMBER 19 2017......SUNRISE   753 AM CST   SUNSET   501 PM CST


-  INDICATES NEGATIVE NUMBERS.
R  INDICATES RECORD WAS SET OR TIED.
MM INDICATES DATA IS MISSING.
T  INDICATES TRACE AMOUNT.




$$
