000
CDUS42 KCAE 220528
CLIOGB


CLIMATE REPORT
NATIONAL WEATHER SERVICE COLUMBIA SC
127 AM EDT MON MAY 22 2017


...................................

...THE ORANGEBURG AIRPORT SC CLIMATE SUMMARY FOR MAY 21 2017...

CLIMATE NORMAL PERIOD 1981 TO 2010
CLIMATE RECORD PERIOD 9999 TO 9999


WEATHER ITEM   OBSERVED TIME   NORMAL DEPARTURE LAST
                VALUE   (LST)  VALUE  FROM      YEAR
                                      NORMAL
......................................................
TEMPERATURE (F)
 YESTERDAY
  MAXIMUM         88   1207 PM  85      3       83
  MINIMUM         69   1201 AM  61      8       66
  AVERAGE         79            73      6       75

PRECIPITATION (IN)
  YESTERDAY        0.09          0.10  -0.01     0.14
  MONTH TO DATE    1.32          1.84  -0.52     1.35
  SINCE MAR 1      8.58          8.67  -0.09     6.28
  SINCE JAN 1     15.23         16.24  -1.01    13.45

DEGREE DAYS
 HEATING
  YESTERDAY        0             0      0        0
  MONTH TO DATE   12            10      2        8
  SINCE MAR 1    321           395    -74      228
  SINCE JUL 1   1630          2327   -697     1629

 COOLING
  YESTERDAY       14             8      6       10
  MONTH TO DATE  160           123     37      148
  SINCE MAR 1    345           205    140      309
  SINCE JAN 1    371           208    163      315
......................................................


WIND (MPH)
  HIGHEST WIND SPEED    16   HIGHEST WIND DIRECTION     S (160)
  HIGHEST GUST SPEED    21   HIGHEST GUST DIRECTION     S (180)
  AVERAGE WIND SPEED     8.0


SKY COVER
  AVERAGE SKY COVER 0.6


WEATHER CONDITIONS
 THE FOLLOWING WEATHER WAS RECORDED YESTERDAY.
  THUNDERSTORM
  RAIN
  LIGHT RAIN
  FOG
  FOG W/VISIBILITY <= 1/4 MILE


RELATIVE HUMIDITY (PERCENT)
 HIGHEST   100           400 AM
 LOWEST     51           100 PM

..........................................................


THE ORANGEBURG AIRPORT SC CLIMATE NORMALS FOR TODAY
                         NORMAL    RECORD    YEAR
 MAXIMUM TEMPERATURE (F)   85        MM        MM
 MINIMUM TEMPERATURE (F)   62        MM        MM


SUNRISE AND SUNSET
MAY 22 2017...........SUNRISE   619 AM EDT   SUNSET   822 PM EDT
MAY 23 2017...........SUNRISE   618 AM EDT   SUNSET   823 PM EDT


-  INDICATES NEGATIVE NUMBERS.
R  INDICATES RECORD WAS SET OR TIED.
MM INDICATES DATA IS MISSING.
T  INDICATES TRACE AMOUNT.




$$
