000
CDUS42 KCAE 250529
CLIOGB


CLIMATE REPORT
NATIONAL WEATHER SERVICE COLUMBIA SC
128 AM EDT SUN JUN 25 2017


...................................

...THE ORANGEBURG AIRPORT SC CLIMATE SUMMARY FOR JUNE 24 2017...

CLIMATE NORMAL PERIOD 1981 TO 2010
CLIMATE RECORD PERIOD 9999 TO 9999


WEATHER ITEM   OBSERVED TIME   NORMAL DEPARTURE LAST
                VALUE   (LST)  VALUE  FROM      YEAR
                                      NORMAL
......................................................
TEMPERATURE (F)
 YESTERDAY
  MAXIMUM         93    256 PM  90      3       98
  MINIMUM         74   1159 PM  69      5       75
  AVERAGE         84            80      4       87

PRECIPITATION (IN)
  YESTERDAY        0.11          0.18  -0.07     0.07
  MONTH TO DATE    2.87          4.12  -1.25     1.58
  SINCE JUN 1      2.87          4.12  -1.25     1.58
  SINCE JAN 1     19.38         21.74  -2.36    17.74

DEGREE DAYS
 HEATING
  YESTERDAY        0             0      0        0
  MONTH TO DATE    0             0      0        0
  SINCE JUN 1      0             0      0        0
  SINCE JUL 1   1630          2332   -702     1629

 COOLING
  YESTERDAY       19            15      4       22
  MONTH TO DATE  322           307     15      372
  SINCE JUN 1    322           307     15      372
  SINCE JAN 1    790           610    180      767
......................................................


WIND (MPH)
  HIGHEST WIND SPEED    18   HIGHEST WIND DIRECTION    SW (240)
  HIGHEST GUST SPEED    25   HIGHEST GUST DIRECTION    SW (240)
  AVERAGE WIND SPEED     9.3


SKY COVER
  AVERAGE SKY COVER 0.4


WEATHER CONDITIONS
 THE FOLLOWING WEATHER WAS RECORDED YESTERDAY.
  THUNDERSTORM
  HEAVY RAIN
  RAIN
  LIGHT RAIN
  FOG


RELATIVE HUMIDITY (PERCENT)
 HIGHEST   100          1000 PM
 LOWEST     52           300 PM

..........................................................


THE ORANGEBURG AIRPORT SC CLIMATE NORMALS FOR TODAY
                         NORMAL    RECORD    YEAR
 MAXIMUM TEMPERATURE (F)   91        MM        MM
 MINIMUM TEMPERATURE (F)   69        MM        MM


SUNRISE AND SUNSET
JUNE 25 2017..........SUNRISE   615 AM EDT   SUNSET   837 PM EDT
JUNE 26 2017..........SUNRISE   615 AM EDT   SUNSET   837 PM EDT


-  INDICATES NEGATIVE NUMBERS.
R  INDICATES RECORD WAS SET OR TIED.
MM INDICATES DATA IS MISSING.
T  INDICATES TRACE AMOUNT.




$$
