000
CDUS42 KCAE 250647
CLIOGB


CLIMATE REPORT
NATIONAL WEATHER SERVICE COLUMBIA SC
144 AM EST TUE NOV 25 2014


...................................

...THE ORANGEBURG AIRPORT SC CLIMATE SUMMARY FOR NOVEMBER 24 2014...

CLIMATE NORMAL PERIOD 1981 TO 2010
CLIMATE RECORD PERIOD 9999 TO 9999


WEATHER ITEM   OBSERVED TIME   RECORD YEAR NORMAL DEPARTURE LAST
                VALUE   (LST)  VALUE       VALUE  FROM      YEAR
                                                  NORMAL
..................................................................
TEMPERATURE (F)
 YESTERDAY
  MAXIMUM         72    121 PM  MM      MM  66      6       54
  MINIMUM         61   1159 PM  MM      MM  42     19       29
  AVERAGE         67                        54     13       42

PRECIPITATION (IN)
  YESTERDAY        0.32         MM      MM   0.10   0.22     0.00
  MONTH TO DATE    2.11                      2.30  -0.19     0.79
  SINCE SEP 1      7.67                      9.48  -1.81     2.85
  SINCE JAN 1     42.69                     42.79  -0.10    50.16

DEGREE DAYS
 HEATING
  YESTERDAY        0                        11    -11       23
  MONTH TO DATE  314                       203    111      218
  SINCE SEP 1    378                       293     85      277
  SINCE JUL 1    378                       293     85      277

 COOLING
  YESTERDAY        2                         0      2        0
  MONTH TO DATE    7                        12     -5       19
  SINCE SEP 1    459                       406     53      450
  SINCE JAN 1   2250                      2099    151     2042
..................................................................


WIND (MPH)
  HIGHEST WIND SPEED    20   HIGHEST WIND DIRECTION    SW (210)
  HIGHEST GUST SPEED    27   HIGHEST GUST DIRECTION     S (200)
  AVERAGE WIND SPEED     8.2


SKY COVER
  AVERAGE SKY COVER 0.9


WEATHER CONDITIONS
 THE FOLLOWING WEATHER WAS RECORDED YESTERDAY.
  THUNDERSTORM
  HEAVY RAIN
  RAIN
  LIGHT RAIN
  FOG


RELATIVE HUMIDITY (PERCENT)
 HIGHEST    93           400 AM
 LOWEST     81          1200 AM

..........................................................


THE ORANGEBURG AIRPORT SC CLIMATE NORMALS FOR TODAY
                         NORMAL    RECORD    YEAR
 MAXIMUM TEMPERATURE (F)   65        MM        MM
 MINIMUM TEMPERATURE (F)   42        MM        MM


SUNRISE AND SUNSET
NOVEMBER 25 2014......SUNRISE   704 AM EST   SUNSET   517 PM EST
NOVEMBER 26 2014......SUNRISE   705 AM EST   SUNSET   516 PM EST


-  INDICATES NEGATIVE NUMBERS.
R  INDICATES RECORD WAS SET OR TIED.
MM INDICATES DATA IS MISSING.
T  INDICATES TRACE AMOUNT.




$$
