000
CDUS42 KCAE 230621
CLIOGB


CLIMATE REPORT
NATIONAL WEATHER SERVICE COLUMBIA SC
221 AM EDT SUN APR 23 2017


...................................

...THE ORANGEBURG AIRPORT SC CLIMATE SUMMARY FOR APRIL 22 2017...

CLIMATE NORMAL PERIOD 1981 TO 2010
CLIMATE RECORD PERIOD 9999 TO 9999


WEATHER ITEM   OBSERVED TIME   NORMAL DEPARTURE LAST
                VALUE   (LST)  VALUE  FROM      YEAR
                                      NORMAL
......................................................
TEMPERATURE (F)
 YESTERDAY
  MAXIMUM         87    429 PM  78      9       84
  MINIMUM         62    357 AM  52     10       65
  AVERAGE         75            65     10       75

PRECIPITATION (IN)
  YESTERDAY        0.00          0.10  -0.10     0.58
  MONTH TO DATE    1.82          2.26  -0.44     2.57
  SINCE MAR 1      3.58          6.24  -2.66     4.92
  SINCE JAN 1     10.23         13.81  -3.58    12.09

DEGREE DAYS
 HEATING
  YESTERDAY        0             3     -3        0
  MONTH TO DATE   36            94    -58       79
  SINCE MAR 1    308           371    -63      220
  SINCE JUL 1   1617          2303   -686     1621

 COOLING
  YESTERDAY       10             2      8       10
  MONTH TO DATE   75            39     36       31
  SINCE MAR 1    121            56     65       99
  SINCE JAN 1    147            59     88      105
......................................................


WIND (MPH)
  HIGHEST WIND SPEED    18   HIGHEST WIND DIRECTION    SW (240)
  HIGHEST GUST SPEED    24   HIGHEST GUST DIRECTION    SW (210)
  AVERAGE WIND SPEED     8.9


SKY COVER
  AVERAGE SKY COVER 0.2


WEATHER CONDITIONS
 THE FOLLOWING WEATHER WAS RECORDED YESTERDAY.
  NO SIGNIFICANT WEATHER WAS OBSERVED.


RELATIVE HUMIDITY (PERCENT)
 HIGHEST   100           500 AM
 LOWEST     35           500 PM

..........................................................


THE ORANGEBURG AIRPORT SC CLIMATE NORMALS FOR TODAY
                         NORMAL    RECORD    YEAR
 MAXIMUM TEMPERATURE (F)   78        MM        MM
 MINIMUM TEMPERATURE (F)   52        MM        MM


SUNRISE AND SUNSET
APRIL 23 2017.........SUNRISE   643 AM EDT   SUNSET   800 PM EDT
APRIL 24 2017.........SUNRISE   642 AM EDT   SUNSET   801 PM EDT


-  INDICATES NEGATIVE NUMBERS.
R  INDICATES RECORD WAS SET OR TIED.
MM INDICATES DATA IS MISSING.
T  INDICATES TRACE AMOUNT.




$$
