000
CDUS42 KCAE 280655
CLIOGB


CLIMATE REPORT
NATIONAL WEATHER SERVICE COLUMBIA SC
155 AM EST TUE FEB 28 2017


...................................

...THE ORANGEBURG AIRPORT SC CLIMATE SUMMARY FOR FEBRUARY 27 2017...

CLIMATE NORMAL PERIOD 1981 TO 2010
CLIMATE RECORD PERIOD 9999 TO 9999


WEATHER ITEM   OBSERVED TIME   NORMAL DEPARTURE LAST
                VALUE   (LST)  VALUE  FROM      YEAR
                                      NORMAL
......................................................
TEMPERATURE (F)
 YESTERDAY
  MAXIMUM         72    359 PM  64      8       58
  MINIMUM         36    310 AM  40     -4       30
  AVERAGE         54            52      2       44

PRECIPITATION (IN)
  YESTERDAY        T             0.15  -0.15     0.00
  MONTH TO DATE    1.41          3.44  -2.03     5.08
  SINCE DEC 1     11.05         10.74   0.31    11.96
  SINCE JAN 1      6.65          7.42  -0.77     7.17

DEGREE DAYS
 HEATING
  YESTERDAY       11            13     -2       21
  MONTH TO DATE  222           422   -200      405
  SINCE DEC 1   1004          1550   -546     1160
  SINCE JUL 1   1309          1919   -610     1381

 COOLING
  YESTERDAY        0             0      0        0
  MONTH TO DATE   14             0     14        6
  SINCE DEC 1     25             5     20       75
  SINCE JAN 1     21             1     20        6
......................................................


WIND (MPH)
  HIGHEST WIND SPEED    25   HIGHEST WIND DIRECTION     S (160)
  HIGHEST GUST SPEED    33   HIGHEST GUST DIRECTION     S (160)
  AVERAGE WIND SPEED     5.4


SKY COVER
  AVERAGE SKY COVER 0.1


WEATHER CONDITIONS
 THE FOLLOWING WEATHER WAS RECORDED YESTERDAY.
  LIGHT RAIN


RELATIVE HUMIDITY (PERCENT)
 HIGHEST    92           500 AM
 LOWEST     38           300 PM

..........................................................


THE ORANGEBURG AIRPORT SC CLIMATE NORMALS FOR TODAY
                         NORMAL    RECORD    YEAR
 MAXIMUM TEMPERATURE (F)   64        MM        MM
 MINIMUM TEMPERATURE (F)   41        MM        MM


SUNRISE AND SUNSET
FEBRUARY 28 2017......SUNRISE   653 AM EST   SUNSET   620 PM EST
MARCH  1 2017.........SUNRISE   651 AM EST   SUNSET   620 PM EST


-  INDICATES NEGATIVE NUMBERS.
R  INDICATES RECORD WAS SET OR TIED.
MM INDICATES DATA IS MISSING.
T  INDICATES TRACE AMOUNT.




$$
