065
CDHW42 PHFO 200237
CLIOGG


CLIMATE REPORT
NATIONAL WEATHER SERVICE HONOLULU HI
436 PM HST SAT AUG 19 2017


...................................

...THE KAHULUI HI CLIMATE SUMMARY FOR AUGUST 19 2017...
VALID TODAY AS OF 0400 PM LOCAL TIME.

CLIMATE NORMAL PERIOD 1981 TO 2010
CLIMATE RECORD PERIOD 1946 TO 2017


WEATHER ITEM   OBSERVED TIME   RECORD YEAR NORMAL DEPARTURE LAST
                VALUE   (LST)  VALUE       VALUE  FROM      YEAR
                                                  NORMAL
..................................................................
TEMPERATURE (F)
 TODAY
  MAXIMUM         89   1200 PM  98    1951  88      1       88
  MINIMUM         72    353 AM  63    1952  71      1       75
  AVERAGE         81                        80      1       82

PRECIPITATION (IN)
  TODAY            0.19          0.36 2005   0.01   0.18     0.00
  MONTH TO DATE    0.24                      0.33  -0.09     0.26
  SINCE JUN 1      0.61                      1.03  -0.42     1.78
  SINCE JAN 1     15.08                     10.53   4.55     9.51

SNOWFALL (IN)
  TODAY            0.0
  MONTH TO DATE    0.0
  SINCE JUN 1      0.0
  SINCE JUL 1      0.0
  SNOW DEPTH      MM

DEGREE DAYS
 HEATING
  TODAY            0                         0      0        0
  MONTH TO DATE    0                         0      0        0
  SINCE JUN 1      0                         0      0        0
  SINCE JUL 1      0                         0      0        0

 COOLING
  TODAY           16                        15      1       17
  MONTH TO DATE  305                       285     20      297
  SINCE JUN 1   1208                      1112     96     1210
  SINCE JAN 1   2571                      2371    200     2699
..................................................................


WIND (MPH)
  HIGHEST WIND SPEED    24   HIGHEST WIND DIRECTION    NE (30)
  HIGHEST GUST SPEED    30   HIGHEST GUST DIRECTION    NE (30)
  AVERAGE WIND SPEED    MM


SKY COVER
  POSSIBLE SUNSHINE  MM
  AVERAGE SKY COVER  MM


WEATHER CONDITIONS
 THE FOLLOWING WEATHER WAS RECORDED TODAY.
  FOG


RELATIVE HUMIDITY (PERCENT)
 HIGHEST    MM
 LOWEST     MM
 AVERAGE    MM

..........................................................


THE KAHULUI HI CLIMATE NORMALS FOR TOMORROW
                         NORMAL    RECORD    YEAR
 MAXIMUM TEMPERATURE (F)   88        94      2015
 MINIMUM TEMPERATURE (F)   71        62      1964


SUNRISE AND SUNSET
AUGUST 19 2017........SUNRISE   606 AM HST   SUNSET   652 PM HST
AUGUST 20 2017........SUNRISE   606 AM HST   SUNSET   651 PM HST


-  INDICATES NEGATIVE NUMBERS.
R  INDICATES RECORD WAS SET OR TIED.
MM INDICATES DATA IS MISSING.
T  INDICATES TRACE AMOUNT.




$$
