000
CDHW42 PHFO 191245
CLIOGG


CLIMATE REPORT
NATIONAL WEATHER SERVICE HONOLULU HI
245 AM HST FRI SEP 19 2014


...................................

...THE KAHULUI HI CLIMATE SUMMARY FOR SEPTEMBER 18 2014...

CLIMATE NORMAL PERIOD 1981 TO 2010
CLIMATE RECORD PERIOD 1946 TO 2014


WEATHER ITEM   OBSERVED TIME   RECORD YEAR NORMAL DEPARTURE LAST
                VALUE   (LST)  VALUE       VALUE  FROM      YEAR
                                                  NORMAL
..................................................................
TEMPERATURE (F)
 YESTERDAY
  MAXIMUM         90   1247 PM  94    1953  88      2       90
  MINIMUM         71    633 AM  61    1952  70      1       74
  AVERAGE         81                        79      2       82

PRECIPITATION (IN)
  YESTERDAY        0.00          0.81 1994   0.01  -0.01     0.01
  MONTH TO DATE    0.66                      0.21   0.45     0.21
  SINCE SEP 1      0.66                      0.21   0.45     0.21
  SINCE JAN 1     16.31                     10.91   5.40     8.87

SNOWFALL (IN)
  YESTERDAY        0.0
  MONTH TO DATE    0.0
  SINCE SEP 1      0.0
  SINCE JUL 1      0.0
  SNOW DEPTH       0

DEGREE DAYS
 HEATING
  YESTERDAY        0                         0      0        0
  MONTH TO DATE    0                         0      0        0
  SINCE SEP 1      0                         0      0        0
  SINCE JUL 1      0                         0      0        0

 COOLING
  YESTERDAY       16                        14      2       17
  MONTH TO DATE  273                       254     19      283
  SINCE SEP 1    273                       254     19      283
  SINCE JAN 1   3161                      2796    365     3070
..................................................................


WIND (MPH)
  HIGHEST WIND SPEED    18   HIGHEST WIND DIRECTION    NE (30)
  HIGHEST GUST SPEED    23   HIGHEST GUST DIRECTION    NE (40)
  AVERAGE WIND SPEED     8.3


SKY COVER
  POSSIBLE SUNSHINE  MM
  AVERAGE SKY COVER 0.3


WEATHER CONDITIONS
 THE FOLLOWING WEATHER WAS RECORDED YESTERDAY.
  NO SIGNIFICANT WEATHER WAS OBSERVED.


RELATIVE HUMIDITY (PERCENT)
 HIGHEST    90           500 AM
 LOWEST     55           200 PM
 AVERAGE    73

..........................................................


THE KAHULUI HI CLIMATE NORMALS FOR TODAY
                         NORMAL    RECORD    YEAR
 MAXIMUM TEMPERATURE (F)   88        96      1995
 MINIMUM TEMPERATURE (F)   70        60      1952


SUNRISE AND SUNSET
SEPTEMBER 19 2014.....SUNRISE   614 AM HST   SUNSET   625 PM HST
SEPTEMBER 20 2014.....SUNRISE   614 AM HST   SUNSET   624 PM HST


-  INDICATES NEGATIVE NUMBERS.
R  INDICATES RECORD WAS SET OR TIED.
MM INDICATES DATA IS MISSING.
T  INDICATES TRACE AMOUNT.




$$
