000
CDHW42 PHFO 280226
CLIOGG


CLIMATE REPORT
NATIONAL WEATHER SERVICE HONOLULU HI
425 PM HST THU NOV 27 2014


...................................

...THE KAHULUI HI CLIMATE SUMMARY FOR NOVEMBER 27 2014...
VALID TODAY AS OF 0400 PM LOCAL TIME.

CLIMATE NORMAL PERIOD 1981 TO 2010
CLIMATE RECORD PERIOD 1946 TO 2014


WEATHER ITEM   OBSERVED TIME   RECORD YEAR NORMAL DEPARTURE LAST
                VALUE   (LST)  VALUE       VALUE  FROM      YEAR
                                                  NORMAL
..................................................................
TEMPERATURE (F)
 TODAY
  MAXIMUM         81    219 PM  93    2005  83     -2       85
  MINIMUM         69    357 AM  55    1985  67      2       63
  AVERAGE         75                        75      0       74

PRECIPITATION (IN)
  TODAY            0.01          2.78 2001   0.10  -0.09     0.00
  MONTH TO DATE    0.89                      1.91  -1.02     4.64
  SINCE SEP 1      2.49                      3.49  -1.00     4.93
  SINCE JAN 1     18.14                     14.19   3.95    13.59

SNOWFALL (IN)
  TODAY            0.0
  MONTH TO DATE    0.0
  SINCE SEP 1      0.0
  SINCE JUL 1      0.0
  SNOW DEPTH       0

DEGREE DAYS
 HEATING
  TODAY            0                         0      0        0
  MONTH TO DATE    0                         0      0        0
  SINCE SEP 1      0                         0      0        0
  SINCE JUL 1      0                         0      0        0

 COOLING
  TODAY           10                        10      0        9
  MONTH TO DATE  328                       301     27      294
  SINCE SEP 1   1276                      1135    141     1160
  SINCE JAN 1   4164                      3677    487     3947
..................................................................


WIND (MPH)
  HIGHEST WIND SPEED    26   HIGHEST WIND DIRECTION    NE (40)
  HIGHEST GUST SPEED    33   HIGHEST GUST DIRECTION    NE (40)
  AVERAGE WIND SPEED    14.2


SKY COVER
  POSSIBLE SUNSHINE  MM
  AVERAGE SKY COVER 0.6


WEATHER CONDITIONS
 THE FOLLOWING WEATHER WAS RECORDED TODAY.
  LIGHT RAIN


RELATIVE HUMIDITY (PERCENT)
 HIGHEST    84          1200 AM
 LOWEST     51           200 PM
 AVERAGE    68

..........................................................


THE KAHULUI HI CLIMATE NORMALS FOR TOMORROW
                         NORMAL    RECORD    YEAR
 MAXIMUM TEMPERATURE (F)   83        88      2007
 MINIMUM TEMPERATURE (F)   67        21      2007


SUNRISE AND SUNSET
NOVEMBER 27 2014......SUNRISE   644 AM HST   SUNSET   543 PM HST
NOVEMBER 28 2014......SUNRISE   644 AM HST   SUNSET   543 PM HST


-  INDICATES NEGATIVE NUMBERS.
R  INDICATES RECORD WAS SET OR TIED.
MM INDICATES DATA IS MISSING.
T  INDICATES TRACE AMOUNT.




$$
