000
CDHW42 PHFO 081245
CLIOGG


CLIMATE REPORT
NATIONAL WEATHER SERVICE HONOLULU HI
245 AM HST THU DEC 8 2016


...................................

...THE KAHULUI HI CLIMATE SUMMARY FOR DECEMBER 7 2016...

CLIMATE NORMAL PERIOD 1981 TO 2010
CLIMATE RECORD PERIOD 1946 TO 2016


WEATHER ITEM   OBSERVED TIME   RECORD YEAR NORMAL DEPARTURE LAST
                VALUE   (LST)  VALUE       VALUE  FROM      YEAR
                                                  NORMAL
..................................................................
TEMPERATURE (F)
 YESTERDAY
  MAXIMUM         86   1123 AM  89    1953  82      4       86
  MINIMUM         69    725 AM  55    2010  66      3       63
                                      1986
  AVERAGE         78                        74      4       75

PRECIPITATION (IN)
  YESTERDAY        0.00          2.22 1957   0.10  -0.10      T
  MONTH TO DATE    0.37                      0.71  -0.34     0.01
  SINCE DEC 1      0.37                      0.71  -0.34     0.01
  SINCE JAN 1     12.63                     15.19  -2.56    26.71

SNOWFALL (IN)
  YESTERDAY        0.0
  MONTH TO DATE    0.0
  SINCE DEC 1      0.0
  SINCE JUL 1      0.0
  SNOW DEPTH       0

DEGREE DAYS
 HEATING
  YESTERDAY        0                         0      0        0
  MONTH TO DATE    0                         0      0        0
  SINCE DEC 1      0                         0      0        0
  SINCE JUL 1      0                         0      0        0

 COOLING
  YESTERDAY       13                         9      4       10
  MONTH TO DATE   76                        65     11       71
  SINCE DEC 1     76                        65     11       71
  SINCE JAN 1   4284                      3772    512     4072
..................................................................


WIND (MPH)
  HIGHEST WIND SPEED    21   HIGHEST WIND DIRECTION     N (20)
  HIGHEST GUST SPEED    23   HIGHEST GUST DIRECTION     N (20)
  AVERAGE WIND SPEED     7.7


SKY COVER
  POSSIBLE SUNSHINE  MM
  AVERAGE SKY COVER 0.4


WEATHER CONDITIONS
 THE FOLLOWING WEATHER WAS RECORDED YESTERDAY.
  NO SIGNIFICANT WEATHER WAS OBSERVED.


RELATIVE HUMIDITY (PERCENT)
 HIGHEST    90          1200 AM
 LOWEST     61          1100 AM
 AVERAGE    76

..........................................................


THE KAHULUI HI CLIMATE NORMALS FOR TODAY
                         NORMAL    RECORD    YEAR
 MAXIMUM TEMPERATURE (F)   82        88      1980
                                             1951
 MINIMUM TEMPERATURE (F)   66        49      2008


SUNRISE AND SUNSET
DECEMBER  8 2016......SUNRISE   651 AM HST   SUNSET   545 PM HST
DECEMBER  9 2016......SUNRISE   652 AM HST   SUNSET   545 PM HST


-  INDICATES NEGATIVE NUMBERS.
R  INDICATES RECORD WAS SET OR TIED.
MM INDICATES DATA IS MISSING.
T  INDICATES TRACE AMOUNT.




$$
