000
CDUS43 KEAX 290633
CLIOJC


CLIMATE REPORT
NATIONAL WEATHER SERVICE KANSAS CITY/PLEASANT HILL MO
133 AM CDT SUN MAY 29 2016


...................................

...THE JOHNSON COUNTY EXECUTIVE KS CLIMATE SUMMARY FOR MAY 28 2016...

CLIMATE NORMAL PERIOD 1981 TO 2010
CLIMATE RECORD PERIOD 9999 TO 9999


WEATHER ITEM   OBSERVED TIME   NORMAL DEPARTURE LAST
                VALUE   (LST)  VALUE  FROM      YEAR
                                      NORMAL
......................................................
TEMPERATURE (F)
 YESTERDAY
  MAXIMUM         76    306 PM  78     -2       72
  MINIMUM         57    353 AM  59     -2       64
  AVERAGE         67            68     -1       68

PRECIPITATION (IN)
  YESTERDAY        0.00          0.17  -0.17     0.31
  MONTH TO DATE    7.53          4.91   2.62    10.05
  SINCE MAR 1     14.12         11.53   2.59    14.08
  SINCE JAN 1     15.37         14.22   1.15    15.67

DEGREE DAYS
 HEATING
  YESTERDAY        0             1     -1        0
  MONTH TO DATE  131            90     41       78
  SINCE MAR 1    794          1028   -234      835
  SINCE JUL 1   4139          4921   -782     4870

 COOLING
  YESTERDAY        2             5     -3        3
  MONTH TO DATE   33            70    -37       67
  SINCE MAR 1     39            88    -49       76
  SINCE JAN 1     39            88    -49       76
......................................................


WIND (MPH)
  HIGHEST WIND SPEED    17   HIGHEST WIND DIRECTION     W (250)
  HIGHEST GUST SPEED    24   HIGHEST GUST DIRECTION    SW (220)
  AVERAGE WIND SPEED     6.8


SKY COVER
  AVERAGE SKY COVER 0.5


WEATHER CONDITIONS
 THE FOLLOWING WEATHER WAS RECORDED YESTERDAY.
  NO SIGNIFICANT WEATHER WAS OBSERVED.


RELATIVE HUMIDITY (PERCENT)
 HIGHEST   100          1200 AM
 LOWEST     54           500 PM
 AVERAGE    77

..........................................................


THE JOHNSON COUNTY EXECUTIVE KS CLIMATE NORMALS FOR TODAY
                         NORMAL
 MAXIMUM TEMPERATURE (F)   78
 MINIMUM TEMPERATURE (F)   59


SUNRISE AND SUNSET
MAY 29 2016...........SUNRISE   557 AM CDT   SUNSET   837 PM CDT
MAY 30 2016...........SUNRISE   556 AM CDT   SUNSET   837 PM CDT


-  INDICATES NEGATIVE NUMBERS.
R  INDICATES RECORD WAS SET OR TIED.
MM INDICATES DATA IS MISSING.
T  INDICATES TRACE AMOUNT.




$$
