000
CDUS43 KEAX 270643
CLIOJC


CLIMATE REPORT
NATIONAL WEATHER SERVICE KANSAS CITY/PLEASANT HILL MO
142 AM CDT TUE JUN 27 2017


...................................

...THE JOHNSON COUNTY EXECUTIVE KS CLIMATE SUMMARY FOR JUNE 26 2017...

CLIMATE NORMAL PERIOD 1981 TO 2010
CLIMATE RECORD PERIOD 9999 TO 9999


WEATHER ITEM   OBSERVED TIME   NORMAL DEPARTURE LAST
                VALUE   (LST)  VALUE  FROM      YEAR
                                      NORMAL
......................................................
TEMPERATURE (F)
 YESTERDAY
  MAXIMUM         70    459 PM  85    -15       91
  MINIMUM         50    434 AM  66    -16       70
  AVERAGE         60            76    -16       81

PRECIPITATION (IN)
  YESTERDAY        0.01          0.14  -0.13     0.82
  MONTH TO DATE    2.22          5.25  -3.03     1.41
  SINCE JUN 1      2.22          5.25  -3.03     1.41
  SINCE JAN 1     15.58         19.99  -4.41    16.81

DEGREE DAYS
 HEATING
  YESTERDAY        5             0      5        0
  MONTH TO DATE    5             6     -1        0
  SINCE JUN 1      5             6     -1        0
  SINCE JUL 1   4023          4932   -909     4139

 COOLING
  YESTERDAY        0            11    -11       16
  MONTH TO DATE  235           213     22      343
  SINCE JUN 1    235           213     22      343
  SINCE JAN 1    331           317     14      397
......................................................


WIND (MPH)
  HIGHEST WIND SPEED    20   HIGHEST WIND DIRECTION    NE (60)
  HIGHEST GUST SPEED    25   HIGHEST GUST DIRECTION     E (90)
  AVERAGE WIND SPEED     6.5


SKY COVER
  AVERAGE SKY COVER 0.2


WEATHER CONDITIONS
 THE FOLLOWING WEATHER WAS RECORDED YESTERDAY.
  THUNDERSTORM
  LIGHT RAIN
  FOG


RELATIVE HUMIDITY (PERCENT)
 HIGHEST   100           200 AM
 LOWEST     57           400 PM
 AVERAGE    79

..........................................................


THE JOHNSON COUNTY EXECUTIVE KS CLIMATE NORMALS FOR TODAY
                         NORMAL
 MAXIMUM TEMPERATURE (F)   85
 MINIMUM TEMPERATURE (F)   67


SUNRISE AND SUNSET
JUNE 27 2017..........SUNRISE   556 AM CDT   SUNSET   848 PM CDT
JUNE 28 2017..........SUNRISE   556 AM CDT   SUNSET   848 PM CDT


-  INDICATES NEGATIVE NUMBERS.
R  INDICATES RECORD WAS SET OR TIED.
MM INDICATES DATA IS MISSING.
T  INDICATES TRACE AMOUNT.




$$
