000
CDUS43 KEAX 100633
CLIOJC


CLIMATE REPORT
NATIONAL WEATHER SERVICE KANSAS CITY/PLEASANT HILL MO
132 AM CDT THU JUL 10 2014


...................................

...THE JOHNSON COUNTY EXECUTIVE KS CLIMATE SUMMARY FOR JULY 9 2014...

CLIMATE NORMAL PERIOD 1981 TO 2010
CLIMATE RECORD PERIOD 9999 TO 9999


WEATHER ITEM   OBSERVED TIME   NORMAL DEPARTURE LAST
                VALUE   (LST)  VALUE  FROM      YEAR
                                      NORMAL
......................................................
TEMPERATURE (F)
 YESTERDAY
  MAXIMUM         84    443 PM  87     -3       98
  MINIMUM         MM        MM  68     MM       76
  AVERAGE         MM            78     MM       87

PRECIPITATION (IN)
  YESTERDAY        0.00          0.12  -0.12     0.00
  MONTH TO DATE    1.09          1.11  -0.02     0.54
  SINCE JUN 1      9.28          6.89   2.39     4.44
  SINCE JAN 1     16.86         21.63  -4.77    22.37

DEGREE DAYS
 HEATING
  YESTERDAY       MM             0     MM        0
  MONTH TO DATE    0             0      0        0
  SINCE JUN 1      1             8     -7       14
  SINCE JUL 1      0             0      0        0

 COOLING
  YESTERDAY       MM            13     MM       22
  MONTH TO DATE   66           110    -44      107
  SINCE JUN 1    320           367    -47      385
  SINCE JAN 1    473           471      2      486
......................................................


WIND (MPH)
  HIGHEST WIND SPEED    10   HIGHEST WIND DIRECTION     E (80)
  HIGHEST GUST SPEED    15   HIGHEST GUST DIRECTION     N (340)
  AVERAGE WIND SPEED     4.7


SKY COVER
  AVERAGE SKY COVER 0.1


WEATHER CONDITIONS
 THE FOLLOWING WEATHER WAS RECORDED YESTERDAY.
  NO SIGNIFICANT WEATHER WAS OBSERVED.


RELATIVE HUMIDITY (PERCENT)
 HIGHEST    93           200 AM
 LOWEST     43           100 PM
 AVERAGE    68

..........................................................


THE JOHNSON COUNTY EXECUTIVE KS CLIMATE NORMALS FOR TODAY
                         NORMAL
 MAXIMUM TEMPERATURE (F)   87
 MINIMUM TEMPERATURE (F)   68


SUNRISE AND SUNSET
JULY 10 2014..........SUNRISE   603 AM CDT   SUNSET   846 PM CDT
JULY 11 2014..........SUNRISE   603 AM CDT   SUNSET   845 PM CDT


-  INDICATES NEGATIVE NUMBERS.
R  INDICATES RECORD WAS SET OR TIED.
MM INDICATES DATA IS MISSING.
T  INDICATES TRACE AMOUNT.




$$
