000
CDUS43 KEAX 010032
CLIOJC


CLIMATE REPORT
NATIONAL WEATHER SERVICE KANSAS CITY/PLEASANT HILL MO
732 PM CDT TUE SEP 30 2014


...................................

...THE JOHNSON COUNTY EXECUTIVE KS CLIMATE SUMMARY FOR SEPTEMBER 30 2014...
VALID TODAY AS OF 0700 PM LOCAL TIME.

CLIMATE NORMAL PERIOD 1981 TO 2010
CLIMATE RECORD PERIOD 9999 TO 9999


WEATHER ITEM   OBSERVED TIME   NORMAL DEPARTURE LAST
                VALUE   (LST)  VALUE  FROM      YEAR
                                      NORMAL
......................................................
TEMPERATURE (F)
 TODAY
  MAXIMUM         83    225 PM  73     10       76
  MINIMUM         60    642 AM  53      7       46
  AVERAGE         72            63      9       61

PRECIPITATION (IN)
  TODAY            0.00          0.11  -0.11     0.00
  MONTH TO DATE    2.69          4.51  -1.82     2.99
  SINCE SEP 1      2.69          4.51  -1.82     2.99
  SINCE JAN 1     24.64         32.47  -7.83    29.50

DEGREE DAYS
 HEATING
  TODAY            0             4     -4        4
  MONTH TO DATE   57            46     11       27
  SINCE SEP 1     57            48      9       27
  SINCE JUL 1     58            49      9       27

 COOLING
  TODAY            7             2      5        0
  MONTH TO DATE  129           156    -27      216
  SINCE SEP 1    129           156    -27      216
  SINCE JAN 1   1218          1321   -103     1329
......................................................


WIND (MPH)
  HIGHEST WIND SPEED    20   HIGHEST WIND DIRECTION     S (160)
  HIGHEST GUST SPEED    24   HIGHEST GUST DIRECTION     S (180)
  AVERAGE WIND SPEED     8.3


SKY COVER
  AVERAGE SKY COVER 0.1


WEATHER CONDITIONS
 THE FOLLOWING WEATHER WAS RECORDED TODAY.
  NO SIGNIFICANT WEATHER WAS OBSERVED.


RELATIVE HUMIDITY (PERCENT)
 HIGHEST    90           600 AM
 LOWEST     43           100 PM
 AVERAGE    67

..........................................................


THE JOHNSON COUNTY EXECUTIVE KS CLIMATE NORMALS FOR TOMORROW
                         NORMAL
 MAXIMUM TEMPERATURE (F)   73
 MINIMUM TEMPERATURE (F)   52


SUNRISE AND SUNSET
SEPTEMBER 30 2014.....SUNRISE   714 AM CDT   SUNSET   703 PM CDT
OCTOBER  1 2014.......SUNRISE   715 AM CDT   SUNSET   702 PM CDT


-  INDICATES NEGATIVE NUMBERS.
R  INDICATES RECORD WAS SET OR TIED.
MM INDICATES DATA IS MISSING.
T  INDICATES TRACE AMOUNT.




$$
