000
CDUS43 KEAX 260636
CLIOJC


CLIMATE REPORT
NATIONAL WEATHER SERVICE KANSAS CITY/PLEASANT HILL MO
136 AM CDT TUE JUL 26 2016


...................................

...THE JOHNSON COUNTY EXECUTIVE KS CLIMATE SUMMARY FOR JULY 25 2016...

CLIMATE NORMAL PERIOD 1981 TO 2010
CLIMATE RECORD PERIOD 9999 TO 9999


WEATHER ITEM   OBSERVED TIME   NORMAL DEPARTURE LAST
                VALUE   (LST)  VALUE  FROM      YEAR
                                      NORMAL
......................................................
TEMPERATURE (F)
 YESTERDAY
  MAXIMUM         85    435 PM  89     -4       91
  MINIMUM         73    721 AM  70      3       76
  AVERAGE         79            79      0       84

PRECIPITATION (IN)
  YESTERDAY        0.04          0.10  -0.06      T
  MONTH TO DATE    4.18          3.05   1.13     6.71
  SINCE JUN 1      5.79          8.83  -3.04    12.90
  SINCE JAN 1     21.19         23.57  -2.38    29.12

DEGREE DAYS
 HEATING
  YESTERDAY        0             0      0        0
  MONTH TO DATE    0             0      0        1
  SINCE JUN 1      0             8     -8        5
  SINCE JUL 1      0             0      0        1

 COOLING
  YESTERDAY       14            14      0       19
  MONTH TO DATE  336           327      9      300
  SINCE JUN 1    726           584    142      647
  SINCE JAN 1    780           688     92      724
......................................................


WIND (MPH)
  HIGHEST WIND SPEED    16   HIGHEST WIND DIRECTION    NE (40)
  HIGHEST GUST SPEED    19   HIGHEST GUST DIRECTION    NE (30)
  AVERAGE WIND SPEED     5.3


SKY COVER
  AVERAGE SKY COVER 0.3


WEATHER CONDITIONS
 THE FOLLOWING WEATHER WAS RECORDED YESTERDAY.
  THUNDERSTORM
  LIGHT RAIN
  FOG


RELATIVE HUMIDITY (PERCENT)
 HIGHEST    87           600 AM
 LOWEST     65           400 PM
 AVERAGE    76

..........................................................


THE JOHNSON COUNTY EXECUTIVE KS CLIMATE NORMALS FOR TODAY
                         NORMAL
 MAXIMUM TEMPERATURE (F)   89
 MINIMUM TEMPERATURE (F)   70


SUNRISE AND SUNSET
JULY 26 2016..........SUNRISE   615 AM CDT   SUNSET   835 PM CDT
JULY 27 2016..........SUNRISE   616 AM CDT   SUNSET   834 PM CDT


-  INDICATES NEGATIVE NUMBERS.
R  INDICATES RECORD WAS SET OR TIED.
MM INDICATES DATA IS MISSING.
T  INDICATES TRACE AMOUNT.




$$
