000
CDUS43 KEAX 270637
CLIOJC


CLIMATE REPORT
NATIONAL WEATHER SERVICE KANSAS CITY/PLEASANT HILL MO
136 AM CDT THU APR 27 2017


...................................

...THE JOHNSON COUNTY EXECUTIVE KS CLIMATE SUMMARY FOR APRIL 26 2017...

CLIMATE NORMAL PERIOD 1981 TO 2010
CLIMATE RECORD PERIOD 9999 TO 9999


WEATHER ITEM   OBSERVED TIME   NORMAL DEPARTURE LAST
                VALUE   (LST)  VALUE  FROM      YEAR
                                      NORMAL
......................................................
TEMPERATURE (F)
 YESTERDAY
  MAXIMUM         50   1213 AM  68    -18       69
  MINIMUM         41    833 AM  49     -8       57
  AVERAGE         46            58    -12       63

PRECIPITATION (IN)
  YESTERDAY       MM             0.16  MM        1.90
  MONTH TO DATE    2.60          3.24  -0.64     3.53
  SINCE MAR 1      4.91          5.87  -0.96     5.62
  SINCE JAN 1      5.83          8.56  -2.73     6.87

DEGREE DAYS
 HEATING
  YESTERDAY       19             7     12        2
  MONTH TO DATE  204           288    -84      197
  SINCE MAR 1    721           912   -191      631
  SINCE JUL 1   3861          4805   -944     3976

 COOLING
  YESTERDAY        0             1     -1        0
  MONTH TO DATE   17            18     -1        6
  SINCE MAR 1     26            19      7        6
  SINCE JAN 1     26            19      7        6
......................................................


WIND (MPH)
  HIGHEST WIND SPEED    20   HIGHEST WIND DIRECTION    NW (330)
  HIGHEST GUST SPEED    26   HIGHEST GUST DIRECTION    NW (330)
  AVERAGE WIND SPEED    11.9


SKY COVER
  AVERAGE SKY COVER 1.0


WEATHER CONDITIONS
 THE FOLLOWING WEATHER WAS RECORDED YESTERDAY.
  LIGHT RAIN
  FOG


RELATIVE HUMIDITY (PERCENT)
 HIGHEST   100          1200 AM
 LOWEST     71           500 PM
 AVERAGE    86

..........................................................


THE JOHNSON COUNTY EXECUTIVE KS CLIMATE NORMALS FOR TODAY
                         NORMAL
 MAXIMUM TEMPERATURE (F)   69
 MINIMUM TEMPERATURE (F)   49


SUNRISE AND SUNSET
APRIL 27 2017.........SUNRISE   626 AM CDT   SUNSET   808 PM CDT
APRIL 28 2017.........SUNRISE   625 AM CDT   SUNSET   809 PM CDT


-  INDICATES NEGATIVE NUMBERS.
R  INDICATES RECORD WAS SET OR TIED.
MM INDICATES DATA IS MISSING.
T  INDICATES TRACE AMOUNT.




$$
