000
CDUS43 KEAX 260033
CLIOJC


CLIMATE REPORT
NATIONAL WEATHER SERVICE KANSAS CITY/PLEASANT HILL MO
633 PM CST SAT FEB 25 2017


...................................

...THE JOHNSON COUNTY EXECUTIVE KS CLIMATE SUMMARY FOR FEBRUARY 25 2017...
VALID TODAY AS OF 0600 PM LOCAL TIME.

CLIMATE NORMAL PERIOD 1981 TO 2010
CLIMATE RECORD PERIOD 9999 TO 9999


WEATHER ITEM   OBSERVED TIME   NORMAL DEPARTURE LAST
                VALUE   (LST)  VALUE  FROM      YEAR
                                      NORMAL
......................................................
TEMPERATURE (F)
 TODAY
  MAXIMUM         41    458 PM  48     -7       40
  MINIMUM         20    729 AM  28     -8       31
  AVERAGE         31            38     -7       36

PRECIPITATION (IN)
  TODAY            0.00          0.05  -0.05      T
  MONTH TO DATE    0.03          1.39  -1.36     0.47
  SINCE DEC 1      1.82          4.15  -2.33     5.05
  SINCE JAN 1      0.92          2.51  -1.59     1.25

DEGREE DAYS
 HEATING
  TODAY           34            27      7       29
  MONTH TO DATE  528           766   -238      662
  SINCE DEC 1   2506          2859   -353     2501
  SINCE JUL 1   3088          3814   -726     3276

 COOLING
  TODAY            0             0      0        0
  MONTH TO DATE    0             0      0        0
  SINCE DEC 1      0             0      0        0
  SINCE JAN 1      0             0      0        0
......................................................


WIND (MPH)
  HIGHEST WIND SPEED    14   HIGHEST WIND DIRECTION    NW (330)
  HIGHEST GUST SPEED    20   HIGHEST GUST DIRECTION    NW (310)
  AVERAGE WIND SPEED     8.5


SKY COVER
  AVERAGE SKY COVER 0.2


WEATHER CONDITIONS
 THE FOLLOWING WEATHER WAS RECORDED TODAY.
  NO SIGNIFICANT WEATHER WAS OBSERVED.


RELATIVE HUMIDITY (PERCENT)
 HIGHEST    91           700 AM
 LOWEST     25           500 PM
 AVERAGE    58

..........................................................


THE JOHNSON COUNTY EXECUTIVE KS CLIMATE NORMALS FOR TOMORROW
                         NORMAL
 MAXIMUM TEMPERATURE (F)   48
 MINIMUM TEMPERATURE (F)   28


SUNRISE AND SUNSET
FEBRUARY 25 2017......SUNRISE   657 AM CST   SUNSET   608 PM CST
FEBRUARY 26 2017......SUNRISE   655 AM CST   SUNSET   609 PM CST


-  INDICATES NEGATIVE NUMBERS.
R  INDICATES RECORD WAS SET OR TIED.
MM INDICATES DATA IS MISSING.
T  INDICATES TRACE AMOUNT.




$$
