000
CDUS46 KSGX 040116
CLIOKB


CLIMATE REPORT
NATIONAL WEATHER SERVICE SAN DIEGO, CA
516 PM PST SAT DEC 3 2016


...................................

...THE OCEANSIDE AIRPORT CA CLIMATE SUMMARY FOR DECEMBER 3 2016...
VALID TODAY AS OF 0500 PM LOCAL TIME.

CLIMATE NORMAL PERIOD 1981 TO 2010
CLIMATE RECORD PERIOD 1999 TO 2016


WEATHER ITEM   OBSERVED TIME   RECORD YEAR NORMAL DEPARTURE LAST
                VALUE   (LST)  VALUE       VALUE  FROM      YEAR
                                                  NORMAL
..................................................................
TEMPERATURE (F)
 TODAY
  MAXIMUM         69   1153 AM  80    2006  67      2       76
  MINIMUM         46    657 AM  32    2006  41      5       42
  AVERAGE         58                        54      4       59

PRECIPITATION (IN)
  TODAY            0.00          0.53 2014   0.03  -0.03     0.00
  MONTH TO DATE    0.00                      0.10  -0.10     0.00
  SINCE OCT 1      1.34                      1.83  -0.49     1.30
  SINCE JAN 1      6.53                     11.61  -5.08     6.21

DEGREE DAYS
 HEATING
  TODAY            7                        11     -4        6
  MONTH TO DATE   28                        33     -5       29
  SINCE DEC 1     28                        33     -5       29
  SINCE JUL 1    214                       383   -169      260

 COOLING
  TODAY            0                         0      0        0
  MONTH TO DATE    0                         0      0        0
  SINCE DEC 1      0                         0      0        0
  SINCE JAN 1    657                       419    238     1069
..................................................................


WIND (MPH)
  RESULTANT WIND SPEED   5   RESULTANT WIND DIRECTION   N (20)
  HIGHEST WIND SPEED    20   HIGHEST WIND DIRECTION     W (290)
  HIGHEST GUST SPEED    22   HIGHEST GUST DIRECTION     W (290)
  AVERAGE WIND SPEED     8.7


SKY COVER
  POSSIBLE SUNSHINE  MM
  AVERAGE SKY COVER 0.0


WEATHER CONDITIONS
 THE FOLLOWING WEATHER WAS RECORDED TODAY.
  NO SIGNIFICANT WEATHER WAS OBSERVED.


RELATIVE HUMIDITY (PERCENT)
 HIGHEST    37           100 PM
 LOWEST     13          1100 AM
 AVERAGE    25

..........................................................


THE OCEANSIDE AIRPORT CA CLIMATE NORMALS FOR TOMORROW
                         NORMAL    RECORD    YEAR
 MAXIMUM TEMPERATURE (F)   66        76      2005
                                             2000
 MINIMUM TEMPERATURE (F)   41        29      2011


SUNRISE AND SUNSET
DECEMBER  3 2016......SUNRISE   637 AM PST   SUNSET   442 PM PST
DECEMBER  4 2016......SUNRISE   638 AM PST   SUNSET   442 PM PST


-  INDICATES NEGATIVE NUMBERS.
R  INDICATES RECORD WAS SET OR TIED.
MM INDICATES DATA IS MISSING.
T  INDICATES TRACE AMOUNT.




$$
