000
CDUS46 KSGX 040017
CLIOKB


CLIMATE REPORT
NATIONAL WEATHER SERVICE SAN DIEGO, CA
516 PM PDT FRI JUL 3 2015


...................................

...THE OCEANSIDE AIRPORT CA CLIMATE SUMMARY FOR JULY 3 2015...
VALID TODAY AS OF 0500 PM LOCAL TIME.

CLIMATE NORMAL PERIOD 1981 TO 2010
CLIMATE RECORD PERIOD 1999 TO 2015


WEATHER ITEM   OBSERVED TIME   RECORD YEAR NORMAL DEPARTURE LAST
                VALUE   (LST)  VALUE       VALUE  FROM      YEAR
                                                  NORMAL
..................................................................
TEMPERATURE (F)
 TODAY
  MAXIMUM         76    103 PM  83    2001  75      1       73
  MINIMUM         67    615 AM  58    2004  60      7       60
  AVERAGE         72                        68      4       67

PRECIPITATION (IN)
  TODAY            0.00          0.00 2006   0.01  -0.01     0.00
                                      2005
                                      2004
  MONTH TO DATE    T                         0.03  -0.03     0.00
  SINCE OCT 1      7.40                     13.18  -5.78     4.19
  SINCE JAN 1      3.00                      9.30  -6.30     2.60

SNOWFALL (IN)
  TODAY            0.0
  MONTH TO DATE    0.0
  SINCE JUN 1      0.0
  SINCE JUL 1      0.0
  SNOW DEPTH       0

DEGREE DAYS
 HEATING
  TODAY            0                         0      0        0
  MONTH TO DATE    0                         0      0        0
  SINCE JUN 1      4                        27    -23        4
  SINCE JUL 1      0                         0      0        0

 COOLING
  TODAY            7                         3      4        2
  MONTH TO DATE   25                         9     16        5
  SINCE JUN 1    124                        47     77       42
  SINCE JAN 1    163                        57    106      134
..................................................................


WIND (MPH)
  RESULTANT WIND SPEED   3   RESULTANT WIND DIRECTION   W (250)
  HIGHEST WIND SPEED    16   HIGHEST WIND DIRECTION     W (250)
  HIGHEST GUST SPEED    23   HIGHEST GUST DIRECTION    SW (240)
  AVERAGE WIND SPEED     4.5


SKY COVER
  POSSIBLE SUNSHINE  MM
  AVERAGE SKY COVER 0.7


WEATHER CONDITIONS
 THE FOLLOWING WEATHER WAS RECORDED TODAY.
  NO SIGNIFICANT WEATHER WAS OBSERVED.


RELATIVE HUMIDITY (PERCENT)
 HIGHEST    87          1200 AM
 LOWEST     64          1100 AM
 AVERAGE    76

..........................................................


THE OCEANSIDE AIRPORT CA CLIMATE NORMALS FOR TOMORROW
                         NORMAL    RECORD    YEAR
 MAXIMUM TEMPERATURE (F)   75        82      2006
 MINIMUM TEMPERATURE (F)   60        56      2008


SUNRISE AND SUNSET
JULY  3 2015..........SUNRISE   545 AM PDT   SUNSET   802 PM PDT
JULY  4 2015..........SUNRISE   545 AM PDT   SUNSET   802 PM PDT


-  INDICATES NEGATIVE NUMBERS.
R  INDICATES RECORD WAS SET OR TIED.
MM INDICATES DATA IS MISSING.
T  INDICATES TRACE AMOUNT.




$$
