000
CDUS46 KSGX 200020
CLIOKB


CLIMATE REPORT
NATIONAL WEATHER SERVICE SAN DIEGO, CA
520 PM PDT THU OCT 19 2017


...................................

...THE OCEANSIDE AIRPORT CA CLIMATE SUMMARY FOR OCTOBER 19 2017...
VALID TODAY AS OF 0500 PM LOCAL TIME.

CLIMATE NORMAL PERIOD 1981 TO 2010
CLIMATE RECORD PERIOD 1999 TO 2017


WEATHER ITEM   OBSERVED TIME   RECORD YEAR NORMAL DEPARTURE LAST
                VALUE   (LST)  VALUE       VALUE  FROM      YEAR
                                                  NORMAL
..................................................................
TEMPERATURE (F)
 TODAY
  MAXIMUM         74   1244 PM  81    2006  73      1       78
  MINIMUM         60        MM  42    2013  51      9       49
  AVERAGE         67                        62      5       64

PRECIPITATION (IN)
  TODAY            0.00          2.77 2010   0.03  -0.03     0.00
  MONTH TO DATE    0.00                      0.34  -0.34     0.04
  SINCE OCT 1      0.00                      0.34  -0.34     0.04
  SINCE JAN 1      9.84                     10.12  -0.28     5.23

DEGREE DAYS
 HEATING
  TODAY            0                         3     -3        1
  MONTH TO DATE   10                        37    -27       19
  SINCE SEP 1     20                        47    -27       31
  SINCE JUL 1     20                        52    -32       31

 COOLING
  TODAY            2                         0      2        0
  MONTH TO DATE   34                        18     16       19
  SINCE SEP 1    182                       112     70      153
  SINCE JAN 1    701                       412    289      610
..................................................................


WIND (MPH)
  RESULTANT WIND SPEED   3   RESULTANT WIND DIRECTION   S (200)
  HIGHEST WIND SPEED    12   HIGHEST WIND DIRECTION     W (250)
  HIGHEST GUST SPEED    22   HIGHEST GUST DIRECTION     S (170)
  AVERAGE WIND SPEED     4.6


SKY COVER
  POSSIBLE SUNSHINE  MM
  AVERAGE SKY COVER 0.6


WEATHER CONDITIONS
 THE FOLLOWING WEATHER WAS RECORDED TODAY.
  FOG
  HAZE


RELATIVE HUMIDITY (PERCENT)
 HIGHEST    93          1200 AM
 LOWEST     64          1100 AM
 AVERAGE    79

..........................................................


THE OCEANSIDE AIRPORT CA CLIMATE NORMALS FOR TOMORROW
                         NORMAL    RECORD    YEAR
 MAXIMUM TEMPERATURE (F)   73        91      2016
 MINIMUM TEMPERATURE (F)   51        41      2013


SUNRISE AND SUNSET
OCTOBER 19 2017.......SUNRISE   657 AM PDT   SUNSET   611 PM PDT
OCTOBER 20 2017.......SUNRISE   658 AM PDT   SUNSET   610 PM PDT


-  INDICATES NEGATIVE NUMBERS.
R  INDICATES RECORD WAS SET OR TIED.
MM INDICATES DATA IS MISSING.
T  INDICATES TRACE AMOUNT.




$$
