000
CDUS46 KSGX 230031
CLIOKB


CLIMATE REPORT
NATIONAL WEATHER SERVICE SAN DIEGO, CA
530 PM PDT THU JUN 22 2017


...................................

...THE OCEANSIDE AIRPORT CA CLIMATE SUMMARY FOR JUNE 22 2017...
VALID TODAY AS OF 0500 PM LOCAL TIME.

CLIMATE NORMAL PERIOD 1981 TO 2010
CLIMATE RECORD PERIOD 1999 TO 2017


WEATHER ITEM   OBSERVED TIME   RECORD YEAR NORMAL DEPARTURE LAST
                VALUE   (LST)  VALUE       VALUE  FROM      YEAR
                                                  NORMAL
..................................................................
TEMPERATURE (F)
 TODAY
  MAXIMUM         75   1247 PM  87    2008  73      2       77
  MINIMUM         63    607 AM  48    2010  59      4       61
  AVERAGE         69                        66      3       69

PRECIPITATION (IN)
  TODAY            0.00          0.00 2006   0.01  -0.01     0.00
                                      2005
                                      2004
  MONTH TO DATE    0.05                      0.08  -0.03     0.00
  SINCE OCT 1     14.97                     13.12   1.85     7.12
  SINCE JAN 1      9.82                      9.24   0.58     4.95

DEGREE DAYS
 HEATING
  TODAY            0                         1     -1        0
  MONTH TO DATE   14                        27    -13        2
  SINCE JUN 1     14                        27    -13        2
  SINCE JUL 1   1426                      2028   -602     1602

 COOLING
  TODAY            4                         2      2        4
  MONTH TO DATE   26                        21      5       47
  SINCE JUN 1     26                        21      5       47
  SINCE JAN 1     43                        31     12       67
..................................................................


WIND (MPH)
  RESULTANT WIND SPEED   3   RESULTANT WIND DIRECTION  SW (220)
  HIGHEST WIND SPEED    13   HIGHEST WIND DIRECTION     W (250)
  HIGHEST GUST SPEED    17   HIGHEST GUST DIRECTION    SW (230)
  AVERAGE WIND SPEED     4.6


SKY COVER
  POSSIBLE SUNSHINE  MM
  AVERAGE SKY COVER 0.7


WEATHER CONDITIONS
 THE FOLLOWING WEATHER WAS RECORDED TODAY.
  FOG


RELATIVE HUMIDITY (PERCENT)
 HIGHEST   100          1200 AM
 LOWEST     64          1200 PM
 AVERAGE    82

..........................................................


THE OCEANSIDE AIRPORT CA CLIMATE NORMALS FOR TOMORROW
                         NORMAL    RECORD    YEAR
 MAXIMUM TEMPERATURE (F)   74        83      2001
 MINIMUM TEMPERATURE (F)   59        49      2004


SUNRISE AND SUNSET
JUNE 22 2017..........SUNRISE   541 AM PDT   SUNSET   802 PM PDT
JUNE 23 2017..........SUNRISE   541 AM PDT   SUNSET   802 PM PDT


-  INDICATES NEGATIVE NUMBERS.
R  INDICATES RECORD WAS SET OR TIED.
MM INDICATES DATA IS MISSING.
T  INDICATES TRACE AMOUNT.




$$
