000
CDUS46 KSGX 271142
CLIOKB


CLIMATE REPORT
NATIONAL WEATHER SERVICE SAN DIEGO, CA
441 AM PDT THU APR 27 2017


...................................

...THE OCEANSIDE AIRPORT CA CLIMATE SUMMARY FOR APRIL 26 2017...

CLIMATE NORMAL PERIOD 1981 TO 2010
CLIMATE RECORD PERIOD 1999 TO 2017


WEATHER ITEM   OBSERVED TIME   RECORD YEAR NORMAL DEPARTURE LAST
                VALUE   (LST)  VALUE       VALUE  FROM      YEAR
                                                  NORMAL
..................................................................
TEMPERATURE (F)
 YESTERDAY
  MAXIMUM         74    245 PM  91    2004  69      5       68
  MINIMUM         50    536 AM   9    2011  51     -1       44
  AVERAGE         62                        60      2       56

PRECIPITATION (IN)
  YESTERDAY        0.00          0.42 2012   0.03  -0.03     0.00
  MONTH TO DATE    0.02                      0.88  -0.86     0.46
  SINCE OCT 1     13.65                     12.69   0.96     6.58
  SINCE JAN 1      8.50                      8.81  -0.31     4.41

DEGREE DAYS
 HEATING
  YESTERDAY        3                         5     -2        9
  MONTH TO DATE  104                       176    -72      120
  SINCE MAR 1    317                       466   -149      341
  SINCE JUL 1   1332                      1874   -542     1509

 COOLING
  YESTERDAY        0                         0      0        0
  MONTH TO DATE    3                         0      3        4
  SINCE MAR 1      3                         1      2        4
  SINCE JAN 1      3                         1      2       10
..................................................................


WIND (MPH)
  RESULTANT WIND SPEED   3   RESULTANT WIND DIRECTION  SW (210)
  HIGHEST WIND SPEED    13   HIGHEST WIND DIRECTION    SW (240)
  HIGHEST GUST SPEED    18   HIGHEST GUST DIRECTION    SW (230)
  AVERAGE WIND SPEED     4.6


SKY COVER
  POSSIBLE SUNSHINE  MM
  AVERAGE SKY COVER 0.1


WEATHER CONDITIONS
 THE FOLLOWING WEATHER WAS RECORDED YESTERDAY.
  NO SIGNIFICANT WEATHER WAS OBSERVED.


RELATIVE HUMIDITY (PERCENT)
 HIGHEST    93          1200 AM
 LOWEST     47           900 AM
 AVERAGE    70

..........................................................


THE OCEANSIDE AIRPORT CA CLIMATE NORMALS FOR TODAY
                         NORMAL    RECORD    YEAR
 MAXIMUM TEMPERATURE (F)   69        97      2008
 MINIMUM TEMPERATURE (F)   51        44      2015


SUNRISE AND SUNSET
APRIL 27 2017.........SUNRISE   605 AM PDT   SUNSET   729 PM PDT
APRIL 28 2017.........SUNRISE   604 AM PDT   SUNSET   730 PM PDT


-  INDICATES NEGATIVE NUMBERS.
R  INDICATES RECORD WAS SET OR TIED.
MM INDICATES DATA IS MISSING.
T  INDICATES TRACE AMOUNT.




$$
