000
CDUS46 KSGX 010016
CLIOKB


CLIMATE REPORT
NATIONAL WEATHER SERVICE SAN DIEGO, CA
516 PM PDT FRI SEP 30 2016


...................................

...THE OCEANSIDE AIRPORT CA CLIMATE SUMMARY FOR SEPTEMBER 30 2016...
VALID TODAY AS OF 0500 PM LOCAL TIME.

CLIMATE NORMAL PERIOD 1981 TO 2010
CLIMATE RECORD PERIOD 1999 TO 2016


WEATHER ITEM   OBSERVED TIME   RECORD YEAR NORMAL DEPARTURE LAST
                VALUE   (LST)  VALUE       VALUE  FROM      YEAR
                                                  NORMAL
..................................................................
TEMPERATURE (F)
 TODAY
  MAXIMUM         83    101 PM  87    2008  75      8       82
                                      1999
  MINIMUM         59    548 AM  46    2013  56      3       57
  AVERAGE         71                        66      5       70

PRECIPITATION (IN)
  TODAY            0.00          T    2009   0.01  -0.01     0.00
  MONTH TO DATE    0.24                      0.24   0.00     1.14
  SINCE OCT 1      7.36                     13.66  -6.30     9.31
  SINCE JAN 1      5.19                      9.78  -4.59     4.91

DEGREE DAYS
 HEATING
  TODAY            0                         1     -1        0
  MONTH TO DATE   12                         7      5        0
  SINCE SEP 1     12                        10      2        0
  SINCE JUL 1     12                        15     -3        0

 COOLING
  TODAY            6                         2      4        5
  MONTH TO DATE  134                        94     40      283
  SINCE SEP 1    134                        94     40      283
  SINCE JAN 1    591                       394    197      888
..................................................................


WIND (MPH)
  RESULTANT WIND SPEED   5   RESULTANT WIND DIRECTION   W (250)
  HIGHEST WIND SPEED    14   HIGHEST WIND DIRECTION     W (250)
  HIGHEST GUST SPEED    18   HIGHEST GUST DIRECTION     W (250)
  AVERAGE WIND SPEED     4.9


SKY COVER
  POSSIBLE SUNSHINE  MM
  AVERAGE SKY COVER 0.0


WEATHER CONDITIONS
 THE FOLLOWING WEATHER WAS RECORDED TODAY.
  NO SIGNIFICANT WEATHER WAS OBSERVED.


RELATIVE HUMIDITY (PERCENT)
 HIGHEST    90           200 AM
 LOWEST     47           100 PM
 AVERAGE    69

..........................................................


THE OCEANSIDE AIRPORT CA CLIMATE NORMALS FOR TOMORROW
                         NORMAL    RECORD    YEAR
 MAXIMUM TEMPERATURE (F)   75        93      2008
 MINIMUM TEMPERATURE (F)   56        46      2009


SUNRISE AND SUNSET
SEPTEMBER 30 2016.....SUNRISE   643 AM PDT   SUNSET   634 PM PDT
OCTOBER  1 2016.......SUNRISE   644 AM PDT   SUNSET   633 PM PDT


-  INDICATES NEGATIVE NUMBERS.
R  INDICATES RECORD WAS SET OR TIED.
MM INDICATES DATA IS MISSING.
T  INDICATES TRACE AMOUNT.




$$
