000
CDUS46 KSGX 230122
CLIOKB


CLIMATE REPORT
NATIONAL WEATHER SERVICE SAN DIEGO, CA
522 PM PST SAT NOV 22 2014


...................................

...THE OCEANSIDE AIRPORT CA CLIMATE SUMMARY FOR NOVEMBER 22 2014...
VALID TODAY AS OF 0500 PM LOCAL TIME.

CLIMATE NORMAL PERIOD 1981 TO 2010
CLIMATE RECORD PERIOD 1999 TO 2014


WEATHER ITEM   OBSERVED TIME   RECORD YEAR NORMAL DEPARTURE LAST
                VALUE   (LST)  VALUE       VALUE  FROM      YEAR
                                                  NORMAL
..................................................................
TEMPERATURE (F)
 TODAY
  MAXIMUM         70   1224 PM  78    2005  69      1       60
  MINIMUM         44    556 AM  39    2011  42      2       47
  AVERAGE         57                        56      1       54

PRECIPITATION (IN)
  TODAY            0.00          0.04 2013   0.04  -0.04     0.04
  MONTH TO DATE    0.71                      0.82  -0.11     0.48
  SINCE JUL 1      0.85                      2.03  -1.18     0.92
  SINCE JAN 1      3.45                     11.30  -7.85     3.24

SNOWFALL (IN)
  TODAY            0.0
  MONTH TO DATE    0.0
  SINCE JAN 1      0.0
  SINCE JUL 1      0.0
  SNOW DEPTH       0

DEGREE DAYS
 HEATING
  TODAY            8                        10     -2       11
  MONTH TO DATE   92                       166    -74      120
  SINCE SEP 1     99                       263   -164      234
  SINCE JUL 1     99                       268   -169      234

 COOLING
  TODAY            0                         0      0        0
  MONTH TO DATE    7                         0      7        5
  SINCE SEP 1    348                       116    232      134
  SINCE JAN 1    855                       416    439      535
..................................................................


WIND (MPH)
  RESULTANT WIND SPEED   1   RESULTANT WIND DIRECTION   W (280)
  HIGHEST WIND SPEED    12   HIGHEST WIND DIRECTION    SW (240)
  HIGHEST GUST SPEED    14   HIGHEST GUST DIRECTION    SW (240)
  AVERAGE WIND SPEED     4.4


SKY COVER
  POSSIBLE SUNSHINE  MM
  AVERAGE SKY COVER 0.0


WEATHER CONDITIONS
 THE FOLLOWING WEATHER WAS RECORDED TODAY.
  NO SIGNIFICANT WEATHER WAS OBSERVED.


RELATIVE HUMIDITY (PERCENT)
 HIGHEST    93           100 AM
 LOWEST     53          1200 PM
 AVERAGE    73

..........................................................


THE OCEANSIDE AIRPORT CA CLIMATE NORMALS FOR TOMORROW
                         NORMAL    RECORD    YEAR
 MAXIMUM TEMPERATURE (F)   68        74      2003
 MINIMUM TEMPERATURE (F)   42        33      2003
                                             1999


SUNRISE AND SUNSET
NOVEMBER 22 2014......SUNRISE   627 AM PST   SUNSET   444 PM PST
NOVEMBER 23 2014......SUNRISE   628 AM PST   SUNSET   444 PM PST


-  INDICATES NEGATIVE NUMBERS.
R  INDICATES RECORD WAS SET OR TIED.
MM INDICATES DATA IS MISSING.
T  INDICATES TRACE AMOUNT.




$$
