000
CDUS46 KSGX 010019
CLIOKB


CLIMATE REPORT
NATIONAL WEATHER SERVICE SAN DIEGO, CA
519 PM PDT TUE MAY 31 2016


...................................

...THE OCEANSIDE AIRPORT CA CLIMATE SUMMARY FOR MAY 31 2016...
VALID TODAY AS OF 0500 PM LOCAL TIME.

CLIMATE NORMAL PERIOD 1981 TO 2010
CLIMATE RECORD PERIOD 1999 TO 2016


WEATHER ITEM   OBSERVED TIME   RECORD YEAR NORMAL DEPARTURE LAST
                VALUE   (LST)  VALUE       VALUE  FROM      YEAR
                                                  NORMAL
..................................................................
TEMPERATURE (F)
 TODAY
  MAXIMUM         69    204 PM  77    2006  71     -2       68
  MINIMUM         61    633 AM  46    2011  56      5       61
  AVERAGE         65                        63      2       65

PRECIPITATION (IN)
  TODAY            0.00          0.03 2009   0.00   0.00      T
  MONTH TO DATE    0.54                      0.26   0.28     1.46
  SINCE OCT 1      7.12                     13.04  -5.92     7.38
  SINCE JAN 1      4.95                      9.16  -4.21     2.98

DEGREE DAYS
 HEATING
  TODAY            0                         2     -2        0
  MONTH TO DATE   69                       107    -38       79
  SINCE MAR 1    432                       593   -161      329
  SINCE JUL 1   1600                      2001   -401     1203

 COOLING
  TODAY            0                         0      0        0
  MONTH TO DATE   10                         7      3        5
  SINCE MAR 1     14                        10      4       39
  SINCE JAN 1     20                        10     10       39
..................................................................


WIND (MPH)
  RESULTANT WIND SPEED   4   RESULTANT WIND DIRECTION   W (280)
  HIGHEST WIND SPEED    12   HIGHEST WIND DIRECTION     W (250)
  HIGHEST GUST SPEED    16   HIGHEST GUST DIRECTION     W (250)
  AVERAGE WIND SPEED     4.6


SKY COVER
  POSSIBLE SUNSHINE  MM
  AVERAGE SKY COVER 1.0


WEATHER CONDITIONS
 THE FOLLOWING WEATHER WAS RECORDED TODAY.
  HAZE


RELATIVE HUMIDITY (PERCENT)
 HIGHEST    84           200 AM
 LOWEST     63           100 PM
 AVERAGE    74

..........................................................


THE OCEANSIDE AIRPORT CA CLIMATE NORMALS FOR TOMORROW
                         NORMAL    RECORD    YEAR
 MAXIMUM TEMPERATURE (F)   71        75      2004
 MINIMUM TEMPERATURE (F)   56        45      2011


SUNRISE AND SUNSET
MAY 31 2016...........SUNRISE   541 AM PDT   SUNSET   753 PM PDT
JUNE  1 2016..........SUNRISE   541 AM PDT   SUNSET   754 PM PDT


-  INDICATES NEGATIVE NUMBERS.
R  INDICATES RECORD WAS SET OR TIED.
MM INDICATES DATA IS MISSING.
T  INDICATES TRACE AMOUNT.




$$
