560
CDUS44 KOUN 300650
CLIOKC

OUNCLIOKC 000
TTAA00 KOUN 300648


CLIMATE REPORT
NATIONAL WEATHER SERVICE NORMAN OK
148 AM CDT SUN APR 30 2017


...................................

...THE OKLAHOMA CITY CLIMATE SUMMARY FOR APRIL 29 2017...

CLIMATE NORMAL PERIOD 1981 TO 2010
CLIMATE RECORD PERIOD 1890 TO 2017


WEATHER ITEM   OBSERVED TIME   RECORD YEAR NORMAL DEPARTURE LAST
                VALUE   (LST)  VALUE       VALUE  FROM      YEAR
                                                  NORMAL
..................................................................
TEMPERATURE (F)
 YESTERDAY
  MAXIMUM         67    135 AM  92    1936  76     -9       70
  MINIMUM         47   1159 PM  34    1908  54     -7       53
                                      1907
  AVERAGE         57                        65     -8       62

PRECIPITATION (IN)
  YESTERDAY        2.27          2.87 1974   0.13   2.14     0.09
  MONTH TO DATE    6.11                      2.93   3.18     7.31
  SINCE JAN 1     13.40                      8.96   4.44     9.79

DEGREE DAYS
 HEATING
  YESTERDAY        8                         3      5        3
  MONTH TO DATE  131                       170    -39      103
  SINCE JUL 1   2635                      3329   -694     2752

 COOLING
  YESTERDAY        0                         3     -3        0
  MONTH TO DATE   43                        50     -7       30
  SINCE JAN 1    100                        63     37       42
..................................................................


WIND (MPH)
  HIGHEST WIND SPEED    39   HIGHEST WIND DIRECTION     N (340)
  HIGHEST GUST SPEED    61   HIGHEST GUST DIRECTION     W (290)
  AVERAGE WIND SPEED    17.7


SKY COVER
  AVERAGE SKY COVER 1.0


WEATHER CONDITIONS
 THE FOLLOWING WEATHER WAS RECORDED YESTERDAY.
  THUNDERSTORM
  HEAVY RAIN
  RAIN
  LIGHT RAIN
  FOG


RELATIVE HUMIDITY (PERCENT)
 HIGHEST   100           600 AM
 LOWEST     72           300 PM
 AVERAGE    86

..........................................................


THE OKLAHOMA CITY CLIMATE NORMALS FOR TODAY
                         NORMAL    RECORD    YEAR
 MAXIMUM TEMPERATURE (F)   76        93      1948
 MINIMUM TEMPERATURE (F)   55        32      1907


SUNRISE AND SUNSET
APRIL 30 2017.........SUNRISE   640 AM CDT   SUNSET   816 PM CDT
MAY  1 2017...........SUNRISE   639 AM CDT   SUNSET   817 PM CDT


-  INDICATES NEGATIVE NUMBERS.
R  INDICATES RECORD WAS SET OR TIED.
MM INDICATES DATA IS MISSING.
T  INDICATES TRACE AMOUNT.




$$
