000
CDUS44 KOUN 292211
CLIOKC

CLIMATE REPORT
NATIONAL WEATHER SERVICE NORMAN OK
510 PM CDT WED JUL 29 2015


...................................

...THE OKLAHOMA CITY CLIMATE SUMMARY FOR JULY 29 2015...
VALID TODAY AS OF 0500 PM LOCAL TIME.

CLIMATE NORMAL PERIOD 1981 TO 2010
CLIMATE RECORD PERIOD 1890 TO 2015


WEATHER ITEM   OBSERVED TIME   RECORD YEAR NORMAL DEPARTURE LAST
                VALUE   (LST)  VALUE       VALUE  FROM      YEAR
                                                  NORMAL
..................................................................
TEMPERATURE (F)
 TODAY
  MAXIMUM         96    327 PM 109    1986  95      1       92
  MINIMUM         69    506 AM  58    2005  73     -4       71
  AVERAGE         83                        84     -1       82

PRECIPITATION (IN)
  TODAY            0.00          2.02 1975   0.09  -0.09     0.01
  MONTH TO DATE    7.22                      2.75   4.47     2.45
  SINCE JAN 1     41.65                     21.43  20.22    18.18

DEGREE DAYS
 COOLING
  TODAY           18                        19     -1       17
  MONTH TO DATE  482                       524    -42      435
  SINCE JAN 1   1086                      1164    -78     1125
..................................................................


WIND (MPH)
  HIGHEST WIND SPEED    15   HIGHEST WIND DIRECTION    SE (150)
  HIGHEST GUST SPEED    20   HIGHEST GUST DIRECTION    SE (150)
  AVERAGE WIND SPEED     6.1


SKY COVER
  AVERAGE SKY COVER 0.3


WEATHER CONDITIONS
 THE FOLLOWING WEATHER WAS RECORDED TODAY.
  NO SIGNIFICANT WEATHER WAS OBSERVED.


RELATIVE HUMIDITY (PERCENT)
 HIGHEST    90           300 AM
 LOWEST     42           300 PM
 AVERAGE    66

..........................................................


THE OKLAHOMA CITY CLIMATE NORMALS FOR TOMORROW
                         NORMAL    RECORD    YEAR
 MAXIMUM TEMPERATURE (F)   95       108      1986
 MINIMUM TEMPERATURE (F)   73        57      1971


SUNRISE AND SUNSET
JULY 29 2015..........SUNRISE   637 AM CDT   SUNSET   837 PM CDT
JULY 30 2015..........SUNRISE   637 AM CDT   SUNSET   836 PM CDT


-  INDICATES NEGATIVE NUMBERS.
R  INDICATES RECORD WAS SET OR TIED.
MM INDICATES DATA IS MISSING.
T  INDICATES TRACE AMOUNT.




$$
