000
CDUS44 KOUN 260634
CLIOKC

CLIMATE REPORT
NATIONAL WEATHER SERVICE NORMAN OK
1230 AM CST WED NOV 26 2014


...................................

...THE OKLAHOMA CITY CLIMATE SUMMARY FOR NOVEMBER 25 2014...

CLIMATE NORMAL PERIOD 1981 TO 2010
CLIMATE RECORD PERIOD 1890 TO 2014


WEATHER ITEM   OBSERVED TIME   RECORD YEAR NORMAL DEPARTURE LAST
                VALUE   (LST)  VALUE       VALUE  FROM      YEAR
                                                  NORMAL
..................................................................
TEMPERATURE (F)
 YESTERDAY
  MAXIMUM         56    241 PM  84    1965  57     -1       36
  MINIMUM         31    721 AM  15    1993  36     -5       28
  AVERAGE         44                        46     -2       32

PRECIPITATION (IN)
  YESTERDAY        0.00          2.01 1940   0.06  -0.06     0.04
  MONTH TO DATE    2.38                      1.70   0.68     0.96
  SINCE JAN 1     27.68                     34.36  -6.68    51.52

SNOWFALL (IN)
  YESTERDAY        0.0           2.5  1895   0.1   -0.1       T
  MONTH TO DATE    2.5                       0.3    2.2      0.6
  SINCE JUL 1      2.5                       0.3    2.2      0.6
  SNOW DEPTH       0

DEGREE DAYS
 HEATING
  YESTERDAY       21                        18      3       33
  MONTH TO DATE  470                       335    135      381
  SINCE JUL 1    556                       499     57      545

 COOLING
  YESTERDAY        0                         0      0        0
  MONTH TO DATE    0                         7     -7        3
  SINCE JAN 1   2126                      2099     27     2072
..................................................................


WIND (MPH)
  HIGHEST WIND SPEED    16   HIGHEST WIND DIRECTION    SW (230)
  HIGHEST GUST SPEED    24   HIGHEST GUST DIRECTION    SW (240)
  AVERAGE WIND SPEED     6.8


SKY COVER
  AVERAGE SKY COVER 0.5


WEATHER CONDITIONS
 THE FOLLOWING WEATHER WAS RECORDED YESTERDAY.
  NO SIGNIFICANT WEATHER WAS OBSERVED.


RELATIVE HUMIDITY (PERCENT)
 HIGHEST    72           700 AM
 LOWEST     30          1200 PM
 AVERAGE    51

..........................................................


THE OKLAHOMA CITY CLIMATE NORMALS FOR TODAY
                         NORMAL    RECORD    YEAR
 MAXIMUM TEMPERATURE (F)   57        81      1910
 MINIMUM TEMPERATURE (F)   36        13      1993
                                             1975
                                             1895


SUNRISE AND SUNSET
NOVEMBER 26 2014......SUNRISE   716 AM CST   SUNSET   519 PM CST
NOVEMBER 27 2014......SUNRISE   717 AM CST   SUNSET   519 PM CST


-  INDICATES NEGATIVE NUMBERS.
R  INDICATES RECORD WAS SET OR TIED.
MM INDICATES DATA IS MISSING.
T  INDICATES TRACE AMOUNT.




$$
