000
CDUS44 KOUN 280629
CLIOKC

CLIMATE REPORT
NATIONAL WEATHER SERVICE NORMAN OK
1228 AM CST TUE FEB 28 2017


...................................

...THE OKLAHOMA CITY CLIMATE SUMMARY FOR FEBRUARY 27 2017...

CLIMATE NORMAL PERIOD 1981 TO 2010
CLIMATE RECORD PERIOD 1890 TO 2017


WEATHER ITEM   OBSERVED TIME   RECORD YEAR NORMAL DEPARTURE LAST
                VALUE   (LST)  VALUE       VALUE  FROM      YEAR
                                                  NORMAL
..................................................................
TEMPERATURE (F)
 YESTERDAY
  MAXIMUM         74    423 PM  83    1918  58     16       73
  MINIMUM         39    223 AM  10    2002  36      3       35
  AVERAGE         57                        47     10       54

PRECIPITATION (IN)
  YESTERDAY        0.00          1.32 1966   0.07  -0.07     0.00
  MONTH TO DATE    3.12                      1.51   1.61     0.95
  SINCE JAN 1      4.69                      2.90   1.79     1.06

SNOWFALL (IN)
  YESTERDAY        0.0           5.2  1949   0.1   -0.1      0.0
  MONTH TO DATE    0.0                       1.4   -1.4      0.0
  SINCE JUL 1      2.1                       6.7   -4.6      1.2
  SNOW DEPTH       0

DEGREE DAYS
 HEATING
  YESTERDAY        8                        18    -10       11
  MONTH TO DATE  393                       579   -186      457
  SINCE JUL 1   2220                      2732   -512     2345
..................................................................


WIND (MPH)
  HIGHEST WIND SPEED    25   HIGHEST WIND DIRECTION     S (200)
  HIGHEST GUST SPEED    31   HIGHEST GUST DIRECTION     S (200)
  AVERAGE WIND SPEED    13.5


SKY COVER
  AVERAGE SKY COVER 0.6


WEATHER CONDITIONS
 THE FOLLOWING WEATHER WAS RECORDED YESTERDAY.
  FOG
  HAZE


RELATIVE HUMIDITY (PERCENT)
 HIGHEST    97          1100 PM
 LOWEST     46           400 PM
 AVERAGE    72

..........................................................


THE OKLAHOMA CITY CLIMATE NORMALS FOR TODAY
                         NORMAL    RECORD    YEAR
 MAXIMUM TEMPERATURE (F)   58        90      1904
 MINIMUM TEMPERATURE (F)   37         7      1962


SUNRISE AND SUNSET
FEBRUARY 28 2017......SUNRISE   701 AM CST   SUNSET   625 PM CST
MARCH  1 2017.........SUNRISE   700 AM CST   SUNSET   626 PM CST


-  INDICATES NEGATIVE NUMBERS.
R  INDICATES RECORD WAS SET OR TIED.
MM INDICATES DATA IS MISSING.
T  INDICATES TRACE AMOUNT.




$$
