000
CDUS44 KOUN 020703
CLIOKC

CLIMATE REPORT
NATIONAL WEATHER SERVICE NORMAN OK
202 AM CDT SAT AUG 2 2014


...................................

...THE OKLAHOMA CITY CLIMATE SUMMARY FOR AUGUST 1 2014...

CLIMATE NORMAL PERIOD 1981 TO 2010
CLIMATE RECORD PERIOD 1890 TO 2014


WEATHER ITEM   OBSERVED TIME   RECORD YEAR NORMAL DEPARTURE LAST
                VALUE   (LST)  VALUE       VALUE  FROM      YEAR
                                                  NORMAL
..................................................................
TEMPERATURE (F)
 YESTERDAY
  MAXIMUM         86    354 PM 112    2012  95     -9       92
  MINIMUM         65    244 AM  58    1971  73     -8       75
  AVERAGE         76                        84     -8       84

PRECIPITATION (IN)
  YESTERDAY        0.00          2.38 1995   0.10  -0.10     0.00
  MONTH TO DATE    0.00                      0.10  -0.10     0.00
  SINCE JAN 1     19.91                     21.71  -1.80    41.69

DEGREE DAYS
 COOLING
  YESTERDAY       11                        19     -8       19
  MONTH TO DATE   11                        19     -8       19
  SINCE JAN 1   1150                      1218    -68     1124
..................................................................


WIND (MPH)
  HIGHEST WIND SPEED     9   HIGHEST WIND DIRECTION     E (100)
  HIGHEST GUST SPEED    33   HIGHEST GUST DIRECTION     N (340)
  AVERAGE WIND SPEED     4.3


SKY COVER
  AVERAGE SKY COVER 0.6


WEATHER CONDITIONS
 THE FOLLOWING WEATHER WAS RECORDED YESTERDAY.
  FOG
  FOG W/VISIBILITY <= 1/4 MILE


RELATIVE HUMIDITY (PERCENT)
 HIGHEST    93          1200 AM
 LOWEST     45           400 PM
 AVERAGE    69

..........................................................


THE OKLAHOMA CITY CLIMATE NORMALS FOR TODAY
                         NORMAL    RECORD    YEAR
 MAXIMUM TEMPERATURE (F)   95       112      2012
 MINIMUM TEMPERATURE (F)   73        57      1971


SUNRISE AND SUNSET
AUGUST  2 2014........SUNRISE   640 AM CDT   SUNSET   833 PM CDT
AUGUST  3 2014........SUNRISE   641 AM CDT   SUNSET   832 PM CDT


-  INDICATES NEGATIVE NUMBERS.
R  INDICATES RECORD WAS SET OR TIED.
MM INDICATES DATA IS MISSING.
T  INDICATES TRACE AMOUNT.




$$
