000
CDUS44 KOUN 232211
CLIOKC

CLIMATE REPORT
NATIONAL WEATHER SERVICE NORMAN OK
510 PM CDT FRI JUN 23 2017


...................................

...THE OKLAHOMA CITY CLIMATE SUMMARY FOR JUNE 23 2017...
VALID TODAY AS OF 0500 PM LOCAL TIME.

CLIMATE NORMAL PERIOD 1981 TO 2010
CLIMATE RECORD PERIOD 1890 TO 2017


WEATHER ITEM   OBSERVED TIME   RECORD YEAR NORMAL DEPARTURE LAST
                VALUE   (LST)  VALUE       VALUE  FROM      YEAR
                                                  NORMAL
..................................................................
TEMPERATURE (F)
 TODAY
  MAXIMUM         91   1214 PM 101    1934  90      1       96
                                      1933
                                      1925
  MINIMUM         69    348 AM  58    1958  70     -1       73
                                      1957
                                      1902
  AVERAGE         80                        80      0       85

PRECIPITATION (IN)
  TODAY            0.00          3.03 2014   0.15  -0.15     0.00
  MONTH TO DATE    0.09                      3.99  -3.90     1.00
  SINCE JUN 1      0.09                      3.99  -3.90     1.00
  SINCE JAN 1     14.75                     17.74  -2.99    13.41

SNOWFALL (IN)
  TODAY            0.0

DEGREE DAYS
 HEATING
  TODAY            0                         0      0        0
  MONTH TO DATE    0                         0      0        0
  SINCE JUN 1      0                         0      0        0
  SINCE JUL 1   2701                      3364   -663     2817

 COOLING
  TODAY           15                        15      0       20
  MONTH TO DATE  291                       279     12      318
  SINCE JUN 1    291                       279     12      318
  SINCE JAN 1    516                       529    -13      504
..................................................................


WIND (MPH)
  HIGHEST WIND SPEED    23   HIGHEST WIND DIRECTION    NE (40)
  HIGHEST GUST SPEED    27   HIGHEST GUST DIRECTION    NE (40)
  AVERAGE WIND SPEED     9.6


SKY COVER
  AVERAGE SKY COVER 0.5


WEATHER CONDITIONS
 THE FOLLOWING WEATHER WAS RECORDED TODAY.
  NO SIGNIFICANT WEATHER WAS OBSERVED.


RELATIVE HUMIDITY (PERCENT)
 HIGHEST   100           400 AM
 LOWEST     47          1100 AM
 AVERAGE    74

..........................................................


THE OKLAHOMA CITY CLIMATE NORMALS FOR TOMORROW
                         NORMAL    RECORD    YEAR
 MAXIMUM TEMPERATURE (F)   90       104      1911
 MINIMUM TEMPERATURE (F)   70        54      1957


SUNRISE AND SUNSET
JUNE 23 2017..........SUNRISE   616 AM CDT   SUNSET   849 PM CDT
JUNE 24 2017..........SUNRISE   617 AM CDT   SUNSET   849 PM CDT


-  INDICATES NEGATIVE NUMBERS.
R  INDICATES RECORD WAS SET OR TIED.
MM INDICATES DATA IS MISSING.
T  INDICATES TRACE AMOUNT.




$$
