000
CDUS44 KOUN 282321
CLIOKC

CLIMATE REPORT
NATIONAL WEATHER SERVICE NORMAN OK
520 PM CST SUN DEC 28 2014


...................................

...THE OKLAHOMA CITY CLIMATE SUMMARY FOR DECEMBER 28 2014...
VALID TODAY AS OF 0500 PM LOCAL TIME.

CLIMATE NORMAL PERIOD 1981 TO 2010
CLIMATE RECORD PERIOD 1890 TO 2014


WEATHER ITEM   OBSERVED TIME   RECORD YEAR NORMAL DEPARTURE LAST
                VALUE   (LST)  VALUE       VALUE  FROM      YEAR
                                                  NORMAL
..................................................................
TEMPERATURE (F)
 TODAY
  MAXIMUM         43    400 PM  72    1947  49     -6       60
  MINIMUM         18    840 AM  -1    1924  29    -11       32
                                      1894
  AVERAGE         31                        39     -8       46

PRECIPITATION (IN)
  TODAY            0.00          1.85 1979   0.05  -0.05     0.00
  MONTH TO DATE    0.70                      1.74  -1.04     1.26
  SINCE JAN 1     28.38                     36.38  -8.00    52.78

SNOWFALL (IN)
  TODAY            0.0           5.5  1935   0.0    0.0      0.0
  MONTH TO DATE    3.5                       1.8    1.7      3.5
  SINCE JUL 1      6.0                       2.2    3.8      4.1
  SNOW DEPTH       1

DEGREE DAYS
 HEATING
  TODAY           34                        26      8       19
  MONTH TO DATE  571                       679   -108      772
  SINCE JUL 1   1198                      1278    -80     1432
..................................................................


WIND (MPH)
  HIGHEST WIND SPEED    10   HIGHEST WIND DIRECTION    SE (150)
  HIGHEST GUST SPEED    15   HIGHEST GUST DIRECTION     S (190)
  AVERAGE WIND SPEED     3.9


SKY COVER
  AVERAGE SKY COVER 0.4


WEATHER CONDITIONS
 THE FOLLOWING WEATHER WAS RECORDED TODAY.
  FOG


RELATIVE HUMIDITY (PERCENT)
 HIGHEST    84           700 AM
 LOWEST     45           300 PM
 AVERAGE    65

..........................................................


THE OKLAHOMA CITY CLIMATE NORMALS FOR TOMORROW
                         NORMAL    RECORD    YEAR
 MAXIMUM TEMPERATURE (F)   49        77      1951
 MINIMUM TEMPERATURE (F)   29         3      1983


SUNRISE AND SUNSET
DECEMBER 28 2014......SUNRISE   738 AM CST   SUNSET   526 PM CST
DECEMBER 29 2014......SUNRISE   739 AM CST   SUNSET   526 PM CST


-  INDICATES NEGATIVE NUMBERS.
R  INDICATES RECORD WAS SET OR TIED.
MM INDICATES DATA IS MISSING.
T  INDICATES TRACE AMOUNT.

$$
