000
CDUS45 KGGW 011331
CLIOLF


CLIMATE REPORT
NATIONAL WEATHER SERVICE GLASGOW MT
631 AM MST WED MAR 1 2017


...................................

...THE WOLF POINT MT CLIMATE SUMMARY FOR MARCH 1 2017...
VALID AS OF 0600 AM LOCAL TIME.

CLIMATE NORMAL PERIOD 1981 TO 2010
CLIMATE RECORD PERIOD 9999 TO 9999


WEATHER ITEM   OBSERVED RECORD YEAR NORMAL DEPARTURE
                VALUE   VALUE       VALUE  FROM
                                           NORMAL
........................................................
TEMPERATURE (F)
 TODAY
  MAXIMUM         22     MM      MM  36
  MINIMUM         14     MM      MM  11
  AVERAGE         18

PRECIPITATION (IN)
  TODAY            0.00  MM      MM   0.01  -0.01
  MONTH TO DATE    0.00               0.01  -0.01
  SINCE OCT 1      2.21               2.03   0.18
  SINCE JAN 1      0.34               0.53  -0.19

SNOWFALL (IN)
  TODAY            0.0   MM      MM  MM
  MONTH TO DATE    0.0               MM
  SINCE MAR 1      0.0               MM
  SINCE JUL 1      0.0               MM

DEGREE DAYS
 HEATING
  TODAY           47

 COOLING
  TODAY            0
........................................................







THE WOLF POINT MT CLIMATE NORMALS FOR TOMORROW
                         NORMAL    RECORD    YEAR
 MAXIMUM TEMPERATURE (F)   36        MM        MM
 MINIMUM TEMPERATURE (F)   12        MM        MM


SUNRISE AND SUNSET
MARCH  1 2017.........SUNRISE   643 AM MST   SUNSET   547 PM MST
MARCH  2 2017.........SUNRISE   641 AM MST   SUNSET   549 PM MST


-  INDICATES NEGATIVE NUMBERS.
R  INDICATES RECORD WAS SET OR TIED.
MM INDICATES DATA IS MISSING.
T  INDICATES TRACE AMOUNT.




$$
