000
CDUS45 KGGW 281230
CLIOLF


CLIMATE REPORT
NATIONAL WEATHER SERVICE GLASGOW MT
530 AM MST FRI NOV 28 2014


...................................

...THE WOLF POINT MT CLIMATE SUMMARY FOR NOVEMBER 28 2014...
VALID AS OF 0500 AM LOCAL TIME.

CLIMATE NORMAL PERIOD 1981 TO 2010
CLIMATE RECORD PERIOD 9999 TO 9999


WEATHER ITEM   OBSERVED RECORD YEAR NORMAL DEPARTURE
                VALUE   VALUE       VALUE  FROM
                                           NORMAL
........................................................
TEMPERATURE (F)
 TODAY
  MAXIMUM         20     MM      MM  33
  MINIMUM         19     MM      MM   9
  AVERAGE         20

PRECIPITATION (IN)
  TODAY            0.01  MM      MM   0.01   0.00
  MONTH TO DATE    0.14               0.37  -0.23
  SINCE OCT 1      0.41               1.18  -0.77
  SINCE JAN 1     13.19              11.86   1.33

SNOWFALL (IN)
  TODAY           MM     MM      MM  MM
  MONTH TO DATE    0.0               MM
  SINCE SEP 1      0.0               MM
  SINCE JUL 1      0.0               MM

DEGREE DAYS
 HEATING
  TODAY           45

 COOLING
  TODAY            0
........................................................







THE WOLF POINT MT CLIMATE NORMALS FOR TOMORROW
                         NORMAL    RECORD    YEAR
 MAXIMUM TEMPERATURE (F)   33        MM        MM
 MINIMUM TEMPERATURE (F)    9        MM        MM


SUNRISE AND SUNSET
NOVEMBER 28 2014......SUNRISE   728 AM MST   SUNSET   413 PM MST
NOVEMBER 29 2014......SUNRISE   729 AM MST   SUNSET   412 PM MST


-  INDICATES NEGATIVE NUMBERS.
R  INDICATES RECORD WAS SET OR TIED.
MM INDICATES DATA IS MISSING.
T  INDICATES TRACE AMOUNT.




$$
