000
CDUS46 KSEW 260829
CLIOLM


CLIMATE REPORT
NATIONAL WEATHER SERVICE SEATTLE WA
1229 AM PST THU FEB 26 2015


...................................

...THE OLYMPIA WA AIRPORT CLIMATE SUMMARY FOR FEBRUARY 25 2015...

CLIMATE NORMAL PERIOD 1981 TO 2010
CLIMATE RECORD PERIOD 1948 TO 2015


WEATHER ITEM   OBSERVED TIME   RECORD YEAR NORMAL DEPARTURE LAST
                VALUE   (LST)  VALUE       VALUE  FROM      YEAR
                                                  NORMAL
..................................................................
TEMPERATURE (F)
 YESTERDAY
  MAXIMUM         52    154 PM  63    1992  51      1       51
  MINIMUM         33    324 AM   5    2011  33      0       35
  AVERAGE         43                        42      1       43

PRECIPITATION (IN)
  YESTERDAY        0.02          1.37 1950   0.18  -0.16     0.00
  MONTH TO DATE    4.72                      4.73  -0.01     8.35
  SINCE OCT 1     30.43                     33.26  -2.83    21.88
  SINCE JAN 1     11.40                     12.57  -1.17    13.04

DEGREE DAYS
 HEATING
  YESTERDAY       22                        23     -1       22
  MONTH TO DATE  471                       598   -127      673
  SINCE DEC 1   1880                      2204   -324     2322
  SINCE JUL 1   2979                      3649   -670     3718

 COOLING
  YESTERDAY        0                         0      0        0
  MONTH TO DATE    0                         0      0        0
  SINCE DEC 1      0                         0      0        0
  SINCE JAN 1      0                         0      0        0
..................................................................


WIND (MPH)
  RESULTANT WIND SPEED   3   RESULTANT WIND DIRECTION  SW (210)
  HIGHEST WIND SPEED    10   HIGHEST WIND DIRECTION    SW (240)
  HIGHEST GUST SPEED    15   HIGHEST GUST DIRECTION     W (270)
  AVERAGE WIND SPEED     3.6


SKY COVER
  AVERAGE SKY COVER 0.9


WEATHER CONDITIONS
 THE FOLLOWING WEATHER WAS RECORDED YESTERDAY.
  LIGHT RAIN
  FOG


RELATIVE HUMIDITY (PERCENT)
 HIGHEST   100           400 AM
 LOWEST     77           200 PM
 AVERAGE    89

..........................................................


THE OLYMPIA WA AIRPORT CLIMATE NORMALS FOR TODAY
                         NORMAL    RECORD    YEAR
 MAXIMUM TEMPERATURE (F)   51        68      1992
 MINIMUM TEMPERATURE (F)   33         8      2011


SUNRISE AND SUNSET
FEBRUARY 26 2015......SUNRISE   657 AM PST   SUNSET   552 PM PST
FEBRUARY 27 2015......SUNRISE   655 AM PST   SUNSET   554 PM PST


-  INDICATES NEGATIVE NUMBERS.
R  INDICATES RECORD WAS SET OR TIED.
MM INDICATES DATA IS MISSING.
T  INDICATES TRACE AMOUNT.




$$
