000
CDUS46 KSEW 010829
CLIOLM


CLIMATE REPORT
NATIONAL WEATHER SERVICE SEATTLE WA
129 AM PDT SAT AUG 1 2015


...................................

...THE OLYMPIA WA AIRPORT CLIMATE SUMMARY FOR JULY 31 2015...

CLIMATE NORMAL PERIOD 1981 TO 2010
CLIMATE RECORD PERIOD 1948 TO 2015


WEATHER ITEM   OBSERVED TIME   RECORD YEAR NORMAL DEPARTURE LAST
                VALUE   (LST)  VALUE       VALUE  FROM      YEAR
                                                  NORMAL
..................................................................
TEMPERATURE (F)
 YESTERDAY
  MAXIMUM         98    433 PM  99    1965  79     19       90
  MINIMUM         50    454 AM  40    1957  52     -2       51
  AVERAGE         74                        65      9       71

PRECIPITATION (IN)
  YESTERDAY        0.00          0.30 1985   0.01  -0.01     0.00
  MONTH TO DATE    0.15                      0.63  -0.48     0.27
  SINCE OCT 1     39.81                     47.35  -7.54    39.80
  SINCE JAN 1     20.78                     26.66  -5.88    30.96

DEGREE DAYS
 HEATING
  YESTERDAY        0                         2     -2        0
  MONTH TO DATE   17                        80    -63       33
  SINCE JUN 1     80                       268   -188      188
  SINCE JUL 1     17                        80    -63       33

 COOLING
  YESTERDAY        9                         2      7        6
  MONTH TO DATE  118                        43     75       96
  SINCE JUN 1    190                        54    136       97
  SINCE JAN 1    191                        57    134       98
..................................................................


WIND (MPH)
  RESULTANT WIND SPEED   1   RESULTANT WIND DIRECTION  NE (30)
  HIGHEST WIND SPEED    14   HIGHEST WIND DIRECTION    NW (310)
  HIGHEST GUST SPEED    16   HIGHEST GUST DIRECTION    NW (310)
  AVERAGE WIND SPEED     2.9


SKY COVER
  AVERAGE SKY COVER 0.0


WEATHER CONDITIONS
 THE FOLLOWING WEATHER WAS RECORDED YESTERDAY.
  NO SIGNIFICANT WEATHER WAS OBSERVED.


RELATIVE HUMIDITY (PERCENT)
 HIGHEST    86           500 AM
 LOWEST     15           200 PM
 AVERAGE    51

..........................................................


THE OLYMPIA WA AIRPORT CLIMATE NORMALS FOR TODAY
                         NORMAL    RECORD    YEAR
 MAXIMUM TEMPERATURE (F)   79        97      1965
 MINIMUM TEMPERATURE (F)   52        41      2002


SUNRISE AND SUNSET
AUGUST  1 2015........SUNRISE   551 AM PDT   SUNSET   844 PM PDT
AUGUST  2 2015........SUNRISE   552 AM PDT   SUNSET   843 PM PDT


-  INDICATES NEGATIVE NUMBERS.
R  INDICATES RECORD WAS SET OR TIED.
MM INDICATES DATA IS MISSING.
T  INDICATES TRACE AMOUNT.




$$
