000
CDUS46 KSEW 010134
CLIOLM


CLIMATE REPORT
NATIONAL WEATHER SERVICE SEATTLE WA
634 PM PDT MON AUG 31 2015


...................................

...THE OLYMPIA WA AIRPORT CLIMATE SUMMARY FOR AUGUST 31 2015...
VALID TODAY AS OF 0600 PM LOCAL TIME.

CLIMATE NORMAL PERIOD 1981 TO 2010
CLIMATE RECORD PERIOD 1948 TO 2015


WEATHER ITEM   OBSERVED TIME   RECORD YEAR NORMAL DEPARTURE LAST
                VALUE   (LST)  VALUE       VALUE  FROM      YEAR
                                                  NORMAL
..................................................................
TEMPERATURE (F)
 TODAY
  MAXIMUM         68    450 PM  94    1987  76     -8       72
  MINIMUM         59    946 AM  38    1973  49     10       52
                                      1964
  AVERAGE         64                        62      2       62

PRECIPITATION (IN)
  TODAY            0.03          0.71 1961   0.05  -0.02     0.00
  MONTH TO DATE    2.84                      0.94   1.90     1.45
  SINCE OCT 1     42.65                     48.29  -5.64    41.25
  SINCE JAN 1     23.62                     27.60  -3.98    32.41

DEGREE DAYS
 HEATING
  TODAY            1                         3     -2        3
  MONTH TO DATE   28                        69    -41       20
  SINCE JUN 1    108                       338   -230      208
  SINCE JUL 1     45                       150   -105       53

 COOLING
  TODAY            0                         1     -1        0
  MONTH TO DATE   71                        42     29       83
  SINCE JUN 1    261                        96    165      180
  SINCE JAN 1    262                        99    163      181
..................................................................


WIND (MPH)
  RESULTANT WIND SPEED  10   RESULTANT WIND DIRECTION   S (200)
  HIGHEST WIND SPEED    16   HIGHEST WIND DIRECTION    SW (230)
  HIGHEST GUST SPEED    23   HIGHEST GUST DIRECTION    SW (240)
  AVERAGE WIND SPEED    11.0


SKY COVER
  AVERAGE SKY COVER 1.0


WEATHER CONDITIONS
 THE FOLLOWING WEATHER WAS RECORDED TODAY.
  LIGHT RAIN
  FOG


RELATIVE HUMIDITY (PERCENT)
 HIGHEST    84           100 PM
 LOWEST     63           500 PM
 AVERAGE    74

..........................................................


THE OLYMPIA WA AIRPORT CLIMATE NORMALS FOR TOMORROW
                         NORMAL    RECORD    YEAR
 MAXIMUM TEMPERATURE (F)   76        92      1987
 MINIMUM TEMPERATURE (F)   49        32      1973


SUNRISE AND SUNSET
AUGUST 31 2015........SUNRISE   630 AM PDT   SUNSET   753 PM PDT
SEPTEMBER  1 2015.....SUNRISE   631 AM PDT   SUNSET   751 PM PDT


-  INDICATES NEGATIVE NUMBERS.
R  INDICATES RECORD WAS SET OR TIED.
MM INDICATES DATA IS MISSING.
T  INDICATES TRACE AMOUNT.




$$
