373
CDUS43 KOAX 310644
CLIOMA


CLIMATE REPORT
NATIONAL WEATHER SERVICE OMAHA NEBRASKA
143 AM CDT TUE MAY 31 2016


...................................

...THE OMAHA EPPLEY, NEBRASKA CLIMATE SUMMARY FOR MAY 30 2016...

CLIMATE NORMAL PERIOD 1981 TO 2010
CLIMATE RECORD PERIOD 1871 TO 2016


WEATHER ITEM   OBSERVED TIME   RECORD YEAR NORMAL DEPARTURE LAST
                VALUE   (LST)  VALUE       VALUE  FROM      YEAR
                                                  NORMAL
..................................................................
TEMPERATURE (F)
 YESTERDAY
  MAXIMUM         88    307 PM 103    1934  78     10       71
  MINIMUM         61    535 AM  42    1897  56      5       50
  AVERAGE         75                        67      8       61

PRECIPITATION (IN)
  YESTERDAY        0.05          3.31 1961   0.17  -0.12      T
  MONTH TO DATE    4.84                      4.59   0.25     5.34
  SINCE MAR 1     11.27                      9.54   1.73     9.55
  SINCE JAN 1     12.99                     11.11   1.88    10.69

SNOWFALL (IN)
  YESTERDAY        0.0                       0.0    0.0      0.0
  MONTH TO DATE    0.0                       0.1   -0.1      0.0
  SINCE JUL 1     27.4                      26.5    0.9     13.8
  SNOW DEPTH       0

DEGREE DAYS
 HEATING
  YESTERDAY        0                         2     -2        4
  MONTH TO DATE  121                       145    -24      131
  SINCE MAR 1    961                      1349   -388     1102
  SINCE JUL 1   4927                      6147  -1220     5813

 COOLING
  YESTERDAY       10                         4      6        0
  MONTH TO DATE   65                        61      4       41
  SINCE MAR 1     78                        77      1       46
  SINCE JAN 1     78                        77      1       46
..................................................................


WIND (MPH)
  HIGHEST WIND SPEED    26   HIGHEST WIND DIRECTION    SE (140)
  HIGHEST GUST SPEED    35   HIGHEST GUST DIRECTION    SE (150)
  AVERAGE WIND SPEED     9.8


SKY COVER
  POSSIBLE SUNSHINE  MM
  AVERAGE SKY COVER 0.7


WEATHER CONDITIONS
 THE FOLLOWING WEATHER WAS RECORDED YESTERDAY.
  THUNDERSTORM
  LIGHT RAIN


RELATIVE HUMIDITY (PERCENT)
 HIGHEST    93           600 AM
 LOWEST     40           200 PM
 AVERAGE    67

..........................................................


THE OMAHA EPPLEY, NEBRASKA CLIMATE NORMALS FOR TODAY
                         NORMAL    RECORD    YEAR
 MAXIMUM TEMPERATURE (F)   79       102      1934
 MINIMUM TEMPERATURE (F)   56        42      1889


SUNRISE AND SUNSET
MAY 31 2016...........SUNRISE   553 AM CDT   SUNSET   850 PM CDT
JUNE  1 2016..........SUNRISE   553 AM CDT   SUNSET   851 PM CDT


-  INDICATES NEGATIVE NUMBERS.
R  INDICATES RECORD WAS SET OR TIED.
MM INDICATES DATA IS MISSING.
T  INDICATES TRACE AMOUNT.




$$
