000
CDUS43 KOAX 210625
CLIOMA


CLIMATE REPORT
NATIONAL WEATHER SERVICE OMAHA NEBRASKA
1223 AM CST TUE NOV 21 2017


...................................

...THE OMAHA EPPLEY, NEBRASKA CLIMATE SUMMARY FOR NOVEMBER 20 2017...

CLIMATE NORMAL PERIOD 1981 TO 2010
CLIMATE RECORD PERIOD 1871 TO 2017


WEATHER ITEM   OBSERVED TIME   RECORD YEAR NORMAL DEPARTURE LAST
                VALUE   (LST)  VALUE       VALUE  FROM      YEAR
                                                  NORMAL
..................................................................
TEMPERATURE (F)
 YESTERDAY
  MAXIMUM         59    400 PM  75    1933  46     13       48
  MINIMUM         32    551 AM   4    1985  27      5       23
  AVERAGE         46                        36     10       36

PRECIPITATION (IN)
  YESTERDAY        0.00          0.84 1973   0.06  -0.06     0.00
  MONTH TO DATE    0.36                      1.16  -0.80     0.02
  SINCE SEP 1      7.01                      5.99   1.02     6.10
  SINCE JAN 1     25.98                     29.10  -3.12    32.42

SNOWFALL (IN)
  YESTERDAY        0.0                       0.1   -0.1      0.0
  MONTH TO DATE    0.0                       1.1   -1.1       T
  SINCE JUL 1      T                         1.4   -1.4       T
  SNOW DEPTH       0

DEGREE DAYS
 HEATING
  YESTERDAY       19                        29    -10       29
  MONTH TO DATE  497                       470     27      286
  SINCE SEP 1    834                       947   -113      514
  SINCE JUL 1    834                       955   -121      514

 COOLING
  YESTERDAY        0                         0      0        0
  MONTH TO DATE    0                         0      0        0
  SINCE SEP 1    220                       132     88      229
  SINCE JAN 1   1349                      1112    237     1476
..................................................................


WIND (MPH)
  HIGHEST WIND SPEED    20   HIGHEST WIND DIRECTION     S (200)
  HIGHEST GUST SPEED    24   HIGHEST GUST DIRECTION     S (200)
  AVERAGE WIND SPEED     9.9


SKY COVER
  POSSIBLE SUNSHINE  MM
  AVERAGE SKY COVER 0.6


WEATHER CONDITIONS
 THE FOLLOWING WEATHER WAS RECORDED YESTERDAY.
  NO SIGNIFICANT WEATHER WAS OBSERVED.


RELATIVE HUMIDITY (PERCENT)
 HIGHEST    75           700 AM
 LOWEST     28           200 PM
 AVERAGE    52

..........................................................


THE OMAHA EPPLEY, NEBRASKA CLIMATE NORMALS FOR TODAY
                         NORMAL    RECORD    YEAR
 MAXIMUM TEMPERATURE (F)   46        72      2012
 MINIMUM TEMPERATURE (F)   26        -3      1937


SUNRISE AND SUNSET
NOVEMBER 21 2017......SUNRISE   719 AM CST   SUNSET   500 PM CST
NOVEMBER 22 2017......SUNRISE   720 AM CST   SUNSET   459 PM CST


-  INDICATES NEGATIVE NUMBERS.
R  INDICATES RECORD WAS SET OR TIED.
MM INDICATES DATA IS MISSING.
T  INDICATES TRACE AMOUNT.




$$
