820
CDUS43 KOAX 230645
CLIOMA


CLIMATE REPORT
NATIONAL WEATHER SERVICE OMAHA NEBRASKA
1244 AM CST FRI FEB 23 2018


...................................

...THE OMAHA EPPLEY, NEBRASKA CLIMATE SUMMARY FOR FEBRUARY 22 2018...

CLIMATE NORMAL PERIOD 1981 TO 2010
CLIMATE RECORD PERIOD 1871 TO 2018


WEATHER ITEM   OBSERVED TIME   RECORD YEAR NORMAL DEPARTURE LAST
                VALUE   (LST)  VALUE       VALUE  FROM      YEAR
                                                  NORMAL
..................................................................
TEMPERATURE (F)
 YESTERDAY
  MAXIMUM         32   1158 PM  75    2017  41     -9       75
  MINIMUM         22    134 AM  -8    1910  20      2       41
                                      1889
  AVERAGE         27                        30     -3       58

PRECIPITATION (IN)
  YESTERDAY        0.28          1.05 1971   0.04   0.24     0.00
  MONTH TO DATE    0.81                      0.63   0.18     0.38
  SINCE DEC 1      2.00                      2.39  -0.39     2.71
  SINCE JAN 1      1.58                      1.35   0.23     1.24

SNOWFALL (IN)
  YESTERDAY        1.4                       0.2    1.2      0.0
  MONTH TO DATE    7.6                       5.0    2.6      2.8
  SINCE JUL 1     14.5                      20.1   -5.6      8.7
  SNOW DEPTH       1

DEGREE DAYS
 HEATING
  YESTERDAY       38                        35      3        7
  MONTH TO DATE  959                       833    126      576
  SINCE DEC 1   3405                      3328     77     2896
  SINCE JUL 1   4465                      4598   -133     3647

 COOLING
  YESTERDAY        0                         0      0        0
  MONTH TO DATE    0                         0      0        0
  SINCE DEC 1      0                         0      0        0
  SINCE JAN 1      0                         0      0        0
..................................................................


WIND (MPH)
  HIGHEST WIND SPEED    16   HIGHEST WIND DIRECTION    SE (130)
  HIGHEST GUST SPEED    20   HIGHEST GUST DIRECTION    SE (120)
  AVERAGE WIND SPEED     6.2


SKY COVER
  POSSIBLE SUNSHINE  MM
  AVERAGE SKY COVER 1.0


WEATHER CONDITIONS
 THE FOLLOWING WEATHER WAS RECORDED YESTERDAY.
  LT FREEZING RAIN
  SNOW
  LIGHT SNOW
  SLEET
  FOG
  HAZE


RELATIVE HUMIDITY (PERCENT)
 HIGHEST   100          1000 PM
 LOWEST     68          1200 AM
 AVERAGE    84

..........................................................


THE OMAHA EPPLEY, NEBRASKA CLIMATE NORMALS FOR TODAY
                         NORMAL    RECORD    YEAR
 MAXIMUM TEMPERATURE (F)   41        68      2002
                                             1871
 MINIMUM TEMPERATURE (F)   21       -10      1889


SUNRISE AND SUNSET
FEBRUARY 23 2018......SUNRISE   707 AM CST   SUNSET   607 PM CST
FEBRUARY 24 2018......SUNRISE   706 AM CST   SUNSET   609 PM CST


-  INDICATES NEGATIVE NUMBERS.
R  INDICATES RECORD WAS SET OR TIED.
MM INDICATES DATA IS MISSING.
T  INDICATES TRACE AMOUNT.




$$
