000
CDUS43 KOAX 090632
CLIOMA


CLIMATE REPORT
NATIONAL WEATHER SERVICE OMAHA NEBRASKA
1229 AM CST FRI DEC 9 2016


...................................

...THE OMAHA EPPLEY, NEBRASKA CLIMATE SUMMARY FOR DECEMBER 8 2016...

CLIMATE NORMAL PERIOD 1981 TO 2010
CLIMATE RECORD PERIOD 1871 TO 2016


WEATHER ITEM   OBSERVED TIME   RECORD YEAR NORMAL DEPARTURE LAST
                VALUE   (LST)  VALUE       VALUE  FROM      YEAR
                                                  NORMAL
..................................................................
TEMPERATURE (F)
 YESTERDAY
  MAXIMUM         25    400 PM  68    1946  37    -12       56
  MINIMUM         11   1157 PM -13    1917  19     -8       33
  AVERAGE         18                        28    -10       45

PRECIPITATION (IN)
  YESTERDAY        0.00          0.49 2009   0.04  -0.04     0.00
  MONTH TO DATE    0.48                      0.32   0.16     0.03
  SINCE DEC 1      0.48                      0.32   0.16     0.03
  SINCE JAN 1     33.65                     29.90   3.75    39.29

SNOWFALL (IN)
  YESTERDAY        0.0                       0.2   -0.2      0.0
  MONTH TO DATE    1.1                       1.6   -0.5      0.6
  SINCE JUL 1      1.1                       4.4   -3.3      2.5
  SNOW DEPTH       0

DEGREE DAYS
 HEATING
  YESTERDAY       47                        37     10       20
  MONTH TO DATE  276                       287    -11      209
  SINCE DEC 1    276                       287    -11      209
  SINCE JUL 1   1027                      1557   -530     1087

 COOLING
  YESTERDAY        0                         0      0        0
  MONTH TO DATE    0                         0      0        0
  SINCE DEC 1      0                         0      0        0
  SINCE JAN 1   1476                      1113    363     1215
..................................................................


WIND (MPH)
  HIGHEST WIND SPEED    25   HIGHEST WIND DIRECTION    NW (310)
  HIGHEST GUST SPEED    30   HIGHEST GUST DIRECTION    NW (320)
  AVERAGE WIND SPEED    14.3


SKY COVER
  POSSIBLE SUNSHINE  MM
  AVERAGE SKY COVER 0.2


WEATHER CONDITIONS
 THE FOLLOWING WEATHER WAS RECORDED YESTERDAY.
  NO SIGNIFICANT WEATHER WAS OBSERVED.


RELATIVE HUMIDITY (PERCENT)
 HIGHEST    73           800 AM
 LOWEST     46           400 PM
 AVERAGE    60

..........................................................


THE OMAHA EPPLEY, NEBRASKA CLIMATE NORMALS FOR TODAY
                         NORMAL    RECORD    YEAR
 MAXIMUM TEMPERATURE (F)   37        64      1890
 MINIMUM TEMPERATURE (F)   18       -11      1919


SUNRISE AND SUNSET
DECEMBER  9 2016......SUNRISE   738 AM CST   SUNSET   454 PM CST
DECEMBER 10 2016......SUNRISE   739 AM CST   SUNSET   454 PM CST


-  INDICATES NEGATIVE NUMBERS.
R  INDICATES RECORD WAS SET OR TIED.
MM INDICATES DATA IS MISSING.
T  INDICATES TRACE AMOUNT.




$$
