391
CDAK49 PAOM 100906
CLIOME

CLIMATE REPORT
NATIONAL WEATHER SERVICE NOME, AK
1206 AM AKST WED FEB 10 2016

...................................
...THE NOME WSO AP CLIMATE SUMMARY FOR FEBRUARY 9 2016...

CLIMATE NORMAL PERIOD  1981 TO  2010
CLIMATE RECORD PERIOD  1906 TO  2016

WEATHER ITEM   OBSERVED TIME    RECORD YEAR NORMAL DEPARTURE LAST
               VALUE    (LST)   VALUE       VALUE  FROM      YEAR
                                                   NORMAL
...................................................................
TEMPERATURE
YESTERDAY
 MAXIMUM            32  0907 AM    40  1947     15      17     15
 MINIMUM            12  1117 PM   -42  1949     -1      13      1
 AVERAGE            22                           7      15      8

PRECIPITATION
(INCHES)
 YESTERDAY        0.00           0.46  1922   0.03   -0.03   0.00
 MONTH TO DATE    0.28                        0.29   -0.01      T
 SINCE DEC 1      1.59                        2.31   -0.72   1.25
 SINCE JAN 1      0.81                        1.23   -0.42   0.71

SNOWFALL
(INCHES)
 YESTERDAY         0.0            5.5  1922    0.4    -0.4    0.0
 MONTH TO DATE     4.5                         3.7     0.8    0.1
 SINCE DEC 1      21.0                        30.9    -9.9   15.6
 SINCE JUL 1      39.2                        48.2    -9.0   33.2
 SNOW DEPTH (IN)    15                                         11

DEGREE DAYS
 HEATING
  YESTERDAY         43                          58     -15     57
  MONTH TO DATE    392                         530    -138    559
  SINCE DEC 1     3421                        4103    -682   3802
  SINCE JUL 1     7217                        8201    -984   7356

 COOLING
  YESTERDAY          0                           0       0      0
  MONTH TO DATE      0                           0       0      0
  SINCE DEC 1        0                           0       0      0
  SINCE JAN 1        0                           0       0      0
...................................................................

WIND (MPH)
 HIGHEST WIND SPEED    15     HIGHEST WIND DIRECTION     90
 HIGHEST GUST SPEED    19     HIGHEST GUST DIRECTION     70
 AVERAGE WIND SPEED   7.4

SKY COVER
  POSSIBLE SUNSHINE    MM          AVERAGE SKY COVER     MM

WEATHER CONDITIONS
 THE FOLLOWING WEATHER WAS RECORDED YESTERDAY.
  NO SIGNIFICANT WEATHER WAS OBSERVED.

RELATIVE HUMIDITY
 HIGHEST RH     MM PERCENT       MM
 LOWEST  RH     MM PERCENT       MM
 AVERAGE RH     MM PERCENT       MM
...................................................................

THE NOME CLIMATE NORMALS FOR TODAY
                           NORMAL    RECORD   YEAR
 MAXIMUM TEMPERATURE (F)     15        39     1980
 MINIMUM TEMPERATURE (F)     -1       -35     1930

SUNRISE AND SUNSET
 FEB 10 2016..........SUNRISE 10:17 AM      SUNSET  6:17 PM
 FEB 11 2016..........SUNRISE 10:14 AM      SUNSET  6:21 PM

-  INDICATES NEGATIVE NUMBERS.
R  INDICATES RECORD HAS BEEN SET OR TIED.
MM INDICATES DATA IS MISSING.
T  INDICATES TRACE OF PRECIPITATION.

&&
-------------------------------------------------------------------

AMOUNT OF DAYLIGHT TODAY  (HOUR:MIN)........8 HOURS 0 MINUTES
GAIN/LOSS SINCE YESTERDAY (HOUR:MIN:SEC)....+0:06:41

TIDE INFORMATION FOR WEDNESDAY FEBRUARY 10 2016
 5:31 AM HIGH 1.5 FT
12:03 PM LOW  0.2 FT
 6:54 PM HIGH 1.5 FT

$$
RWM FEB 16
