000
CDAK49 PAOM 100900
CLIOME

CLIMATE REPORT
NATIONAL WEATHER SERVICE NOME, AK
1 AM AKDT THU JUL 10 2014

...................................
...THE NOME WSO AP CLIMATE SUMMARY FOR JULY 9 2014...

CLIMATE NORMAL PERIOD  1981 TO  2010
CLIMATE RECORD PERIOD  1906 TO  2014

WEATHER ITEM   OBSERVED TIME    RECORD YEAR NORMAL DEPARTURE LAST
               VALUE    (LST)   VALUE       VALUE  FROM      YEAR
                                                   NORMAL
...................................................................
TEMPERATURE
YESTERDAY
 MAXIMUM            66  0956 AM    83  1968     59       7     58
 MINIMUM            48  0335 AM    31  1934     46       2     48
 AVERAGE            57                          53       4     53

PRECIPITATION
(INCHES)
 YESTERDAY        0.17           1.67  1975   0.05    0.12   0.00
 MONTH TO DATE    0.68                        0.44    0.24   1.23
 SINCE JUN 1      0.90                        1.42   -0.52   3.76
 SINCE JAN 1      5.37                        5.56   -0.19   8.01

SNOWFALL
(INCHES)
 YESTERDAY         0.0            0.0  2014    0.0     0.0    0.0
 MONTH TO DATE     0.0                         0.0     0.0    0.0
 SINCE JUN 1       0.0                         0.3    -0.3    0.1
 SINCE JUL 1       0.0                         0.0     0.0    0.0
 SNOW DEPTH (IN)     0                                          0

DEGREE DAYS
 HEATING
  YESTERDAY          8                          13      -5     12
  MONTH TO DATE    103                         117     -14    131
  SINCE JUN 1      671                         633      38    607
  SINCE JUL 1      103                         117     -14    131

 COOLING
  YESTERDAY          0                           0       0      0
  MONTH TO DATE      2                           0       2      0
  SINCE JUN 1        2                           0       2      7
  SINCE JAN 1        2                           0       2      7
...................................................................

WIND (MPH)
 HIGHEST WIND SPEED    15     HIGHEST WIND DIRECTION    140
 HIGHEST GUST SPEED    18     HIGHEST GUST DIRECTION     80
 AVERAGE WIND SPEED   5.9

SKY COVER
  POSSIBLE SUNSHINE    MM          AVERAGE SKY COVER     MM

WEATHER CONDITIONS
 THE FOLLOWING WEATHER WAS RECORDED YESTERDAY.
  PATCHY FOG
  LIGHT RAINFALL
  MODERATE RAINFALL

RELATIVE HUMIDITY
 HIGHEST RH     MM PERCENT       MM
 LOWEST  RH     MM PERCENT       MM
 AVERAGE RH     MM PERCENT       MM
...................................................................

THE NOME CLIMATE NORMALS FOR TODAY
                           NORMAL    RECORD   YEAR
 MAXIMUM TEMPERATURE (F)     59        79     2010
 MINIMUM TEMPERATURE (F)     46        33     1932

SUNRISE AND SUNSET
 JUL 10 2014..........SUNRISE  4:55 AM      SUNSET  1:18 AM
 JUL 11 2014..........SUNRISE  4:58 AM      SUNSET  1:16 AM

-  INDICATES NEGATIVE NUMBERS.
R  INDICATES RECORD HAS BEEN SET OR TIED.
MM INDICATES DATA IS MISSING.
T  INDICATES TRACE OF PRECIPITATION.

&&
-------------------------------------------------------------------

AMOUNT OF DAYLIGHT TODAY  (HOUR:MIN)........20 HOURS 23 MINUTES
GAIN/LOSS SINCE YESTERDAY (HOUR:MIN:SEC)....-0:05:31

NOME TIDAL INFORMATION FOR 10 JULY 2014
04:10 AM 0.9
07:56 AM 0.8
02:00 PM 1.5
10:05 PM 0.0

$$

CKC JUL 14
