519
CDAK49 PAFG 290946
CLIOME

CLIMATE REPORT
NATIONAL WEATHER SERVICE FAIRBANKS AK
146 AM AKDT WED MAR 29 2017


...................................

...THE NOME AK CLIMATE SUMMARY FOR MARCH 28 2017...

CLIMATE NORMAL PERIOD 1981 TO 2010
CLIMATE RECORD PERIOD 1906 TO 2017


WEATHER ITEM   OBSERVED TIME   RECORD YEAR NORMAL DEPARTURE LAST
                VALUE   (LST)  VALUE       VALUE  FROM      YEAR
                                                  NORMAL
..................................................................
TEMPERATURE (F)
 YESTERDAY
  MAXIMUM          8    657 PM  39    1926  20    -12       17
  MINIMUM        -10   1156 PM -33    1920   4    -14       -3
  AVERAGE         -1                        12    -13        7

PRECIPITATION (IN)
  YESTERDAY        0.00          0.39 1938   0.02  -0.02     0.00
  MONTH TO DATE    0.01                      0.59  -0.58     0.04
  SINCE MAR 1      0.01                      0.59  -0.58     0.04
  SINCE JAN 1      1.76                      2.46  -0.70     1.07

SNOWFALL (IN)
  YESTERDAY        0.0           4.8  1938   0.2   -0.2      0.0
  MONTH TO DATE    0.9                       8.1   -7.2      0.0
  SINCE MAR 1      0.9                       8.1   -7.2      0.0
  SINCE JUL 1     53.1                      64.8  -11.7     15.5
  SNOW DEPTH      36

DEGREE DAYS
 HEATING
  YESTERDAY       66                        53     13       58
  MONTH TO DATE 1807                      1538    269     1476
  SINCE MAR 1   1807                      1538    269     1476
  SINCE JUL 1  10602                     10817   -215     4267

 COOLING
  YESTERDAY        0                         0      0        0
  MONTH TO DATE    0                         0      0        0
  SINCE MAR 1      0                         0      0        0
  SINCE JAN 1      0                         0      0        0
..................................................................


WIND (MPH)
  HIGHEST GUST SPEED    13   HIGHEST GUST DIRECTION     N (350)


SKY COVER
  AVERAGE SKY COVER 0.1


WEATHER CONDITIONS
 THE FOLLOWING WEATHER WAS RECORDED YESTERDAY.
  NO SIGNIFICANT WEATHER WAS OBSERVED.


RELATIVE HUMIDITY (PERCENT)
 HIGHEST    91
 LOWEST     68
 AVERAGE    80

..........................................................


THE NOME AK CLIMATE NORMALS FOR TODAY
                         NORMAL    RECORD    YEAR
 MAXIMUM TEMPERATURE (F)   20        42      1954
 MINIMUM TEMPERATURE (F)    4       -29      1972
                                             1920


SUNRISE AND SUNSET
MARCH 29 2017.........SUNRISE   828 AM AKDT  SUNSET   947 PM AKDT
MARCH 30 2017.........SUNRISE   825 AM AKDT  SUNSET   950 PM AKDT

-  INDICATES NEGATIVE NUMBERS.
R  INDICATES RECORD WAS SET OR TIED.
MM INDICATES DATA IS MISSING.
T  INDICATES TRACE AMOUNT.

&&

SNOW DEPTH IS MEASURED AT 3AM AKST/4AM AKDT.

----------------------------
AVAILABLE DAYLIGHT

AMOUNT OF DAYLIGHT TODAY  (HOUR:MIN)........13:19
GAIN/LOSS SINCE YESTERDAY (HOUR:MIN:SEC)....+0:06:39

NOME TIDAL INFORMATION FOR 29 MARCH 2017
0005  +0.2
0642  +1.1
1226  +0.2
1850  +1.2

$$
MAR 17
