173
CDAK49 PAFG 180056
CLIOME

CLIMATE REPORT
NATIONAL WEATHER SERVICE FAIRBANKS AK
356 PM AKST WED JAN 17 2018


...................................

...THE NOME AK CLIMATE SUMMARY FOR JANUARY 17 2018...
VALID TODAY AS OF 0300 PM LOCAL TIME.

CLIMATE NORMAL PERIOD 1981 TO 2010
CLIMATE RECORD PERIOD 1906 TO 2018


WEATHER ITEM   OBSERVED TIME   RECORD YEAR NORMAL DEPARTURE LAST
                VALUE   (LST)  VALUE       VALUE  FROM      YEAR
                                                  NORMAL
..................................................................
TEMPERATURE (F)
 TODAY
  MAXIMUM         25    319 AM  42    1963  13     12      -17
  MINIMUM         14    259 PM -34    1973  -3     17      -27
  AVERAGE         20                         5     15      -22

PRECIPITATION (IN)
  TODAY            0.00          0.38 1921   0.03  -0.03     0.00
  MONTH TO DATE    0.45                      0.53  -0.08     0.32
  SINCE DEC 1      2.01                      1.61   0.40     1.39
  SINCE JAN 1      0.45                      0.53  -0.08     0.32

SNOWFALL (IN)
  TODAY            0.0           5.0  2008   0.4   -0.4      0.0
  MONTH TO DATE    5.7                       7.3   -1.6      3.0
  SINCE DEC 1     24.4                      21.8    2.6     19.0
  SINCE JUL 1     56.0                      39.1   16.9     27.6
  SNOW DEPTH      27

DEGREE DAYS
 HEATING
  TODAY           45                        60    -15       87
  MONTH TO DATE  744                      1013   -269      973
  SINCE DEC 1   2076                      2733   -657     2575
  SINCE JUL 1   5864                      6826   -962     6190

 COOLING
  TODAY            0                         0      0        0
  MONTH TO DATE    0                         0      0        0
  SINCE DEC 1      0                         0      0        0
  SINCE JAN 1      0                         0      0        0
..................................................................


WIND (MPH)
  HIGHEST GUST SPEED    22   HIGHEST GUST DIRECTION     W (280)


SKY COVER
  AVERAGE SKY COVER 0.2


WEATHER CONDITIONS
 THE FOLLOWING WEATHER WAS RECORDED TODAY.
  NO SIGNIFICANT WEATHER WAS OBSERVED.


RELATIVE HUMIDITY (PERCENT)
 HIGHEST    96
 LOWEST     80
 AVERAGE    88

..........................................................


THE NOME AK CLIMATE NORMALS FOR TOMORROW
                         NORMAL    RECORD    YEAR
 MAXIMUM TEMPERATURE (F)   13        38      1963
 MINIMUM TEMPERATURE (F)   -3       -35      1989


SUNRISE AND SUNSET
JANUARY 17 2018.......SUNRISE  1128 AM AKST  SUNSET   458 PM AKST
JANUARY 18 2018.......SUNRISE  1125 AM AKST  SUNSET   501 PM AKST

-  INDICATES NEGATIVE NUMBERS.
R  INDICATES RECORD WAS SET OR TIED.
MM INDICATES DATA IS MISSING.
T  INDICATES TRACE AMOUNT.

&&

SNOW DEPTH IS MEASURED AT 3AM AKST/4AM AKDT.

----------------------------
AVAILABLE DAYLIGHT

AMOUNT OF DAYLIGHT TODAY  (HOUR:MIN)........5:30
GAIN/LOSS SINCE YESTERDAY (HOUR:MIN:SEC)....+0:05:47

NOME TIDAL INFORMATION FOR 18 JANUARY 2018
0354  +1.3
1130  +0.3
1915  +1.4
2307  +1.2

$$
EB JAN 18
