000
CDAK49 PAOM 192203
CLIOME

CLIMATE REPORT
NATIONAL WEATHER SERVICE NOME, AK
203 PM AKDT FRI SEP 19 2014

...................................
...THE NOME WSO AP CLIMATE SUMMARY FOR SEPTEMBER 19 2014...
VALID TODAY AS OF 2:00 PM LOCAL TIME

CLIMATE NORMAL PERIOD  1981 TO  2010
CLIMATE RECORD PERIOD  1906 TO  2014

WEATHER ITEM   OBSERVED TIME    RECORD YEAR NORMAL DEPARTURE LAST
               VALUE    (LST)   VALUE       VALUE  FROM      YEAR
                                                   NORMAL
...................................................................
TEMPERATURE
TODAY
 MAXIMUM            50  1259 PM    60  2010     48       2     39
 MINIMUM            40  0430 AM    20  1968     36       4     30
 AVERAGE            45                          42       3     35

PRECIPITATION
(INCHES)
 TODAY            0.00           0.60  1926   0.08   -0.08      T
 MONTH TO DATE    2.34                        1.66    0.68   1.77
 SINCE SEP 1      2.34                        1.66    0.68   1.77
 SINCE JAN 1     11.36                       12.11   -0.75  14.88

SNOWFALL
(INCHES)
 TODAY             0.0            0.3  1956    0.0     0.0      T
 MONTH TO DATE     0.0                         0.2    -0.2      T
 SINCE SEP 1       0.0                         0.2    -0.2    0.0
 SINCE JUL 1       0.0                         0.2    -0.2      T
 SNOW DEPTH (IN)     0                                          0

DEGREE DAYS
 HEATING
  TODAY             20                          23      -3     30
  MONTH TO DATE    308                         377     -69    404
  SINCE SEP 1      308                         377     -69    404
  SINCE JUL 1     1011                        1241    -230   1178

 COOLING
  TODAY              0                           0       0      0
  MONTH TO DATE      0                           0       0      0
  SINCE SEP 1        0                           0       0      0
  SINCE JAN 1        3                           0       3      7
...................................................................

WIND (MPH)
 HIGHEST WIND SPEED    22     HIGHEST WIND DIRECTION    340
 HIGHEST GUST SPEED    27     HIGHEST GUST DIRECTION    330
 AVERAGE WIND SPEED    MM

SKY COVER
  POSSIBLE SUNSHINE  MM            AVERAGE SKY COVER MM

WEATHER CONDITIONS
 THE FOLLOWING WEATHER WAS RECORDED TODAY.
NO SIGNIFICANT WEATHER WAS OBSERVED.

RELATIVE HUMIDITY
 HIGHEST RH     MM PERCENT       MM
 LOWEST  RH     MM PERCENT       MM
 AVERAGE RH     MM PERCENT       MM
...................................................................

THE NOME CLIMATE NORMALS FOR TOMORROW
                        NORMAL    RECORD   YEAR
 MAXIMUM TEMPERATURE      47        64     1995
 MINIMUM TEMPERATURE      35        17     1975

SUNRISE AND SUNSET
 SEP 19 2014..........SUNRISE  8:37 AM      SUNSET  9:13 PM
 SEP 20 2014..........SUNRISE  8:40 AM      SUNSET  9:09 PM

-  INDICATES NEGATIVE NUMBERS.
R  INDICATES RECORD HAS BEEN SET OR TIED.
MM INDICATES DATA IS MISSING.
T  INDICATES TRACE OF PRECIPITATION.

&&
-------------------------------------------------------------------

AMOUNT OF DAYLIGHT TODAY  (HOUR:MIN)........12 HOURS 36 MINUTES
GAIN/LOSS SINCE YESTERDAY (HOUR:MIN:SEC)....-0:06:32

$$
*** SEP 14
