000
CDAK49 PAOM 260906
CLIOME

CLIMATE REPORT
NATIONAL WEATHER SERVICE NOME, AK
1206 AM AKST MON JAN 26 2015

...................................
...THE NOME WSO AP CLIMATE SUMMARY FOR JANUARY 25 2015...

CLIMATE NORMAL PERIOD  1981 TO  2010
CLIMATE RECORD PERIOD  1906 TO  2015

WEATHER ITEM   OBSERVED TIME    RECORD YEAR NORMAL DEPARTURE LAST
               VALUE    (LST)   VALUE       VALUE  FROM      YEAR
                                                   NORMAL
...................................................................
TEMPERATURE
YESTERDAY
 MAXIMUM           -15  0255 PM    41  1963     13     -28     40
 MINIMUM           -26  1158 PM   -47  1919     -3     -23     26
 AVERAGE           -21                           5     -26     33

PRECIPITATION
(INCHES)
 YESTERDAY        0.00           0.40  1937   0.03   -0.03      T
 MONTH TO DATE    0.71                        0.76   -0.05   1.21
 SINCE DEC 1      1.25                        1.84   -0.59   3.22
 SINCE JAN 1      0.71                        0.76   -0.05   1.21

SNOWFALL
(INCHES)
 YESTERDAY         0.0            4.4  1937    0.3    -0.3    0.0
 MONTH TO DATE    10.4                        10.3     0.1   11.8
 SINCE DEC 1      15.5                        24.8    -9.3   30.2
 SINCE JUL 1      33.1                        42.1    -9.0   44.8
 SNOW DEPTH (IN)    12                                         17

DEGREE DAYS
 HEATING
  YESTERDAY         86                          60      26     32
  MONTH TO DATE   1309                        1493    -184   1176
  SINCE JUL 1     6372                        7311    -939   6542

 COOLING
  YESTERDAY          0                           0       0      0
  MONTH TO DATE      0                           0       0      0
  SINCE DEC 1        0                           0       0      0
  SINCE JAN 1        0                           0       0      0
...................................................................

WIND (MPH)
 HIGHEST WIND SPEED     5     HIGHEST WIND DIRECTION     10
 HIGHEST GUST SPEED     5     HIGHEST GUST DIRECTION     30
 AVERAGE WIND SPEED   1.3

SKY COVER
  POSSIBLE SUNSHINE    MM          AVERAGE SKY COVER     MM

WEATHER CONDITIONS
 THE FOLLOWING WEATHER WAS RECORDED YESTERDAY.
  FOG


RELATIVE HUMIDITY
 HIGHEST RH     MM PERCENT       MM
 LOWEST  RH     MM PERCENT       MM
 AVERAGE RH     MM PERCENT       MM
...................................................................

THE NOME CLIMATE NORMALS FOR TODAY
                           NORMAL    RECORD   YEAR
 MAXIMUM TEMPERATURE (F)     13        45     2014
 MINIMUM TEMPERATURE (F)     -3       -43     1989

SUNRISE AND SUNSET
 JAN 26 2015..........SUNRISE 11:04 AM      SUNSET  5:27 PM
 JAN 27 2015..........SUNRISE 11:01 AM      SUNSET  5:30 PM

-  INDICATES NEGATIVE NUMBERS.
R  INDICATES RECORD HAS BEEN SET OR TIED.
MM INDICATES DATA IS MISSING.
T  INDICATES TRACE OF PRECIPITATION.

&&
-------------------------------------------------------------------

AMOUNT OF DAYLIGHT TODAY  (HOUR:MIN)........6 HOURS 23 MINUTES
GAIN/LOSS SINCE YESTERDAY (HOUR:MIN:SEC)....+0:06:21

TIDES FOR MONDAY JANUARY 26 2015

3:07 AM LOW  0.3 FT
9:18 AM HIGH 1.4 FT
3:26 PM LOW  0.1 FT
9:53 PM HIGH 1.5 FT

$$
RCT JAN 15
