000
CDAK49 PAFG 180938
CLIOME

CLIMATE REPORT
NATIONAL WEATHER SERVICE FAIRBANKS AK
138 AM AKDT FRI AUG 18 2017


...................................

...THE NOME AK CLIMATE SUMMARY FOR AUGUST 17 2017...

CLIMATE NORMAL PERIOD 1981 TO 2010
CLIMATE RECORD PERIOD 1906 TO 2017


WEATHER ITEM   OBSERVED TIME   RECORD YEAR NORMAL DEPARTURE LAST
                VALUE   (LST)  VALUE       VALUE  FROM      YEAR
                                                  NORMAL
..................................................................
TEMPERATURE (F)
 YESTERDAY
  MAXIMUM         47    648 PM  68    2007  56     -9       58
                                      1940
  MINIMUM         40   1159 PM  25    1914  44     -4       44
  AVERAGE         44                        50     -6       51

PRECIPITATION (IN)
  YESTERDAY        0.05          1.06 1924   0.11  -0.06     0.00
  MONTH TO DATE    1.48                      1.80  -0.32     1.52
  SINCE JUN 1      6.59                      4.89   1.70     5.66
  SINCE JAN 1      9.44                      9.03   0.41     8.75

SNOWFALL (IN)
  YESTERDAY       MM             0.0    MM   0.0   MM        0.0
  MONTH TO DATE    0.0                       0.0    0.0      0.0
  SINCE JUN 1      0.0                       0.3   -0.3      0.0
  SINCE JUL 1      0.0                       0.0    0.0      0.0
  SNOW DEPTH       0

DEGREE DAYS
 HEATING
  YESTERDAY       21                        15      6       14
  MONTH TO DATE  202                       243    -41      159
  SINCE JUN 1    926                      1158   -232      970
  SINCE JUL 1    561                       641    -80      523

 COOLING
  YESTERDAY        0                         0      0        0
  MONTH TO DATE    0                         0      0        0
  SINCE JUN 1      4                         3      1        0
  SINCE JAN 1      4                         3      1        0
..................................................................


WIND (MPH)
  HIGHEST GUST SPEED    24   HIGHEST GUST DIRECTION    NW (320)


SKY COVER
  AVERAGE SKY COVER 1.0


WEATHER CONDITIONS
 THE FOLLOWING WEATHER WAS RECORDED YESTERDAY.
  LIGHT RAIN
  FOG


RELATIVE HUMIDITY (PERCENT)
 HIGHEST   100
 LOWEST     65
 AVERAGE    83

..........................................................


THE NOME AK CLIMATE NORMALS FOR TODAY
                         NORMAL    RECORD    YEAR
 MAXIMUM TEMPERATURE (F)   56        70      2007
                                             1956
 MINIMUM TEMPERATURE (F)   44        27      1966


SUNRISE AND SUNSET
AUGUST 18 2017........SUNRISE   702 AM AKDT  SUNSET  1108 PM AKDT
AUGUST 19 2017........SUNRISE   705 AM AKDT  SUNSET  1104 PM AKDT

-  INDICATES NEGATIVE NUMBERS.
R  INDICATES RECORD WAS SET OR TIED.
MM INDICATES DATA IS MISSING.
T  INDICATES TRACE AMOUNT.

&&

SNOW DEPTH IS MEASURED AT 3AM AKST/4AM AKDT.

----------------------------
AVAILABLE DAYLIGHT

AMOUNT OF DAYLIGHT TODAY  (HOUR:MIN)........16:06
GAIN/LOSS SINCE YESTERDAY (HOUR:MIN:SEC)....-0:06:43

NOME TIDAL INFORMATION FOR 18 AUGUST 2017
0239  +0.9
0715  +0.5
1318  +1.2
2055  -0.2

$$
AUG 17
