000
CDUS46 KOTX 280833
CLIOMK


CLIMATE REPORT
NATIONAL WEATHER SERVICE SPOKANE, WA
133 AM PDT SAT MAY 28 2016


...................................

...THE OMAK WA AIRPORT CLIMATE SUMMARY FOR MAY 27 2016...

CLIMATE NORMAL PERIOD 1981 TO 2010
CLIMATE RECORD PERIOD 9999 TO 9999


WEATHER ITEM   OBSERVED TIME   RECORD YEAR NORMAL DEPARTURE LAST
                VALUE   (LST)  VALUE       VALUE  FROM      YEAR
                                                  NORMAL
..................................................................
TEMPERATURE (F)
 YESTERDAY
  MAXIMUM         67    427 PM  96    1958  75     -8       83
  MINIMUM         45    418 AM  29    1955  48     -3       48
  AVERAGE         56                        61     -5       66

PRECIPITATION (IN)
  YESTERDAY        0.00                      0.04  -0.04     0.00
  MONTH TO DATE    0.69                      1.05  -0.36     0.90
  SINCE OCT 1     12.43                     11.47   0.96    10.22
  SINCE JAN 1      7.07                      6.58   0.49     3.65

SNOWFALL (IN)
  YESTERDAY       MM

DEGREE DAYS
 HEATING
  YESTERDAY        9                         5      4        0
  MONTH TO DATE   97                       217   -120      130
  SINCE MAR 1    966                      1395   -429     1133
  SINCE JUL 1   5372                      6256   -884     5319

 COOLING
  YESTERDAY        0                         1     -1        1
  MONTH TO DATE   18                        17      1       27
  SINCE MAR 1     23                        18      5       27
  SINCE JAN 1     23                        18      5       27
..................................................................


WIND (MPH)
  HIGHEST WIND SPEED    15   HIGHEST WIND DIRECTION     N (360)
  HIGHEST GUST SPEED    19   HIGHEST GUST DIRECTION     N (360)
  AVERAGE WIND SPEED     7.1


SKY COVER
  POSSIBLE SUNSHINE  MM
  AVERAGE SKY COVER 0.4


WEATHER CONDITIONS
 THE FOLLOWING WEATHER WAS RECORDED YESTERDAY.
  NO SIGNIFICANT WEATHER WAS OBSERVED.


RELATIVE HUMIDITY (PERCENT)
 HIGHEST    59           300 AM
 LOWEST     24           300 PM
 AVERAGE    42

..........................................................


THE OMAK WA AIRPORT CLIMATE NORMALS FOR TODAY
                         NORMAL    RECORD    YEAR
 MAXIMUM TEMPERATURE (F)   75        98      1934
 MINIMUM TEMPERATURE (F)   48        32      1977


SUNRISE AND SUNSET
MAY 28 2016...........SUNRISE   503 AM PDT   SUNSET   848 PM PDT
MAY 29 2016...........SUNRISE   503 AM PDT   SUNSET   849 PM PDT


-  INDICATES NEGATIVE NUMBERS.
R  INDICATES RECORD WAS SET OR TIED.
MM INDICATES DATA IS MISSING.
T  INDICATES TRACE AMOUNT.




$$
