000
CDUS46 KOTX 300821
CLIOMK


CLIMATE REPORT
NATIONAL WEATHER SERVICE SPOKANE, WA
121 AM PDT SAT JUL 30 2016


...................................

...THE OMAK WA AIRPORT CLIMATE SUMMARY FOR JULY 29 2016...

CLIMATE NORMAL PERIOD 1981 TO 2010
CLIMATE RECORD PERIOD 9999 TO 9999


WEATHER ITEM   OBSERVED TIME   RECORD YEAR NORMAL DEPARTURE LAST
                VALUE   (LST)  VALUE       VALUE  FROM      YEAR
                                                  NORMAL
..................................................................
TEMPERATURE (F)
 YESTERDAY
  MAXIMUM        101    414 PM 105    2014  91     10       95
                                      1998
  MINIMUM         69    343 AM  39    1947  59     10       50
  AVERAGE         85                        75     10       73

PRECIPITATION (IN)
  YESTERDAY        0.00                      0.02  -0.02     0.00
  MONTH TO DATE    0.75                      0.77  -0.02     0.26
  SINCE OCT 1     14.83                     13.64   1.19    11.45
  SINCE JAN 1      9.47                      8.75   0.72     4.88

SNOWFALL (IN)
  YESTERDAY       MM

DEGREE DAYS
 HEATING
  YESTERDAY        0                         0      0        0
  MONTH TO DATE    5                        11     -6        0
  SINCE JUN 1     90                        80     10       15
  SINCE JUL 1      5                        11     -6        0

 COOLING
  YESTERDAY       20                        10     10        8
  MONTH TO DATE  186                       233    -47      334
  SINCE JUN 1    323                       317      6      599
  SINCE JAN 1    348                       340      8      645
..................................................................


WIND (MPH)
  HIGHEST WIND SPEED    17   HIGHEST WIND DIRECTION     N (340)
  HIGHEST GUST SPEED    20   HIGHEST GUST DIRECTION     N (340)
  AVERAGE WIND SPEED     9.0


SKY COVER
  POSSIBLE SUNSHINE  MM
  AVERAGE SKY COVER 0.0


WEATHER CONDITIONS
 THE FOLLOWING WEATHER WAS RECORDED YESTERDAY.
  NO SIGNIFICANT WEATHER WAS OBSERVED.


RELATIVE HUMIDITY (PERCENT)
 HIGHEST    49           300 AM
 LOWEST     13           400 PM
 AVERAGE    31

..........................................................


THE OMAK WA AIRPORT CLIMATE NORMALS FOR TODAY
                         NORMAL    RECORD    YEAR
 MAXIMUM TEMPERATURE (F)   91       104      2014
                                             2003
 MINIMUM TEMPERATURE (F)   59        43      1970


SUNRISE AND SUNSET
JULY 30 2016..........SUNRISE   531 AM PDT   SUNSET   837 PM PDT
JULY 31 2016..........SUNRISE   532 AM PDT   SUNSET   836 PM PDT


-  INDICATES NEGATIVE NUMBERS.
R  INDICATES RECORD WAS SET OR TIED.
MM INDICATES DATA IS MISSING.
T  INDICATES TRACE AMOUNT.




$$
