000
CDUS46 KOTX 060840
CLIOMK


CLIMATE REPORT
NATIONAL WEATHER SERVICE SPOKANE, WA
137 AM PDT MON JUL 6 2015


...................................

...THE OMAK WA AIRPORT CLIMATE SUMMARY FOR JULY 5 2015...

CLIMATE NORMAL PERIOD 1981 TO 2010
CLIMATE RECORD PERIOD 9999 TO 9999


WEATHER ITEM   OBSERVED TIME   RECORD YEAR NORMAL DEPARTURE LAST
                VALUE   (LST)  VALUE       VALUE  FROM      YEAR
                                                  NORMAL
..................................................................
TEMPERATURE (F)
 YESTERDAY
  MAXIMUM         97    403 PM 102    2007  85     12       90
  MINIMUM         66   1159 PM  39    2002  55     11       66
  AVERAGE         82                        70     12       78

PRECIPITATION (IN)
  YESTERDAY        0.00          0.41 1956   0.03  -0.03     0.00
  MONTH TO DATE    0.00                      0.14  -0.14     0.00
  SINCE OCT 1     11.19                     13.01  -1.82     6.39
  SINCE JAN 1      4.62                      8.12  -3.50     5.22

SNOWFALL (IN)
  YESTERDAY       MM

DEGREE DAYS
 HEATING
  YESTERDAY        0                         1     -1        0
  MONTH TO DATE    0                         5     -5        0
  SINCE JUN 1     15                        74    -59       38
  SINCE JUL 1      0                         5     -5        0

 COOLING
  YESTERDAY       17                         6     11       13
  MONTH TO DATE  100                        28     72       51
  SINCE JUN 1    365                       112    253      116
  SINCE JAN 1    411                       135    276      130
..................................................................


WIND (MPH)
  HIGHEST WIND SPEED    21   HIGHEST WIND DIRECTION     N (20)
  HIGHEST GUST SPEED    28   HIGHEST GUST DIRECTION    NE (30)
  AVERAGE WIND SPEED    12.0


SKY COVER
  POSSIBLE SUNSHINE  MM
  AVERAGE SKY COVER 0.0


WEATHER CONDITIONS
 THE FOLLOWING WEATHER WAS RECORDED YESTERDAY.
  NO SIGNIFICANT WEATHER WAS OBSERVED.


RELATIVE HUMIDITY (PERCENT)
 HIGHEST    29           500 AM
 LOWEST      9           300 PM
 AVERAGE    19

..........................................................


THE OMAK WA AIRPORT CLIMATE NORMALS FOR TODAY
                         NORMAL    RECORD    YEAR
 MAXIMUM TEMPERATURE (F)   86        99      1968
 MINIMUM TEMPERATURE (F)   55        39      1962


SUNRISE AND SUNSET
JULY  6 2015..........SUNRISE   504 AM PDT   SUNSET   901 PM PDT
JULY  7 2015..........SUNRISE   505 AM PDT   SUNSET   901 PM PDT


-  INDICATES NEGATIVE NUMBERS.
R  INDICATES RECORD WAS SET OR TIED.
MM INDICATES DATA IS MISSING.
T  INDICATES TRACE AMOUNT.




$$
