000
CDUS46 KOTX 240836
CLIOMK


CLIMATE REPORT
NATIONAL WEATHER SERVICE SPOKANE, WA
1236 AM PST TUE JAN 24 2017


...................................

...THE OMAK WA AIRPORT CLIMATE SUMMARY FOR JANUARY 23 2017...

CLIMATE NORMAL PERIOD 1981 TO 2010
CLIMATE RECORD PERIOD 9999 TO 9999


WEATHER ITEM   OBSERVED TIME   RECORD YEAR NORMAL DEPARTURE LAST
                VALUE   (LST)  VALUE       VALUE  FROM      YEAR
                                                  NORMAL
..................................................................
TEMPERATURE (F)
 YESTERDAY
  MAXIMUM         37    130 PM  51    1934  34      3       36
  MINIMUM         32   1148 PM  -9    2008  22     10       29
                                      1932
  AVERAGE         35                        28      7       33

PRECIPITATION (IN)
  YESTERDAY        T                         0.05  -0.05     0.22
  MONTH TO DATE    2.03                      1.52   0.51     2.08
  SINCE OCT 1      8.51                      6.41   2.10     7.44
  SINCE JAN 1      2.03                      1.52   0.51     2.08

SNOWFALL (IN)
  YESTERDAY       MM

DEGREE DAYS
 HEATING
  YESTERDAY       30                        37     -7       32
  MONTH TO DATE 1056                       893    163      850
  SINCE DEC 1   2349                      2109    240     2001
  SINCE JUL 1   3587                      3642    -55     3302

 COOLING
  YESTERDAY        0                         0      0        0
  MONTH TO DATE    0                         0      0        0
  SINCE DEC 1      0                         0      0        0
  SINCE JAN 1      0                         0      0        0
..................................................................


WIND (MPH)
  HIGHEST WIND SPEED     7   HIGHEST WIND DIRECTION    NW (300)
  HIGHEST GUST SPEED     8   HIGHEST GUST DIRECTION    NW (300)
  AVERAGE WIND SPEED     1.2


SKY COVER
  POSSIBLE SUNSHINE  MM
  AVERAGE SKY COVER 1.0


WEATHER CONDITIONS
 THE FOLLOWING WEATHER WAS RECORDED YESTERDAY.
  LIGHT SNOW
  FOG
  FOG W/VISIBILITY <= 1/4 MILE


RELATIVE HUMIDITY (PERCENT)
 HIGHEST    96          1100 AM
 LOWEST     82           300 PM
 AVERAGE    89

..........................................................


THE OMAK WA AIRPORT CLIMATE NORMALS FOR TODAY
                         NORMAL    RECORD    YEAR
 MAXIMUM TEMPERATURE (F)   35        47      1947
 MINIMUM TEMPERATURE (F)   22       -18      1949


SUNRISE AND SUNSET
JANUARY 24 2017.......SUNRISE   736 AM PST   SUNSET   445 PM PST
JANUARY 25 2017.......SUNRISE   735 AM PST   SUNSET   446 PM PST


-  INDICATES NEGATIVE NUMBERS.
R  INDICATES RECORD WAS SET OR TIED.
MM INDICATES DATA IS MISSING.
T  INDICATES TRACE AMOUNT.




$$
