000
CDUS46 KOTX 290832
CLIOMK


CLIMATE REPORT
NATIONAL WEATHER SERVICE SPOKANE, WA
1229 AM PST MON DEC 29 2014


...................................

...THE OMAK WA AIRPORT CLIMATE SUMMARY FOR DECEMBER 28 2014...

CLIMATE NORMAL PERIOD 1981 TO 2010
CLIMATE RECORD PERIOD 9999 TO 9999


WEATHER ITEM   OBSERVED TIME   RECORD YEAR NORMAL DEPARTURE LAST
                VALUE   (LST)  VALUE       VALUE  FROM      YEAR
                                                  NORMAL
..................................................................
TEMPERATURE (F)
 YESTERDAY
  MAXIMUM         40   1215 PM  52    1953  30     10       29
  MINIMUM         27    115 AM -12    1968  18      9       25
  AVERAGE         34                        24     10       27

PRECIPITATION (IN)
  YESTERDAY        T           0.68   1970  0.10  -0.10     0.00
  MONTH TO DATE    2.52                     2.29   0.23     0.11
  SINCE OCT 1      6.56                     5.20   1.36     1.17
  SINCE JAN 1     13.57                    14.80  -1.23    10.00

SNOWFALL (IN)
  YESTERDAY       MM

DEGREE DAYS
 HEATING
  YESTERDAY       31                        41    -10       38
  MONTH TO DATE  919                      1097   -178     1197
  SINCE DEC 1    919                      1097   -178     1197
  SINCE JUL 1   2316                      2630   -314     2794

 COOLING
  YESTERDAY        0                         0      0        0
  MONTH TO DATE    0                         0      0        0
  SINCE DEC 1      0                         0      0        0
  SINCE JAN 1    873                       665    208      814
..................................................................


WIND (MPH)
  HIGHEST WIND SPEED    16   HIGHEST WIND DIRECTION     N (350)
  HIGHEST GUST SPEED    23   HIGHEST GUST DIRECTION     N (20)
  AVERAGE WIND SPEED     4.7


SKY COVER
  POSSIBLE SUNSHINE  MM
  AVERAGE SKY COVER 0.9


WEATHER CONDITIONS
 THE FOLLOWING WEATHER WAS RECORDED YESTERDAY.
  LIGHT SNOW
  FOG


RELATIVE HUMIDITY (PERCENT)
 HIGHEST    92          1200 AM
 LOWEST     64           600 PM
 AVERAGE    78

..........................................................


THE OMAK WA AIRPORT CLIMATE NORMALS FOR TODAY
                         NORMAL    RECORD    YEAR
 MAXIMUM TEMPERATURE (F)   30        49      2011
                                             1998
 MINIMUM TEMPERATURE (F)   18       -14      1968


SUNRISE AND SUNSET
DECEMBER 29 2014......SUNRISE   750 AM PST   SUNSET   411 PM PST
DECEMBER 30 2014......SUNRISE   750 AM PST   SUNSET   412 PM PST


-  INDICATES NEGATIVE NUMBERS.
R  INDICATES RECORD WAS SET OR TIED.
MM INDICATES DATA IS MISSING.
T  INDICATES TRACE AMOUNT.

$$
