000
CDUS46 KOTX 270842
CLIOMK


CLIMATE REPORT
NATIONAL WEATHER SERVICE SPOKANE, WA
142 AM PDT SUN JUL 27 2014


...................................

...THE OMAK WA AIRPORT CLIMATE SUMMARY FOR JULY 26 2014...

CLIMATE NORMAL PERIOD 1981 TO 2010
CLIMATE RECORD PERIOD 9999 TO 9999


WEATHER ITEM   OBSERVED TIME   RECORD YEAR NORMAL DEPARTURE LAST
                VALUE   (LST)  VALUE       VALUE  FROM      YEAR
                                                  NORMAL
..................................................................
TEMPERATURE (F)
 YESTERDAY
  MAXIMUM         91    314 PM 107    1939  90      1      100
  MINIMUM         57    126 AM  43    1969  59     -2       58
  AVERAGE         74                        75     -1       79

PRECIPITATION (IN)
  YESTERDAY        0.00          0.36 1978   0.02  -0.02     0.00
  MONTH TO DATE    0.17                      0.70  -0.53     0.26
  SINCE OCT 1      6.56                     13.90  -7.34    13.09
  SINCE JAN 1      5.39                      8.45  -3.06     6.10

SNOWFALL (IN)
  YESTERDAY       MM            MM      MM  MM     MM       MM
  MONTH TO DATE   MM                        MM     MM       MM
  SINCE JUN 1     MM                        MM     MM       MM
  SINCE JUL 1     MM                        MM     MM       MM
  SNOW DEPTH      MM

DEGREE DAYS
 HEATING
  YESTERDAY        0                         0      0        0
  MONTH TO DATE    2                        11     -9        0
  SINCE JUN 1     40                        80    -40       67
  SINCE JUL 1      2                        11     -9        0

 COOLING
  YESTERDAY        9                        10     -1       14
  MONTH TO DATE  322                       203    119      287
  SINCE JUN 1    387                       287    100      352
  SINCE JAN 1    401                       310     91      375
..................................................................


WIND (MPH)
  HIGHEST WIND SPEED    15   HIGHEST WIND DIRECTION    SW (230)
  HIGHEST GUST SPEED    22   HIGHEST GUST DIRECTION    SW (230)
  AVERAGE WIND SPEED     7.4


SKY COVER
  POSSIBLE SUNSHINE  MM
  AVERAGE SKY COVER 0.0


WEATHER CONDITIONS
 THE FOLLOWING WEATHER WAS RECORDED YESTERDAY.
  NO SIGNIFICANT WEATHER WAS OBSERVED.


RELATIVE HUMIDITY (PERCENT)
 HIGHEST    62           100 AM
 LOWEST     14           600 PM
 AVERAGE    38

..........................................................


THE OMAK WA AIRPORT CLIMATE NORMALS FOR TODAY
                         NORMAL    RECORD    YEAR
 MAXIMUM TEMPERATURE (F)   91       109      1939
 MINIMUM TEMPERATURE (F)   59        45      1969


SUNRISE AND SUNSET
JULY 27 2014..........SUNRISE   526 AM PDT   SUNSET   842 PM PDT
JULY 28 2014..........SUNRISE   528 AM PDT   SUNSET   841 PM PDT


-  INDICATES NEGATIVE NUMBERS.
R  INDICATES RECORD WAS SET OR TIED.
MM INDICATES DATA IS MISSING.
T  INDICATES TRACE AMOUNT.




$$
