000
CDUS45 KBOI 300931
CLIONO


CLIMATE REPORT
NATIONAL WEATHER SERVICE BOISE ID
331 AM MDT MON MAY 30 2016


...................................

...THE ONTARIO OR CLIMATE SUMMARY FOR MAY 29 2016...

CLIMATE NORMAL PERIOD 1981 TO 2010
CLIMATE RECORD PERIOD 1948 TO 2016


WEATHER ITEM   OBSERVED TIME   RECORD YEAR NORMAL DEPARTURE LAST
                VALUE   (LST)  VALUE       VALUE  FROM      YEAR
                                                  NORMAL
..................................................................
TEMPERATURE (F)
 YESTERDAY
  MAXIMUM         83    435 PM 103    1986  78      5       87
  MINIMUM         42    520 AM  35    1959  48     -6       50
  AVERAGE         63                        63      0       69

PRECIPITATION (IN)
  YESTERDAY        0.00          0.53 1953   0.04  -0.04     0.00
  MONTH TO DATE    0.30                      1.20  -0.90     1.66
  SINCE OCT 1      6.98                      8.40  -1.42     8.52
  SINCE JAN 1      2.23                      4.99  -2.76     4.06

DEGREE DAYS
 HEATING
  YESTERDAY        2                         4     -2        0
  MONTH TO DATE  112                       201    -89       88
  SINCE MAR 1    918                      1312   -394      998
  SINCE JUL 1   4908                      5942  -1034     4792

 COOLING
  YESTERDAY        0                         2     -2        4
  MONTH TO DATE   33                        31      2       16
  SINCE MAR 1     33                        32      1       16
  SINCE JAN 1     33                        32      1       16
..................................................................


WIND (MPH)
  HIGHEST WIND SPEED    17   HIGHEST WIND DIRECTION    NW (330)
  HIGHEST GUST SPEED    22   HIGHEST GUST DIRECTION    NW (330)
  AVERAGE WIND SPEED     4.8


SKY COVER
  AVERAGE SKY COVER 0.0


WEATHER CONDITIONS
 THE FOLLOWING WEATHER WAS RECORDED YESTERDAY.
  NO SIGNIFICANT WEATHER WAS OBSERVED.


RELATIVE HUMIDITY (PERCENT)
 HIGHEST    76           200 AM
 LOWEST     18           500 PM
 AVERAGE    47

..........................................................


THE ONTARIO OR CLIMATE NORMALS FOR TODAY
                         NORMAL    RECORD    YEAR
 MAXIMUM TEMPERATURE (F)   79       102      1972
 MINIMUM TEMPERATURE (F)   48        37      1988


SUNRISE AND SUNSET
MAY 30 2016...........SUNRISE   609 AM MDT   SUNSET   923 PM MDT
MAY 31 2016...........SUNRISE   608 AM MDT   SUNSET   924 PM MDT


-  INDICATES NEGATIVE NUMBERS.
R  INDICATES RECORD WAS SET OR TIED.
MM INDICATES DATA IS MISSING.
T  INDICATES TRACE AMOUNT.




$$
