000
CDUS45 KBOI 020931
CLIONO


CLIMATE REPORT
NATIONAL WEATHER SERVICE BOISE ID
331 AM MDT TUE SEP 2 2014


...................................

...THE ONTARIO OR CLIMATE SUMMARY FOR SEPTEMBER 1 2014...

CLIMATE NORMAL PERIOD 1981 TO 2010
CLIMATE RECORD PERIOD 1948 TO 2014


WEATHER ITEM   OBSERVED TIME   RECORD YEAR NORMAL DEPARTURE LAST
                VALUE   (LST)  VALUE       VALUE  FROM      YEAR
                                                  NORMAL
..................................................................
TEMPERATURE (F)
 YESTERDAY
  MAXIMUM         80    551 PM 104    1967  87     -7       94
  MINIMUM         54   1159 PM  37    1965  50      4       53
  AVERAGE         67                        68     -1       74

PRECIPITATION (IN)
  YESTERDAY        0.00          0.24 1964   0.01  -0.01     0.00
  MONTH TO DATE    0.00                      0.01  -0.01     0.00
  SINCE OCT 1      7.05                      9.66  -2.61     5.55
  SINCE JAN 1      5.54                      6.25  -0.71     2.61

DEGREE DAYS
 HEATING
  YESTERDAY        0                         1     -1        0
  MONTH TO DATE    0                         1     -1        0
  SINCE SEP 1      0                         1     -1        0
  SINCE JUL 1      1                        17    -16        0

 COOLING
  YESTERDAY        2                         4     -2        9
  MONTH TO DATE    2                         4     -2        9
  SINCE SEP 1      2                         4     -2        9
  SINCE JAN 1    999                       797    202     1181
..................................................................


WIND (MPH)
  HIGHEST WIND SPEED    16   HIGHEST WIND DIRECTION    NW (300)
  HIGHEST GUST SPEED    21   HIGHEST GUST DIRECTION    NW (300)
  AVERAGE WIND SPEED     4.3


SKY COVER
  AVERAGE SKY COVER 0.0


WEATHER CONDITIONS
 THE FOLLOWING WEATHER WAS RECORDED YESTERDAY.
  NO SIGNIFICANT WEATHER WAS OBSERVED.


RELATIVE HUMIDITY (PERCENT)
 HIGHEST    66          1100 PM
 LOWEST     25           400 PM
 AVERAGE    46

..........................................................


THE ONTARIO OR CLIMATE NORMALS FOR TODAY
                         NORMAL    RECORD    YEAR
 MAXIMUM TEMPERATURE (F)   86       100      1987
 MINIMUM TEMPERATURE (F)   50        37      1975


SUNRISE AND SUNSET
SEPTEMBER  2 2014.....SUNRISE   712 AM MDT   SUNSET   822 PM MDT
SEPTEMBER  3 2014.....SUNRISE   714 AM MDT   SUNSET   820 PM MDT


-  INDICATES NEGATIVE NUMBERS.
R  INDICATES RECORD WAS SET OR TIED.
MM INDICATES DATA IS MISSING.
T  INDICATES TRACE AMOUNT.




$$
