000
CDUS45 KBOI 220931
CLIONO


CLIMATE REPORT
NATIONAL WEATHER SERVICE BOISE ID
331 AM MDT MON SEP 22 2014


...................................

...THE ONTARIO OR CLIMATE SUMMARY FOR SEPTEMBER 21 2014...

CLIMATE NORMAL PERIOD 1981 TO 2010
CLIMATE RECORD PERIOD 1948 TO 2014


WEATHER ITEM   OBSERVED TIME   RECORD YEAR NORMAL DEPARTURE LAST
                VALUE   (LST)  VALUE       VALUE  FROM      YEAR
                                                  NORMAL
..................................................................
TEMPERATURE (F)
 YESTERDAY
  MAXIMUM         85    229 PM  97    1966  79      6       75
  MINIMUM         49    631 AM  25    1983  43      6       57
  AVERAGE         67                        61      6       66

PRECIPITATION (IN)
  YESTERDAY        0.00          0.04 1984   0.02  -0.02      T
  MONTH TO DATE    0.01                      0.26  -0.25     0.14
  SINCE OCT 1      7.06                      9.91  -2.85     5.69
  SINCE JAN 1      5.55                      6.50  -0.95     2.75

DEGREE DAYS
 HEATING
  YESTERDAY        0                         5     -5        0
  MONTH TO DATE   18                        57    -39       18
  SINCE SEP 1     18                        57    -39       18
  SINCE JUL 1     19                        73    -54       18

 COOLING
  YESTERDAY        2                         1      1        1
  MONTH TO DATE   72                        52     20      127
  SINCE SEP 1     72                        52     20      127
  SINCE JAN 1   1069                       845    224     1299
..................................................................


WIND (MPH)
  HIGHEST WIND SPEED    20   HIGHEST WIND DIRECTION    SE (140)
  HIGHEST GUST SPEED    26   HIGHEST GUST DIRECTION    SE (140)
  AVERAGE WIND SPEED     4.6


SKY COVER
  AVERAGE SKY COVER 0.1


WEATHER CONDITIONS
 THE FOLLOWING WEATHER WAS RECORDED YESTERDAY.
  NO SIGNIFICANT WEATHER WAS OBSERVED.


RELATIVE HUMIDITY (PERCENT)
 HIGHEST    74           700 AM
 LOWEST     29           500 PM
 AVERAGE    52

..........................................................


THE ONTARIO OR CLIMATE NORMALS FOR TODAY
                         NORMAL    RECORD    YEAR
 MAXIMUM TEMPERATURE (F)   79       100      1966
 MINIMUM TEMPERATURE (F)   43        27      1995


SUNRISE AND SUNSET
SEPTEMBER 22 2014.....SUNRISE   735 AM MDT   SUNSET   745 PM MDT
SEPTEMBER 23 2014.....SUNRISE   736 AM MDT   SUNSET   743 PM MDT


-  INDICATES NEGATIVE NUMBERS.
R  INDICATES RECORD WAS SET OR TIED.
MM INDICATES DATA IS MISSING.
T  INDICATES TRACE AMOUNT.




$$
