000
CDUS45 KBOI 010931
CLIONO


CLIMATE REPORT
NATIONAL WEATHER SERVICE BOISE ID
330 AM MDT FRI AUG 1 2014


...................................

...THE ONTARIO OR CLIMATE SUMMARY FOR JULY 31 2014...

CLIMATE NORMAL PERIOD 1981 TO 2010
CLIMATE RECORD PERIOD 1948 TO 2014


WEATHER ITEM   OBSERVED TIME   RECORD YEAR NORMAL DEPARTURE LAST
                VALUE   (LST)  VALUE       VALUE  FROM      YEAR
                                                  NORMAL
..................................................................
TEMPERATURE (F)
 YESTERDAY
  MAXIMUM         96    347 PM 107    1971  96      0       96
  MINIMUM         60    600 AM  45    1963  59      1       56
  AVERAGE         78                        77      1       76

PRECIPITATION (IN)
  YESTERDAY        0.00          0.12 2001   0.01  -0.01     0.00
  MONTH TO DATE    0.01                      0.30  -0.29     0.00
  SINCE OCT 1      6.52                      9.47  -2.95     5.55
  SINCE JAN 1      5.01                      6.06  -1.05     2.61

DEGREE DAYS
 HEATING
  YESTERDAY        0                         0      0        0
  MONTH TO DATE    0                         0      0        0
  SINCE JUN 1     28                        57    -29       39
  SINCE JUL 1      0                         5     -5        0

 COOLING
  YESTERDAY       13                        12      1       11
  MONTH TO DATE  496                       348    148      505
  SINCE JUN 1    653                       487    166      709
  SINCE JAN 1    701                       523    178      756
..................................................................


WIND (MPH)
  HIGHEST WIND SPEED    30   HIGHEST WIND DIRECTION    NW (320)
  HIGHEST GUST SPEED    38   HIGHEST GUST DIRECTION    NW (310)
  AVERAGE WIND SPEED     3.8


SKY COVER
  AVERAGE SKY COVER 0.0


WEATHER CONDITIONS
 THE FOLLOWING WEATHER WAS RECORDED YESTERDAY.
  HAZE


RELATIVE HUMIDITY (PERCENT)
 HIGHEST    73           300 AM
 LOWEST     20           400 PM
 AVERAGE    47

..........................................................


THE ONTARIO OR CLIMATE NORMALS FOR TODAY
                         NORMAL    RECORD    YEAR
 MAXIMUM TEMPERATURE (F)   96       108      1971
 MINIMUM TEMPERATURE (F)   59        44      1975


SUNRISE AND SUNSET
AUGUST  1 2014........SUNRISE   636 AM MDT   SUNSET   912 PM MDT
AUGUST  2 2014........SUNRISE   637 AM MDT   SUNSET   911 PM MDT


-  INDICATES NEGATIVE NUMBERS.
R  INDICATES RECORD WAS SET OR TIED.
MM INDICATES DATA IS MISSING.
T  INDICATES TRACE AMOUNT.




$$
