000
CDUS45 KBOI 070930
CLIONO


CLIMATE REPORT
NATIONAL WEATHER SERVICE BOISE ID
330 AM MDT TUE JUL 7 2015


...................................

...THE ONTARIO OR CLIMATE SUMMARY FOR JULY 6 2015...

CLIMATE NORMAL PERIOD 1981 TO 2010
CLIMATE RECORD PERIOD 1948 TO 2015


WEATHER ITEM   OBSERVED TIME   RECORD YEAR NORMAL DEPARTURE LAST
                VALUE   (LST)  VALUE       VALUE  FROM      YEAR
                                                  NORMAL
..................................................................
TEMPERATURE (F)
 YESTERDAY
  MAXIMUM         97    431 PM 106    2007  91      6      103
  MINIMUM         61    525 AM  44    1988  57      4       64
  AVERAGE         79                        74      5       84

PRECIPITATION (IN)
  YESTERDAY        0.00          0.32 2001   0.02  -0.02     0.00
  MONTH TO DATE    0.00                      0.09  -0.09      T
  SINCE OCT 1      8.74                      9.26  -0.52     6.51
  SINCE JAN 1      4.28                      5.85  -1.57     5.00

DEGREE DAYS
 HEATING
  YESTERDAY        0                         0      0        0
  MONTH TO DATE    0                         0      0        0
  SINCE JUN 1      1                        52    -51       28
  SINCE JUL 1      0                         0      0        0

 COOLING
  YESTERDAY       14                        10      4       19
  MONTH TO DATE  121                        53     68       94
  SINCE JUN 1    486                       192    294      251
  SINCE JAN 1    519                       228    291      299
..................................................................


WIND (MPH)
  HIGHEST WIND SPEED    12   HIGHEST WIND DIRECTION    SE (150)
  HIGHEST GUST SPEED    15   HIGHEST GUST DIRECTION    SE (140)
  AVERAGE WIND SPEED     4.0


SKY COVER
  AVERAGE SKY COVER 0.0


WEATHER CONDITIONS
 THE FOLLOWING WEATHER WAS RECORDED YESTERDAY.
  HAZE


RELATIVE HUMIDITY (PERCENT)
 HIGHEST    84           500 AM
 LOWEST     18           300 PM
 AVERAGE    51

..........................................................


THE ONTARIO OR CLIMATE NORMALS FOR TODAY
                         NORMAL    RECORD    YEAR
 MAXIMUM TEMPERATURE (F)   92       108      1968
 MINIMUM TEMPERATURE (F)   58        43      1977


SUNRISE AND SUNSET
JULY  7 2015..........SUNRISE   613 AM MDT   SUNSET   933 PM MDT
JULY  8 2015..........SUNRISE   613 AM MDT   SUNSET   933 PM MDT


-  INDICATES NEGATIVE NUMBERS.
R  INDICATES RECORD WAS SET OR TIED.
MM INDICATES DATA IS MISSING.
T  INDICATES TRACE AMOUNT.




$$
