000
CDUS45 KBOI 290930
CLIONO


CLIMATE REPORT
NATIONAL WEATHER SERVICE BOISE ID
330 AM MDT SAT APR 29 2017


...................................

...THE ONTARIO OR CLIMATE SUMMARY FOR APRIL 28 2017...

CLIMATE NORMAL PERIOD 1981 TO 2010
CLIMATE RECORD PERIOD 1948 TO 2017


WEATHER ITEM   OBSERVED TIME   RECORD YEAR NORMAL DEPARTURE LAST
                VALUE   (LST)  VALUE       VALUE  FROM      YEAR
                                                  NORMAL
..................................................................
TEMPERATURE (F)
 YESTERDAY
  MAXIMUM         63    529 PM  91    1987  69     -6       72
  MINIMUM         41    141 AM  26    1996  39      2       50
  AVERAGE         52                        54     -2       61

PRECIPITATION (IN)
  YESTERDAY        0.00          0.76 1951   0.03  -0.03     0.00
  MONTH TO DATE    1.14                      0.74   0.40     0.46
  SINCE OCT 1     10.90                      7.14   3.76     6.68
  SINCE JAN 1      7.58                      3.73   3.85     1.93

DEGREE DAYS
 HEATING
  YESTERDAY       13                        12      1        4
  MONTH TO DATE  408                       419    -11      247
  SINCE MAR 1    960                      1089   -129      790
  SINCE JUL 1   5834                      5719    115     4780

 COOLING
  YESTERDAY        0                         0      0        0
  MONTH TO DATE    0                         0      0        0
  SINCE MAR 1      0                         0      0        0
  SINCE JAN 1      0                         0      0        0
..................................................................


WIND (MPH)
  HIGHEST WIND SPEED    25   HIGHEST WIND DIRECTION    NW (310)
  HIGHEST GUST SPEED    31   HIGHEST GUST DIRECTION    NW (310)
  AVERAGE WIND SPEED    15.1


SKY COVER
  AVERAGE SKY COVER 0.3


WEATHER CONDITIONS
 THE FOLLOWING WEATHER WAS RECORDED YESTERDAY.
  NO SIGNIFICANT WEATHER WAS OBSERVED.


RELATIVE HUMIDITY (PERCENT)
 HIGHEST    67           200 AM
 LOWEST     27           500 PM
 AVERAGE    47

..........................................................


THE ONTARIO OR CLIMATE NORMALS FOR TODAY
                         NORMAL    RECORD    YEAR
 MAXIMUM TEMPERATURE (F)   69        90      1968
 MINIMUM TEMPERATURE (F)   39        25      1962


SUNRISE AND SUNSET
APRIL 29 2017.........SUNRISE   642 AM MDT   SUNSET   849 PM MDT
APRIL 30 2017.........SUNRISE   641 AM MDT   SUNSET   851 PM MDT


-  INDICATES NEGATIVE NUMBERS.
R  INDICATES RECORD WAS SET OR TIED.
MM INDICATES DATA IS MISSING.
T  INDICATES TRACE AMOUNT.




$$
