000
CDUS45 KBOI 250931
CLIONO


CLIMATE REPORT
NATIONAL WEATHER SERVICE BOISE ID
331 AM MDT SAT MAR 25 2017


...................................

...THE ONTARIO OR CLIMATE SUMMARY FOR MARCH 24 2017...

CLIMATE NORMAL PERIOD 1981 TO 2010
CLIMATE RECORD PERIOD 1948 TO 2017


WEATHER ITEM   OBSERVED TIME   RECORD YEAR NORMAL DEPARTURE LAST
                VALUE   (LST)  VALUE       VALUE  FROM      YEAR
                                                  NORMAL
..................................................................
TEMPERATURE (F)
 YESTERDAY
  MAXIMUM         54    239 PM  78    1960  59     -5       58
  MINIMUM         41   1159 PM  16    1965  32      9       38
  AVERAGE         48                        46      2       48

PRECIPITATION (IN)
  YESTERDAY        0.24          0.31 1958   0.03   0.21      T
  MONTH TO DATE    0.85                      0.79   0.06     0.43
  SINCE OCT 1      8.99                      6.18   2.81     6.22
  SINCE JAN 1      5.67                      2.77   2.90     1.47

DEGREE DAYS
 HEATING
  YESTERDAY       17                        19     -2       17
  MONTH TO DATE  431                       541   -110      422
  SINCE MAR 1    431                       541   -110      422
  SINCE JUL 1   5305                      5171    134     4412

 COOLING
  YESTERDAY        0                         0      0        0
  MONTH TO DATE    0                         0      0        0
  SINCE MAR 1      0                         0      0        0
  SINCE JAN 1      0                         0      0        0
..................................................................


WIND (MPH)
  HIGHEST WIND SPEED    16   HIGHEST WIND DIRECTION     S (160)
  HIGHEST GUST SPEED    20   HIGHEST GUST DIRECTION    SE (140)
  AVERAGE WIND SPEED     5.4


SKY COVER
  AVERAGE SKY COVER 0.7


WEATHER CONDITIONS
 THE FOLLOWING WEATHER WAS RECORDED YESTERDAY.
  RAIN
  LIGHT RAIN
  FOG


RELATIVE HUMIDITY (PERCENT)
 HIGHEST    89          1100 PM
 LOWEST     60           600 AM
 AVERAGE    75

..........................................................


THE ONTARIO OR CLIMATE NORMALS FOR TODAY
                         NORMAL    RECORD    YEAR
 MAXIMUM TEMPERATURE (F)   60        80      1960
 MINIMUM TEMPERATURE (F)   32        18      1965


SUNRISE AND SUNSET
MARCH 25 2017.........SUNRISE   742 AM MDT   SUNSET   807 PM MDT
MARCH 26 2017.........SUNRISE   740 AM MDT   SUNSET   808 PM MDT


-  INDICATES NEGATIVE NUMBERS.
R  INDICATES RECORD WAS SET OR TIED.
MM INDICATES DATA IS MISSING.
T  INDICATES TRACE AMOUNT.




$$
