000
CDUS45 KBOI 030931
CLIONO


CLIMATE REPORT
NATIONAL WEATHER SERVICE BOISE ID
331 AM MDT TUE MAY 3 2016


...................................

...THE ONTARIO OR CLIMATE SUMMARY FOR MAY 2 2016...

CLIMATE NORMAL PERIOD 1981 TO 2010
CLIMATE RECORD PERIOD 1948 TO 2016


WEATHER ITEM   OBSERVED TIME   RECORD YEAR NORMAL DEPARTURE LAST
                VALUE   (LST)  VALUE       VALUE  FROM      YEAR
                                                  NORMAL
..................................................................
TEMPERATURE (F)
 YESTERDAY
  MAXIMUM         78    537 PM  91    1966  70      8       81
  MINIMUM         42    612 AM  26    1997  40      2       39
  AVERAGE         60                        55      5       60

PRECIPITATION (IN)
  YESTERDAY        0.00          0.52 2009   0.03  -0.03     0.00
  MONTH TO DATE    0.00                      0.07  -0.07     0.00
  SINCE OCT 1      6.68                      7.27  -0.59     6.86
  SINCE JAN 1      1.93                      3.86  -1.93     2.40

DEGREE DAYS
 HEATING
  YESTERDAY        5                        10     -5        5
  MONTH TO DATE   12                        21     -9       12
  SINCE MAR 1    818                      1132   -314      922
  SINCE JUL 1   4808                      5762   -954     4716

 COOLING
  YESTERDAY        0                         0      0        0
  MONTH TO DATE    0                         0      0        0
  SINCE MAR 1      0                         1     -1        0
  SINCE JAN 1      0                         1     -1        0
..................................................................


WIND (MPH)
  HIGHEST WIND SPEED    13   HIGHEST WIND DIRECTION    SE (150)
  HIGHEST GUST SPEED    19   HIGHEST GUST DIRECTION    SE (150)
  AVERAGE WIND SPEED     3.6


SKY COVER
  AVERAGE SKY COVER 0.1


WEATHER CONDITIONS
 THE FOLLOWING WEATHER WAS RECORDED YESTERDAY.
  NO SIGNIFICANT WEATHER WAS OBSERVED.


RELATIVE HUMIDITY (PERCENT)
 HIGHEST    82           600 AM
 LOWEST     16           400 PM
 AVERAGE    49

..........................................................


THE ONTARIO OR CLIMATE NORMALS FOR TODAY
                         NORMAL    RECORD    YEAR
 MAXIMUM TEMPERATURE (F)   70        93      1966
 MINIMUM TEMPERATURE (F)   40        27      1959


SUNRISE AND SUNSET
MAY  3 2016...........SUNRISE   636 AM MDT   SUNSET   854 PM MDT
MAY  4 2016...........SUNRISE   635 AM MDT   SUNSET   856 PM MDT


-  INDICATES NEGATIVE NUMBERS.
R  INDICATES RECORD WAS SET OR TIED.
MM INDICATES DATA IS MISSING.
T  INDICATES TRACE AMOUNT.




$$
