000
CDUS46 KSGX 020054
CLIONT


CLIMATE REPORT
NATIONAL WEATHER SERVICE SAN DIEGO, CA
453 PM PST SUN MAR 1 2015


...................................

...THE ONTARIO INTL AIRPORT CA CLIMATE SUMMARY FOR MARCH 1 2015...
VALID TODAY AS OF 0400 PM LOCAL TIME.

CLIMATE NORMAL PERIOD 1981 TO 2010
CLIMATE RECORD PERIOD 1998 TO 2015


WEATHER ITEM   OBSERVED TIME   RECORD YEAR NORMAL DEPARTURE LAST
                VALUE   (LST)  VALUE       VALUE  FROM      YEAR
                                                  NORMAL
..................................................................
TEMPERATURE (F)
 TODAY
  MAXIMUM         58    307 PM  87    2013  68    -10       60
  MINIMUM         49    656 AM  34    2007  46      3       51
  AVERAGE         54                        57     -3       56

PRECIPITATION (IN)
  TODAY            0.03          0.50 2014   0.14  -0.11     0.50
  MONTH TO DATE    0.03                      0.14  -0.11     0.50
  SINCE OCT 1      8.27                     11.01  -2.74     3.55
  SINCE JAN 1      2.63                      6.84  -4.21     2.67

SNOWFALL (IN)
  TODAY           MM
  MONTH TO DATE   MM
  SINCE JAN 1      0.0
  SINCE JUL 1      0.0
  SNOW DEPTH       0

DEGREE DAYS
 HEATING
  TODAY           11                         8      3        9
  MONTH TO DATE   11                         8      3        9
  SINCE MAR 1     11                         8      3        9
  SINCE JUL 1    611                      1165   -554      695

 COOLING
  TODAY            0                         0      0        0
  MONTH TO DATE    0                         0      0        0
  SINCE MAR 1      0                         0      0        0
  SINCE JAN 1     30                         6     24       30
..................................................................


WIND (MPH)
  RESULTANT WIND SPEED   4   RESULTANT WIND DIRECTION   E (110)
  HIGHEST WIND SPEED    13   HIGHEST WIND DIRECTION    SE (150)
  HIGHEST GUST SPEED    17   HIGHEST GUST DIRECTION    SE (150)
  AVERAGE WIND SPEED     5.6


SKY COVER
  POSSIBLE SUNSHINE  MM
  AVERAGE SKY COVER 0.8


WEATHER CONDITIONS
 THE FOLLOWING WEATHER WAS RECORDED TODAY.
  LIGHT RAIN


RELATIVE HUMIDITY (PERCENT)
 HIGHEST    93           500 AM
 LOWEST     61           100 PM
 AVERAGE    77

..........................................................


THE ONTARIO INTL AIRPORT CA CLIMATE NORMALS FOR TOMORROW
                         NORMAL    RECORD    YEAR
 MAXIMUM TEMPERATURE (F)   68        85      2013
 MINIMUM TEMPERATURE (F)   47        38      2007


SUNRISE AND SUNSET
MARCH  1 2015.........SUNRISE   619 AM PST   SUNSET   547 PM PST
MARCH  2 2015.........SUNRISE   618 AM PST   SUNSET   548 PM PST


-  INDICATES NEGATIVE NUMBERS.
R  INDICATES RECORD WAS SET OR TIED.
MM INDICATES DATA IS MISSING.
T  INDICATES TRACE AMOUNT.




$$
