000
CDUS46 KSGX 240128
CLIONT


CLIMATE REPORT
NATIONAL WEATHER SERVICE SAN DIEGO, CA
527 PM PST MON JAN 23 2017


...................................

...THE ONTARIO INTL AIRPORT CA CLIMATE SUMMARY FOR JANUARY 23 2017...
VALID TODAY AS OF 0500 PM LOCAL TIME.

CLIMATE NORMAL PERIOD 1981 TO 2010
CLIMATE RECORD PERIOD 1998 TO 2017


WEATHER ITEM   OBSERVED TIME   RECORD YEAR NORMAL DEPARTURE LAST
                VALUE   (LST)  VALUE       VALUE  FROM      YEAR
                                                  NORMAL
..................................................................
TEMPERATURE (F)
 TODAY
  MAXIMUM         52   1250 AM  80    2014  65    -13       61
                                      2013
  MINIMUM         43   1215 PM  36    2002  44     -1       46
  AVERAGE         48                        55     -7       54

PRECIPITATION (IN)
  TODAY            0.67R         0.41 2008   0.11   0.56      T
  MONTH TO DATE    7.18                      2.76   4.42     1.78
  SINCE OCT 1     12.06                      6.93   5.13     3.90
  SINCE JAN 1      7.18                      2.76   4.42     1.78

DEGREE DAYS
 HEATING
  TODAY           17                        11      6       11
  MONTH TO DATE  282                       253     29      271
  SINCE DEC 1    615                       591     24      634
  SINCE JUL 1    745                       813    -68      831

 COOLING
  TODAY            0                         0      0        0
  MONTH TO DATE    0                         0      0        0
  SINCE DEC 1      0                         2     -2        2
  SINCE JAN 1      0                         0      0        0
..................................................................


WIND (MPH)
  RESULTANT WIND SPEED   7   RESULTANT WIND DIRECTION   W (270)
  HIGHEST WIND SPEED    24   HIGHEST WIND DIRECTION     W (260)
  HIGHEST GUST SPEED    30   HIGHEST GUST DIRECTION     W (260)
  AVERAGE WIND SPEED     7.8


SKY COVER
  POSSIBLE SUNSHINE  MM
  AVERAGE SKY COVER 0.6


WEATHER CONDITIONS
 THE FOLLOWING WEATHER WAS RECORDED TODAY.
  THUNDERSTORM
  HEAVY RAIN
  RAIN
  LIGHT RAIN
  HAIL
  FOG


RELATIVE HUMIDITY (PERCENT)
 HIGHEST    93           400 AM
 LOWEST     86          1100 AM
 AVERAGE    90

..........................................................


THE ONTARIO INTL AIRPORT CA CLIMATE NORMALS FOR TOMORROW
                         NORMAL    RECORD    YEAR
 MAXIMUM TEMPERATURE (F)   65        77      2015
                                             2007
 MINIMUM TEMPERATURE (F)   44        35      2002


SUNRISE AND SUNSET
JANUARY 23 2017.......SUNRISE   653 AM PST   SUNSET   512 PM PST
JANUARY 24 2017.......SUNRISE   652 AM PST   SUNSET   513 PM PST


-  INDICATES NEGATIVE NUMBERS.
R  INDICATES RECORD WAS SET OR TIED.
MM INDICATES DATA IS MISSING.
T  INDICATES TRACE AMOUNT.




$$
