000
CDUS46 KSGX 270030
CLIONT


CLIMATE REPORT
NATIONAL WEATHER SERVICE SAN DIEGO, CA
530 PM PDT MON JUN 26 2017


...................................

...THE ONTARIO INTL AIRPORT CA CLIMATE SUMMARY FOR JUNE 26 2017...
VALID TODAY AS OF 0500 PM LOCAL TIME.

CLIMATE NORMAL PERIOD 1981 TO 2010
CLIMATE RECORD PERIOD 1998 TO 2017


WEATHER ITEM   OBSERVED TIME   RECORD YEAR NORMAL DEPARTURE LAST
                VALUE   (LST)  VALUE       VALUE  FROM      YEAR
                                                  NORMAL
..................................................................
TEMPERATURE (F)
 TODAY
  MAXIMUM        105R  1112 AM 101    2016  89     16      101
  MINIMUM         72    415 AM  54    2005  61     11       63
  AVERAGE         89                        75     14       82

PRECIPITATION (IN)
  TODAY            0.00          0.00 2006   0.00   0.00     0.00
                                      2005
                                      2004
  MONTH TO DATE    T                         0.11  -0.11      T
  SINCE OCT 1     15.62                     14.54   1.08     7.71
  SINCE JAN 1     10.74                     10.37   0.37     5.59

DEGREE DAYS
 HEATING
  TODAY            0                         0      0        0
  MONTH TO DATE    0                         1     -1        2
  SINCE JUN 1      0                         1     -1        2
  SINCE JUL 1   1292                      1533   -241     1220

 COOLING
  TODAY           24                        10     14       17
  MONTH TO DATE  293                       183    110      273
  SINCE JUN 1    293                       183    110      273
  SINCE JAN 1    571                       349    222      501
..................................................................


WIND (MPH)
  RESULTANT WIND SPEED   5   RESULTANT WIND DIRECTION  SW (240)
  HIGHEST WIND SPEED    21   HIGHEST WIND DIRECTION    SW (230)
  HIGHEST GUST SPEED    27   HIGHEST GUST DIRECTION    SW (230)
  AVERAGE WIND SPEED     6.2


SKY COVER
  POSSIBLE SUNSHINE  MM
  AVERAGE SKY COVER 0.0


WEATHER CONDITIONS
 THE FOLLOWING WEATHER WAS RECORDED TODAY.
  NO SIGNIFICANT WEATHER WAS OBSERVED.


RELATIVE HUMIDITY (PERCENT)
 HIGHEST    64           400 AM
 LOWEST      7          1100 AM
 AVERAGE    36

..........................................................


THE ONTARIO INTL AIRPORT CA CLIMATE NORMALS FOR TOMORROW
                         NORMAL    RECORD    YEAR
 MAXIMUM TEMPERATURE (F)   89       101      2016
 MINIMUM TEMPERATURE (F)   61        55      2005


SUNRISE AND SUNSET
JUNE 26 2017..........SUNRISE   541 AM PDT   SUNSET   806 PM PDT
JUNE 27 2017..........SUNRISE   541 AM PDT   SUNSET   806 PM PDT


-  INDICATES NEGATIVE NUMBERS.
R  INDICATES RECORD WAS SET OR TIED.
MM INDICATES DATA IS MISSING.
T  INDICATES TRACE AMOUNT.




$$
