000
CDUS41 KAKQ 300539
CLIORF


CLIMATE REPORT
NATIONAL WEATHER SERVICE WAKEFIELD, VA
139 AM EDT SUN AUG 30 2015


...................................

...THE NORFOLK VA CLIMATE SUMMARY FOR AUGUST 29 2015...

CLIMATE NORMAL PERIOD 1981 TO 2010
CLIMATE RECORD PERIOD 1871 TO 2015


WEATHER ITEM   OBSERVED TIME   RECORD YEAR NORMAL DEPARTURE LAST
                VALUE   (LST)  VALUE       VALUE  FROM      YEAR
                                                  NORMAL
..................................................................
TEMPERATURE (F)
 YESTERDAY
  MAXIMUM         84    134 PM  98    2006  83      1       80
  MINIMUM         64    355 AM  51    1982  70     -6       73
  AVERAGE         74                        76     -2       77

PRECIPITATION (IN)
  YESTERDAY        0.00          2.74 1954   0.15  -0.15      T
  MONTH TO DATE    1.74                      5.22  -3.48     3.01
  SINCE JUN 1     18.01                     14.62   3.39    12.79
  SINCE JAN 1     33.01                     31.64   1.37    32.41

SNOWFALL (IN)
  YESTERDAY        0.0           0.0  2002   0.0    0.0
                                      2001
  MONTH TO DATE    0.0                       0.0    0.0
  SINCE NOV 1     12.7                       5.8    6.9
  SINCE JUL 1      0.0                       0.0    0.0
  SNOW DEPTH       0

DEGREE DAYS
 HEATING
  YESTERDAY        0                         0      0        0
  MONTH TO DATE    0                         0      0        0
  SINCE JUN 1      0                         6     -6        3
  SINCE JUL 1      0                         0      0        0

 COOLING
  YESTERDAY        9                        12     -3       12
  MONTH TO DATE  396                       379     17      346
  SINCE JUN 1   1300                      1148    152     1136
  SINCE JAN 1   1536                      1314    222     1338
..................................................................


WIND (MPH)
  HIGHEST WIND SPEED    13   HIGHEST WIND DIRECTION    NE (40)
  HIGHEST GUST SPEED    16   HIGHEST GUST DIRECTION     E (70)
  AVERAGE WIND SPEED     4.4


SKY COVER
  POSSIBLE SUNSHINE  MM
  AVERAGE SKY COVER 0.0


WEATHER CONDITIONS
 THE FOLLOWING WEATHER WAS RECORDED YESTERDAY.
  NO SIGNIFICANT WEATHER WAS OBSERVED.


RELATIVE HUMIDITY (PERCENT)
 HIGHEST    84           400 AM
 LOWEST     40          1200 PM
 AVERAGE    62

..........................................................


THE NORFOLK VA CLIMATE NORMALS FOR TODAY
                         NORMAL    RECORD    YEAR
 MAXIMUM TEMPERATURE (F)   83        98      1932
 MINIMUM TEMPERATURE (F)   70        49      1982


SUNRISE AND SUNSET
AUGUST 30 2015........SUNRISE   634 AM EDT   SUNSET   736 PM EDT
AUGUST 31 2015........SUNRISE   635 AM EDT   SUNSET   735 PM EDT


-  INDICATES NEGATIVE NUMBERS.
R  INDICATES RECORD WAS SET OR TIED.
MM INDICATES DATA IS MISSING.
T  INDICATES TRACE AMOUNT.




$$
