000
CDUS41 KAKQ 291008
CLIORF


CLIMATE REPORT
NATIONAL WEATHER SERVICE WAKEFIELD, VA
508 AM EST MON DEC 29 2014


...................................

...THE NORFOLK VA CLIMATE SUMMARY FOR DECEMBER 28 2014...

CLIMATE NORMAL PERIOD 1981 TO 2010
CLIMATE RECORD PERIOD 1871 TO 2014


WEATHER ITEM   OBSERVED TIME   RECORD YEAR NORMAL DEPARTURE LAST
                VALUE   (LST)  VALUE       VALUE  FROM      YEAR
                                                  NORMAL
..................................................................
TEMPERATURE (F)
 YESTERDAY
  MAXIMUM         65    339 PM  76    2008  49     16       59
                                      1984
  MINIMUM         47   1250 AM  11    1925  34     13       29
  AVERAGE         56                        41     15       44

PRECIPITATION (IN)
  YESTERDAY        0.00          1.55 1958   0.10  -0.10     0.00
                                      1926
  MONTH TO DATE    3.21                      2.98   0.23     3.95
  SINCE DEC 1      3.21                      2.98   0.23     3.95
  SINCE JAN 1     49.80                     46.25   3.55    44.85

SNOWFALL (IN)
  YESTERDAY        0.0           1.1  1892   0.1   -0.1
  MONTH TO DATE    0.0                       1.0   -1.0
  SINCE NOV 1      0.0                       1.0   -1.0
  SINCE JUL 1      0.0                       1.0   -1.0
  SNOW DEPTH       0

DEGREE DAYS
 HEATING
  YESTERDAY        9                        24    -15       21
  MONTH TO DATE  522                       578    -56      520
  SINCE DEC 1    522                       578    -56      520
  SINCE JUL 1   1085                      1108    -23     1051

 COOLING
  YESTERDAY        0                         0      0        0
  MONTH TO DATE    0                         0      0        5
  SINCE DEC 1      0                         0      0        5
  SINCE JAN 1   1724                      1628     96     1759
..................................................................


WIND (MPH)
  HIGHEST WIND SPEED    22   HIGHEST WIND DIRECTION    SW (230)
  HIGHEST GUST SPEED    32   HIGHEST GUST DIRECTION    SW (230)
  AVERAGE WIND SPEED     8.4


SKY COVER
  POSSIBLE SUNSHINE  MM
  AVERAGE SKY COVER 0.5


WEATHER CONDITIONS
 THE FOLLOWING WEATHER WAS RECORDED YESTERDAY.
  NO SIGNIFICANT WEATHER WAS OBSERVED.


RELATIVE HUMIDITY (PERCENT)
 HIGHEST    93           800 PM
 LOWEST     63          1200 PM
 AVERAGE    78

..........................................................


THE NORFOLK VA CLIMATE NORMALS FOR TODAY
                         NORMAL    RECORD    YEAR
 MAXIMUM TEMPERATURE (F)   49        76      1984
 MINIMUM TEMPERATURE (F)   34        11      1917


SUNRISE AND SUNSET
DECEMBER 29 2014......SUNRISE   717 AM EST   SUNSET   457 PM EST
DECEMBER 30 2014......SUNRISE   717 AM EST   SUNSET   457 PM EST


-  INDICATES NEGATIVE NUMBERS.
R  INDICATES RECORD WAS SET OR TIED.
MM INDICATES DATA IS MISSING.
T  INDICATES TRACE AMOUNT.




$$
