000
CDUS41 KAKQ 082235
CLIORF


CLIMATE REPORT
NATIONAL WEATHER SERVICE WAKEFIELD, VA
534 PM EST MON FEB 8 2016


...................................

...THE NORFOLK VA CLIMATE SUMMARY FOR FEBRUARY 8 2016...
VALID TODAY AS OF 0500 PM LOCAL TIME.

CLIMATE NORMAL PERIOD 1981 TO 2010
CLIMATE RECORD PERIOD 1871 TO 2016


WEATHER ITEM   OBSERVED TIME   RECORD YEAR NORMAL DEPARTURE LAST
                VALUE   (LST)  VALUE       VALUE  FROM      YEAR
                                                  NORMAL
..................................................................
TEMPERATURE (F)
 TODAY
  MAXIMUM         46   1221 PM  75    1937  50     -4       70
  MINIMUM         38    806 AM   2    1895  34      4       43
  AVERAGE         42

PRECIPITATION (IN)
  TODAY            0.00          3.82 1945   0.11  -0.11     0.00
  MONTH TO DATE    4.19                      0.88   3.31     0.31
  SINCE DEC 1     12.18                      7.54   4.64     7.65
  SINCE JAN 1      8.81                      4.28   4.53     3.95

SNOWFALL (IN)
  TODAY            0.0
  MONTH TO DATE    0.2
  SINCE NOV 1      3.0
  SINCE JUL 1      3.0
  SNOW DEPTH       0

DEGREE DAYS
 HEATING
  TODAY           23                        23      0        8
  MONTH TO DATE  142                       191    -49      201
  SINCE DEC 1   1130                      1603   -473     1572
  SINCE JUL 1   1469                      2133   -664     2135

 COOLING
  TODAY            0                         0      0        0
  MONTH TO DATE    0                         0      0        0
  SINCE DEC 1     29                         1     28        0
  SINCE JAN 1      0                         0      0        0
..................................................................


WIND (MPH)
  RESULTANT WIND SPEED   9   RESULTANT WIND DIRECTION   N (360)
  HIGHEST WIND SPEED    28   HIGHEST WIND DIRECTION     N (360)
  HIGHEST GUST SPEED    36   HIGHEST GUST DIRECTION     N (350)


SKY COVER
  POSSIBLE SUNSHINE  MM
  AVERAGE SKY COVER 0.4


WEATHER CONDITIONS
 THE FOLLOWING WEATHER WAS RECORDED TODAY.
  NO SIGNIFICANT WEATHER WAS OBSERVED.


RELATIVE HUMIDITY (PERCENT)
 HIGHEST    70
 LOWEST     54
 AVERAGE    62

..........................................................


THE NORFOLK VA CLIMATE NORMALS FOR TOMORROW
                         NORMAL    RECORD    YEAR
 MAXIMUM TEMPERATURE (F)   50        75      1937
 MINIMUM TEMPERATURE (F)   34         6      1934


SUNRISE AND SUNSET
FEBRUARY  8 2016......SUNRISE   701 AM EST   SUNSET   537 PM EST
FEBRUARY  9 2016......SUNRISE   700 AM EST   SUNSET   538 PM EST


-  INDICATES NEGATIVE NUMBERS.
R  INDICATES RECORD WAS SET OR TIED.
MM INDICATES DATA IS MISSING.
T  INDICATES TRACE AMOUNT.




$$
