000
CDUS41 KAKQ 300545
CLIORF


CLIMATE REPORT
NATIONAL WEATHER SERVICE WAKEFIELD, VA
145 AM EDT THU MAR 30 2017


...................................

...THE NORFOLK VA CLIMATE SUMMARY FOR MARCH 29 2017...

CLIMATE NORMAL PERIOD 1981 TO 2010
CLIMATE RECORD PERIOD 1871 TO 2017


WEATHER ITEM   OBSERVED TIME   RECORD YEAR NORMAL DEPARTURE LAST
                VALUE   (LST)  VALUE       VALUE  FROM      YEAR
                                                  NORMAL
..................................................................
TEMPERATURE (F)
 YESTERDAY
  MAXIMUM         61    125 AM  92    1907  62     -1       63
  MINIMUM         47   1158 PM  25    1982  44      3       49
  AVERAGE         54                        53      1       56

PRECIPITATION (IN)
  YESTERDAY        0.00          3.00 2010   0.12  -0.12     0.00
  MONTH TO DATE    2.97                      3.45  -0.48     3.46
  SINCE MAR 1      2.97                      3.45  -0.48     3.46
  SINCE JAN 1      8.04                      9.97  -1.93    14.33

SNOWFALL (IN)
  YESTERDAY        0.0           0.1  1941   0.0    0.0
  MONTH TO DATE    0.1                       0.2   -0.1
  SINCE NOV 1      5.4                       5.8   -0.4
  SINCE JUL 1      5.4                       5.8   -0.4
  SNOW DEPTH       0

DEGREE DAYS
 HEATING
  YESTERDAY       11                        12     -1        9
  MONTH TO DATE  457                       469    -12      282
  SINCE MAR 1    457                       469    -12      282
  SINCE JUL 1   2509                      3038   -529     2198

 COOLING
  YESTERDAY        0                         0      0        0
  MONTH TO DATE   16                         0     16       18
  SINCE MAR 1     16                         0     16       18
  SINCE JAN 1     19                         1     18       18
..................................................................


WIND (MPH)
  HIGHEST WIND SPEED    16   HIGHEST WIND DIRECTION    NE (30)
  HIGHEST GUST SPEED    22   HIGHEST GUST DIRECTION     N (10)
  AVERAGE WIND SPEED     7.7


SKY COVER
  POSSIBLE SUNSHINE  MM
  AVERAGE SKY COVER 0.3


WEATHER CONDITIONS
 THE FOLLOWING WEATHER WAS RECORDED YESTERDAY.
  FOG


RELATIVE HUMIDITY (PERCENT)
 HIGHEST    93           500 AM
 LOWEST     62           300 PM
 AVERAGE    78

..........................................................


THE NORFOLK VA CLIMATE NORMALS FOR TODAY
                         NORMAL    RECORD    YEAR
 MAXIMUM TEMPERATURE (F)   63        90      1910
 MINIMUM TEMPERATURE (F)   44        25      1887


SUNRISE AND SUNSET
MARCH 30 2017.........SUNRISE   653 AM EDT   SUNSET   726 PM EDT
MARCH 31 2017.........SUNRISE   652 AM EDT   SUNSET   727 PM EDT


-  INDICATES NEGATIVE NUMBERS.
R  INDICATES RECORD WAS SET OR TIED.
MM INDICATES DATA IS MISSING.
T  INDICATES TRACE AMOUNT.




$$
