000
CDUS41 KAKQ 260637
CLIORF


CLIMATE REPORT
NATIONAL WEATHER SERVICE WAKEFIELD, VA
136 AM EST SUN FEB 26 2017


...................................

...THE NORFOLK VA CLIMATE SUMMARY FOR FEBRUARY 25 2017...

CLIMATE NORMAL PERIOD 1981 TO 2010
CLIMATE RECORD PERIOD 1871 TO 2017


WEATHER ITEM   OBSERVED TIME   RECORD YEAR NORMAL DEPARTURE LAST
                VALUE   (LST)  VALUE       VALUE  FROM      YEAR
                                                  NORMAL
..................................................................
TEMPERATURE (F)
 YESTERDAY
  MAXIMUM         81R   142 PM  81    1930  53     28       65
  MINIMUM         52    700 AM  15    1914  36     16       45
  AVERAGE         67                        44     23       55

PRECIPITATION (IN)
  YESTERDAY        T             1.81 1934   0.11  -0.11     0.00
  MONTH TO DATE    0.66                      2.78  -2.12     6.25
  SINCE DEC 1      7.61                      9.44  -1.83    14.24
  SINCE JAN 1      5.07                      6.18  -1.11    10.87

SNOWFALL (IN)
  YESTERDAY        0.0           6.4  1894   0.0    0.0
  MONTH TO DATE    0.0                       1.8   -1.8
  SINCE NOV 1      5.3                       5.4   -0.1
  SINCE JUL 1      5.3                       5.4   -0.1
  SNOW DEPTH       0

DEGREE DAYS
 HEATING
  YESTERDAY        0                        21    -21       10
  MONTH TO DATE  343                       566   -223      521
  SINCE DEC 1   1558                      1978   -420     1509
  SINCE JUL 1   2021                      2508   -487     1848

 COOLING
  YESTERDAY        2                         0      2        0
  MONTH TO DATE    3                         0      3        0
  SINCE DEC 1      3                         1      2       29
  SINCE JAN 1      3                         0      3        0
..................................................................


WIND (MPH)
  HIGHEST WIND SPEED    28   HIGHEST WIND DIRECTION     S (190)
  HIGHEST GUST SPEED    36   HIGHEST GUST DIRECTION    SW (210)
  AVERAGE WIND SPEED     9.5


SKY COVER
  POSSIBLE SUNSHINE  MM
  AVERAGE SKY COVER 0.3


WEATHER CONDITIONS
 THE FOLLOWING WEATHER WAS RECORDED YESTERDAY.
  THUNDERSTORM
  FOG


RELATIVE HUMIDITY (PERCENT)
 HIGHEST   100           400 AM
 LOWEST     45           100 PM
 AVERAGE    73

..........................................................


THE NORFOLK VA CLIMATE NORMALS FOR TODAY
                         NORMAL    RECORD    YEAR
 MAXIMUM TEMPERATURE (F)   53        78      1977
                                             1930
 MINIMUM TEMPERATURE (F)   36        19      1990
                                             1967
                                             1900


SUNRISE AND SUNSET
FEBRUARY 26 2017......SUNRISE   639 AM EST   SUNSET   556 PM EST
FEBRUARY 27 2017......SUNRISE   638 AM EST   SUNSET   557 PM EST


-  INDICATES NEGATIVE NUMBERS.
R  INDICATES RECORD WAS SET OR TIED.
MM INDICATES DATA IS MISSING.
T  INDICATES TRACE AMOUNT.




$$
