000
CDUS41 KAKQ 200845
CLIORF


CLIMATE REPORT
NATIONAL WEATHER SERVICE WAKEFIELD, VA
445 AM EDT WED AUG 20 2014


...................................

...THE NORFOLK VA CLIMATE SUMMARY FOR AUGUST 19 2014...

CLIMATE NORMAL PERIOD 1981 TO 2010
CLIMATE RECORD PERIOD 1871 TO 2014


WEATHER ITEM   OBSERVED TIME   RECORD YEAR NORMAL DEPARTURE LAST
                VALUE   (LST)  VALUE       VALUE  FROM      YEAR
                                                  NORMAL
..................................................................
TEMPERATURE (F)
 YESTERDAY
  MAXIMUM         81    150 PM  96    1954  85     -4       76
                                      1912
  MINIMUM         73    140 AM  60    1879  71      2       68
  AVERAGE         77                        78     -1       72

PRECIPITATION (IN)
  YESTERDAY        0.01          2.97 1957   0.18  -0.17     0.01
  MONTH TO DATE    3.00                      3.52  -0.52     4.25
  SINCE JUN 1     12.78                     12.92  -0.14    15.06
  SINCE JAN 1     32.40                     29.94   2.46    32.48

SNOWFALL (IN)
  YESTERDAY        0.0           0.0  2002   0.0    0.0
                                      2001
  MONTH TO DATE    0.0                       0.0    0.0
  SINCE NOV 1     15.5                       5.8    9.7
  SINCE JUL 1      0.0                       0.0    0.0
  SNOW DEPTH       0

DEGREE DAYS
 HEATING
  YESTERDAY        0                         0      0        0
  MONTH TO DATE    0                         0      0        0
  SINCE JUN 1      3                         6     -3        0
  SINCE JUL 1      0                         0      0        0

 COOLING
  YESTERDAY       12                        13     -1        7
  MONTH TO DATE  224                       257    -33      230
  SINCE JUN 1   1014                      1026    -12     1091
  SINCE JAN 1   1216                      1192     24     1312
..................................................................


WIND (MPH)
  HIGHEST WIND SPEED    17   HIGHEST WIND DIRECTION    NE (60)
  HIGHEST GUST SPEED    21   HIGHEST GUST DIRECTION    NE (60)
  AVERAGE WIND SPEED     6.5


SKY COVER
  POSSIBLE SUNSHINE  MM
  AVERAGE SKY COVER 0.8


WEATHER CONDITIONS
 THE FOLLOWING WEATHER WAS RECORDED YESTERDAY.
  LIGHT RAIN
  FOG
  HAZE


RELATIVE HUMIDITY (PERCENT)
 HIGHEST    93           300 AM
 LOWEST     74           200 PM
 AVERAGE    84

..........................................................


THE NORFOLK VA CLIMATE NORMALS FOR TODAY
                         NORMAL    RECORD    YEAR
 MAXIMUM TEMPERATURE (F)   85       100      1983
 MINIMUM TEMPERATURE (F)   71        61      1953


SUNRISE AND SUNSET
AUGUST 20 2014........SUNRISE   626 AM EDT   SUNSET   750 PM EDT
AUGUST 21 2014........SUNRISE   627 AM EDT   SUNSET   748 PM EDT


-  INDICATES NEGATIVE NUMBERS.
R  INDICATES RECORD WAS SET OR TIED.
MM INDICATES DATA IS MISSING.
T  INDICATES TRACE AMOUNT.




$$
