000
CDUS41 KAKQ 290536
CLIORF


CLIMATE REPORT
NATIONAL WEATHER SERVICE WAKEFIELD, VA
136 AM EDT FRI APR 29 2016


...................................

...THE NORFOLK VA CLIMATE SUMMARY FOR APRIL 28 2016...

CLIMATE NORMAL PERIOD 1981 TO 2010
CLIMATE RECORD PERIOD 1871 TO 2016


WEATHER ITEM   OBSERVED TIME   RECORD YEAR NORMAL DEPARTURE LAST
                VALUE   (LST)  VALUE       VALUE  FROM      YEAR
                                                  NORMAL
..................................................................
TEMPERATURE (F)
 YESTERDAY
  MAXIMUM         60    153 PM  93    1957  71    -11       64
  MINIMUM         55    912 PM  38    1898  53      2       49
  AVERAGE         58                        62     -4       57

PRECIPITATION (IN)
  YESTERDAY        0.52          1.50 1895   0.11   0.41     0.00
  MONTH TO DATE    2.65                      3.19  -0.54     4.38
  SINCE MAR 1      6.11                      6.87  -0.76     7.07
  SINCE JAN 1     16.98                     13.39   3.59    13.25

SNOWFALL (IN)
  YESTERDAY        0.0           0.0  2002   0.0    0.0
  MONTH TO DATE    T                         0.0    0.0
  SINCE NOV 1      5.0                       5.8   -0.8
  SINCE JUL 1      5.0                       5.8   -0.8
  SNOW DEPTH       0

DEGREE DAYS
 HEATING
  YESTERDAY        7                         5      2        8
  MONTH TO DATE  224                       229     -5      183
  SINCE MAR 1    519                       721   -202      722
  SINCE JUL 1   2435                      3290   -855     3558

 COOLING
  YESTERDAY        0                         2     -2        0
  MONTH TO DATE   30                        36     -6       23
  SINCE MAR 1     48                        42      6       25
  SINCE JAN 1     48                        43      5       25
..................................................................


WIND (MPH)
  HIGHEST WIND SPEED    18   HIGHEST WIND DIRECTION    NE (30)
  HIGHEST GUST SPEED    24   HIGHEST GUST DIRECTION     W (260)
  AVERAGE WIND SPEED     8.1


SKY COVER
  POSSIBLE SUNSHINE  MM
  AVERAGE SKY COVER 1.0


WEATHER CONDITIONS
 THE FOLLOWING WEATHER WAS RECORDED YESTERDAY.
  HEAVY RAIN
  LIGHT RAIN
  FOG


RELATIVE HUMIDITY (PERCENT)
 HIGHEST    93           300 AM
 LOWEST     86          1200 AM
 AVERAGE    90

..........................................................


THE NORFOLK VA CLIMATE NORMALS FOR TODAY
                         NORMAL    RECORD    YEAR
 MAXIMUM TEMPERATURE (F)   71        92      1974
 MINIMUM TEMPERATURE (F)   53        38      1874


SUNRISE AND SUNSET
APRIL 29 2016.........SUNRISE   612 AM EDT   SUNSET   752 PM EDT
APRIL 30 2016.........SUNRISE   611 AM EDT   SUNSET   753 PM EDT


-  INDICATES NEGATIVE NUMBERS.
R  INDICATES RECORD WAS SET OR TIED.
MM INDICATES DATA IS MISSING.
T  INDICATES TRACE AMOUNT.




$$
