000
CDUS41 KAKQ 192226
CLIORF


CLIMATE REPORT
NATIONAL WEATHER SERVICE WAKEFIELD, VA
526 PM EST MON FEB 19 2018


...................................

...THE NORFOLK VA CLIMATE SUMMARY FOR FEBRUARY 19 2018...
VALID TODAY AS OF 0500 PM LOCAL TIME.

CLIMATE NORMAL PERIOD 1981 TO 2010
CLIMATE RECORD PERIOD 1871 TO 2018


WEATHER ITEM   OBSERVED TIME   RECORD YEAR NORMAL DEPARTURE LAST
                VALUE   (LST)  VALUE       VALUE  FROM      YEAR
                                                  NORMAL
..................................................................
TEMPERATURE (F)
 TODAY
  MAXIMUM         60    359 PM  78    1961  52      8       67
  MINIMUM         38    149 AM  13    2015  35      3       49
  AVERAGE         49

PRECIPITATION (IN)
  TODAY            0.14          1.11 1904   0.11   0.03      T
  MONTH TO DATE    1.68                      2.09  -0.41     0.65
  SINCE DEC 1      7.59                      8.75  -1.16     7.60
  SINCE JAN 1      5.19                      5.49  -0.30     5.06

SNOWFALL (IN)
  TODAY           MM
  MONTH TO DATE    T
  SINCE NOV 1     13.1
  SINCE JUL 1     13.1
  SNOW DEPTH       0

DEGREE DAYS
 HEATING
  TODAY           16                        22     -6        7
  MONTH TO DATE  334                       439   -105      310
  SINCE DEC 1   1867                      1851     16     1525
  SINCE JUL 1   2293                      2381    -88     1988

 COOLING
  TODAY            0                         0      0        0
  MONTH TO DATE    7                         0      7        0
  SINCE DEC 1      8                         1      7        0
  SINCE JAN 1      8                         0      8        0
..................................................................


WIND (MPH)
  RESULTANT WIND SPEED   4   RESULTANT WIND DIRECTION  SE (140)
  HIGHEST WIND SPEED    15   HIGHEST WIND DIRECTION     S (170)
  HIGHEST GUST SPEED    19   HIGHEST GUST DIRECTION     S (160)


SKY COVER
  POSSIBLE SUNSHINE  MM
  AVERAGE SKY COVER 0.7


WEATHER CONDITIONS
 THE FOLLOWING WEATHER WAS RECORDED TODAY.
  RAIN
  LIGHT RAIN
  FOG


RELATIVE HUMIDITY (PERCENT)
 HIGHEST    97
 LOWEST     82
 AVERAGE    90

..........................................................


THE NORFOLK VA CLIMATE NORMALS FOR TOMORROW
                         NORMAL    RECORD    YEAR
 MAXIMUM TEMPERATURE (F)   52        77      1991
 MINIMUM TEMPERATURE (F)   35         9      2015


SUNRISE AND SUNSET
FEBRUARY 19 2018......SUNRISE   648 AM EST   SUNSET   549 PM EST
FEBRUARY 20 2018......SUNRISE   647 AM EST   SUNSET   550 PM EST


-  INDICATES NEGATIVE NUMBERS.
R  INDICATES RECORD WAS SET OR TIED.
MM INDICATES DATA IS MISSING.
T  INDICATES TRACE AMOUNT.




$$
