000
CDUS41 KBOX 230721
CLIORH


CLIMATE REPORT
NATIONAL WEATHER SERVICE TAUNTON MA
321 AM EDT SAT JUL 23 2016


...................................

...THE WORCESTER MA CLIMATE SUMMARY FOR JULY 22 2016...

CLIMATE NORMAL PERIOD 1981 TO 2010
CLIMATE RECORD PERIOD 1892 TO 2016


WEATHER ITEM   OBSERVED TIME   RECORD YEAR NORMAL DEPARTURE LAST
                VALUE   (LST)  VALUE       VALUE  FROM      YEAR
                                                  NORMAL
..................................................................
TEMPERATURE (F)
 YESTERDAY
  MAXIMUM         92    356 PM  99    1926  79     13       80
  MINIMUM         68    150 AM  45    1937  62      6       62
  AVERAGE         80                        71      9       71

PRECIPITATION (IN)
  YESTERDAY        0.32          2.31 1897   0.14   0.18     0.00
  MONTH TO DATE    1.52                      2.95  -1.43     2.19
  SINCE JUN 1      3.18                      7.14  -3.96     8.54
  SINCE JAN 1     18.90                     26.37  -7.47    22.84

SNOWFALL (IN)
  YESTERDAY        0.0           0.0  2002   0.0    0.0      0.0
                                      2001
                                      2000
  MONTH TO DATE    0.0                       0.0    0.0      0.0
  SINCE JUN 1      0.0                       0.0    0.0      0.0
  SINCE JUL 1      0.0                       0.0    0.0      0.0
  SNOW DEPTH      MM

DEGREE DAYS
 HEATING
  YESTERDAY        0                         0      0        0
  MONTH TO DATE    9                         9      0        0
  SINCE JUN 1     60                        92    -32       94
  SINCE JUL 1      9                         9      0        0

 COOLING
  YESTERDAY       15                         6      9        6
  MONTH TO DATE  147                       123     24      159
  SINCE JUN 1    219                       207     12      243
  SINCE JAN 1    261                       229     32      309
..................................................................


WIND (MPH)
  RESULTANT WIND SPEED  14   RESULTANT WIND DIRECTION  SW (240)
  HIGHEST WIND SPEED    25   HIGHEST WIND DIRECTION    SW (240)
  HIGHEST GUST SPEED    30   HIGHEST GUST DIRECTION    SW (240)
  AVERAGE WIND SPEED    13.3


SKY COVER
  POSSIBLE SUNSHINE  MM
  AVERAGE SKY COVER 0.2


WEATHER CONDITIONS
 THE FOLLOWING WEATHER WAS RECORDED YESTERDAY.
  THUNDERSTORM
  HEAVY RAIN
  LIGHT RAIN


RELATIVE HUMIDITY (PERCENT)
 HIGHEST    87           900 PM
 LOWEST     36           500 PM
 AVERAGE    62

..........................................................


THE WORCESTER MA CLIMATE NORMALS FOR TODAY
                         NORMAL    RECORD    YEAR
 MAXIMUM TEMPERATURE (F)   79        96      1952
 MINIMUM TEMPERATURE (F)   62        48      1939


SUNRISE AND SUNSET
JULY 23 2016..........SUNRISE   532 AM EDT   SUNSET   816 PM EDT
JULY 24 2016..........SUNRISE   533 AM EDT   SUNSET   815 PM EDT


-  INDICATES NEGATIVE NUMBERS.
R  INDICATES RECORD WAS SET OR TIED.
MM INDICATES DATA IS MISSING.
T  INDICATES TRACE AMOUNT.




$$
