000
CDUS41 KBOX 280542
CLIORH


CLIMATE REPORT
NATIONAL WEATHER SERVICE TAUNTON MA
137 AM EDT MON JUL 28 2014


...................................

...THE WORCESTER MA CLIMATE SUMMARY FOR JULY 27 2014...

CLIMATE NORMAL PERIOD 1981 TO 2010
CLIMATE RECORD PERIOD 1892 TO 2014


WEATHER ITEM   OBSERVED TIME   RECORD YEAR NORMAL DEPARTURE LAST
                VALUE   (LST)  VALUE       VALUE  FROM      YEAR
                                                  NORMAL
..................................................................
TEMPERATURE (F)
 YESTERDAY
  MAXIMUM         76    438 PM  93    1949  79     -3       79
                                      1940
                                      1892
  MINIMUM         63   1240 AM  46    1946  62      1       59
  AVERAGE         70                        71     -1       69

PRECIPITATION (IN)
  YESTERDAY        1.08          1.84 1925   0.15   0.93     0.00
  MONTH TO DATE    5.92                      3.66   2.26     2.97
  SINCE JUN 1      7.48                      7.85  -0.37    13.03
  SINCE JAN 1     28.67                     27.08   1.59    29.84

SNOWFALL (IN)
  YESTERDAY        0.0           0.0  2002   0.0    0.0      0.0
                                      2001
                                      2000
  MONTH TO DATE    0.0                       0.0    0.0      0.0
  SINCE JUN 1      0.0                       0.0    0.0      0.0
  SINCE JUL 1      0.0                       0.0    0.0      0.0
  SNOW DEPTH       0

DEGREE DAYS
 HEATING
  YESTERDAY        0                         0      0        0
  MONTH TO DATE    0                         9     -9        7
  SINCE JUN 1     45                        92    -47       74
  SINCE JUL 1      0                         9     -9        7

 COOLING
  YESTERDAY        5                         6     -1        4
  MONTH TO DATE  165                       153     12      276
  SINCE JUN 1    249                       237     12      379
  SINCE JAN 1    257                       259     -2      403
..................................................................


WIND (MPH)
  RESULTANT WIND SPEED   8   RESULTANT WIND DIRECTION  SW (210)
  HIGHEST WIND SPEED    17   HIGHEST WIND DIRECTION     S (190)
  HIGHEST GUST SPEED    22   HIGHEST GUST DIRECTION     S (200)
  AVERAGE WIND SPEED     8.4


SKY COVER
  POSSIBLE SUNSHINE  MM
  AVERAGE SKY COVER 0.7


WEATHER CONDITIONS
 THE FOLLOWING WEATHER WAS RECORDED YESTERDAY.
  THUNDERSTORM
  HEAVY RAIN
  RAIN
  LIGHT RAIN
  FOG


RELATIVE HUMIDITY (PERCENT)
 HIGHEST   100           300 AM
 LOWEST     79           900 AM
 AVERAGE    90

..........................................................


THE WORCESTER MA CLIMATE NORMALS FOR TODAY
                         NORMAL    RECORD    YEAR
 MAXIMUM TEMPERATURE (F)   79        95      1892
 MINIMUM TEMPERATURE (F)   62        46      1946


SUNRISE AND SUNSET
JULY 28 2014..........SUNRISE   536 AM EDT   SUNSET   811 PM EDT
JULY 29 2014..........SUNRISE   537 AM EDT   SUNSET   810 PM EDT


-  INDICATES NEGATIVE NUMBERS.
R  INDICATES RECORD WAS SET OR TIED.
MM INDICATES DATA IS MISSING.
T  INDICATES TRACE AMOUNT.




$$
