587
CDUS41 KBOX 240546
CLIORH


CLIMATE REPORT
NATIONAL WEATHER SERVICE TAUNTON MA
1241 AM EST FRI NOV 24 2017


...................................

...THE WORCESTER MA CLIMATE SUMMARY FOR NOVEMBER 23 2017...

CLIMATE NORMAL PERIOD 1981 TO 2010
CLIMATE RECORD PERIOD 1892 TO 2017


WEATHER ITEM   OBSERVED TIME   RECORD YEAR NORMAL DEPARTURE LAST
                VALUE   (LST)  VALUE       VALUE  FROM      YEAR
                                                  NORMAL
..................................................................
TEMPERATURE (F)
 YESTERDAY
  MAXIMUM         38    249 PM  74    1931  45     -7       39
  MINIMUM         25    653 AM   9    1989  31     -6       25
                                      1972
                                      1929
  AVERAGE         32                        38     -6       32

PRECIPITATION (IN)
  YESTERDAY        0.00          1.92 1920   0.15  -0.15     0.00
  MONTH TO DATE    1.79                      3.29  -1.50     1.74
  SINCE SEP 1     13.13                     11.90   1.23    11.58
  SINCE JAN 1     42.42                     43.26  -0.84    34.98

SNOWFALL (IN)
  YESTERDAY        0.0           7.0  1989   0.1   -0.1      0.0
  MONTH TO DATE    T                         1.4   -1.4       T
  SINCE SEP 1      T                         1.6   -1.6       T
  SINCE JUL 1      T                         1.6   -1.6       T
  SNOW DEPTH      MM

DEGREE DAYS
 HEATING
  YESTERDAY       33                        27      6       33
  MONTH TO DATE  575                       539     36      494
  SINCE SEP 1    896                      1161   -265      999
  SINCE JUL 1    944                      1200   -256     1008

 COOLING
  YESTERDAY        0                         0      0        0
  MONTH TO DATE    0                         0      0        0
  SINCE SEP 1    102                        45     57       75
  SINCE JAN 1    533                       471     62      663
..................................................................


WIND (MPH)
  RESULTANT WIND SPEED   9   RESULTANT WIND DIRECTION   W (290)
  HIGHEST WIND SPEED    20   HIGHEST WIND DIRECTION    NW (310)
  HIGHEST GUST SPEED    26   HIGHEST GUST DIRECTION    NW (320)
  AVERAGE WIND SPEED     9.4


SKY COVER
  POSSIBLE SUNSHINE  MM
  AVERAGE SKY COVER 0.1


WEATHER CONDITIONS
 THE FOLLOWING WEATHER WAS RECORDED YESTERDAY.
  NO SIGNIFICANT WEATHER WAS OBSERVED.


RELATIVE HUMIDITY (PERCENT)
 HIGHEST    68           500 AM
 LOWEST     35           200 PM
 AVERAGE    52

..........................................................


THE WORCESTER MA CLIMATE NORMALS FOR TODAY
                         NORMAL    RECORD    YEAR
 MAXIMUM TEMPERATURE (F)   44        70      1931
 MINIMUM TEMPERATURE (F)   31         6      1989


SUNRISE AND SUNSET
NOVEMBER 24 2017......SUNRISE   649 AM EST   SUNSET   419 PM EST
NOVEMBER 25 2017......SUNRISE   650 AM EST   SUNSET   419 PM EST


-  INDICATES NEGATIVE NUMBERS.
R  INDICATES RECORD WAS SET OR TIED.
MM INDICATES DATA IS MISSING.
T  INDICATES TRACE AMOUNT.




$$
