000
CDUS41 KBOX 220550
CLIORH


CLIMATE REPORT
NATIONAL WEATHER SERVICE TAUNTON MA
149 AM EDT WED OCT 22 2014


...................................

...THE WORCESTER MA CLIMATE SUMMARY FOR OCTOBER 21 2014...

CLIMATE NORMAL PERIOD 1981 TO 2010
CLIMATE RECORD PERIOD 1892 TO 2014


WEATHER ITEM   OBSERVED TIME   RECORD YEAR NORMAL DEPARTURE LAST
                VALUE   (LST)  VALUE       VALUE  FROM      YEAR
                                                  NORMAL
..................................................................
TEMPERATURE (F)
 YESTERDAY
  MAXIMUM         62    213 PM  80    1920  57      5       62
  MINIMUM         44    443 AM  22    1952  40      4       43
  AVERAGE         53                        48      5       53

PRECIPITATION (IN)
  YESTERDAY        0.00          2.96 1995   0.15  -0.15     0.00
  MONTH TO DATE    4.19                      3.25   0.94     1.28
  SINCE SEP 1      6.91                      7.18  -0.27     4.51
  SINCE JAN 1     41.94                     38.54   3.40    37.53

SNOWFALL (IN)
  YESTERDAY        0.0           2.1  1964   0.0    0.0      0.0
  MONTH TO DATE    0.0                       0.1   -0.1      0.0
  SINCE SEP 1      0.0                       0.1   -0.1      0.0
  SINCE JUL 1      0.0                       0.1   -0.1      0.0
  SNOW DEPTH      MM

DEGREE DAYS
 HEATING
  YESTERDAY       12                        17     -5       12
  MONTH TO DATE  235                       284    -49      191
  SINCE SEP 1    388                       438    -50      361
  SINCE JUL 1    408                       477    -69      380

 COOLING
  YESTERDAY        0                         0      0        0
  MONTH TO DATE    3                         0      3        1
  SINCE SEP 1     64                        42     22       41
  SINCE JAN 1    426                       468    -42      572
..................................................................


WIND (MPH)
  RESULTANT WIND SPEED   4   RESULTANT WIND DIRECTION  NE (50)
  HIGHEST WIND SPEED    14   HIGHEST WIND DIRECTION     N (20)
  HIGHEST GUST SPEED    20   HIGHEST GUST DIRECTION    NE (40)
  AVERAGE WIND SPEED     6.0


SKY COVER
  POSSIBLE SUNSHINE  MM
  AVERAGE SKY COVER 0.7


WEATHER CONDITIONS
 THE FOLLOWING WEATHER WAS RECORDED YESTERDAY.
  FOG
  FOG W/VISIBILITY <= 1/4 MILE


RELATIVE HUMIDITY (PERCENT)
 HIGHEST    96           900 PM
 LOWEST     69           200 PM
 AVERAGE    83

..........................................................


THE WORCESTER MA CLIMATE NORMALS FOR TODAY
                         NORMAL    RECORD    YEAR
 MAXIMUM TEMPERATURE (F)   56        82      1979
 MINIMUM TEMPERATURE (F)   40        19      1940


SUNRISE AND SUNSET
OCTOBER 22 2014.......SUNRISE   708 AM EDT   SUNSET   555 PM EDT
OCTOBER 23 2014.......SUNRISE   710 AM EDT   SUNSET   553 PM EDT


-  INDICATES NEGATIVE NUMBERS.
R  INDICATES RECORD WAS SET OR TIED.
MM INDICATES DATA IS MISSING.
T  INDICATES TRACE AMOUNT.




$$
