000
CDUS41 KBOX 080542
CLIORH


CLIMATE REPORT
NATIONAL WEATHER SERVICE TAUNTON MA
1235 AM EST MON FEB 8 2016


...................................

...THE WORCESTER MA CLIMATE SUMMARY FOR FEBRUARY 7 2016...

CLIMATE NORMAL PERIOD 1981 TO 2010
CLIMATE RECORD PERIOD 1892 TO 2016


WEATHER ITEM   OBSERVED TIME   RECORD YEAR NORMAL DEPARTURE LAST
                VALUE   (LST)  VALUE       VALUE  FROM      YEAR
                                                  NORMAL
..................................................................
TEMPERATURE (F)
 YESTERDAY
  MAXIMUM         42    126 PM  55    1925  33      9       24
  MINIMUM         24    245 AM -11    1934  18      6       13
  AVERAGE         33                        26      7       19

PRECIPITATION (IN)
  YESTERDAY        0.00          2.05 1951   0.11  -0.11     0.06
  MONTH TO DATE    1.48                      0.79   0.69     1.24
  SINCE DEC 1      8.25                      8.10   0.15    11.17
  SINCE JAN 1      3.60                      4.28  -0.68     6.27

SNOWFALL (IN)
  YESTERDAY        0.0          15.6  1983   0.5   -0.5      0.7
  MONTH TO DATE   12.5                       4.0    8.5     23.2
  SINCE DEC 1     23.6                      35.5  -11.9     71.2
  SINCE JUL 1     23.6                      38.3  -14.7     78.4
  SNOW DEPTH      MM

DEGREE DAYS
 HEATING
  YESTERDAY       32                        39     -7       46
  MONTH TO DATE  196                       279    -83      349
  SINCE DEC 1   2086                      2650   -564     2671
  SINCE JUL 1   3235                      4052   -817     4049

 COOLING
  YESTERDAY        0                         0      0        0
  MONTH TO DATE    0                         0      0        0
  SINCE DEC 1      0                         0      0        0
  SINCE JAN 1      0                         0      0        0
..................................................................


WIND (MPH)
  RESULTANT WIND SPEED   2   RESULTANT WIND DIRECTION   W (250)
  HIGHEST WIND SPEED    14   HIGHEST WIND DIRECTION    NE (50)
  HIGHEST GUST SPEED    20   HIGHEST GUST DIRECTION    NE (50)
  AVERAGE WIND SPEED     7.6


SKY COVER
  POSSIBLE SUNSHINE  MM
  AVERAGE SKY COVER 0.0


WEATHER CONDITIONS
 THE FOLLOWING WEATHER WAS RECORDED YESTERDAY.
  NO SIGNIFICANT WEATHER WAS OBSERVED.


RELATIVE HUMIDITY (PERCENT)
 HIGHEST    78           900 PM
 LOWEST     36           100 PM
 AVERAGE    57

..........................................................


THE WORCESTER MA CLIMATE NORMALS FOR TODAY
                         NORMAL    RECORD    YEAR
 MAXIMUM TEMPERATURE (F)   33        65      1925
 MINIMUM TEMPERATURE (F)   18       -10      1963


SUNRISE AND SUNSET
FEBRUARY  8 2016......SUNRISE   654 AM EST   SUNSET   510 PM EST
FEBRUARY  9 2016......SUNRISE   652 AM EST   SUNSET   512 PM EST


-  INDICATES NEGATIVE NUMBERS.
R  INDICATES RECORD WAS SET OR TIED.
MM INDICATES DATA IS MISSING.
T  INDICATES TRACE AMOUNT.




$$
