000
CDUS41 KBOX 230546
CLIORH


CLIMATE REPORT
NATIONAL WEATHER SERVICE TAUNTON MA
143 AM EDT WED JUL 23 2014


...................................

...THE WORCESTER MA CLIMATE SUMMARY FOR JULY 22 2014...

CLIMATE NORMAL PERIOD 1981 TO 2010
CLIMATE RECORD PERIOD 1892 TO 2014


WEATHER ITEM   OBSERVED TIME   RECORD YEAR NORMAL DEPARTURE LAST
                VALUE   (LST)  VALUE       VALUE  FROM      YEAR
                                                  NORMAL
..................................................................
TEMPERATURE (F)
 YESTERDAY
  MAXIMUM         85    313 PM  99    1926  79      6       82
  MINIMUM         62    222 AM  45    1937  62      0       65
  AVERAGE         74                        71      3       74

PRECIPITATION (IN)
  YESTERDAY        0.00          2.31 1897   0.14  -0.14      T
  MONTH TO DATE    4.74                      2.95   1.79     0.92
  SINCE JUN 1      6.30                      7.14  -0.84    10.98
  SINCE JAN 1     27.49                     26.37   1.12    27.79

SNOWFALL (IN)
  YESTERDAY        0.0           0.0  2002   0.0    0.0      0.0
                                      2001
                                      2000
  MONTH TO DATE    0.0                       0.0    0.0      0.0
  SINCE JUN 1      0.0                       0.0    0.0      0.0
  SINCE JUL 1      0.0                       0.0    0.0      0.0
  SNOW DEPTH       0

DEGREE DAYS
 HEATING
  YESTERDAY        0                         0      0        0
  MONTH TO DATE    0                         9     -9        0
  SINCE JUN 1     45                        92    -47       67
  SINCE JUL 1      0                         9     -9        0

 COOLING
  YESTERDAY        9                         6      3        9
  MONTH TO DATE  136                       123     13      256
  SINCE JUN 1    220                       207     13      359
  SINCE JAN 1    228                       229     -1      383
..................................................................


WIND (MPH)
  RESULTANT WIND SPEED   9   RESULTANT WIND DIRECTION   W (250)
  HIGHEST WIND SPEED    16   HIGHEST WIND DIRECTION    SW (230)
  HIGHEST GUST SPEED    20   HIGHEST GUST DIRECTION    SW (230)
  AVERAGE WIND SPEED     9.7


SKY COVER
  POSSIBLE SUNSHINE  MM
  AVERAGE SKY COVER 0.1


WEATHER CONDITIONS
 THE FOLLOWING WEATHER WAS RECORDED YESTERDAY.
  NO SIGNIFICANT WEATHER WAS OBSERVED.


RELATIVE HUMIDITY (PERCENT)
 HIGHEST    93           300 AM
 LOWEST     44           300 PM
 AVERAGE    69

..........................................................


THE WORCESTER MA CLIMATE NORMALS FOR TODAY
                         NORMAL    RECORD    YEAR
 MAXIMUM TEMPERATURE (F)   79        96      1952
 MINIMUM TEMPERATURE (F)   62        48      1939


SUNRISE AND SUNSET
JULY 23 2014..........SUNRISE   531 AM EDT   SUNSET   816 PM EDT
JULY 24 2014..........SUNRISE   532 AM EDT   SUNSET   815 PM EDT


-  INDICATES NEGATIVE NUMBERS.
R  INDICATES RECORD WAS SET OR TIED.
MM INDICATES DATA IS MISSING.
T  INDICATES TRACE AMOUNT.




$$
