000
CDUS41 KBOX 290542
CLIORH


CLIMATE REPORT
NATIONAL WEATHER SERVICE TAUNTON MA
1237 AM EST MON DEC 29 2014


...................................

...THE WORCESTER MA CLIMATE SUMMARY FOR DECEMBER 28 2014...

CLIMATE NORMAL PERIOD 1981 TO 2010
CLIMATE RECORD PERIOD 1892 TO 2014


WEATHER ITEM   OBSERVED TIME   RECORD YEAR NORMAL DEPARTURE LAST
                VALUE   (LST)  VALUE       VALUE  FROM      YEAR
                                                  NORMAL
..................................................................
TEMPERATURE (F)
 YESTERDAY
  MAXIMUM         45    218 PM  61    1982  33     12       42
  MINIMUM         32   1158 PM  -8    1933  19     13       25
  AVERAGE         39                        26     13       34

PRECIPITATION (IN)
  YESTERDAY        0.02          1.19 1967   0.11  -0.09     0.00
  MONTH TO DATE    4.90                      3.49   1.41     3.25
  SINCE DEC 1      4.90                      3.49   1.41     3.25
  SINCE JAN 1     53.58                     47.74   5.84    44.55

SNOWFALL (IN)
  YESTERDAY        0.0          13.1  1967   0.6   -0.6      0.0
  MONTH TO DATE    1.5                      12.8  -11.3     18.9
  SINCE DEC 1      1.5                      12.8  -11.3     18.9
  SINCE JUL 1      8.7                      15.6   -6.9     19.4
  SNOW DEPTH       0

DEGREE DAYS
 HEATING
  YESTERDAY       26                        39    -13       31
  MONTH TO DATE  838                       981   -143     1030
  SINCE DEC 1    838                       981   -143     1030
  SINCE JUL 1   2216                      2383   -167     2442

 COOLING
  YESTERDAY        0                         0      0        0
  MONTH TO DATE    0                         0      0        0
  SINCE DEC 1      0                         0      0        0
  SINCE JAN 1    426                       471    -45      572
..................................................................


WIND (MPH)
  RESULTANT WIND SPEED  15   RESULTANT WIND DIRECTION   W (260)
  HIGHEST WIND SPEED    25   HIGHEST WIND DIRECTION     W (270)
  HIGHEST GUST SPEED    33   HIGHEST GUST DIRECTION     W (260)
  AVERAGE WIND SPEED    15.4


SKY COVER
  POSSIBLE SUNSHINE  MM
  AVERAGE SKY COVER 0.5


WEATHER CONDITIONS
 THE FOLLOWING WEATHER WAS RECORDED YESTERDAY.
  LIGHT RAIN


RELATIVE HUMIDITY (PERCENT)
 HIGHEST    92          1200 PM
 LOWEST     58           300 AM
 AVERAGE    75

..........................................................


THE WORCESTER MA CLIMATE NORMALS FOR TODAY
                         NORMAL    RECORD    YEAR
 MAXIMUM TEMPERATURE (F)   33        70      1984
 MINIMUM TEMPERATURE (F)   19       -17      1933


SUNRISE AND SUNSET
DECEMBER 29 2014......SUNRISE   716 AM EST   SUNSET   423 PM EST
DECEMBER 30 2014......SUNRISE   716 AM EST   SUNSET   424 PM EST


-  INDICATES NEGATIVE NUMBERS.
R  INDICATES RECORD WAS SET OR TIED.
MM INDICATES DATA IS MISSING.
T  INDICATES TRACE AMOUNT.




$$
