000
CDUS46 KMFR 270837
CLIOTH


CLIMATE REPORT
NATIONAL WEATHER SERVICE MEDFORD, OR
137 AM PDT WED AUG 27 2014


...................................

...THE NORTH BEND OR CLIMATE SUMMARY FOR AUGUST 26 2014...

CLIMATE NORMAL PERIOD 1981 TO 2010
CLIMATE RECORD PERIOD 1902 TO 2014


WEATHER ITEM   OBSERVED TIME   RECORD YEAR NORMAL DEPARTURE LAST
                VALUE   (LST)  VALUE       VALUE  FROM      YEAR
                                                  NORMAL
..................................................................
TEMPERATURE (F)
 YESTERDAY
  MAXIMUM         63        MM  77    2013  66     -3       77
                                      1935
  MINIMUM         48        MM  41    1908  53     -5       52
  AVERAGE         56                        59     -3       65

PRECIPITATION (IN)
  YESTERDAY        0.00          0.85 1997   0.03  -0.03     0.00
  MONTH TO DATE    0.01                      0.47  -0.46     0.25
  SINCE SEP 1     34.01                     64.76 -30.75    43.84
  SINCE JAN 1     22.44                     37.09 -14.65    17.74

SNOWFALL (IN)
  YESTERDAY       MM
  SNOW DEPTH      MM

DEGREE DAYS
 HEATING
  YESTERDAY        9                         6      3        0
  MONTH TO DATE  104                       156    -52       68
  SINCE JUN 1    447                       620   -173      333
  SINCE JUL 1    250                       353   -103      163

 COOLING
  YESTERDAY        0                         0      0        0
  MONTH TO DATE    0                         0      0        1
  SINCE JUN 1      0                         0      0        1
  SINCE JAN 1     12                         0     12        5
..................................................................


WIND (MPH)
  HIGHEST WIND SPEED    15   HIGHEST WIND DIRECTION    NW (330)
  HIGHEST GUST SPEED    18   HIGHEST GUST DIRECTION    NW (330)
  AVERAGE WIND SPEED     6.6


SKY COVER
  POSSIBLE SUNSHINE  MM
  AVERAGE SKY COVER 0.8


WEATHER CONDITIONS
 THE FOLLOWING WEATHER WAS RECORDED YESTERDAY.
  NO SIGNIFICANT WEATHER WAS OBSERVED.


RELATIVE HUMIDITY (PERCENT)
 HIGHEST   100
 LOWEST     78           200 PM

..........................................................


THE NORTH BEND OR CLIMATE NORMALS FOR TODAY
                         NORMAL    RECORD    YEAR
 MAXIMUM TEMPERATURE (F)   66        79      1915
 MINIMUM TEMPERATURE (F)   52        42      1920


SUNRISE AND SUNSET
AUGUST 27 2014........SUNRISE   635 AM PDT   SUNSET   801 PM PDT
AUGUST 28 2014........SUNRISE   637 AM PDT   SUNSET   759 PM PDT


-  INDICATES NEGATIVE NUMBERS.
R  INDICATES RECORD WAS SET OR TIED.
MM INDICATES DATA IS MISSING.
T  INDICATES TRACE AMOUNT.




$$
