098
CDUS46 KMFR 250835
CLIOTH


CLIMATE REPORT
NATIONAL WEATHER SERVICE MEDFORD, OR
1235 AM PST SAT FEB 25 2017


...................................

...THE NORTH BEND OR CLIMATE SUMMARY FOR FEBRUARY 24 2017...

CLIMATE NORMAL PERIOD 1981 TO 2010
CLIMATE RECORD PERIOD 1902 TO 2017


WEATHER ITEM   OBSERVED TIME   RECORD YEAR NORMAL DEPARTURE LAST
                VALUE   (LST)  VALUE       VALUE  FROM      YEAR
                                                  NORMAL
..................................................................
TEMPERATURE (F)
 YESTERDAY
  MAXIMUM         43        MM  71    1991  53    -10       61
  MINIMUM         34        MM  23    1920  41     -7       48
  AVERAGE         39                        47     -8       55

PRECIPITATION (IN)
  YESTERDAY        0.48        655.34 2013   0.28   0.20     0.00
  MONTH TO DATE   13.65                      6.49   7.16     3.57
  SINCE OCT 1     56.68                     42.77  13.91    41.40
  SINCE JAN 1     22.53                     16.68   5.85    15.77

SNOWFALL (IN)
  YESTERDAY       MM
  SNOW DEPTH      MM

DEGREE DAYS
 HEATING
  YESTERDAY       26                        18      8       10
  MONTH TO DATE  392                       449    -57      309
  SINCE DEC 1   1694                      1652     42     1249
  SINCE JUL 1   2690                      3104   -414     2256

 COOLING
  YESTERDAY        0                         0      0        0
  MONTH TO DATE    0                         0      0        2
  SINCE DEC 1      0                         0      0        2
  SINCE JAN 1      0                         0      0        2
..................................................................


WIND (MPH)
  HIGHEST WIND SPEED    13   HIGHEST WIND DIRECTION    SE (150)
  HIGHEST GUST SPEED    MM   HIGHEST GUST DIRECTION    MM
  AVERAGE WIND SPEED     8.6


SKY COVER
  POSSIBLE SUNSHINE  MM
  AVERAGE SKY COVER 0.9


WEATHER CONDITIONS
 THE FOLLOWING WEATHER WAS RECORDED YESTERDAY.
  NO SIGNIFICANT WEATHER WAS OBSERVED.


RELATIVE HUMIDITY (PERCENT)
 HIGHEST   100          1200 AM
 LOWEST     92           400 AM

..........................................................


THE NORTH BEND OR CLIMATE NORMALS FOR TODAY
                         NORMAL    RECORD    YEAR
 MAXIMUM TEMPERATURE (F)   53        82      1992
 MINIMUM TEMPERATURE (F)   41        24      1920


SUNRISE AND SUNSET
FEBRUARY 25 2017......SUNRISE   659 AM PST   SUNSET   601 PM PST
FEBRUARY 26 2017......SUNRISE   658 AM PST   SUNSET   603 PM PST


-  INDICATES NEGATIVE NUMBERS.
R  INDICATES RECORD WAS SET OR TIED.
MM INDICATES DATA IS MISSING.
T  INDICATES TRACE AMOUNT.




$$
