000
CDUS46 KMFR 250836
CLIOTH


CLIMATE REPORT
NATIONAL WEATHER SERVICE MEDFORD, OR
135 AM PDT THU AUG 25 2016


...................................

...THE NORTH BEND OR CLIMATE SUMMARY FOR AUGUST 24 2016...

CLIMATE NORMAL PERIOD 1981 TO 2010
CLIMATE RECORD PERIOD 1902 TO 2016


WEATHER ITEM   OBSERVED TIME   RECORD YEAR NORMAL DEPARTURE LAST
                VALUE   (LST)  VALUE       VALUE  FROM      YEAR
                                                  NORMAL
..................................................................
TEMPERATURE (F)
 YESTERDAY
  MAXIMUM         64        MM  87    1910  66     -2       66
  MINIMUM         48        MM  39    1925  53     -5       54
  AVERAGE         56                        59     -3       60

PRECIPITATION (IN)
  YESTERDAY        0.00          1.11 1968   0.03  -0.03     0.00
  MONTH TO DATE    0.00                      0.42  -0.42     0.19
  SINCE OCT 1     57.85                     63.13  -5.28    42.73
  SINCE JAN 1     32.22                     37.04  -4.82    19.43

SNOWFALL (IN)
  YESTERDAY       MM
  SNOW DEPTH      MM

DEGREE DAYS
 HEATING
  YESTERDAY        9                         6      3        5
  MONTH TO DATE  139                       144     -5       81
  SINCE JUN 1    445                       608   -163      385
  SINCE JUL 1    255                       341    -86      161

 COOLING
  YESTERDAY        0                         0      0        0
  MONTH TO DATE    0                         0      0        5
  SINCE JUN 1      1                         0      1        9
  SINCE JAN 1      9                         0      9        9
..................................................................


WIND (MPH)
  HIGHEST WIND SPEED    13   HIGHEST WIND DIRECTION    NW (330)
  HIGHEST GUST SPEED    MM   HIGHEST GUST DIRECTION    MM
  AVERAGE WIND SPEED     4.6


SKY COVER
  POSSIBLE SUNSHINE   0 PERCENT
  AVERAGE SKY COVER 0.0


WEATHER CONDITIONS
 THE FOLLOWING WEATHER WAS RECORDED YESTERDAY.
  NO SIGNIFICANT WEATHER WAS OBSERVED.


RELATIVE HUMIDITY (PERCENT)
 HIGHEST     0          1200 AM
 LOWEST      0          1200 AM

..........................................................


THE NORTH BEND OR CLIMATE NORMALS FOR TODAY
                         NORMAL    RECORD    YEAR
 MAXIMUM TEMPERATURE (F)   66        79      1944
 MINIMUM TEMPERATURE (F)   53        38      1925


SUNRISE AND SUNSET
AUGUST 25 2016........SUNRISE   634 AM PDT   SUNSET   803 PM PDT
AUGUST 26 2016........SUNRISE   635 AM PDT   SUNSET   801 PM PDT


-  INDICATES NEGATIVE NUMBERS.
R  INDICATES RECORD WAS SET OR TIED.
MM INDICATES DATA IS MISSING.
T  INDICATES TRACE AMOUNT.




$$
