000
CDUS46 KMFR 190902
CLIOTH


CLIMATE REPORT
NATIONAL WEATHER SERVICE MEDFORD, OR
102 AM PST FRI DEC 19 2014


...................................

...THE NORTH BEND OR CLIMATE SUMMARY FOR DECEMBER 18 2014...

CLIMATE NORMAL PERIOD 1981 TO 2010
CLIMATE RECORD PERIOD 1902 TO 2014


WEATHER ITEM   OBSERVED TIME   RECORD YEAR NORMAL DEPARTURE LAST
                VALUE   (LST)  VALUE       VALUE  FROM      YEAR
                                                  NORMAL
..................................................................
TEMPERATURE (F)
 YESTERDAY
  MAXIMUM         61        MM  66    2004  51     10       46
  MINIMUM         48        MM  17    1924  39      9       39
  AVERAGE         55                        45     10       43

PRECIPITATION (IN)
  YESTERDAY        0.74          2.08 1981   0.35   0.39     0.00
  MONTH TO DATE    7.82                      6.55   1.27     1.33
  SINCE SEP 1     20.21                     23.09  -2.88    10.74
  SINCE JAN 1     42.66                     60.33 -17.67    28.67

SNOWFALL (IN)
  YESTERDAY       MM
  SNOW DEPTH      MM

DEGREE DAYS
 HEATING
  YESTERDAY       10                        20    -10       22
  MONTH TO DATE  217                       353   -136      444
  SINCE DEC 1    217                       353   -136      444
  SINCE JUL 1   1093                      1805   -712     1559

 COOLING
  YESTERDAY        0                         0      0        0
  MONTH TO DATE    0                         0      0        0
  SINCE DEC 1      0                         0      0        0
  SINCE JAN 1     28                         2     26       13
..................................................................


WIND (MPH)
  HIGHEST WIND SPEED    17   HIGHEST WIND DIRECTION     S (170)
  HIGHEST GUST SPEED    24   HIGHEST GUST DIRECTION     S (170)
  AVERAGE WIND SPEED     7.9


SKY COVER
  POSSIBLE SUNSHINE  MM
  AVERAGE SKY COVER 1.0


WEATHER CONDITIONS
 THE FOLLOWING WEATHER WAS RECORDED YESTERDAY.
  NO SIGNIFICANT WEATHER WAS OBSERVED.


RELATIVE HUMIDITY (PERCENT)
 HIGHEST   100
 LOWEST     64           200 PM

..........................................................


THE NORTH BEND OR CLIMATE NORMALS FOR TODAY
                         NORMAL    RECORD    YEAR
 MAXIMUM TEMPERATURE (F)   51        64      1940
 MINIMUM TEMPERATURE (F)   39        23      1924


SUNRISE AND SUNSET
DECEMBER 19 2014......SUNRISE   745 AM PST   SUNSET   443 PM PST
DECEMBER 20 2014......SUNRISE   746 AM PST   SUNSET   443 PM PST


-  INDICATES NEGATIVE NUMBERS.
R  INDICATES RECORD WAS SET OR TIED.
MM INDICATES DATA IS MISSING.
T  INDICATES TRACE AMOUNT.




$$
