000
CDUS46 KMFR 300840
CLIOTH


CLIMATE REPORT
NATIONAL WEATHER SERVICE MEDFORD, OR
139 AM PDT TUE SEP 30 2014


...................................

...THE NORTH BEND OR CLIMATE SUMMARY FOR SEPTEMBER 29 2014...

CLIMATE NORMAL PERIOD 1981 TO 2010
CLIMATE RECORD PERIOD 1902 TO 2014


WEATHER ITEM   OBSERVED TIME   RECORD YEAR NORMAL DEPARTURE LAST
                VALUE   (LST)  VALUE       VALUE  FROM      YEAR
                                                  NORMAL
..................................................................
TEMPERATURE (F)
 YESTERDAY
  MAXIMUM         66        MM  82    1947  64      2       63
  MINIMUM         55        MM  34    2003  48      7       55
  AVERAGE         61                        56      5       59

PRECIPITATION (IN)
  YESTERDAY        0.15          1.75 2013   0.08   0.07     1.75
  MONTH TO DATE    1.76                      1.50   0.26     5.94
  SINCE SEP 1      1.76                      1.50   0.26     5.94
  SINCE JAN 1     24.21                     38.74 -14.53    23.87

SNOWFALL (IN)
  YESTERDAY       MM
  SNOW DEPTH      MM

DEGREE DAYS
 HEATING
  YESTERDAY        4                         9     -5        6
  MONTH TO DATE   98                       218   -120      119
  SINCE SEP 1     98                       218   -120      119
  SINCE JUL 1    363                       597   -234      286

 COOLING
  YESTERDAY        0                         0      0        0
  MONTH TO DATE   10                         0     10        1
  SINCE SEP 1     10                         0     10        1
  SINCE JAN 1     22                         1     21       13
..................................................................


WIND (MPH)
  HIGHEST WIND SPEED    10   HIGHEST WIND DIRECTION     W (250)
  HIGHEST GUST SPEED    MM   HIGHEST GUST DIRECTION    MM
  AVERAGE WIND SPEED     6.1


SKY COVER
  POSSIBLE SUNSHINE  MM
  AVERAGE SKY COVER  MM


WEATHER CONDITIONS
 THE FOLLOWING WEATHER WAS RECORDED YESTERDAY.
  NO SIGNIFICANT WEATHER WAS OBSERVED.


RELATIVE HUMIDITY (PERCENT)
 HIGHEST    MM
 LOWEST     MM

..........................................................


THE NORTH BEND OR CLIMATE NORMALS FOR TODAY
                         NORMAL    RECORD    YEAR
 MAXIMUM TEMPERATURE (F)   63        81      1923
 MINIMUM TEMPERATURE (F)   48        34      1919


SUNRISE AND SUNSET
SEPTEMBER 30 2014.....SUNRISE   713 AM PDT   SUNSET   700 PM PDT
OCTOBER  1 2014.......SUNRISE   715 AM PDT   SUNSET   658 PM PDT


-  INDICATES NEGATIVE NUMBERS.
R  INDICATES RECORD WAS SET OR TIED.
MM INDICATES DATA IS MISSING.
T  INDICATES TRACE AMOUNT.




$$
