000
CDUS43 KDMX 250637
CLIOTM

CLIMATE REPORT
NATIONAL WEATHER SERVICE DES MOINES IA
1235 AM CST SAT NOV 25 2017


...................................

...THE OTTUMWA IA CLIMATE SUMMARY FOR NOVEMBER 24 2017...

CLIMATE NORMAL PERIOD 1981 TO 2010
CLIMATE RECORD PERIOD 1920 TO 2017


WEATHER ITEM   OBSERVED TIME   RECORD YEAR NORMAL DEPARTURE LAST
                VALUE   (LST)  VALUE       VALUE  FROM      YEAR
                                                  NORMAL
..................................................................
TEMPERATURE (F)
 YESTERDAY
  MAXIMUM         72R   316 PM  64    2011  44     28       41
  MINIMUM         40   1222 AM   2    1950  25     15       35
  AVERAGE         56                        35     21       38

PRECIPITATION (IN)
  YESTERDAY        0.00          1.10 1908   0.07  -0.07     0.00
  MONTH TO DATE    0.67                      1.96  -1.29     0.24
  SINCE SEP 1      7.20                      8.58  -1.38     2.26
  SINCE JAN 1     23.04                     35.28 -12.24    23.45

DEGREE DAYS
 HEATING
  YESTERDAY        9                        30    -21       27
  MONTH TO DATE  638                       580     58      389
  SINCE SEP 1    988                      1093   -105      648
  SINCE JUL 1    988                      1104   -116      655

 COOLING
  YESTERDAY        0                         0      0        0
  MONTH TO DATE    0                         0      0        5
  SINCE SEP 1    195                       104     91      223
  SINCE JAN 1   1120                       938    182     1122
..................................................................


WIND (MPH)
  HIGHEST WIND SPEED    29   HIGHEST WIND DIRECTION    NW (330)
  HIGHEST GUST SPEED    35   HIGHEST GUST DIRECTION    SW (210)
  AVERAGE WIND SPEED    15.4


SKY COVER
  POSSIBLE SUNSHINE  MM
  AVERAGE SKY COVER 0.0


WEATHER CONDITIONS
 THE FOLLOWING WEATHER WAS RECORDED YESTERDAY.
  NO SIGNIFICANT WEATHER WAS OBSERVED.


RELATIVE HUMIDITY (PERCENT)
 HIGHEST    71          1100 PM
 LOWEST     31          1200 PM
 AVERAGE    51

..........................................................


THE OTTUMWA IA CLIMATE NORMALS FOR TODAY
                         NORMAL    RECORD    YEAR
 MAXIMUM TEMPERATURE (F)   43        65      1960
 MINIMUM TEMPERATURE (F)   25         3      1977


SUNRISE AND SUNSET
NOVEMBER 25 2017......SUNRISE   709 AM CST   SUNSET   444 PM CST
NOVEMBER 26 2017......SUNRISE   710 AM CST   SUNSET   444 PM CST


-  INDICATES NEGATIVE NUMBERS.
R  INDICATES RECORD WAS SET OR TIED.
MM INDICATES DATA IS MISSING.
T  INDICATES TRACE AMOUNT.




$$
