000
CDUS43 KDMX 230632 RRB
CLIOTM

CLIMATE REPORT
NATIONAL WEATHER SERVICE DES MOINES IA
1231 AM CST MON JAN 23 2017

...................................

...THE OTTUMWA IA CLIMATE SUMMARY FOR JANUARY 22 2017...

CLIMATE NORMAL PERIOD 1981 TO 2010
CLIMATE RECORD PERIOD 1920 TO 2017


WEATHER ITEM   OBSERVED TIME   RECORD YEAR NORMAL DEPARTURE LAST
                VALUE   (LST)  VALUE       VALUE  FROM      YEAR
                                                  NORMAL
..................................................................
TEMPERATURE (F)
 YESTERDAY
  MAXIMUM         39    519 PM  63    2002  32      7       26
                                      1967
  MINIMUM         28    139 AM -36    1930  13     15       15
  AVERAGE         34                        22     12       21

PRECIPITATION (IN)
  YESTERDAY        0.00          0.49 1965   0.03  -0.03      T
  MONTH TO DATE    1.08                      0.66   0.42     0.48
  SINCE DEC 1      2.45                      2.03   0.42     4.51
  SINCE JAN 1      1.08                      0.66   0.42     0.48

DEGREE DAYS
 HEATING
  YESTERDAY       31                        43    -12       44
  MONTH TO DATE  853                       940    -87      978
  SINCE DEC 1   2009                      2147   -138     1824
  SINCE JUL 1   2802                      3445   -643     2835

 COOLING
  YESTERDAY        0                         0      0        0
  MONTH TO DATE    0                         0      0        0
  SINCE DEC 1      0                         0      0        0
  SINCE JAN 1      0                         0      0        0
..................................................................


WIND (MPH)
  HIGHEST WIND SPEED    18   HIGHEST WIND DIRECTION    NW (330)
  HIGHEST GUST SPEED    23   HIGHEST GUST DIRECTION    NW (320)
  AVERAGE WIND SPEED     9.7


SKY COVER
  POSSIBLE SUNSHINE  MM
  AVERAGE SKY COVER 1.0


WEATHER CONDITIONS
 THE FOLLOWING WEATHER WAS RECORDED YESTERDAY.
  FOG
  FOG W/VISIBILITY <= 1/4 MILE


RELATIVE HUMIDITY (PERCENT)
 HIGHEST   100          1200 AM
 LOWEST     79           300 PM
 AVERAGE    90

..........................................................


THE OTTUMWA IA CLIMATE NORMALS FOR TODAY
                         NORMAL    RECORD    YEAR
 MAXIMUM TEMPERATURE (F)   32        64      1942
 MINIMUM TEMPERATURE (F)   13       -21      1963


SUNRISE AND SUNSET
JANUARY 23 2017.......SUNRISE   728 AM CST   SUNSET   516 PM CST
JANUARY 24 2017.......SUNRISE   727 AM CST   SUNSET   517 PM CST


-  INDICATES NEGATIVE NUMBERS.
R  INDICATES RECORD WAS SET OR TIED.
MM INDICATES DATA IS MISSING.
T  INDICATES TRACE AMOUNT.




$$
