000
CDUS46 KOTX 170832
CLIOTX


CLIMATE REPORT
NATIONAL WEATHER SERVICE SPOKANE, WA
1231 AM PST FRI NOV 17 2017


...................................

...THE SPOKANE  WA WFO CLIMATE SUMMARY FOR NOVEMBER 16 2017...

CLIMATE NORMAL PERIOD 1981 TO 2010
CLIMATE RECORD PERIOD 1881 TO 2017


WEATHER ITEM   OBSERVED TIME   RECORD YEAR NORMAL DEPARTURE LAST
                VALUE   (LST)  VALUE       VALUE  FROM      YEAR
                                                  NORMAL
..................................................................
TEMPERATURE (F)
 YESTERDAY
  MAXIMUM         39        MM  MM      MM  41     -2       45
  MINIMUM         32        MM  MM      MM  27      5       27
  AVERAGE         36                        34      2       36

PRECIPITATION (IN)
  YESTERDAY        0.13         MM      MM   0.07   0.06     0.19
  MONTH TO DATE    1.51                      1.07   0.44     0.98
  SINCE OCT 1      3.00                      2.36   0.64     7.90
  SINCE JAN 1     17.37                     13.41   3.96    18.31

SNOWFALL (IN)
  YESTERDAY        0.0          MM      MM   0.3   -0.3      0.6
  MONTH TO DATE    5.3                       2.2    3.1      0.6
  SINCE SEP 1      5.3                       2.3    3.0      0.6
  SINCE JUL 1      5.3                       2.3    3.0      0.6
  SNOW DEPTH      MM

DEGREE DAYS
 HEATING
  YESTERDAY       29                        31     -2       29
  MONTH TO DATE  487                       452     35      278
  SINCE SEP 1   1365                      1297     68     1077
  SINCE JUL 1   1388                      1408    -20     1162

 COOLING
  YESTERDAY        0                         0      0        0
  MONTH TO DATE    0                         0      0        0
  SINCE SEP 1     43                        16     27        0
  SINCE JAN 1    413                       249    164      229
..................................................................


WIND (MPH)
  HIGHEST WIND SPEED    MM   HIGHEST WIND DIRECTION    MM
  HIGHEST GUST SPEED    MM   HIGHEST GUST DIRECTION    MM
  AVERAGE WIND SPEED    MM


SKY COVER
  POSSIBLE SUNSHINE  MM
  AVERAGE SKY COVER  MM


WEATHER CONDITIONS
 THE FOLLOWING WEATHER WAS RECORDED YESTERDAY.
  LIGHT RAIN


RELATIVE HUMIDITY (PERCENT)
 HIGHEST    MM
 LOWEST     MM
 AVERAGE    MM

..........................................................


THE SPOKANE  WA WFO CLIMATE NORMALS FOR TODAY
                         NORMAL    RECORD    YEAR
 MAXIMUM TEMPERATURE (F)   40        MM        MM
 MINIMUM TEMPERATURE (F)   27        MM        MM


SUNRISE AND SUNSET
NOVEMBER 17 2017......SUNRISE   659 AM PST   SUNSET   411 PM PST
NOVEMBER 18 2017......SUNRISE   701 AM PST   SUNSET   410 PM PST


-  INDICATES NEGATIVE NUMBERS.
R  INDICATES RECORD WAS SET OR TIED.
MM INDICATES DATA IS MISSING.
T  INDICATES TRACE AMOUNT.




$$
