000
CDUS46 KOTX 030828
CLIOTX


CLIMATE REPORT
NATIONAL WEATHER SERVICE SPOKANE, WA
1227 AM PST SAT DEC 3 2016


...................................

...THE SPOKANE  WA WFO CLIMATE SUMMARY FOR DECEMBER 2 2016...

CLIMATE NORMAL PERIOD 1981 TO 2010
CLIMATE RECORD PERIOD 1881 TO 2016


WEATHER ITEM   OBSERVED TIME   RECORD YEAR NORMAL DEPARTURE LAST
                VALUE   (LST)  VALUE       VALUE  FROM      YEAR
                                                  NORMAL
..................................................................
TEMPERATURE (F)
 YESTERDAY
  MAXIMUM         36        MM  MM      MM  34      2       31
  MINIMUM         24        MM  MM      MM  23      1       21
  AVERAGE         30                        28      2       26

PRECIPITATION (IN)
  YESTERDAY        0.04         MM      MM   0.09  -0.05     0.08
  MONTH TO DATE    0.09                      0.18  -0.09     0.08
  SINCE OCT 1      8.86                      3.68   5.18     2.44
  SINCE JAN 1     19.09                     14.73   4.36    10.52

SNOWFALL (IN)
  YESTERDAY        0.0          MM      MM   0.5   -0.5      1.0
  MONTH TO DATE    T                         0.9   -0.9      1.0
  SINCE DEC 1      T                         0.9   -0.9      1.0
  SINCE JUL 1      2.2                       8.8   -6.6      2.5
  SNOW DEPTH       0

DEGREE DAYS
 HEATING
  YESTERDAY       35                        37     -2       39
  MONTH TO DATE   68                        74     -6       81
  SINCE DEC 1     68                        74     -6       81
  SINCE JUL 1   1624                      1956   -332     1741

 COOLING
  YESTERDAY        0                         0      0        0
  MONTH TO DATE    0                         0      0        0
  SINCE DEC 1      0                         0      0        0
  SINCE JAN 1    229                       249    -20      518
..................................................................


WIND (MPH)
  HIGHEST WIND SPEED    MM   HIGHEST WIND DIRECTION    MM
  HIGHEST GUST SPEED    MM   HIGHEST GUST DIRECTION    MM
  AVERAGE WIND SPEED    MM


SKY COVER
  POSSIBLE SUNSHINE  MM
  AVERAGE SKY COVER  MM


WEATHER CONDITIONS
 THE FOLLOWING WEATHER WAS RECORDED YESTERDAY.
  LIGHT RAIN
  FOG
  FOG W/VISIBILITY <= 1/4 MILE


RELATIVE HUMIDITY (PERCENT)
 HIGHEST    MM
 LOWEST     MM
 AVERAGE    MM

..........................................................


THE SPOKANE  WA WFO CLIMATE NORMALS FOR TODAY
                         NORMAL    RECORD    YEAR
 MAXIMUM TEMPERATURE (F)   33        MM        MM
 MINIMUM TEMPERATURE (F)   22        MM        MM


SUNRISE AND SUNSET
DECEMBER  3 2016......SUNRISE   721 AM PST   SUNSET   400 PM PST
DECEMBER  4 2016......SUNRISE   722 AM PST   SUNSET   359 PM PST


-  INDICATES NEGATIVE NUMBERS.
R  INDICATES RECORD WAS SET OR TIED.
MM INDICATES DATA IS MISSING.
T  INDICATES TRACE AMOUNT.




$$
