000
CDUS46 KOTX 200819
CLIOTX


CLIMATE REPORT
NATIONAL WEATHER SERVICE SPOKANE, WA
1219 AM PST SAT JAN 20 2018


...................................

...THE SPOKANE  WA WFO CLIMATE SUMMARY FOR JANUARY 19 2018...

CLIMATE NORMAL PERIOD 1981 TO 2010
CLIMATE RECORD PERIOD 1881 TO 2018


WEATHER ITEM   OBSERVED TIME   RECORD YEAR NORMAL DEPARTURE LAST
                VALUE   (LST)  VALUE       VALUE  FROM      YEAR
                                                  NORMAL
..................................................................
TEMPERATURE (F)
 YESTERDAY
  MAXIMUM         37        MM  MM      MM  33      4       39
  MINIMUM         29        MM  MM      MM  23      6       25
  AVERAGE         33                        28      5       32

PRECIPITATION (IN)
  YESTERDAY        0.00         MM      MM   0.06  -0.06     0.00
  MONTH TO DATE    1.68                      1.26   0.42     1.36
  SINCE OCT 1      8.96                      7.29   1.67    11.73
  SINCE JAN 1      1.68                      1.26   0.42     1.36

SNOWFALL (IN)
  YESTERDAY        0.0          MM      MM   0.5   -0.5      0.0
  MONTH TO DATE    8.0                      10.7   -2.7     12.1
  SINCE DEC 1     24.1                      27.7   -3.6     31.0
  SINCE JUL 1     29.8                      35.6   -5.8     33.2
  SNOW DEPTH       3

DEGREE DAYS
 HEATING
  YESTERDAY       32                        37     -5       33
  MONTH TO DATE  646                       726    -80      976
  SINCE DEC 1   1865                      1942    -77     2320
  SINCE JUL 1   3629                      3824   -195     3876

 COOLING
  YESTERDAY        0                         0      0        0
  MONTH TO DATE    0                         0      0        0
  SINCE DEC 1      0                         0      0        0
  SINCE JAN 1      0                         0      0        0
..................................................................


WIND (MPH)
  HIGHEST WIND SPEED    MM   HIGHEST WIND DIRECTION    MM
  HIGHEST GUST SPEED    MM   HIGHEST GUST DIRECTION    MM
  AVERAGE WIND SPEED    MM


SKY COVER
  POSSIBLE SUNSHINE  MM
  AVERAGE SKY COVER  MM


WEATHER CONDITIONS
 THE FOLLOWING WEATHER WAS RECORDED YESTERDAY.
  NO SIGNIFICANT WEATHER WAS OBSERVED.


RELATIVE HUMIDITY (PERCENT)
 HIGHEST    MM
 LOWEST     MM
 AVERAGE    MM

..........................................................


THE SPOKANE  WA WFO CLIMATE NORMALS FOR TODAY
                         NORMAL    RECORD    YEAR
 MAXIMUM TEMPERATURE (F)   34        MM        MM
 MINIMUM TEMPERATURE (F)   23        MM        MM


SUNRISE AND SUNSET
JANUARY 20 2018.......SUNRISE   730 AM PST   SUNSET   433 PM PST
JANUARY 21 2018.......SUNRISE   729 AM PST   SUNSET   435 PM PST


-  INDICATES NEGATIVE NUMBERS.
R  INDICATES RECORD WAS SET OR TIED.
MM INDICATES DATA IS MISSING.
T  INDICATES TRACE AMOUNT.




$$
