000
CDAK49 PAOT 311223
CLIOTZ

CLIMATE REPORT
NATIONAL WEATHER SERVICE KOTZEBUE, AK
323 AM AKST SAT JAN 31 2015

...................................
...THE KOTZEBUE WSO AP CLIMATE SUMMARY FOR JANUARY 30 2015...

CLIMATE NORMAL PERIOD  1981 TO  2010
CLIMATE RECORD PERIOD  1897 TO  2015

WEATHER ITEM   OBSERVED TIME    RECORD YEAR NORMAL DEPARTURE LAST
               VALUE    (LST)   VALUE       VALUE  FROM      YEAR
                                                   NORMAL
...................................................................
TEMPERATURE
YESTERDAY
 MAXIMUM            10  1155 PM    37  2007      4       6     28
 MINIMUM           -14  0114 AM   -48  1993    -10      -4     21
 AVERAGE            -2                          -3       1     25

PRECIPITATION
(INCHES)
 YESTERDAY        0.03           0.07  1997   0.02    0.01   0.00
 MONTH TO DATE    0.34                        0.60   -0.26   0.52
 SINCE DEC 1      0.69                        1.36   -0.67   1.29
 SINCE JAN 1      0.34                        0.60   -0.26   0.52

SNOWFALL
(INCHES)
 YESTERDAY         0.3            1.9  1932    0.2     0.1    0.0
 MONTH TO DATE     3.2                         8.8    -5.6    4.8
 SINCE DEC 1       6.2                        20.3   -14.1   12.0
 SINCE JUL 1      10.9                        37.7   -26.8   23.7
 SNOW DEPTH (IN)     4                                          7

DEGREE DAYS
 HEATING
  YESTERDAY         67                          68      -1     40
  MONTH TO DATE   1838                        2029    -191   1528
  SINCE DEC 1     3596                        3972    -376   3350
  SINCE JUL 1     7271                        8331   -1060   7239

 COOLING
  YESTERDAY          0                           0       0      0
  MONTH TO DATE      0                           0       0      0
  SINCE DEC 1        0                           0       0      0
  SINCE JAN 1        0                           0       0      0
...................................................................

WIND (MPH)
 HIGHEST WIND SPEED    32     HIGHEST WIND DIRECTION    120
 HIGHEST GUST SPEED    37     HIGHEST GUST DIRECTION    120
 AVERAGE WIND SPEED  25.8

SKY COVER
  POSSIBLE SUNSHINE    MM          AVERAGE SKY COVER     MM

WEATHER CONDITIONS
 THE FOLLOWING WEATHER WAS RECORDED YESTERDAY.
  BLOWING SNOW
SNOW


RELATIVE HUMIDITY
 HIGHEST RH     MM PERCENT       MM
 LOWEST  RH     MM PERCENT       MM
 AVERAGE RH     MM PERCENT       MM
...................................................................

THE KOTZEBUE CLIMATE NORMALS FOR TODAY
                           NORMAL    RECORD   YEAR
 MAXIMUM TEMPERATURE (F)      4        37     2007
 MINIMUM TEMPERATURE (F)    -10       -47     1993

SUNRISE AND SUNSET
 JAN 31 2015..........SUNRISE 10:59 AM      SUNSET  5:11 PM
 FEB 1 2015..........SUNRISE 10:55 AM      SUNSET  5:15 PM

-  INDICATES NEGATIVE NUMBERS.
R  INDICATES RECORD HAS BEEN SET OR TIED.
MM INDICATES DATA IS MISSING.
T  INDICATES TRACE OF PRECIPITATION.

&&
-------------------------------------------------------------------

AMOUNT OF DAYLIGHT TODAY  (HOUR:MIN)........6 HOURS 12 MINUTES
GAIN/LOSS SINCE YESTERDAY (HOUR:MIN:SEC)....+0:07:57

$$
EWH JAN 15
