000
CDAK49 PAOT 261158
CLIOTZ

CLIMATE REPORT
NATIONAL WEATHER SERVICE KOTZEBUE, AK
259 AM AKST WED NOV 26 2014

...................................
...THE KOTZEBUE WSO AP CLIMATE SUMMARY FOR NOVEMBER 25 2014...

CLIMATE NORMAL PERIOD  1981 TO  2010
CLIMATE RECORD PERIOD  1897 TO  2014

WEATHER ITEM   OBSERVED TIME    RECORD YEAR NORMAL DEPARTURE LAST
               VALUE    (LST)   VALUE       VALUE  FROM      YEAR
                                                   NORMAL
...................................................................
TEMPERATURE
YESTERDAY
 MAXIMUM             2  1159 PM    36  1943     12     -10     -3
 MINIMUM            -1  1253 PM   -32  1948      1      -2     -9
 AVERAGE             1                           6      -5     -6

PRECIPITATION
(INCHES)
 YESTERDAY        0.00           0.43  1975   0.02   -0.02   0.00
 MONTH TO DATE    0.18                        0.64   -0.46   1.15
 SINCE SEP 1      2.42                        3.23   -0.81   4.78
 SINCE JAN 1      9.16                       10.11   -0.95  11.24

SNOWFALL
(INCHES)
 YESTERDAY         0.0            3.0  1935    0.5    -0.4    0.0
 MONTH TO DATE     0.1                         8.5    -8.4    9.1
 SINCE SEP 1       3.7                        15.4   -11.7   10.0
 SINCE JUL 1       3.7                        15.4   -11.7   10.0
 SNOW DEPTH (IN)     1                                          3

DEGREE DAYS
 HEATING
  YESTERDAY         64                          59       5     71
  MONTH TO DATE   1119                        1380    -261   1264
  SINCE SEP 1     2870                        3324    -454   2962
  SINCE JUL 1     3430                        4062    -632   3558

 COOLING
  YESTERDAY          0                           0       0      0
  MONTH TO DATE      0                           0       0      0
  SINCE SEP 1        0                           0       0      0
  SINCE JAN 1       19                           0      19     13
...................................................................

WIND (MPH)
 HIGHEST WIND SPEED    16     HIGHEST WIND DIRECTION     90
 HIGHEST GUST SPEED    19     HIGHEST GUST DIRECTION     80
 AVERAGE WIND SPEED   7.3

SKY COVER
  POSSIBLE SUNSHINE    MM          AVERAGE SKY COVER     MM

WEATHER CONDITIONS
 THE FOLLOWING WEATHER WAS RECORDED YESTERDAY.
 NO SIGNIFICANT WEATHER WAS OBSERVED.

RELATIVE HUMIDITY
 HIGHEST RH     MM PERCENT       MM
 LOWEST  RH     MM PERCENT       MM
 AVERAGE RH     MM PERCENT       MM
...................................................................

THE KOTZEBUE CLIMATE NORMALS FOR TODAY
                           NORMAL    RECORD   YEAR
 MAXIMUM TEMPERATURE (F)     12        33     1958
 MINIMUM TEMPERATURE (F)      0       -28     1928

SUNRISE AND SUNSET
 NOV 26 2014..........SUNRISE 11:36 AM      SUNSET  3:40 PM
 NOV 27 2014..........SUNRISE 11:40 AM      SUNSET  3:36 PM

-  INDICATES NEGATIVE NUMBERS.
R  INDICATES RECORD HAS BEEN SET OR TIED.
MM INDICATES DATA IS MISSING.
T  INDICATES TRACE OF PRECIPITATION.

&&
-------------------------------------------------------------------

AMOUNT OF DAYLIGHT TODAY  (HOUR:MIN)........4 HOURS 4 MINUTES
LOSS SINCE YESTERDAY (HOUR:MIN:SEC).........-0:07:49

$$
TGH NOV 14
