374
CDAK49 PAFG 180957
CLIOTZ

CLIMATE REPORT
NATIONAL WEATHER SERVICE FAIRBANKS AK
1257 AM AKST THU JAN 18 2018


...................................

...THE KOTZEBUE AK CLIMATE SUMMARY FOR JANUARY 17 2018...

CLIMATE NORMAL PERIOD 1981 TO 2010
CLIMATE RECORD PERIOD 1920 TO 2018


WEATHER ITEM   OBSERVED TIME   RECORD YEAR NORMAL DEPARTURE LAST
                VALUE   (LST)  VALUE       VALUE  FROM      YEAR
                                                  NORMAL
..................................................................
TEMPERATURE (F)
 YESTERDAY
  MAXIMUM         26    518 AM  37    2009   3     23      -23
  MINIMUM         16    951 PM -53    1934 -10     26      -31
  AVERAGE         21                        -3     24      -27

PRECIPITATION (IN)
  YESTERDAY        0.01          0.20 2014   0.02  -0.01     0.00
  MONTH TO DATE    0.23                      0.36  -0.13     0.15
  SINCE DEC 1      1.81                      1.12   0.69     0.89
  SINCE JAN 1      0.23                      0.36  -0.13     0.15

SNOWFALL (IN)
  YESTERDAY        0.1           2.3  1972   0.3   -0.2      0.0
  MONTH TO DATE    3.8                       5.2   -1.4      0.9
  SINCE DEC 1     23.5                      16.7    6.8     15.0
  SINCE JUL 1     64.5                      34.1   30.4     20.6
  SNOW DEPTH      67

DEGREE DAYS
 HEATING
  YESTERDAY       44                        68    -24       92
  MONTH TO DATE  876                      1145   -269     1027
  SINCE DEC 1   2324                      3089   -765     2829
  SINCE JUL 1   6141                      7447  -1306     6442

 COOLING
  YESTERDAY        0                         0      0        0
  MONTH TO DATE    0                         0      0        0
  SINCE DEC 1      0                         0      0        0
  SINCE JAN 1      0                         0      0        0
..................................................................


WIND (MPH)
  HIGHEST GUST SPEED    43   HIGHEST GUST DIRECTION     W (280)


SKY COVER
  AVERAGE SKY COVER 0.9


WEATHER CONDITIONS
 THE FOLLOWING WEATHER WAS RECORDED YESTERDAY.
  LT FREEZING RAIN
  LIGHT SNOW
  FOG
  BLOWING SNOW


RELATIVE HUMIDITY (PERCENT)
 HIGHEST    92
 LOWEST     81
 AVERAGE    87

..........................................................


THE KOTZEBUE AK CLIMATE NORMALS FOR TODAY
                         NORMAL    RECORD    YEAR
 MAXIMUM TEMPERATURE (F)    3        37      1963
 MINIMUM TEMPERATURE (F)  -10       -55      1934


SUNRISE AND SUNSET
JANUARY 18 2018.......SUNRISE  1147 AM AKST  SUNSET   417 PM AKST
JANUARY 19 2018.......SUNRISE  1143 AM AKST  SUNSET   421 PM AKST

-  INDICATES NEGATIVE NUMBERS.
R  INDICATES RECORD WAS SET OR TIED.
MM INDICATES DATA IS MISSING.
T  INDICATES TRACE AMOUNT.

&&

SNOW DEPTH IS MEASURED AT 3AM AKST/4AM AKDT.

----------------------------
AVAILABLE DAYLIGHT

AMOUNT OF DAYLIGHT TODAY  (HOUR:MIN)........4:30
GAIN/LOSS SINCE YESTERDAY (HOUR:MIN:SEC)....+0:07:56

$$
CCC JAN 18
