000
CDAK49 PAOT 281127
CLIOTZ

CLIMATE REPORT
NATIONAL WEATHER SERVICE KOTZEBUE, AK
327 AM AKDT SAT MAY 28 2016

...................................
...THE KOTZEBUE WSO AP CLIMATE SUMMARY FOR MAY 27 2016...

CLIMATE NORMAL PERIOD  1981 TO  2010
CLIMATE RECORD PERIOD  1897 TO  2016

WEATHER ITEM   OBSERVED TIME    RECORD YEAR NORMAL DEPARTURE LAST
               VALUE    (LST)   VALUE       VALUE  FROM      YEAR
                                                   NORMAL
...................................................................
TEMPERATURE
YESTERDAY
 MAXIMUM            52  1056 AM    63  2005     42      10     57
 MINIMUM            38  0455 AM    11  1984     31       7     42
 AVERAGE            45                          37       8     50

PRECIPITATION
(INCHES)
 YESTERDAY        0.00           0.25  1998   0.01   -0.01      T
 MONTH TO DATE    0.65                        0.36    0.29   0.58
 SINCE MAR 1      1.39                        1.34    0.05   1.66
 SINCE JAN 1      2.11                        2.62   -0.51   2.51

SNOWFALL
(INCHES)
 YESTERDAY         0.0            0.4  1991    0.0     0.0    0.0
 MONTH TO DATE       T                         1.2    -1.2      T
 SINCE MAR 1      14.3                        12.2     2.1    9.4
 SINCE JUL 1      59.7                        59.8    -0.1   24.7
 SNOW DEPTH (IN)     0            16   1964                     0

DEGREE DAYS
 HEATING
  YESTERDAY         20                          28      -8     15
  MONTH TO DATE    724                         918    -194    702
  SINCE MAR 1     3803                        4456    -653   4229
  SINCE JUL 1    12801                       14698   -1897  13107

 COOLING
  YESTERDAY          0                           0       0      0
  MONTH TO DATE      0                           0       0      0
  SINCE MAR 1        0                           0       0      0
  SINCE JAN 1        0                           0       0      0
...................................................................

WIND (MPH)
 HIGHEST WIND SPEED    13     HIGHEST WIND DIRECTION    300
 HIGHEST GUST SPEED    15     HIGHEST GUST DIRECTION     30
 AVERAGE WIND SPEED   7.8

SKY COVER
  POSSIBLE SUNSHINE    MM          AVERAGE SKY COVER     MM

WEATHER CONDITIONS
 THE FOLLOWING WEATHER WAS RECORDED YESTERDAY.
  NO SIGNIFICANT WEATHER WAS OBSERVED.

RELATIVE HUMIDITY
 HIGHEST RH     MM PERCENT       MM
 LOWEST  RH     MM PERCENT       MM
 AVERAGE RH     MM PERCENT       MM
...................................................................

THE KOTZEBUE CLIMATE NORMALS FOR TODAY
                           NORMAL    RECORD   YEAR
 MAXIMUM TEMPERATURE (F)     43        70     1990
 MINIMUM TEMPERATURE (F)     32        18     1984

SUNRISE AND SUNSET
 MAY 28 2016..........SUNRISE  3:48 AM      SUNSET  1:55 AM
 MAY 29 2016..........SUNRISE  3:41 AM      SUNSET  2:02 AM

-  INDICATES NEGATIVE NUMBERS.
R  INDICATES RECORD HAS BEEN SET OR TIED.
MM INDICATES DATA IS MISSING.
T  INDICATES TRACE OF PRECIPITATION.

&&
-------------------------------------------------------------------

AMOUNT OF DAYLIGHT TODAY  (HOUR:MIN)........22 HOURS 7 MINUTES
GAIN/LOSS SINCE YESTERDAY (HOUR:MIN:SEC)....+0:12:44

$$
LEHL MAY 16
