000
CDAK49 PAOT 241200
CLIOTZ

CLIMATE REPORT
NATIONAL WEATHER SERVICE KOTZEBUE, AK
400 AM AKDT THU JUL 24 2014

...................................
...THE KOTZEBUE WSO AP CLIMATE SUMMARY FOR JULY 23 2014...

CLIMATE NORMAL PERIOD  1981 TO  2010
CLIMATE RECORD PERIOD  1897 TO  2014

WEATHER ITEM   OBSERVED TIME    RECORD YEAR NORMAL DEPARTURE LAST
               VALUE    (LST)   VALUE       VALUE  FROM      YEAR
                                                   NORMAL
...................................................................
TEMPERATURE
YESTERDAY
 MAXIMUM            51  1022 PM    76  2005     60      -9     59
 MINIMUM            42  0514 AM    36  1931     51      -9     50
 AVERAGE            47                          55      -8     55

PRECIPITATION
(INCHES)
 YESTERDAY        0.18           0.63  1997   0.06    0.13   0.00
 MONTH TO DATE    2.41                        0.96    1.45   1.25
 SINCE JUN 1      2.79                        1.54    1.25   2.16
 SINCE JAN 1      5.05                        4.21    0.84   5.76

SNOWFALL
(INCHES)
 YESTERDAY         0.0            0.0  2014    0.0     0.0    0.0
 MONTH TO DATE     0.0                         0.0     0.0    0.0
 SINCE JUN 1       0.0                         0.0     0.0    0.0
 SINCE JUL 1       0.0                         0.0     0.0    0.0
 SNOW DEPTH (IN)     0                                          0

DEGREE DAYS
 HEATING
  YESTERDAY         18                          10       8     10
  MONTH TO DATE    252                         245       7    196
  SINCE JUN 1      869                         826      43    621
  SINCE JUL 1      252                         245       7    196

 COOLING
  YESTERDAY          0                           0       0      0
  MONTH TO DATE      8                           0       8      5
  SINCE JUN 1        8                           0       8     13
  SINCE JAN 1        8                           0       8     13
...................................................................

WIND (MPH)
 HIGHEST WIND SPEED    22     HIGHEST WIND DIRECTION    260
 HIGHEST GUST SPEED    26     HIGHEST GUST DIRECTION    270
 AVERAGE WIND SPEED  11.8

SKY COVER
  POSSIBLE SUNSHINE    MM          AVERAGE SKY COVER     MM

WEATHER CONDITIONS
 THE FOLLOWING WEATHER WAS RECORDED YESTERDAY.
 FOG
 RAIN


RELATIVE HUMIDITY
 HIGHEST RH     MM PERCENT       MM
 LOWEST  RH     MM PERCENT       MM
 AVERAGE RH     MM PERCENT       MM
...................................................................

THE KOTZEBUE CLIMATE NORMALS FOR TODAY
                           NORMAL    RECORD   YEAR
 MAXIMUM TEMPERATURE (F)     60        76     2005
 MINIMUM TEMPERATURE (F)     51        36     1931

SUNRISE AND SUNSET
 JUL 24 2014..........SUNRISE  4:49 AM      SUNSET  1:02 AM
 JUL 25 2014..........SUNRISE  4:54 AM      SUNSET 12:57 AM

-  INDICATES NEGATIVE NUMBERS.
R  INDICATES RECORD HAS BEEN SET OR TIED.
MM INDICATES DATA IS MISSING.
T  INDICATES TRACE OF PRECIPITATION.

&&
-------------------------------------------------------------------

AMOUNT OF DAYLIGHT TODAY  (HOUR:MIN)........20 HOURS 13 MINUTES
LOSS SINCE YESTERDAY (HOUR:MIN:SEC).........-0:09:40

$$
TGH JUL 14
