000
CDAK49 PAOT 231210
CLIOTZ

CLIMATE REPORT
NATIONAL WEATHER SERVICE KOTZEBUE, AK
410 AM AKDT WED APR 23 2014

...................................
...THE KOTZEBUE WSO AP CLIMATE SUMMARY FOR APRIL 22 2014...

CLIMATE NORMAL PERIOD  1981 TO  2010
CLIMATE RECORD PERIOD  1897 TO  2014

WEATHER ITEM   OBSERVED TIME    RECORD YEAR NORMAL DEPARTURE LAST
               VALUE    (LST)   VALUE       VALUE  FROM      YEAR
                                                   NORMAL
...................................................................
TEMPERATURE
YESTERDAY
 MAXIMUM            45R 0615 PM    45  2014     25      20     29
 MINIMUM            34  0457 AM   -15  1985     10      24      5
 AVERAGE            40                          18      22     17

PRECIPITATION
(INCHES)
 YESTERDAY        0.06           0.15  2005   0.02    0.04      T
 MONTH TO DATE    0.19                        0.38   -0.19   0.04
 SINCE MAR 1      0.53                        0.82   -0.29   0.41
 SINCE JAN 1      1.25                        2.10   -0.85   2.47

SNOWFALL
(INCHES)
 YESTERDAY         0.0            1.4  2005    0.1    -0.1    0.0
 MONTH TO DATE     0.4                         3.9    -3.5    0.4
 SINCE MAR 1       7.2                         9.8    -2.6    4.1
 SINCE JUL 1      32.2                        57.4   -25.2   28.4
 SNOW DEPTH (IN)     1                                          4

DEGREE DAYS
 HEATING
  YESTERDAY         25                          47     -22     48
  MONTH TO DATE   1049                        1198    -149   1309
  SINCE MAR 1     2814                        3185    -371   3263
  SINCE JUL 1    11746                       13427   -1681  13594

 COOLING
  YESTERDAY          0                           0       0      0
  MONTH TO DATE      0                           0       0      0
  SINCE MAR 1        0                           0       0      0
  SINCE JAN 1        0                           0       0      0
...................................................................

WIND (MPH)
 HIGHEST WIND SPEED    15     HIGHEST WIND DIRECTION    120
 HIGHEST GUST SPEED    17     HIGHEST GUST DIRECTION    120
 AVERAGE WIND SPEED   8.6

SKY COVER
  POSSIBLE SUNSHINE    MM          AVERAGE SKY COVER     MM

WEATHER CONDITIONS
 THE FOLLOWING WEATHER WAS RECORDED YESTERDAY.
 FOG
 RAIN


RELATIVE HUMIDITY
 HIGHEST RH     MM PERCENT       MM
 LOWEST  RH     MM PERCENT       MM
 AVERAGE RH     MM PERCENT       MM
...................................................................

THE KOTZEBUE CLIMATE NORMALS FOR TODAY
                           NORMAL    RECORD   YEAR
 MAXIMUM TEMPERATURE (F)     26        45     1931
 MINIMUM TEMPERATURE (F)     11       -16     1966

SUNRISE AND SUNSET
 APR 23 2014..........SUNRISE  6:32 AM      SUNSET 11:09 PM
 APR 24 2014..........SUNRISE  6:28 AM      SUNSET 11:13 PM

-  INDICATES NEGATIVE NUMBERS.
R  INDICATES RECORD HAS BEEN SET OR TIED.
MM INDICATES DATA IS MISSING.
T  INDICATES TRACE OF PRECIPITATION.

&&
-------------------------------------------------------------------

AMOUNT OF DAYLIGHT TODAY  (HOUR:MIN)........16 HOURS 37 MINUTES
GAIN SINCE YESTERDAY (HOUR:MIN:SEC).........+0:07:55

$$
TGH APR 14
