000
CDAK49 PAFG 231153
CLIOTZ

CLIMATE REPORT
NATIONAL WEATHER SERVICE FAIRBANKS AK
353 AM AKDT MON OCT 23 2017


...................................

...THE KOTZEBUE AK CLIMATE SUMMARY FOR OCTOBER 22 2017...

CLIMATE NORMAL PERIOD 1981 TO 2010
CLIMATE RECORD PERIOD 1920 TO 2017


WEATHER ITEM   OBSERVED TIME   RECORD YEAR NORMAL DEPARTURE LAST
                VALUE   (LST)  VALUE       VALUE  FROM      YEAR
                                                  NORMAL
..................................................................
TEMPERATURE (F)
 YESTERDAY
  MAXIMUM         18    103 AM  41    1938  25     -7       36
  MINIMUM          4    923 AM  -1    1994  16    -12       32
  AVERAGE         11                        20     -9       34

PRECIPITATION (IN)
  YESTERDAY        0.00          0.24 1935   0.03  -0.03      T
  MONTH TO DATE    1.47                      0.80   0.67     0.10
  SINCE SEP 1      3.09                      2.38   0.71     2.12
  SINCE JAN 1      9.55                      9.26   0.29     7.86

SNOWFALL (IN)
  YESTERDAY        0.0           5.0  1935   0.2   -0.2       T
  MONTH TO DATE    1.6                       3.9   -2.3      0.5
  SINCE SEP 1      1.6                       4.7   -3.1      0.7
  SINCE JUL 1      1.6                       4.7   -3.1      0.7
  SNOW DEPTH       2

DEGREE DAYS
 HEATING
  YESTERDAY       54                        45      9       31
  MONTH TO DATE  684                       835   -151      611
  SINCE SEP 1   1330                      1516   -186     1230
  SINCE JUL 1   2017                      2254   -237     1722

 COOLING
  YESTERDAY        0                         0      0        0
  MONTH TO DATE    0                         0      0        0
  SINCE SEP 1      0                         0      0        0
  SINCE JAN 1      1                         5     -4        5
..................................................................


WIND (MPH)
  HIGHEST GUST SPEED    14   HIGHEST GUST DIRECTION     E (80)


SKY COVER
  AVERAGE SKY COVER 0.2


WEATHER CONDITIONS
 THE FOLLOWING WEATHER WAS RECORDED YESTERDAY.
  NO SIGNIFICANT WEATHER WAS OBSERVED.


RELATIVE HUMIDITY (PERCENT)
 HIGHEST    91
 LOWEST     61
 AVERAGE    76

..........................................................


THE KOTZEBUE AK CLIMATE NORMALS FOR TODAY
                         NORMAL    RECORD    YEAR
 MAXIMUM TEMPERATURE (F)   24        41      2002
 MINIMUM TEMPERATURE (F)   15        -8      1970


SUNRISE AND SUNSET
OCTOBER 23 2017.......SUNRISE  1021 AM AKDT  SUNSET   648 PM AKDT
OCTOBER 24 2017.......SUNRISE  1025 AM AKDT  SUNSET   644 PM AKDT

-  INDICATES NEGATIVE NUMBERS.
R  INDICATES RECORD WAS SET OR TIED.
MM INDICATES DATA IS MISSING.
T  INDICATES TRACE AMOUNT.

&&

SNOW DEPTH IS MEASURED AT 3AM AKST/4AM AKDT.

----------------------------
AVAILABLE DAYLIGHT

AMOUNT OF DAYLIGHT TODAY  (HOUR:MIN)........8:27
GAIN/LOSS SINCE YESTERDAY (HOUR:MIN:SEC)....-0:07:34

$$
OCT 17
