000
CDAK49 PAOT 161204
CLIOTZ

CLIMATE REPORT
NATIONAL WEATHER SERVICE KOTZEBUE, AK
405 AM AKDT WED APR 16 2014

...................................
...THE KOTZEBUE WSO AP CLIMATE SUMMARY FOR APRIL 15 2014...

CLIMATE NORMAL PERIOD  1981 TO  2010
CLIMATE RECORD PERIOD  1897 TO  2014

WEATHER ITEM   OBSERVED TIME    RECORD YEAR NORMAL DEPARTURE LAST
               VALUE    (LST)   VALUE       VALUE  FROM      YEAR
                                                   NORMAL
...................................................................
TEMPERATURE
YESTERDAY
 MAXIMUM            33  0352 PM    40  1939     21      12      8
 MINIMUM            25  1025 PM   -28  1959      5      20     -7
 AVERAGE            29                          13      16      1

PRECIPITATION
(INCHES)
 YESTERDAY           T           0.31  1985   0.02   -0.02   0.00
 MONTH TO DATE    0.07                        0.24   -0.17   0.04
 SINCE MAR 1      0.41                        0.68   -0.27   0.41
 SINCE JAN 1      1.13                        1.96   -0.83   2.47

SNOWFALL
(INCHES)
 YESTERDAY           T            3.5  1985    0.2    -0.2    0.0
 MONTH TO DATE     0.4                         2.7    -2.3    0.4
 SINCE MAR 1       7.2                         8.6    -1.4    4.1
 SINCE JUL 1      32.2                        56.2   -24.0   28.4
 SNOW DEPTH (IN)     5                                          5

DEGREE DAYS
 HEATING
  YESTERDAY         36                          52     -16     64
  MONTH TO DATE    818                         852     -34    907
  SINCE MAR 1     2583                        2839    -256   2862
  SINCE JUL 1    11515                       13081   -1566  13192

 COOLING
  YESTERDAY          0                           0       0      0
  MONTH TO DATE      0                           0       0      0
  SINCE MAR 1        0                           0       0      0
  SINCE JAN 1        0                           0       0      0
...................................................................

WIND (MPH)
 HIGHEST WIND SPEED    21     HIGHEST WIND DIRECTION    170
 HIGHEST GUST SPEED    24     HIGHEST GUST DIRECTION    170
 AVERAGE WIND SPEED   8.7

SKY COVER
  POSSIBLE SUNSHINE    MM          AVERAGE SKY COVER     MM

WEATHER CONDITIONS
 THE FOLLOWING WEATHER WAS RECORDED YESTERDAY.
 FOG
 SNOW


RELATIVE HUMIDITY
 HIGHEST RH     MM PERCENT       MM
 LOWEST  RH     MM PERCENT       MM
 AVERAGE RH     MM PERCENT       MM
...................................................................

THE KOTZEBUE CLIMATE NORMALS FOR TODAY
                           NORMAL    RECORD   YEAR
 MAXIMUM TEMPERATURE (F)     21        41     1991
 MINIMUM TEMPERATURE (F)      5       -20     1959

SUNRISE AND SUNSET
 APR 16 2014..........SUNRISE  7:01 AM      SUNSET 10:43 PM
 APR 17 2014..........SUNRISE  6:57 AM      SUNSET 10:47 PM

-  INDICATES NEGATIVE NUMBERS.
R  INDICATES RECORD HAS BEEN SET OR TIED.
MM INDICATES DATA IS MISSING.
T  INDICATES TRACE OF PRECIPITATION.

&&
-------------------------------------------------------------------

AMOUNT OF DAYLIGHT TODAY  (HOUR:MIN)........15 HOURS 42 MINUTES
GAIN SINCE YESTERDAY (HOUR:MIN:SEC).........+0:07:43

$$
TGH APR 14
