000
CDAK49 PAFG 230955
CLIOTZ

CLIMATE REPORT
NATIONAL WEATHER SERVICE FAIRBANKS AK
155 AM AKDT FRI JUN 23 2017


...................................

...THE KOTZEBUE AK CLIMATE SUMMARY FOR JUNE 22 2017...

CLIMATE NORMAL PERIOD 1981 TO 2010
CLIMATE RECORD PERIOD 1920 TO 2017


WEATHER ITEM   OBSERVED TIME   RECORD YEAR NORMAL DEPARTURE LAST
                VALUE   (LST)  VALUE       VALUE  FROM      YEAR
                                                  NORMAL
..................................................................
TEMPERATURE (F)
 YESTERDAY
  MAXIMUM         56    511 PM  85    1991  55      1       68
  MINIMUM         46   1036 AM  30    1956  43      3       51
  AVERAGE         51                        49      2       60

PRECIPITATION (IN)
  YESTERDAY        0.00          0.50 1978   0.02  -0.02     0.00
  MONTH TO DATE    0.18                      0.38  -0.20     0.16
  SINCE JUN 1      0.18                      0.38  -0.20     0.16
  SINCE JAN 1      2.26                      3.05  -0.79     2.29

SNOWFALL (IN)
  YESTERDAY        0.0           T    2002   0.0    0.0      0.0
                                      1965
                                      1956
  MONTH TO DATE    0.0                       0.0    0.0      0.0
  SINCE JUN 1      0.0                       0.0    0.0      0.0
  SINCE JUL 1     52.6                      59.8   -7.2     26.0
  SNOW DEPTH       0

DEGREE DAYS
 HEATING
  YESTERDAY       14                        16     -2        5
  MONTH TO DATE  348                       466   -118      339
  SINCE JUN 1    348                       466   -118      339
  SINCE JUL 1  13516                     15270  -1754    12946

 COOLING
  YESTERDAY        0                         0      0        0
  MONTH TO DATE    0                         0      0        0
  SINCE JUN 1      0                         0      0        0
  SINCE JAN 1      0                         0      0        0
..................................................................


WIND (MPH)
  HIGHEST GUST SPEED    23   HIGHEST GUST DIRECTION     S (200)


SKY COVER
  AVERAGE SKY COVER 0.9


WEATHER CONDITIONS
 THE FOLLOWING WEATHER WAS RECORDED YESTERDAY.
  FOG
  HAZE


RELATIVE HUMIDITY (PERCENT)
 HIGHEST    93
 LOWEST     59
 AVERAGE    76

..........................................................


THE KOTZEBUE AK CLIMATE NORMALS FOR TODAY
                         NORMAL    RECORD    YEAR
 MAXIMUM TEMPERATURE (F)   55        70      2015
 MINIMUM TEMPERATURE (F)   43        28      1956


SUNRISE AND SUNSET
JUNE 23 2017..........SUN ABOVE VISIBLE HORIZON.
JUNE 24 2017..........SUN ABOVE VISIBLE HORIZON.

-  INDICATES NEGATIVE NUMBERS.
R  INDICATES RECORD WAS SET OR TIED.
MM INDICATES DATA IS MISSING.
T  INDICATES TRACE AMOUNT.

&&

SNOW DEPTH IS MEASURED AT 3AM AKST/4AM AKDT.

----------------------------
AVAILABLE DAYLIGHT

AMOUNT OF DAYLIGHT TODAY  (HOUR:MIN)........24:00
GAIN/LOSS SINCE YESTERDAY (HOUR:MIN:SEC)....+0:00:00

$$
CCC JUN 17
