044
CDAK49 PAFG 280940
CLIOTZ

CLIMATE REPORT
NATIONAL WEATHER SERVICE FAIRBANKS AK
1240 AM AKST TUE FEB 28 2017


...................................

...THE KOTZEBUE AK CLIMATE SUMMARY FOR FEBRUARY 27 2017...

CLIMATE NORMAL PERIOD 1981 TO 2010
CLIMATE RECORD PERIOD 1920 TO 2017


WEATHER ITEM   OBSERVED TIME   RECORD YEAR NORMAL DEPARTURE LAST
                VALUE   (LST)  VALUE       VALUE  FROM      YEAR
                                                  NORMAL
..................................................................
TEMPERATURE (F)
 YESTERDAY
  MAXIMUM         21   1234 AM  35    1945   8     13       28
  MINIMUM         -9    850 PM -42    1956  -7     -2       11
  AVERAGE          6                         0      6       20

PRECIPITATION (IN)
  YESTERDAY        T             0.60 2009   0.03  -0.03     0.00
  MONTH TO DATE    1.04                      0.64   0.40     0.33
  SINCE DEC 1      2.33                      2.02   0.31     1.17
  SINCE JAN 1      1.59                      1.26   0.33     0.71

SNOWFALL (IN)
  YESTERDAY        T             6.0  2009   0.4   -0.4      0.0
  MONTH TO DATE   19.2                       9.3    9.9      3.4
  SINCE DEC 1     44.6                      29.9   14.7      6.6
  SINCE JUL 1     50.2                      47.3    2.9     20.0
  SNOW DEPTH      45

DEGREE DAYS
 HEATING
  YESTERDAY       59                        65     -6       45
  MONTH TO DATE 1723                      1778    -55     1436
  SINCE DEC 1   5479                      5824   -345     4960
  SINCE JUL 1   9092                     10182  -1090     8679

 COOLING
  YESTERDAY        0                         0      0        0
  MONTH TO DATE    0                         0      0        0
  SINCE DEC 1      0                         0      0        0
  SINCE JAN 1      0                         0      0        0
..................................................................


WIND (MPH)
  HIGHEST GUST SPEED    29   HIGHEST GUST DIRECTION     W (290)


SKY COVER
  AVERAGE SKY COVER 0.6


WEATHER CONDITIONS
 THE FOLLOWING WEATHER WAS RECORDED YESTERDAY.
  LIGHT SNOW
  HAZE
  BLOWING SNOW


RELATIVE HUMIDITY (PERCENT)
 HIGHEST    80
 LOWEST     26
 AVERAGE    53

..........................................................


THE KOTZEBUE AK CLIMATE NORMALS FOR TODAY
                         NORMAL    RECORD    YEAR
 MAXIMUM TEMPERATURE (F)    8        35      1943
 MINIMUM TEMPERATURE (F)   -7       -39      1971
                                             1956


SUNRISE AND SUNSET
FEBRUARY 28 2017......SUNRISE   908 AM AKST  SUNSET   700 PM AKST
MARCH 01 2017.........SUNRISE   904 AM AKST  SUNSET   704 PM AKST

-  INDICATES NEGATIVE NUMBERS.
R  INDICATES RECORD WAS SET OR TIED.
MM INDICATES DATA IS MISSING.
T  INDICATES TRACE AMOUNT.

&&

SNOW DEPTH IS MEASURED AT 3AM AKST/4AM AKDT.

----------------------------
AVAILABLE DAYLIGHT

AMOUNT OF DAYLIGHT TODAY  (HOUR:MIN)........9:52
GAIN/LOSS SINCE YESTERDAY (HOUR:MIN:SEC)....+0:07:31

$$
FEB 17
