000
CDAK49 PAFG 240152
CLIOTZ

CLIMATE REPORT
NATIONAL WEATHER SERVICE FAIRBANKS AK
552 PM AKDT WED AUG 23 2017


...................................

...THE KOTZEBUE AK CLIMATE SUMMARY FOR AUGUST 23 2017...
VALID TODAY AS OF 0500 PM LOCAL TIME.

CLIMATE NORMAL PERIOD 1981 TO 2010
CLIMATE RECORD PERIOD 1920 TO 2017


WEATHER ITEM   OBSERVED TIME   RECORD YEAR NORMAL DEPARTURE LAST
                VALUE   (LST)  VALUE       VALUE  FROM      YEAR
                                                  NORMAL
..................................................................
TEMPERATURE (F)
 TODAY
  MAXIMUM         52    233 PM  74    2004  55     -3       53
  MINIMUM         46    208 AM  28    1902  46      0       46
  AVERAGE         49                        51     -2       50

PRECIPITATION (IN)
  TODAY            0.11          1.48 1954   0.07   0.04     0.06
  MONTH TO DATE    1.55                      1.66  -0.11     1.90
  SINCE JUN 1      4.38                      3.69   0.69     3.59
  SINCE JAN 1      6.46                      6.36   0.10     5.72

SNOWFALL (IN)
  TODAY           MM             0.0    MM   0.0   MM        0.0
  MONTH TO DATE    0.0                       0.0    0.0      0.0
  SINCE JUN 1      0.0                       0.0    0.0      0.0
  SINCE JUL 1      0.0                       0.0    0.0      0.0
  SNOW DEPTH       0

DEGREE DAYS
 HEATING
  TODAY           16                        15      1       15
  MONTH TO DATE  300                       288     12      174
  SINCE JUN 1    940                      1193   -253      831
  SINCE JUL 1    529                       613    -84      427

 COOLING
  TODAY            0                         0      0        0
  MONTH TO DATE    0                         0      0        0
  SINCE JUN 1      1                         4     -3        5
  SINCE JAN 1      1                         4     -3        5
..................................................................


WIND (MPH)
  HIGHEST GUST SPEED    19   HIGHEST GUST DIRECTION     W (270)


SKY COVER
  AVERAGE SKY COVER 0.9


WEATHER CONDITIONS
 THE FOLLOWING WEATHER WAS RECORDED TODAY.
  LIGHT RAIN
  FOG


RELATIVE HUMIDITY (PERCENT)
 HIGHEST   100
 LOWEST     77
 AVERAGE    89

..........................................................


THE KOTZEBUE AK CLIMATE NORMALS FOR TOMORROW
                         NORMAL    RECORD    YEAR
 MAXIMUM TEMPERATURE (F)   55        70      1941
 MINIMUM TEMPERATURE (F)   46        30      1902


SUNRISE AND SUNSET
AUGUST 23 2017........SUNRISE   653 AM AKDT  SUNSET  1051 PM AKDT
AUGUST 24 2017........SUNRISE   656 AM AKDT  SUNSET  1047 PM AKDT

-  INDICATES NEGATIVE NUMBERS.
R  INDICATES RECORD WAS SET OR TIED.
MM INDICATES DATA IS MISSING.
T  INDICATES TRACE AMOUNT.

&&

SNOW DEPTH IS MEASURED AT 3AM AKST/4AM AKDT.

----------------------------
AVAILABLE DAYLIGHT

AMOUNT OF DAYLIGHT TODAY  (HOUR:MIN)........15:59
GAIN/LOSS SINCE YESTERDAY (HOUR:MIN:SEC)....-0:07:42

$$
AUG 17
