893
CDUS43 KDDC 230706
CLIP28


CLIMATE REPORT
NATIONAL WEATHER SERVICE DODGE CITY KS
205 AM CDT SAT SEP 23 2017


...................................

...THE MEDICINE LODGE KS CLIMATE SUMMARY FOR SEPTEMBER 22 2017...

CLIMATE NORMAL PERIOD 1981 TO 2010
CLIMATE RECORD PERIOD 1893 TO 2017


WEATHER ITEM   OBSERVED TIME   RECORD YEAR NORMAL DEPARTURE LAST
                VALUE   (LST)  VALUE       VALUE  FROM      YEAR
                                                  NORMAL
..................................................................
TEMPERATURE (F)
 YESTERDAY
  MAXIMUM         94    211 PM  99    1921  81     13       94
  MINIMUM         72    723 AM  32    1995  56     16       68
  AVERAGE         83                        69     14       81

PRECIPITATION (IN)
  YESTERDAY        0.00          2.57 1902   0.08  -0.08     0.00
  MONTH TO DATE    1.72                      1.56   0.16     4.22
  SINCE SEP 1      1.72                      1.56   0.16     4.22
  SINCE JAN 1     23.85                     21.91   1.94    24.65

SNOWFALL (IN)
  YESTERDAY        0.0          MM      MM   0.0             0.0
  MONTH TO DATE    0.0                       0.0             0.0
  SINCE SEP 1      0.0                       0.0             0.0
  SINCE JUL 1      0.0                       0.0             0.0
  SNOW DEPTH       0

DEGREE DAYS
 HEATING
  YESTERDAY        0                         2     -2        0
  MONTH TO DATE    2                        12    -10        0
  SINCE SEP 1      2                        12    -10        0
  SINCE JUL 1      2                        12    -10        0

 COOLING
  YESTERDAY       18                         5     13       16
  MONTH TO DATE  204                       187     17      229
  SINCE SEP 1    204                       187     17      229
  SINCE JAN 1   1563                      1698   -135     1829
..................................................................


WIND (MPH)
  HIGHEST WIND SPEED    26   HIGHEST WIND DIRECTION     S (170)
  HIGHEST GUST SPEED    34   HIGHEST GUST DIRECTION     S (160)
  AVERAGE WIND SPEED    12.4




RELATIVE HUMIDITY (PERCENT)
 HIGHEST    84           600 AM
 LOWEST     39           200 PM
 AVERAGE    62

..........................................................


THE MEDICINE LODGE KS CLIMATE NORMALS FOR TODAY
                         NORMAL    RECORD    YEAR
 MAXIMUM TEMPERATURE (F)   81       104      1926
 MINIMUM TEMPERATURE (F)   56        32      1995


SUNRISE AND SUNSET
SEPTEMBER 23 2017.....SUNRISE   723 AM CDT   SUNSET   729 PM CDT
SEPTEMBER 24 2017.....SUNRISE   724 AM CDT   SUNSET   728 PM CDT


-  INDICATES NEGATIVE NUMBERS.
R  INDICATES RECORD WAS SET OR TIED.
MM INDICATES DATA IS MISSING.
T  INDICATES TRACE AMOUNT.




$$
