000
CDUS43 KDDC 250706
CLIP28


CLIMATE REPORT
NATIONAL WEATHER SERVICE DODGE CITY KS
206 AM CDT MON JUL 25 2016


...................................

...THE MEDICINE LODGE KS CLIMATE SUMMARY FOR JULY 24 2016...

CLIMATE NORMAL PERIOD 1981 TO 2010
CLIMATE RECORD PERIOD 1893 TO 2016


WEATHER ITEM   OBSERVED TIME   RECORD YEAR NORMAL DEPARTURE LAST
                VALUE   (LST)  VALUE       VALUE  FROM      YEAR
                                                  NORMAL
..................................................................
TEMPERATURE (F)
 YESTERDAY
  MAXIMUM        103    407 PM 110    1936  95      8      100
  MINIMUM         75    347 AM  54    1978  70      5       74
  AVERAGE         89                        83      6       87

PRECIPITATION (IN)
  YESTERDAY        0.00          0.81 1973   0.09  -0.09     0.00
  MONTH TO DATE    1.56                      2.73  -1.17     8.30
  SINCE JUN 1      3.46                      6.84  -3.38    10.56
  SINCE JAN 1     12.24                     16.58  -4.34    22.52

SNOWFALL (IN)
  YESTERDAY        0.0          MM      MM   0.0             0.0
  MONTH TO DATE    0.0                       0.0             0.0
  SINCE JUN 1      0.0                       0.0             0.0
  SINCE JUL 1      0.0                       0.0             0.0
  SNOW DEPTH       0

DEGREE DAYS
 HEATING
  YESTERDAY        0                         0      0        0
  MONTH TO DATE    0                         0      0        0
  SINCE JUN 1      0                         3     -3        0
  SINCE JUL 1      0                         0      0        0

 COOLING
  YESTERDAY       24                        18      6       22
  MONTH TO DATE  456                       406     50      404
  SINCE JUN 1    915                       759    156      836
  SINCE JAN 1   1052                       915    137      943
..................................................................


WIND (MPH)
  HIGHEST WIND SPEED    15   HIGHEST WIND DIRECTION    SW (210)
  HIGHEST GUST SPEED    20   HIGHEST GUST DIRECTION     S (180)
  AVERAGE WIND SPEED     6.1




RELATIVE HUMIDITY (PERCENT)
 HIGHEST    74           400 AM
 LOWEST     25           600 PM
 AVERAGE    50

..........................................................


THE MEDICINE LODGE KS CLIMATE NORMALS FOR TODAY
                         NORMAL    RECORD    YEAR
 MAXIMUM TEMPERATURE (F)   95       108      1964
 MINIMUM TEMPERATURE (F)   70        50      1911


SUNRISE AND SUNSET
JULY 25 2016..........SUNRISE   634 AM CDT   SUNSET   848 PM CDT
JULY 26 2016..........SUNRISE   634 AM CDT   SUNSET   847 PM CDT


-  INDICATES NEGATIVE NUMBERS.
R  INDICATES RECORD WAS SET OR TIED.
MM INDICATES DATA IS MISSING.
T  INDICATES TRACE AMOUNT.




$$
