000
CDUS43 KDDC 262327
CLIP28


CLIMATE REPORT
NATIONAL WEATHER SERVICE DODGE CITY KS
526 PM CST FRI DEC 26 2014


...................................

...THE MEDICINE LODGE KS CLIMATE SUMMARY FOR DECEMBER 26 2014...
VALID TODAY AS OF 0500 PM LOCAL TIME.

CLIMATE NORMAL PERIOD 1981 TO 2010
CLIMATE RECORD PERIOD 1893 TO 2014


WEATHER ITEM   OBSERVED TIME   RECORD YEAR NORMAL DEPARTURE LAST
                VALUE   (LST)  VALUE       VALUE  FROM      YEAR
                                                  NORMAL
..................................................................
TEMPERATURE (F)
 TODAY
  MAXIMUM         45   1229 AM  71    2008  44      1       51
  MINIMUM         30    540 AM  -7    1962  22      8       18
  AVERAGE         38                        33      5       35

PRECIPITATION (IN)
  TODAY            0.00          0.48 1939   0.03  -0.03     0.00
  MONTH TO DATE    0.80                      0.81  -0.01     0.51
  SINCE DEC 1      0.80                      0.81  -0.01     0.51
  SINCE JAN 1     20.16                     27.03  -6.87    25.74

DEGREE DAYS
 HEATING
  TODAY           27                        32     -5       30
  MONTH TO DATE  650                       781   -131      906
  SINCE DEC 1    650                       781   -131      906
  SINCE JUL 1   1555                      1639    -84     1844

 COOLING
  TODAY            0                         0      0        0
  MONTH TO DATE    0                         0      0        0
  SINCE DEC 1      0                         0      0        0
  SINCE JAN 1   1802                      1770     32     1786
..................................................................


WIND (MPH)
  HIGHEST WIND SPEED    20   HIGHEST WIND DIRECTION     N (360)
  HIGHEST GUST SPEED    24   HIGHEST GUST DIRECTION     N (20)
  AVERAGE WIND SPEED    10.5




RELATIVE HUMIDITY (PERCENT)
 HIGHEST    92           600 AM
 LOWEST     53          1200 AM
 AVERAGE    73

..........................................................


THE MEDICINE LODGE KS CLIMATE NORMALS FOR TOMORROW
                         NORMAL    RECORD    YEAR
 MAXIMUM TEMPERATURE (F)   44        71      1956
 MINIMUM TEMPERATURE (F)   22         2      1962


SUNRISE AND SUNSET
DECEMBER 26 2014......SUNRISE   747 AM CST   SUNSET   523 PM CST
DECEMBER 27 2014......SUNRISE   747 AM CST   SUNSET   524 PM CST


-  INDICATES NEGATIVE NUMBERS.
R  INDICATES RECORD WAS SET OR TIED.
MM INDICATES DATA IS MISSING.
T  INDICATES TRACE AMOUNT.




$$
