000
CDUS43 KDDC 272329
CLIP28


CLIMATE REPORT
NATIONAL WEATHER SERVICE DODGE CITY KS
629 PM CDT SUN JUL 27 2014


...................................

...THE MEDICINE LODGE KS CLIMATE SUMMARY FOR JULY 27 2014...
VALID TODAY AS OF 0500 PM LOCAL TIME.

CLIMATE NORMAL PERIOD 1981 TO 2010
CLIMATE RECORD PERIOD 1893 TO 2014


WEATHER ITEM   OBSERVED TIME   RECORD YEAR NORMAL DEPARTURE LAST
                VALUE   (LST)  VALUE       VALUE  FROM      YEAR
                                                  NORMAL
..................................................................
TEMPERATURE (F)
 TODAY
  MAXIMUM         86    359 PM 112    2011  95     -9       85
  MINIMUM         74   1228 PM  54    1994  70      4       62
  AVERAGE         80                        83     -3       74

PRECIPITATION (IN)
  TODAY            0.06          1.63 1911   0.08  -0.02     0.00
  MONTH TO DATE    2.54                      2.99  -0.45     2.19
  SINCE JUN 1     10.43                      7.10   3.33     4.41
  SINCE JAN 1     13.32                     16.84  -3.52    14.76

DEGREE DAYS
 HEATING
  TODAY            0                         0      0        0
  MONTH TO DATE    5                         0      5        0
  SINCE JUN 1      5                         3      2        4
  SINCE JUL 1      5                         0      5        0

 COOLING
  TODAY           15                        18     -3        9
  MONTH TO DATE  341                       460   -119      430
  SINCE JUN 1    683                       813   -130      834
  SINCE JAN 1    952                       969    -17      977
..................................................................


WIND (MPH)
  HIGHEST WIND SPEED    29   HIGHEST WIND DIRECTION    NE (60)
  HIGHEST GUST SPEED    36   HIGHEST GUST DIRECTION    NE (50)
  AVERAGE WIND SPEED     9.0




RELATIVE HUMIDITY (PERCENT)
 HIGHEST    87          1100 AM
 LOWEST     53           500 PM
 AVERAGE    70

..........................................................


THE MEDICINE LODGE KS CLIMATE NORMALS FOR TOMORROW
                         NORMAL    RECORD    YEAR
 MAXIMUM TEMPERATURE (F)   95       110      1910
 MINIMUM TEMPERATURE (F)   70        55      1994


SUNRISE AND SUNSET
JULY 27 2014..........SUNRISE   635 AM CDT   SUNSET   846 PM CDT
JULY 28 2014..........SUNRISE   636 AM CDT   SUNSET   846 PM CDT


-  INDICATES NEGATIVE NUMBERS.
R  INDICATES RECORD WAS SET OR TIED.
MM INDICATES DATA IS MISSING.
T  INDICATES TRACE AMOUNT.




$$
