000
CDUS43 KDDC 190725
CLIP28


CLIMATE REPORT
NATIONAL WEATHER SERVICE DODGE CITY KS
125 AM CST MON FEB 19 2018


...................................

...THE MEDICINE LODGE KS CLIMATE SUMMARY FOR FEBRUARY 18 2018...

CLIMATE NORMAL PERIOD 1981 TO 2010
CLIMATE RECORD PERIOD 1893 TO 2018


WEATHER ITEM   OBSERVED TIME   RECORD YEAR NORMAL DEPARTURE LAST
                VALUE   (LST)  VALUE       VALUE  FROM      YEAR
                                                  NORMAL
..................................................................
TEMPERATURE (F)
 YESTERDAY
  MAXIMUM         65    401 PM  81    2016  51     14       71
  MINIMUM         34    628 AM  -8    1978  27      7       32
  AVERAGE         50                        39     11       52

PRECIPITATION (IN)
  YESTERDAY        0.00          1.95 1946   0.05  -0.05     0.00
  MONTH TO DATE    0.01                      0.59  -0.58     0.13
  SINCE DEC 1      0.09                      2.22  -2.13     4.53
  SINCE JAN 1      0.09                      1.30  -1.21     3.83

SNOWFALL (IN)
  YESTERDAY        0.0          MM      MM   0.0             0.0
  MONTH TO DATE    0.0                       1.7             0.0
  SINCE DEC 1      T                         7.7             1.4
  SINCE JUL 1      T                         7.9             1.4
  SNOW DEPTH       0

DEGREE DAYS
 HEATING
  YESTERDAY       15                        26    -11       13
  MONTH TO DATE  543                       507     36      387
  SINCE DEC 1   2344                      2426    -82     2311
  SINCE JUL 1   3104                      3284   -180     2847

 COOLING
  YESTERDAY        0                         0      0        0
  MONTH TO DATE    0                         0      0        0
  SINCE DEC 1      0                         0      0        0
  SINCE JAN 1      0                         0      0        0
..................................................................


WIND (MPH)
  HIGHEST WIND SPEED    33   HIGHEST WIND DIRECTION     S (190)
  HIGHEST GUST SPEED    51   HIGHEST GUST DIRECTION     S (190)
  AVERAGE WIND SPEED    16.8




RELATIVE HUMIDITY (PERCENT)
 HIGHEST    93          1100 PM
 LOWEST     44          1200 AM
 AVERAGE    69

..........................................................


THE MEDICINE LODGE KS CLIMATE NORMALS FOR TODAY
                         NORMAL    RECORD    YEAR
 MAXIMUM TEMPERATURE (F)   52        80      1907
 MINIMUM TEMPERATURE (F)   27        -2      1978


SUNRISE AND SUNSET
FEBRUARY 19 2018......SUNRISE   718 AM CST   SUNSET   618 PM CST
FEBRUARY 20 2018......SUNRISE   717 AM CST   SUNSET   619 PM CST


-  INDICATES NEGATIVE NUMBERS.
R  INDICATES RECORD WAS SET OR TIED.
MM INDICATES DATA IS MISSING.
T  INDICATES TRACE AMOUNT.




$$
