000
CDUS43 KDDC 251426
CLIP28


CLIMATE REPORT
NATIONAL WEATHER SERVICE DODGE CITY KS
825 AM CST SAT FEB 25 2017


...................................

...THE MEDICINE LODGE KS CLIMATE SUMMARY FOR FEBRUARY 25 2017...
VALID AS OF 0800 AM LOCAL TIME.

CLIMATE NORMAL PERIOD 1981 TO 2010
CLIMATE RECORD PERIOD 1893 TO 2017


WEATHER ITEM   OBSERVED TIME   RECORD YEAR NORMAL DEPARTURE LAST
                VALUE   (LST)  VALUE       VALUE  FROM      YEAR
                                                  NORMAL
..................................................................
TEMPERATURE (F)
 TODAY
  MAXIMUM         20    107 AM  86    1904  53    -33       49
  MINIMUM         12    735 AM  -2    1960  29    -17       24
  AVERAGE         16                        41    -25       37

PRECIPITATION (IN)
  TODAY            0.00          1.25 1951   0.05  -0.05     0.00
  MONTH TO DATE    0.22                      0.90  -0.68     0.38
  SINCE DEC 1      4.62                      2.53   2.09     3.26
  SINCE JAN 1      3.92                      1.61   2.31     0.89

..................................................................


WIND (MPH)
  HIGHEST WIND SPEED    10   HIGHEST WIND DIRECTION     N (360)
  HIGHEST GUST SPEED    13   HIGHEST GUST DIRECTION     N (360)



WEATHER CONDITIONS
 THE FOLLOWING WEATHER WAS RECORDED TODAY.
  NO SIGNIFICANT WEATHER WAS OBSERVED.


RELATIVE HUMIDITY (PERCENT)
 HIGHEST    92           500 AM
 LOWEST     73          1200 AM

..........................................................


THE MEDICINE LODGE KS CLIMATE NORMALS FOR TOMORROW
                         NORMAL    RECORD    YEAR
 MAXIMUM TEMPERATURE (F)   54        81      1996
 MINIMUM TEMPERATURE (F)   29         0      1960


SUNRISE AND SUNSET
FEBRUARY 25 2017......SUNRISE   710 AM CST   SUNSET   625 PM CST
FEBRUARY 26 2017......SUNRISE   709 AM CST   SUNSET   626 PM CST


-  INDICATES NEGATIVE NUMBERS.
R  INDICATES RECORD WAS SET OR TIED.
MM INDICATES DATA IS MISSING.
T  INDICATES TRACE AMOUNT.




$$
