000
CDUS45 KRIW 230743
CLIP60


CLIMATE REPORT
NATIONAL WEATHER SERVICE RIVERTON WY
1241 AM MST MON JAN 23 2017


...................................

...THE LAKE YELLOWSTONE WY CLIMATE SUMMARY FOR JANUARY 22 2017...

CLIMATE NORMAL PERIOD 1981 TO 2010
CLIMATE RECORD PERIOD 1998 TO 2017


WEATHER ITEM   OBSERVED TIME   RECORD YEAR NORMAL DEPARTURE LAST
                VALUE   (LST)  VALUE       VALUE  FROM      YEAR
                                                  NORMAL
..................................................................
TEMPERATURE (F)
 YESTERDAY
  MAXIMUM         24    211 PM  34    2005  24      0       31
  MINIMUM          8    533 AM -33    2008   1      7        8
  AVERAGE         16                        12      4       20

PRECIPITATION (IN)
  YESTERDAY        0.08          0.18 2010   0.07   0.01     0.00
  MONTH TO DATE    2.51                      1.70   0.81     0.61
  SINCE DEC 1      5.61                      3.20   2.41     3.65
  SINCE JAN 1      2.51                      1.70   0.81     0.61

DEGREE DAYS
 HEATING
  YESTERDAY       49                        52     -3       45
  MONTH TO DATE 1335                      1144    191     1096
  SINCE DEC 1   3094                      2734    360     2701
  SINCE JUL 1   6238                      6054    184     6029

 COOLING
  YESTERDAY        0                         0      0        0
  MONTH TO DATE    0                         0      0        0
  SINCE DEC 1      0                         0      0        0
  SINCE JAN 1      0                         0      0        0
..................................................................


WIND (MPH)
  HIGHEST WIND SPEED     7   HIGHEST WIND DIRECTION     W (260)
  HIGHEST GUST SPEED    13   HIGHEST GUST DIRECTION     W (260)
  AVERAGE WIND SPEED     1.4


SKY COVER
  POSSIBLE SUNSHINE  MM
  AVERAGE SKY COVER 0.0


WEATHER CONDITIONS
 THE FOLLOWING WEATHER WAS RECORDED YESTERDAY.
  NO SIGNIFICANT WEATHER WAS OBSERVED.


RELATIVE HUMIDITY (PERCENT)
 HIGHEST   100           700 AM
 LOWEST     68           300 PM
 AVERAGE    84

..........................................................


THE LAKE YELLOWSTONE WY CLIMATE NORMALS FOR TODAY
                         NORMAL    RECORD    YEAR
 MAXIMUM TEMPERATURE (F)   24        39      2005
 MINIMUM TEMPERATURE (F)    1       -14      2008


SUNRISE AND SUNSET
JANUARY 23 2017.......SUNRISE   749 AM MST   SUNSET   519 PM MST
JANUARY 24 2017.......SUNRISE   748 AM MST   SUNSET   520 PM MST


-  INDICATES NEGATIVE NUMBERS.
R  INDICATES RECORD WAS SET OR TIED.
MM INDICATES DATA IS MISSING.
T  INDICATES TRACE AMOUNT.




$$
