000
CDUS45 KRIW 250033
CLIP60


CLIMATE REPORT
NATIONAL WEATHER SERVICE RIVERTON WY
631 PM MDT WED AUG 24 2016


...................................

...THE LAKE YELLOWSTONE WY CLIMATE SUMMARY FOR AUGUST 24 2016...
VALID TODAY AS OF 0500 PM LOCAL TIME.

CLIMATE NORMAL PERIOD 1981 TO 2010
CLIMATE RECORD PERIOD 1998 TO 2016


WEATHER ITEM   OBSERVED TIME   RECORD YEAR NORMAL DEPARTURE LAST
                VALUE   (LST)  VALUE       VALUE  FROM      YEAR
                                                  NORMAL
..................................................................
TEMPERATURE (F)
 TODAY
  MAXIMUM         61        MM  79    2015  71    -10       79
                                      2011
                                      2008
  MINIMUM         30        MM  28    2010  37     -7       32
  AVERAGE         46

PRECIPITATION (IN)
  TODAY            0.10          0.12 2004   0.05   0.05     0.00
  MONTH TO DATE    0.28                      1.12  -0.84     1.50
  SINCE JUN 1      2.14                      4.59  -2.45     3.54
  SINCE JAN 1     11.20                     13.67  -2.47    11.28

DEGREE DAYS
 HEATING
  TODAY           19                        11      8        9
  MONTH TO DATE  193                       219    -26      276
  SINCE JUN 1    869                       995   -126      934
  SINCE JUL 1    501                       502     -1      608

 COOLING
  TODAY            0                         0      0        0
  MONTH TO DATE    0                         0      0        0
  SINCE JUN 1      0                         0      0        1
  SINCE JAN 1      0                         0      0        1
..................................................................


WIND (MPH)
  HIGHEST WIND SPEED     7   HIGHEST WIND DIRECTION    SE (120)
  HIGHEST GUST SPEED    MM   HIGHEST GUST DIRECTION    MM
  AVERAGE WIND SPEED     2.1


SKY COVER
  POSSIBLE SUNSHINE  MM
  AVERAGE SKY COVER 0.0


WEATHER CONDITIONS
 THE FOLLOWING WEATHER WAS RECORDED TODAY.
  NO SIGNIFICANT WEATHER WAS OBSERVED.


RELATIVE HUMIDITY (PERCENT)
 HIGHEST   100           300 PM
 LOWEST     24          1200 PM
 AVERAGE    62

..........................................................


THE LAKE YELLOWSTONE WY CLIMATE NORMALS FOR TOMORROW
                         NORMAL    RECORD    YEAR
 MAXIMUM TEMPERATURE (F)   71        80      2015
                                             2008
 MINIMUM TEMPERATURE (F)   37        28      2005


SUNRISE AND SUNSET
AUGUST 24 2016........SUNRISE   636 AM MDT   SUNSET   811 PM MDT
AUGUST 25 2016........SUNRISE   637 AM MDT   SUNSET   810 PM MDT


-  INDICATES NEGATIVE NUMBERS.
R  INDICATES RECORD WAS SET OR TIED.
MM INDICATES DATA IS MISSING.
T  INDICATES TRACE AMOUNT.




$$
