000
CDUS45 KLKN 210927
CLIP68


CLIMATE REPORT
NATIONAL WEATHER SERVICE ELKO NV
226 AM PDT THU AUG 21 2014


...................................

...THE EUREKA AIRPORT NV CLIMATE SUMMARY FOR AUGUST 20 2014...

CLIMATE NORMAL PERIOD 1981 TO 2010
CLIMATE RECORD PERIOD 1963 TO 2014


WEATHER ITEM   OBSERVED TIME   RECORD YEAR NORMAL DEPARTURE LAST
                VALUE   (LST)  VALUE       VALUE  FROM      YEAR
                                                  NORMAL
..................................................................
TEMPERATURE (F)
 YESTERDAY
  MAXIMUM         81   1222 PM  97    2009  86     -5       87
  MINIMUM         50    517 AM  33    1980  47      3       55
  AVERAGE         66                        66      0       71

PRECIPITATION (IN)
  YESTERDAY        0.11          0.30 1990   0.02   0.09     0.00
  MONTH TO DATE    1.80                      0.37   1.43     0.00
  SINCE OCT 1      9.17                      8.21   0.96     6.25
  SINCE JAN 1      6.77                      6.08   0.69     4.81

DEGREE DAYS
 HEATING
  YESTERDAY        0                         1     -1        0
  MONTH TO DATE    4                        13     -9        0
  SINCE JUN 1    107                       186    -79       81
  SINCE JUL 1      4                        26    -22        1

 COOLING
  YESTERDAY        1                         3     -2        6
  MONTH TO DATE   73                        81     -8      113
  SINCE JUN 1    374                       253    121      479
  SINCE JAN 1    376                       256    120      480
..................................................................


WIND (MPH)
  HIGHEST WIND SPEED    28   HIGHEST WIND DIRECTION     S (160)
  HIGHEST GUST SPEED    32   HIGHEST GUST DIRECTION    SE (150)
  AVERAGE WIND SPEED     7.0




RELATIVE HUMIDITY (PERCENT)
 HIGHEST    74           500 AM
 LOWEST     21          1200 PM
 AVERAGE    48

..........................................................


THE EUREKA AIRPORT NV CLIMATE NORMALS FOR TODAY
                         NORMAL    RECORD    YEAR
 MAXIMUM TEMPERATURE (F)   86        98      2009
 MINIMUM TEMPERATURE (F)   47        34      1980
                                             1968


SUNRISE AND SUNSET
AUGUST 21 2014........SUNRISE   602 AM PDT   SUNSET   731 PM PDT
AUGUST 22 2014........SUNRISE   603 AM PDT   SUNSET   730 PM PDT


-  INDICATES NEGATIVE NUMBERS.
R  INDICATES RECORD WAS SET OR TIED.
MM INDICATES DATA IS MISSING.
T  INDICATES TRACE AMOUNT.




$$
