000
CDUS45 KLKN 290028
CLIP68


CLIMATE REPORT
NATIONAL WEATHER SERVICE ELKO NV
427 PM PST FRI NOV 28 2014


...................................

...THE EUREKA AIRPORT NV CLIMATE SUMMARY FOR NOVEMBER 28 2014...
VALID TODAY AS OF 0400 PM LOCAL TIME.

CLIMATE NORMAL PERIOD 1981 TO 2010
CLIMATE RECORD PERIOD 1963 TO 2014


WEATHER ITEM   OBSERVED TIME   RECORD YEAR NORMAL DEPARTURE LAST
                VALUE   (LST)  VALUE       VALUE  FROM      YEAR
                                                  NORMAL
..................................................................
TEMPERATURE (F)
 TODAY
  MAXIMUM         62R   317 PM  58    1999  44     18       49
                                      1993
  MINIMUM         29    122 AM  -1    1994  16     13       26
  AVERAGE         46                        30     16       38

PRECIPITATION (IN)
  TODAY            0.00          0.50 1985   0.02  -0.02     0.00
  MONTH TO DATE    0.33                      0.74  -0.41     0.64
  SINCE OCT 1      0.33                      1.48  -1.15     1.33
  SINCE JAN 1      8.27                      8.35  -0.08     7.47

DEGREE DAYS
 HEATING
  TODAY           19                        35    -16       27
  MONTH TO DATE  766                       840    -74      746
  SINCE SEP 1   1263                      1640   -377     1554
  SINCE JUL 1   1288                      1687   -399     1555

 COOLING
  TODAY            0                         0      0        0
  MONTH TO DATE    0                         0      0        0
  SINCE SEP 1     37                        11     26       44
  SINCE JAN 1    436                       288    148      585
..................................................................


WIND (MPH)
  HIGHEST WIND SPEED    14   HIGHEST WIND DIRECTION    SE (150)
  HIGHEST GUST SPEED    20   HIGHEST GUST DIRECTION     S (180)




RELATIVE HUMIDITY (PERCENT)
 HIGHEST    69           100 AM
 LOWEST     15           200 PM
 AVERAGE    42

..........................................................


THE EUREKA AIRPORT NV CLIMATE NORMALS FOR TOMORROW
                         NORMAL    RECORD    YEAR
 MAXIMUM TEMPERATURE (F)   43        64      1995
 MINIMUM TEMPERATURE (F)   15       -14      2006


SUNRISE AND SUNSET
NOVEMBER 28 2014......SUNRISE   642 AM PST   SUNSET   421 PM PST
NOVEMBER 29 2014......SUNRISE   643 AM PST   SUNSET   421 PM PST


-  INDICATES NEGATIVE NUMBERS.
R  INDICATES RECORD WAS SET OR TIED.
MM INDICATES DATA IS MISSING.
T  INDICATES TRACE AMOUNT.




$$
