000
CDUS45 KLKN 230928
CLIP68


CLIMATE REPORT
NATIONAL WEATHER SERVICE ELKO NV
227 AM PDT SAT JUL 23 2016


...................................

...THE EUREKA AIRPORT NV CLIMATE SUMMARY FOR JULY 22 2016...

CLIMATE NORMAL PERIOD 1981 TO 2010
CLIMATE RECORD PERIOD 1963 TO 2016


WEATHER ITEM   OBSERVED TIME   RECORD YEAR NORMAL DEPARTURE LAST
                VALUE   (LST)  VALUE       VALUE  FROM      YEAR
                                                  NORMAL
..................................................................
TEMPERATURE (F)
 YESTERDAY
  MAXIMUM         95    342 PM 101    2003  91      4       79
  MINIMUM         47    322 AM  32    1987  50     -3       54
  AVERAGE         71                        70      1       67

PRECIPITATION (IN)
  YESTERDAY        0.00          0.24 1970   0.02  -0.02     0.17
  MONTH TO DATE    0.00                      0.41  -0.41     0.86
  SINCE OCT 1     12.05                      7.62   4.43     6.00
  SINCE JAN 1      7.78                      5.49   2.29     4.88

DEGREE DAYS
 HEATING
  YESTERDAY        0                         0      0        0
  MONTH TO DATE   13                         8      5       13
  SINCE JUN 1     67                       168   -101       52
  SINCE JUL 1     13                         8      5       13

 COOLING
  YESTERDAY        6                         6      0        2
  MONTH TO DATE  108                        93     15       92
  SINCE JUN 1    199                       122     77      249
  SINCE JAN 1    199                       125     74      257
..................................................................


WIND (MPH)
  HIGHEST WIND SPEED    21   HIGHEST WIND DIRECTION    NW (310)
  HIGHEST GUST SPEED    29   HIGHEST GUST DIRECTION    NW (310)
  AVERAGE WIND SPEED     6.4




RELATIVE HUMIDITY (PERCENT)
 HIGHEST    42           300 AM
 LOWEST      7           400 PM
 AVERAGE    25

..........................................................


THE EUREKA AIRPORT NV CLIMATE NORMALS FOR TODAY
                         NORMAL    RECORD    YEAR
 MAXIMUM TEMPERATURE (F)   91        99      2003
 MINIMUM TEMPERATURE (F)   50        32      1987


SUNRISE AND SUNSET
JULY 23 2016..........SUNRISE   536 AM PDT   SUNSET   804 PM PDT
JULY 24 2016..........SUNRISE   537 AM PDT   SUNSET   803 PM PDT


-  INDICATES NEGATIVE NUMBERS.
R  INDICATES RECORD WAS SET OR TIED.
MM INDICATES DATA IS MISSING.
T  INDICATES TRACE AMOUNT.




$$
