000
CDUS45 KLKN 250028
CLIP68


CLIMATE REPORT
NATIONAL WEATHER SERVICE ELKO NV
427 PM PST SAT JAN 24 2015


...................................

...THE EUREKA AIRPORT NV CLIMATE SUMMARY FOR JANUARY 24 2015...
VALID TODAY AS OF 0400 PM LOCAL TIME.

CLIMATE NORMAL PERIOD 1981 TO 2010
CLIMATE RECORD PERIOD 1963 TO 2015


WEATHER ITEM   OBSERVED TIME   RECORD YEAR NORMAL DEPARTURE LAST
                VALUE   (LST)  VALUE       VALUE  FROM      YEAR
                                                  NORMAL
..................................................................
TEMPERATURE (F)
 TODAY
  MAXIMUM         50    317 PM  59    1970  38     12       45
  MINIMUM         15    417 AM -17    1964  11      4       13
  AVERAGE         33                        24      9       29

PRECIPITATION (IN)
  TODAY            0.00          0.18 2013   0.02  -0.02     0.00
  MONTH TO DATE    0.23                      0.56  -0.33     0.05
  SINCE OCT 1      1.35                      2.69  -1.34     2.45
  SINCE JAN 1      0.23                      0.56  -0.33     0.05

DEGREE DAYS
 HEATING
  TODAY           32                        41     -9       36
  MONTH TO DATE  772                       999   -227      782
  SINCE DEC 1   1784                      2246   -462     2122
  SINCE JUL 1   3124                      4005   -881     3733

 COOLING
  TODAY            0                         0      0        0
  MONTH TO DATE    0                         0      0        0
  SINCE DEC 1      0                         0      0        0
  SINCE JAN 1      0                         0      0        0
..................................................................


WIND (MPH)
  HIGHEST WIND SPEED    10   HIGHEST WIND DIRECTION    SW (230)
  HIGHEST GUST SPEED    12   HIGHEST GUST DIRECTION    NE (30)




RELATIVE HUMIDITY (PERCENT)
 HIGHEST    92           500 AM
 LOWEST     42           300 PM
 AVERAGE    67

..........................................................


THE EUREKA AIRPORT NV CLIMATE NORMALS FOR TOMORROW
                         NORMAL    RECORD    YEAR
 MAXIMUM TEMPERATURE (F)   38        54      2012
 MINIMUM TEMPERATURE (F)   11       -27      1989


SUNRISE AND SUNSET
JANUARY 24 2015.......SUNRISE   658 AM PST   SUNSET   454 PM PST
JANUARY 25 2015.......SUNRISE   657 AM PST   SUNSET   456 PM PST


-  INDICATES NEGATIVE NUMBERS.
R  INDICATES RECORD WAS SET OR TIED.
MM INDICATES DATA IS MISSING.
T  INDICATES TRACE AMOUNT.




$$
