000
CDUS45 KLKN 200932
CLIP68


CLIMATE REPORT
NATIONAL WEATHER SERVICE ELKO NV
128 AM PST FRI JAN 20 2017


...................................

...THE EUREKA AIRPORT NV CLIMATE SUMMARY FOR JANUARY 19 2017...

CLIMATE NORMAL PERIOD 1981 TO 2010
CLIMATE RECORD PERIOD 1963 TO 2017


WEATHER ITEM   OBSERVED TIME   RECORD YEAR NORMAL DEPARTURE LAST
                VALUE   (LST)  VALUE       VALUE  FROM      YEAR
                                                  NORMAL
..................................................................
TEMPERATURE (F)
 YESTERDAY
  MAXIMUM         40        MM  59    1994  38      2       41
  MINIMUM         15        MM -18    1988  10      5       16
  AVERAGE         28                        24      4       29

PRECIPITATION (IN)
  YESTERDAY        0.00          0.30 1983   0.02  -0.02     0.01
  MONTH TO DATE    1.91                      0.45   1.46     0.68
  SINCE OCT 1      4.00                      2.58   1.42     4.95
  SINCE JAN 1      1.91                      0.45   1.46     0.68

DEGREE DAYS
 HEATING
  YESTERDAY       37                        41     -4       36
  MONTH TO DATE  805                       794     11      820
  SINCE DEC 1   2030                      2041    -11     2046
  SINCE JUL 1   3443                      3800   -357     3532

 COOLING
  YESTERDAY        0                         0      0        0
  MONTH TO DATE    0                         0      0        0
  SINCE DEC 1      0                         0      0        0
  SINCE JAN 1      0                         0      0        0
..................................................................


WIND (MPH)
  HIGHEST WIND SPEED    15   HIGHEST WIND DIRECTION    SE (140)
  HIGHEST GUST SPEED    25   HIGHEST GUST DIRECTION    SE (140)
  AVERAGE WIND SPEED     6.4




RELATIVE HUMIDITY (PERCENT)
 HIGHEST    88           600 PM
 LOWEST     59           300 PM
 AVERAGE    74

..........................................................


THE EUREKA AIRPORT NV CLIMATE NORMALS FOR TODAY
                         NORMAL    RECORD    YEAR
 MAXIMUM TEMPERATURE (F)   38        60      1994
 MINIMUM TEMPERATURE (F)   10       -19      1988


SUNRISE AND SUNSET
JANUARY 20 2017.......SUNRISE   700 AM PST   SUNSET   450 PM PST
JANUARY 21 2017.......SUNRISE   659 AM PST   SUNSET   452 PM PST


-  INDICATES NEGATIVE NUMBERS.
R  INDICATES RECORD WAS SET OR TIED.
MM INDICATES DATA IS MISSING.
T  INDICATES TRACE AMOUNT.




$$
