000
CDUS45 KLKN 250045
CLIP68


CLIMATE REPORT
NATIONAL WEATHER SERVICE ELKO NV
545 PM PDT SUN SEP 4  2017


...................................

...THE EUREKA AIRPORT NV CLIMATE SUMMARY FOR SEPTEMBER 24 2017...
VALID TODAY AS OF 0500 PM LOCAL TIME.

CLIMATE NORMAL PERIOD 1981 TO 2010
CLIMATE RECORD PERIOD 1963 TO 2017


WEATHER ITEM   OBSERVED TIME   RECORD YEAR NORMAL DEPARTURE LAST
                VALUE   (LST)  VALUE       VALUE  FROM      YEAR
                                                  NORMAL
..................................................................
TEMPERATURE (F)
 TODAY
  MAXIMUM         54        MM  87    2015  74    -20       65
  MINIMUM         25        MM  13    1984  36    -11       37
  AVERAGE         40                        55    -15       51

PRECIPITATION (IN)
  TODAY            0.00          0.36 2012   0.01  -0.01     0.00
  MONTH TO DATE    0.86                      0.46   0.40     1.07
  SINCE OCT 1     11.13                      8.88   2.25    13.18
  SINCE JAN 1      9.04                      6.75   2.29     8.91

DEGREE DAYS
 HEATING
  TODAY           25                        10     15       14
  MONTH TO DATE  169                       147     22      160
  SINCE SEP 1    169                       147     22      160
  SINCE JUL 1    173                       194    -21      184

 COOLING
  TODAY            0                         0      0        0
  MONTH TO DATE   61                         9     52        9
  SINCE SEP 1     61                         9     52        9
  SINCE JAN 1    570                       286    284      424
..................................................................


WIND (MPH)
  HIGHEST WIND SPEED    16   HIGHEST WIND DIRECTION     N (10)
  HIGHEST GUST SPEED    23   HIGHEST GUST DIRECTION     N (360)




RELATIVE HUMIDITY (PERCENT)
 HIGHEST    85          1200 AM
 LOWEST     36           100 PM
 AVERAGE    61

..........................................................


THE EUREKA AIRPORT NV CLIMATE NORMALS FOR TOMORROW
                         NORMAL    RECORD    YEAR
 MAXIMUM TEMPERATURE (F)   74        88      2015
 MINIMUM TEMPERATURE (F)   35        15      1970


SUNRISE AND SUNSET
SEPTEMBER 24 2017.....SUNRISE   634 AM PDT   SUNSET   637 PM PDT
SEPTEMBER 25 2017.....SUNRISE   635 AM PDT   SUNSET   635 PM PDT


-  INDICATES NEGATIVE NUMBERS.
R  INDICATES RECORD WAS SET OR TIED.
MM INDICATES DATA IS MISSING.
T  INDICATES TRACE AMOUNT.




$$
