000
CDUS45 KLKN 290932
CLIP68


CLIMATE REPORT
NATIONAL WEATHER SERVICE ELKO NV
229 AM PDT SAT JUL 29 2017


...................................

...THE EUREKA AIRPORT NV CLIMATE SUMMARY FOR JULY 28 2017...

CLIMATE NORMAL PERIOD 1981 TO 2010
CLIMATE RECORD PERIOD 1963 TO 2017


WEATHER ITEM   OBSERVED TIME   RECORD YEAR NORMAL DEPARTURE LAST
                VALUE   (LST)  VALUE       VALUE  FROM      YEAR
                                                  NORMAL
..................................................................
TEMPERATURE (F)
 YESTERDAY
  MAXIMUM         90    400 PM 100    2016  91     -1      100
                                      1994
  MINIMUM         59    457 AM  37    2015  50      9       56
                                      1983
  AVERAGE         75                        70      5       78

PRECIPITATION (IN)
  YESTERDAY        0.00          0.25 1987   0.03  -0.03     0.00
  MONTH TO DATE    0.26                      0.56  -0.30     0.00
  SINCE OCT 1      9.52                      7.77   1.75    12.05
  SINCE JAN 1      7.43                      5.64   1.79     7.78

DEGREE DAYS
 HEATING
  YESTERDAY        0                         0      0        0
  MONTH TO DATE    0                         8     -8       13
  SINCE JUN 1     74                       168    -94       67
  SINCE JUL 1      0                         8     -8       13

 COOLING
  YESTERDAY       10                         5      5       13
  MONTH TO DATE  236                       127    109      160
  SINCE JUN 1    312                       156    156      251
  SINCE JAN 1    312                       159    153      251
..................................................................


WIND (MPH)
  HIGHEST WIND SPEED    28   HIGHEST WIND DIRECTION    SE (150)
  HIGHEST GUST SPEED    37   HIGHEST GUST DIRECTION    SE (130)
  AVERAGE WIND SPEED     7.4




RELATIVE HUMIDITY (PERCENT)
 HIGHEST    64           400 AM
 LOWEST     15           300 PM
 AVERAGE    40

..........................................................


THE EUREKA AIRPORT NV CLIMATE NORMALS FOR TODAY
                         NORMAL    RECORD    YEAR
 MAXIMUM TEMPERATURE (F)   90        99      2016
 MINIMUM TEMPERATURE (F)   50        35      1965


SUNRISE AND SUNSET
JULY 29 2017..........SUNRISE   541 AM PDT   SUNSET   759 PM PDT
JULY 30 2017..........SUNRISE   542 AM PDT   SUNSET   758 PM PDT


-  INDICATES NEGATIVE NUMBERS.
R  INDICATES RECORD WAS SET OR TIED.
MM INDICATES DATA IS MISSING.
T  INDICATES TRACE AMOUNT.




$$
