000
CDUS45 KLKN 180934
CLIP68


CLIMATE REPORT
NATIONAL WEATHER SERVICE ELKO NV
133 AM PST SAT NOV 18  2017


...................................

...THE EUREKA AIRPORT NV CLIMATE SUMMARY FOR NOVEMBER 17 2017...

CLIMATE NORMAL PERIOD 1981 TO 2010
CLIMATE RECORD PERIOD 1963 TO 2017


WEATHER ITEM   OBSERVED TIME   RECORD YEAR NORMAL DEPARTURE LAST
                VALUE   (LST)  VALUE       VALUE  FROM      YEAR
                                                  NORMAL
..................................................................
TEMPERATURE (F)
 YESTERDAY
  MAXIMUM         47   1207 AM  69    2008  49     -2       37
  MINIMUM         19   1153 PM   0    2000  19      0       10
  AVERAGE         33                        34     -1       24

PRECIPITATION (IN)
  YESTERDAY        0.12          0.66 1996   0.02   0.10     0.00
  MONTH TO DATE    0.24                      0.48  -0.24     0.04
  SINCE OCT 1      0.52                      1.22  -0.70     0.56
  SINCE JAN 1      9.56                      8.09   1.47     9.47

DEGREE DAYS
 HEATING
  YESTERDAY       32                        31      1       41
  MONTH TO DATE  408                       473    -65      343
  SINCE SEP 1   1271                      1273     -2      978
  SINCE JUL 1   1275                      1320    -45     1002

 COOLING
  YESTERDAY        0                         0      0        0
  MONTH TO DATE    0                         0      0        0
  SINCE SEP 1     61                        11     50        9
  SINCE JAN 1    570                       288    282      424
..................................................................


WIND (MPH)
  HIGHEST WIND SPEED    30   HIGHEST WIND DIRECTION    NW (320)
  HIGHEST GUST SPEED    40   HIGHEST GUST DIRECTION    NW (320)
  AVERAGE WIND SPEED    10.7




RELATIVE HUMIDITY (PERCENT)
 HIGHEST    84          1100 PM
 LOWEST     48           200 PM
 AVERAGE    66

..........................................................


THE EUREKA AIRPORT NV CLIMATE NORMALS FOR TODAY
                         NORMAL    RECORD    YEAR
 MAXIMUM TEMPERATURE (F)   48        69      2008
                                             2007
 MINIMUM TEMPERATURE (F)   19       -12      1994


SUNRISE AND SUNSET
NOVEMBER 18 2017......SUNRISE   632 AM PST   SUNSET   426 PM PST
NOVEMBER 19 2017......SUNRISE   633 AM PST   SUNSET   426 PM PST


-  INDICATES NEGATIVE NUMBERS.
R  INDICATES RECORD WAS SET OR TIED.
MM INDICATES DATA IS MISSING.
T  INDICATES TRACE AMOUNT.




$$
