000
CDUS45 KLKN 220027
CLIP68


CLIMATE REPORT
NATIONAL WEATHER SERVICE ELKO NV
527 PM PDT THU MAY 21 2015


...................................

...THE EUREKA AIRPORT NV CLIMATE SUMMARY FOR MAY 21 2015...
VALID TODAY AS OF 0500 PM LOCAL TIME.

CLIMATE NORMAL PERIOD 1981 TO 2010
CLIMATE RECORD PERIOD 1963 TO 2015


WEATHER ITEM   OBSERVED TIME   RECORD YEAR NORMAL DEPARTURE LAST
                VALUE   (LST)  VALUE       VALUE  FROM      YEAR
                                                  NORMAL
..................................................................
TEMPERATURE (F)
 TODAY
  MAXIMUM         66    159 PM  88    2012  71     -5       54
  MINIMUM         36    459 AM  25    1983  35      1       32
  AVERAGE         51                        53     -2       43

PRECIPITATION (IN)
  TODAY            0.00          0.32 1991   0.02  -0.02     0.01
  MONTH TO DATE    1.20                      0.51   0.69     0.95
  SINCE OCT 1      3.57                      6.14  -2.57     6.95
  SINCE JAN 1      2.45                      4.01  -1.56     4.55

DEGREE DAYS
 HEATING
  TODAY           14                        12      2       22
  MONTH TO DATE  306                       304      2      298
  SINCE MAR 1   1586                      1823   -237     1665
  SINCE JUL 1   5629                      7108  -1479     6469

 COOLING
  TODAY            0                         0      0        0
  MONTH TO DATE    0                         0      0        0
  SINCE MAR 1      0                         0      0        0
  SINCE JAN 1      0                         0      0        0
..................................................................


WIND (MPH)
  HIGHEST WIND SPEED    31   HIGHEST WIND DIRECTION     E (110)
  HIGHEST GUST SPEED    41   HIGHEST GUST DIRECTION    SE (130)




RELATIVE HUMIDITY (PERCENT)
 HIGHEST    92           300 AM
 LOWEST     22           200 PM
 AVERAGE    57

..........................................................


THE EUREKA AIRPORT NV CLIMATE NORMALS FOR TOMORROW
                         NORMAL    RECORD    YEAR
 MAXIMUM TEMPERATURE (F)   72        88      2000
                                             1967
 MINIMUM TEMPERATURE (F)   35        21      2007


SUNRISE AND SUNSET
MAY 21 2015...........SUNRISE   525 AM PDT   SUNSET   756 PM PDT
MAY 22 2015...........SUNRISE   524 AM PDT   SUNSET   757 PM PDT


-  INDICATES NEGATIVE NUMBERS.
R  INDICATES RECORD WAS SET OR TIED.
MM INDICATES DATA IS MISSING.
T  INDICATES TRACE AMOUNT.




$$
