000
CDUS43 KPAH 270638
CLIPAH


CLIMATE REPORT
NATIONAL WEATHER SERVICE PADUCAH KY
1235 AM CST SAT DEC 27 2014


...................................

...THE PADUCAH KY CLIMATE SUMMARY FOR DECEMBER 26 2014...

CLIMATE NORMAL PERIOD 1981 TO 2010
CLIMATE RECORD PERIOD 1937 TO 2014


WEATHER ITEM   OBSERVED TIME   RECORD YEAR NORMAL DEPARTURE LAST
                VALUE   (LST)  VALUE       VALUE  FROM      YEAR
                                                  NORMAL
..................................................................
TEMPERATURE (F)
 YESTERDAY
  MAXIMUM         59    155 PM  68    2008  44     15       46
                                      1971
  MINIMUM         39    435 AM   4    1983  27     12       22
  AVERAGE         49                        35     14       34

PRECIPITATION (IN)
  YESTERDAY        0.00          1.09 1973   0.15  -0.15     0.00
  MONTH TO DATE    2.34                      3.93  -1.59     7.94
  SINCE DEC 1      2.34                      3.93  -1.59     7.94
  SINCE JAN 1     46.29                     48.42  -2.13    60.14

SNOWFALL (IN)
  YESTERDAY        0.0           T    2011   0.1   -0.1      0.0
                                      2006
                                      2001
  MONTH TO DATE    0.2                       1.8   -1.6      5.2
  SINCE DEC 1      0.2                       1.8   -1.6      5.2
  SINCE JUL 1      3.0                       1.9    1.1      5.2
  SNOW DEPTH       0

DEGREE DAYS
 HEATING
  YESTERDAY       16                        30    -14       31
  MONTH TO DATE  595                       704   -109      706
  SINCE DEC 1    595                       704   -109      706
  SINCE JUL 1   1532                      1481     51     1508

 COOLING
  YESTERDAY        0                         0      0        0
  MONTH TO DATE    0                         0      0        0
  SINCE DEC 1      0                         0      0        0
  SINCE JAN 1   1722                      1542    180     1478
..................................................................


WIND (MPH)
  HIGHEST WIND SPEED    16   HIGHEST WIND DIRECTION    SW (230)
  HIGHEST GUST SPEED    22   HIGHEST GUST DIRECTION    SW (220)
  AVERAGE WIND SPEED     7.7


SKY COVER
  POSSIBLE SUNSHINE  MM
  AVERAGE SKY COVER 0.3


WEATHER CONDITIONS
 THE FOLLOWING WEATHER WAS RECORDED YESTERDAY.
  NO SIGNIFICANT WEATHER WAS OBSERVED.


RELATIVE HUMIDITY (PERCENT)
 HIGHEST    79           200 AM
 LOWEST     53           200 PM
 AVERAGE    66

..........................................................


THE PADUCAH KY CLIMATE NORMALS FOR TODAY
                         NORMAL    RECORD    YEAR
 MAXIMUM TEMPERATURE (F)   44        76      1942
 MINIMUM TEMPERATURE (F)   27        10      2004


SUNRISE AND SUNSET
DECEMBER 27 2014......SUNRISE   707 AM CST   SUNSET   445 PM CST
DECEMBER 28 2014......SUNRISE   708 AM CST   SUNSET   446 PM CST


-  INDICATES NEGATIVE NUMBERS.
R  INDICATES RECORD WAS SET OR TIED.
MM INDICATES DATA IS MISSING.
T  INDICATES TRACE AMOUNT.

&&
..........................................................
***** AGRICULTURAL DATA *****

SOIL TEMPERATURES AT A DEPTH OF FOUR INCHES

UNDER BARE ROUND...  MAX: MM  MIN: MM
UNDER GRASS........  MAX: 45  MIN: 44

$$
