000
CDUS43 KPAH 230631
CLIPAH

CLIMATE REPORT
NATIONAL WEATHER SERVICE PADUCAH KY
127 AM CDT SAT JUL 23 2016

...................................

...THE PADUCAH KY CLIMATE SUMMARY FOR JULY 22 2016...

CLIMATE NORMAL PERIOD 1981 TO 2010
CLIMATE RECORD PERIOD 1937 TO 2016

WEATHER ITEM   OBSERVED TIME   RECORD YEAR NORMAL DEPARTURE LAST
                VALUE   (LST)  VALUE       VALUE  FROM      YEAR
                                                  NORMAL
..................................................................
TEMPERATURE (F)
 YESTERDAY
  MAXIMUM         89    931 AM  99    2012  89      0       87
  MINIMUM         76   1159 PM  53    1944  68      8       71
  AVERAGE         83                        79      4       79

PRECIPITATION (IN)
  YESTERDAY        0.01          1.85 1990   0.15  -0.14     0.71
  MONTH TO DATE    6.86                      3.24   3.62     9.93
  SINCE JUN 1      8.58                      7.30   1.28    12.37
  SINCE JAN 1     31.78                     28.52   3.26    37.99

SNOWFALL (IN)
  YESTERDAY        0.0           0.0  2002   0.0    0.0      0.0
                                      2001
  MONTH TO DATE    0.0                       0.0    0.0      0.0
  SINCE JUN 1      0.0                       0.0    0.0      0.0
  SINCE JUL 1      0.0                       0.0    0.0      0.0
  SNOW DEPTH       0

DEGREE DAYS
 HEATING
  YESTERDAY        0                         0      0        0
  MONTH TO DATE    0                         0      0        0
  SINCE JUN 1      0                         4     -4        2
  SINCE JUL 1      0                         0      0        0

 COOLING
  YESTERDAY       18                        14      4       14
  MONTH TO DATE  352                       308     44      343
  SINCE JUN 1    768                       628    140      744
  SINCE JAN 1    918                       800    118      955
..................................................................

WIND (MPH)
  HIGHEST WIND SPEED    21   HIGHEST WIND DIRECTION    NE (50)
  HIGHEST GUST SPEED    26   HIGHEST GUST DIRECTION    NE (50)
  AVERAGE WIND SPEED     3.3

SKY COVER
  POSSIBLE SUNSHINE  MM
  AVERAGE SKY COVER 0.1

WEATHER CONDITIONS
 THE FOLLOWING WEATHER WAS RECORDED YESTERDAY.
  THUNDERSTORM
  LIGHT RAIN
  FOG
  HAZE

RELATIVE HUMIDITY (PERCENT)
 HIGHEST    88          1000 PM
 LOWEST     70           800 AM
 AVERAGE    79
..........................................................

THE PADUCAH KY CLIMATE NORMALS FOR TODAY
                         NORMAL    RECORD    YEAR
 MAXIMUM TEMPERATURE (F)   89        99      1983
                                             1952
 MINIMUM TEMPERATURE (F)   68        47      1947

SUNRISE AND SUNSET
JULY 23 2016..........SUNRISE   553 AM CDT   SUNSET   809 PM CDT
JULY 24 2016..........SUNRISE   554 AM CDT   SUNSET   809 PM CDT

-  INDICATES NEGATIVE NUMBERS.
R  INDICATES RECORD WAS SET OR TIED.
MM INDICATES DATA IS MISSING.
T  INDICATES TRACE AMOUNT.

&&
.................................................................
***** AGRICULTURAL DATA *****

SOIL TEMPERATURES AT A DEPTH OF FOUR INCHES

UNDER GRASS...  MAX: 82  MIN: 81

$$
