000
CDUS43 KPAH 270633
CLIPAH


CLIMATE REPORT
NATIONAL WEATHER SERVICE PADUCAH KY
128 AM CDT FRI MAY 27 2016


...................................

...THE PADUCAH KY CLIMATE SUMMARY FOR MAY 26 2016...

CLIMATE NORMAL PERIOD 1981 TO 2010
CLIMATE RECORD PERIOD 1937 TO 2016


WEATHER ITEM   OBSERVED TIME   RECORD YEAR NORMAL DEPARTURE LAST
                VALUE   (LST)  VALUE       VALUE  FROM      YEAR
                                                  NORMAL
..................................................................
TEMPERATURE (F)
 YESTERDAY
  MAXIMUM         81   1144 AM  96    1953  81      0       80
                                      1944
  MINIMUM         67   1158 PM  42    1988  59      8       65
                                      1979
                                      1961
  AVERAGE         74                        70      4       73

PRECIPITATION (IN)
  YESTERDAY        0.71          2.10 2008   0.14   0.57     0.00
  MONTH TO DATE    5.25                      4.20   1.05     2.98
  SINCE MAR 1     17.72                     12.89   4.83    17.60
  SINCE JAN 1     23.18                     20.48   2.70    24.89

SNOWFALL (IN)
  YESTERDAY        0.0                       0.0    0.0      0.0
  MONTH TO DATE    0.0                       0.0    0.0      0.0
  SINCE MAR 1      T                         0.6   -0.6     12.1
  SINCE JUL 1     12.1                       9.1    3.0     28.6
  SNOW DEPTH       0

DEGREE DAYS
 HEATING
  YESTERDAY        0                         1     -1        0
  MONTH TO DATE   91                        60     31       50
  SINCE MAR 1    630                       828   -198      806
  SINCE JUL 1   3292                      4124   -832     4475

 COOLING
  YESTERDAY        9                         6      3        8
  MONTH TO DATE   59                        97    -38      135
  SINCE MAR 1     95                       139    -44      177
  SINCE JAN 1     95                       139    -44      177
..................................................................


WIND (MPH)
  HIGHEST WIND SPEED    20   HIGHEST WIND DIRECTION    NE (50)
  HIGHEST GUST SPEED    25   HIGHEST GUST DIRECTION    SE (130)
  AVERAGE WIND SPEED     7.8


SKY COVER
  POSSIBLE SUNSHINE  MM
  AVERAGE SKY COVER 0.6


WEATHER CONDITIONS
 THE FOLLOWING WEATHER WAS RECORDED YESTERDAY.
  THUNDERSTORM
  HEAVY RAIN
  RAIN
  LIGHT RAIN
  FOG


RELATIVE HUMIDITY (PERCENT)
 HIGHEST    84           600 PM
 LOWEST     73           300 AM
 AVERAGE    79

..........................................................


THE PADUCAH KY CLIMATE NORMALS FOR TODAY
                         NORMAL    RECORD    YEAR
 MAXIMUM TEMPERATURE (F)   81        95      2012
 MINIMUM TEMPERATURE (F)   60        34      1961


SUNRISE AND SUNSET
MAY 27 2016...........SUNRISE   539 AM CDT   SUNSET   806 PM CDT
MAY 28 2016...........SUNRISE   538 AM CDT   SUNSET   807 PM CDT


-  INDICATES NEGATIVE NUMBERS.
R  INDICATES RECORD WAS SET OR TIED.
MM INDICATES DATA IS MISSING.
T  INDICATES TRACE AMOUNT.

&&
...........................................................
***** AGRICULTURAL DATA *****

SOIL TEMPERATURES AT A DEPTH OF FOUR INCHES

UNDER GRASS...  MAX: 68  MIN: 66

$$
