000
CDUS43 KPAH 280633
CLIPAH


CLIMATE REPORT
NATIONAL WEATHER SERVICE PADUCAH KY
132 AM CDT FRI APR 28 2017


...................................

...THE PADUCAH KY CLIMATE SUMMARY FOR APRIL 27 2017...

CLIMATE NORMAL PERIOD 1981 TO 2010
CLIMATE RECORD PERIOD 1937 TO 2017


WEATHER ITEM   OBSERVED TIME   RECORD YEAR NORMAL DEPARTURE LAST
                VALUE   (LST)  VALUE       VALUE  FROM      YEAR
                                                  NORMAL
..................................................................
TEMPERATURE (F)
 YESTERDAY
  MAXIMUM         63    427 PM  89    1989  73    -10       78
  MINIMUM         50    630 AM  36    1946  50      0       58
  AVERAGE         57                        62     -5       68

PRECIPITATION (IN)
  YESTERDAY        0.02          2.83 1985   0.17  -0.15     0.93
  MONTH TO DATE    4.83                      4.25   0.58     2.34
  SINCE MAR 1      9.22                      8.18   1.04    11.55
  SINCE JAN 1     14.05                     15.77  -1.72    17.01

SNOWFALL (IN)
  YESTERDAY        0.0           0.0  2002   0.0    0.0      0.0
                                      2001
  MONTH TO DATE    0.0                       0.0    0.0      0.0
  SINCE MAR 1      1.0                       0.6    0.4       T
  SINCE JUL 1      1.2                       9.1   -7.9     12.1
  SNOW DEPTH       0

DEGREE DAYS
 HEATING
  YESTERDAY        8                         5      3        0
  MONTH TO DATE  104                       230   -126      174
  SINCE MAR 1    540                       753   -213      533
  SINCE JUL 1   3019                      4049  -1030     3195

 COOLING
  YESTERDAY        0                         2     -2        3
  MONTH TO DATE   62                        32     30       29
  SINCE MAR 1     63                        39     24       31
  SINCE JAN 1     63                        39     24       31
..................................................................


WIND (MPH)
  HIGHEST WIND SPEED    21   HIGHEST WIND DIRECTION     W (260)
  HIGHEST GUST SPEED    26   HIGHEST GUST DIRECTION     W (250)
  AVERAGE WIND SPEED     7.5


SKY COVER
  POSSIBLE SUNSHINE  MM
  AVERAGE SKY COVER 0.6


WEATHER CONDITIONS
 THE FOLLOWING WEATHER WAS RECORDED YESTERDAY.
  LIGHT RAIN
  FOG


RELATIVE HUMIDITY (PERCENT)
 HIGHEST    90           100 AM
 LOWEST     56           500 PM
 AVERAGE    73

..........................................................


THE PADUCAH KY CLIMATE NORMALS FOR TODAY
                         NORMAL    RECORD    YEAR
 MAXIMUM TEMPERATURE (F)   73        87      1943
 MINIMUM TEMPERATURE (F)   51        32      1992


SUNRISE AND SUNSET
APRIL 28 2017.........SUNRISE   604 AM CDT   SUNSET   742 PM CDT
APRIL 29 2017.........SUNRISE   603 AM CDT   SUNSET   743 PM CDT


-  INDICATES NEGATIVE NUMBERS.
R  INDICATES RECORD WAS SET OR TIED.
MM INDICATES DATA IS MISSING.
T  INDICATES TRACE AMOUNT.

&&

***** AGRICULTURAL DATA *****

SOIL TEMPERATURES AT A DEPTH OF FOUR INCHES

UNDER GRASS...  MAX: 64    MIN: 63

$$
