000
CDUS44 KLZK 230909
CLIPBF


CLIMATE REPORT
NATIONAL WEATHER SERVICE LITTLE ROCK AR
409 AM CDT WED APR 23 2014


...................................

...THE PINE BLUFF CLIMATE SUMMARY FOR APRIL 22 2014...

CLIMATE NORMAL PERIOD 1981 TO 2010
CLIMATE RECORD PERIOD 1883 TO 2014


WEATHER ITEM   OBSERVED TIME   RECORD YEAR NORMAL DEPARTURE LAST
                VALUE   (LST)  VALUE       VALUE  FROM      YEAR
                                                  NORMAL
..................................................................
TEMPERATURE (F)
 YESTERDAY
  MAXIMUM         78    459 PM  92    1925  76      2       74
  MINIMUM         55   1116 PM  35    1931  54      1       45
  AVERAGE         67                        65      2       60

PRECIPITATION (IN)
  YESTERDAY        0.00          3.03 1974   0.17  -0.17     0.00
  MONTH TO DATE    3.71                      3.61   0.10     4.69
  SINCE MAR 1      8.17                      9.01  -0.84     8.51
  SINCE JAN 1     13.60                     16.83  -3.23    19.82

SNOWFALL (IN)
  YESTERDAY        0.0          MM      MM   0.0    0.0      0.0
  MONTH TO DATE    0.0                       0.0    0.0      0.0
  SINCE MAR 1      T                         0.0    0.0      0.0
  SINCE JUL 1      3.7                       3.1    0.6      2.1
  SNOW DEPTH       0

DEGREE DAYS
 HEATING
  YESTERDAY        0                         3     -3        5
  MONTH TO DATE  138                       111     27      155
  SINCE MAR 1    622                       458    164      649
  SINCE JUL 1   3391                      2846    545     2860

 COOLING
  YESTERDAY        2                         3     -1        0
  MONTH TO DATE   32                        40     -8       45
  SINCE MAR 1     32                        57    -25       48
  SINCE JAN 1     32                        60    -28       53
..................................................................


WIND (MPH)
  HIGHEST WIND SPEED    16   HIGHEST WIND DIRECTION     N (360)
  HIGHEST GUST SPEED    22   HIGHEST GUST DIRECTION    NW (330)
  AVERAGE WIND SPEED     5.8


SKY COVER
  POSSIBLE SUNSHINE  MM
  AVERAGE SKY COVER 0.4


WEATHER CONDITIONS
 THE FOLLOWING WEATHER WAS RECORDED YESTERDAY.
  FOG


RELATIVE HUMIDITY (PERCENT)
 HIGHEST   100           400 AM
 LOWEST     30           400 PM
 AVERAGE    65

..........................................................


THE PINE BLUFF CLIMATE NORMALS FOR TODAY
                         NORMAL    RECORD    YEAR
 MAXIMUM TEMPERATURE (F)   76        96      1905
 MINIMUM TEMPERATURE (F)   54        38      1931


SUNRISE AND SUNSET
APRIL 23 2014.........SUNRISE   627 AM CDT   SUNSET   746 PM CDT
APRIL 24 2014.........SUNRISE   626 AM CDT   SUNSET   746 PM CDT


-  INDICATES NEGATIVE NUMBERS.
R  INDICATES RECORD WAS SET OR TIED.
MM INDICATES DATA IS MISSING.
T  INDICATES TRACE AMOUNT.




$$
