000
CDUS44 KLZK 070638
CLIPBF


CLIMATE REPORT
NATIONAL WEATHER SERVICE LITTLE ROCK AR
1238 AM CST WED DEC 7 2016


...................................

...THE PINE BLUFF CLIMATE SUMMARY FOR DECEMBER 6 2016...

CLIMATE NORMAL PERIOD 1981 TO 2010
CLIMATE RECORD PERIOD 1883 TO 2016


WEATHER ITEM   OBSERVED TIME   RECORD YEAR NORMAL DEPARTURE LAST
                VALUE   (LST)  VALUE       VALUE  FROM      YEAR
                                                  NORMAL
..................................................................
TEMPERATURE (F)
 YESTERDAY
  MAXIMUM         54    326 PM  79    1998  55     -1       64
                                      1951
  MINIMUM         42    816 PM  14    1950  37      5       33
  AVERAGE         48                        46      2       49

PRECIPITATION (IN)
  YESTERDAY        0.16          2.13 1957   0.19  -0.03     0.00
  MONTH TO DATE    1.30                      1.14   0.16     0.01
  SINCE DEC 1      1.30                      1.14   0.16     0.01
  SINCE JAN 1     51.10                     46.85   4.25    45.98

SNOWFALL (IN)
  YESTERDAY       MM             1.0  1950   0.0   MM        0.0
  MONTH TO DATE    0.0                       0.0    0.0      0.0
  SINCE DEC 1      0.0                       0.0    0.0      0.0
  SINCE JUL 1      0.0                       0.0    0.0      0.0
  SNOW DEPTH       0

DEGREE DAYS
 HEATING
  YESTERDAY       17                        19     -2       16
  MONTH TO DATE  111                       110      1      116
  SINCE DEC 1    111                       110      1      116
  SINCE JUL 1    408                       614   -206      455

 COOLING
  YESTERDAY        0                         0      0        0
  MONTH TO DATE    0                         0      0        0
  SINCE DEC 1      0                         0      0        0
  SINCE JAN 1   2328                      2131    197     2287
..................................................................


WIND (MPH)
  HIGHEST WIND SPEED    20   HIGHEST WIND DIRECTION     N (20)
  HIGHEST GUST SPEED    25   HIGHEST GUST DIRECTION     N (10)
  AVERAGE WIND SPEED     7.0


SKY COVER
  POSSIBLE SUNSHINE  MM
  AVERAGE SKY COVER 0.8


WEATHER CONDITIONS
 THE FOLLOWING WEATHER WAS RECORDED YESTERDAY.
  RAIN
  LIGHT RAIN
  FOG


RELATIVE HUMIDITY (PERCENT)
 HIGHEST   100           100 AM
 LOWEST     66           200 PM
 AVERAGE    83

..........................................................


THE PINE BLUFF CLIMATE NORMALS FOR TODAY
                         NORMAL    RECORD    YEAR
 MAXIMUM TEMPERATURE (F)   55        84      1939
 MINIMUM TEMPERATURE (F)   36        11      1950


SUNRISE AND SUNSET
DECEMBER  7 2016......SUNRISE   701 AM CST   SUNSET   458 PM CST
DECEMBER  8 2016......SUNRISE   702 AM CST   SUNSET   458 PM CST


-  INDICATES NEGATIVE NUMBERS.
R  INDICATES RECORD WAS SET OR TIED.
MM INDICATES DATA IS MISSING.
T  INDICATES TRACE AMOUNT.




$$
