000
CDUS44 KLZK 300631
CLIPBF


CLIMATE REPORT
NATIONAL WEATHER SERVICE LITTLE ROCK AR
131 AM CDT THU MAR 30 2017


...................................

...THE PINE BLUFF CLIMATE SUMMARY FOR MARCH 29 2017...

CLIMATE NORMAL PERIOD 1981 TO 2010
CLIMATE RECORD PERIOD 1883 TO 2017


WEATHER ITEM   OBSERVED TIME   RECORD YEAR NORMAL DEPARTURE LAST
                VALUE   (LST)  VALUE       VALUE  FROM      YEAR
                                                  NORMAL
..................................................................
TEMPERATURE (F)
 YESTERDAY
  MAXIMUM         80    353 PM  87    1963  69     11       73
                                      1936
  MINIMUM         60    518 AM  25    1899  47     13       42
  AVERAGE         70                        58     12       58

PRECIPITATION (IN)
  YESTERDAY        0.00          3.15 1908   0.17  -0.17     0.00
  MONTH TO DATE    3.10                      5.06  -1.96    10.41
  SINCE MAR 1      3.10                      5.06  -1.96    10.41
  SINCE JAN 1      9.40                     12.88  -3.48    16.46

SNOWFALL (IN)
  YESTERDAY        0.0           2.0  1894   0.0    0.0      0.0
  MONTH TO DATE    0.0                       0.0    0.0      0.0
  SINCE MAR 1      0.0                       0.0    0.0      0.0
  SINCE JUL 1      1.5                       3.1   -1.6      3.6
  SNOW DEPTH       0

DEGREE DAYS
 HEATING
  YESTERDAY        0                         8     -8        7
  MONTH TO DATE  239                       333    -94      226
  SINCE MAR 1    239                       333    -94      226
  SINCE JUL 1   1950                      2721   -771     2133

 COOLING
  YESTERDAY        5                         1      4        0
  MONTH TO DATE   36                        14     22       15
  SINCE MAR 1     36                        14     22       15
  SINCE JAN 1     57                        17     40       19
..................................................................


WIND (MPH)
  HIGHEST WIND SPEED    26   HIGHEST WIND DIRECTION     S (180)
  HIGHEST GUST SPEED    32   HIGHEST GUST DIRECTION     S (180)
  AVERAGE WIND SPEED    11.5


SKY COVER
  POSSIBLE SUNSHINE  MM
  AVERAGE SKY COVER 0.2


WEATHER CONDITIONS
 THE FOLLOWING WEATHER WAS RECORDED YESTERDAY.
  NO SIGNIFICANT WEATHER WAS OBSERVED.


RELATIVE HUMIDITY (PERCENT)
 HIGHEST    97           500 AM
 LOWEST     51           400 PM
 AVERAGE    74

..........................................................


THE PINE BLUFF CLIMATE NORMALS FOR TODAY
                         NORMAL    RECORD    YEAR
 MAXIMUM TEMPERATURE (F)   70        89      1946
 MINIMUM TEMPERATURE (F)   47        28      1964


SUNRISE AND SUNSET
MARCH 30 2017.........SUNRISE   657 AM CDT   SUNSET   727 PM CDT
MARCH 31 2017.........SUNRISE   656 AM CDT   SUNSET   728 PM CDT


-  INDICATES NEGATIVE NUMBERS.
R  INDICATES RECORD WAS SET OR TIED.
MM INDICATES DATA IS MISSING.
T  INDICATES TRACE AMOUNT.




$$
