000
CDUS44 KLZK 200637
CLIPBF


CLIMATE REPORT
NATIONAL WEATHER SERVICE LITTLE ROCK AR
135 AM CDT FRI OCT 20 2017


...................................

...THE PINE BLUFF CLIMATE SUMMARY FOR OCTOBER 19 2017...

CLIMATE NORMAL PERIOD 1981 TO 2010
CLIMATE RECORD PERIOD 1883 TO 2017


WEATHER ITEM   OBSERVED TIME   RECORD YEAR NORMAL DEPARTURE LAST
                VALUE   (LST)  VALUE       VALUE  FROM      YEAR
                                                  NORMAL
..................................................................
TEMPERATURE (F)
 YESTERDAY
  MAXIMUM         80    408 PM  91    1934  74      6       87
                                      1924
  MINIMUM         42    613 AM  31    1948  51     -9       63
  AVERAGE         61                        62     -1       75

PRECIPITATION (IN)
  YESTERDAY        0.00          2.30 1916   0.19  -0.19     0.00
  MONTH TO DATE    0.04                      2.98  -2.94     0.54
  SINCE SEP 1      0.84                      5.67  -4.83     1.86
  SINCE JAN 1     41.35                     38.86   2.49    45.81

SNOWFALL (IN)
  YESTERDAY        0.0          MM      MM   0.0    0.0      0.0
  MONTH TO DATE    0.0                       0.0    0.0      0.0
  SINCE SEP 1      0.0                       0.0    0.0      0.0
  SINCE JUL 1      0.0                       0.0    0.0      0.0
  SNOW DEPTH       0

DEGREE DAYS
 HEATING
  YESTERDAY        4                         4      0        0
  MONTH TO DATE   30                        51    -21        5
  SINCE SEP 1     32                        62    -30        5
  SINCE JUL 1     32                        62    -30        5

 COOLING
  YESTERDAY        0                         2     -2       10
  MONTH TO DATE  122                        57     65      108
  SINCE SEP 1    405                       343     62      480
  SINCE JAN 1   2051                      2101    -50     2288
..................................................................


WIND (MPH)
  HIGHEST WIND SPEED    12   HIGHEST WIND DIRECTION     E (110)
  HIGHEST GUST SPEED    15   HIGHEST GUST DIRECTION     E (100)
  AVERAGE WIND SPEED     2.6


SKY COVER
  POSSIBLE SUNSHINE  MM
  AVERAGE SKY COVER 0.0


WEATHER CONDITIONS
 THE FOLLOWING WEATHER WAS RECORDED YESTERDAY.
  FOG
  HAZE


RELATIVE HUMIDITY (PERCENT)
 HIGHEST   100           200 AM
 LOWEST     33           400 PM
 AVERAGE    67

..........................................................


THE PINE BLUFF CLIMATE NORMALS FOR TODAY
                         NORMAL    RECORD    YEAR
 MAXIMUM TEMPERATURE (F)   74        91      1927
                                             1920
 MINIMUM TEMPERATURE (F)   50        29      1917


SUNRISE AND SUNSET
OCTOBER 20 2017.......SUNRISE   717 AM CDT   SUNSET   627 PM CDT
OCTOBER 21 2017.......SUNRISE   718 AM CDT   SUNSET   626 PM CDT


-  INDICATES NEGATIVE NUMBERS.
R  INDICATES RECORD WAS SET OR TIED.
MM INDICATES DATA IS MISSING.
T  INDICATES TRACE AMOUNT.




$$
