000
CDUS44 KLZK 110008
CLIPBF


CLIMATE REPORT
NATIONAL WEATHER SERVICE LITTLE ROCK AR
707 PM CDT THU JUL 10 2014


...................................

...THE PINE BLUFF CLIMATE SUMMARY FOR JULY 10 2014...
VALID TODAY AS OF 0700 PM LOCAL TIME.

CLIMATE NORMAL PERIOD 1981 TO 2010
CLIMATE RECORD PERIOD 1883 TO 2014


WEATHER ITEM   OBSERVED TIME   RECORD YEAR NORMAL DEPARTURE LAST
                VALUE   (LST)  VALUE       VALUE  FROM      YEAR
                                                  NORMAL
..................................................................
TEMPERATURE (F)
 TODAY
  MAXIMUM         89    204 PM 105    1969  92     -3       97
                                      1944
  MINIMUM         69    453 AM  59    1899  72     -3       76
  AVERAGE         79                        82     -3       87

PRECIPITATION (IN)
  TODAY            0.18          2.12 1888   0.13   0.05      T
  MONTH TO DATE    0.46                      1.23  -0.77      T
  SINCE JUN 1      3.81                      4.81  -1.00     1.98
  SINCE JAN 1     26.08                     28.01  -1.93    29.42

SNOWFALL (IN)
  TODAY            0.0          MM      MM   0.0    0.0      0.0
  MONTH TO DATE    0.0                       0.0    0.0      0.0
  SINCE JUN 1      0.0                       0.0    0.0      0.0
  SINCE JUL 1      0.0                       0.0    0.0      0.0
  SNOW DEPTH       0

DEGREE DAYS
 HEATING
  TODAY            0                         0      0        0
  MONTH TO DATE    0                         0      0        0
  SINCE JUN 1      0                         0      0        0
  SINCE JUL 1      0                         0      0        0

 COOLING
  TODAY           14                        17     -3       22
  MONTH TO DATE  128                       169    -41      137
  SINCE JUN 1    546                       591    -45      558
  SINCE JAN 1    809                       898    -89      825
..................................................................


WIND (MPH)
  HIGHEST WIND SPEED    10   HIGHEST WIND DIRECTION    SW (210)
  HIGHEST GUST SPEED    14   HIGHEST GUST DIRECTION    SE (140)
  AVERAGE WIND SPEED     1.8


SKY COVER
  POSSIBLE SUNSHINE  MM
  AVERAGE SKY COVER 0.2


WEATHER CONDITIONS
 THE FOLLOWING WEATHER WAS RECORDED TODAY.
  THUNDERSTORM
  HEAVY RAIN
  RAIN
  LIGHT RAIN
  FOG


RELATIVE HUMIDITY (PERCENT)
 HIGHEST    97           300 AM
 LOWEST     61          1100 AM
 AVERAGE    79

..........................................................


THE PINE BLUFF CLIMATE NORMALS FOR TOMORROW
                         NORMAL    RECORD    YEAR
 MAXIMUM TEMPERATURE (F)   92       105      1930
 MINIMUM TEMPERATURE (F)   72        59      1899


SUNRISE AND SUNSET
JULY 10 2014..........SUNRISE   604 AM CDT   SUNSET   822 PM CDT
JULY 11 2014..........SUNRISE   605 AM CDT   SUNSET   822 PM CDT


-  INDICATES NEGATIVE NUMBERS.
R  INDICATES RECORD WAS SET OR TIED.
MM INDICATES DATA IS MISSING.
T  INDICATES TRACE AMOUNT.




$$
