000
CDUS44 KLZK 271006
CLIPBF


CLIMATE REPORT
NATIONAL WEATHER SERVICE LITTLE ROCK AR
406 AM CST THU NOV 27 2014


...................................

...THE PINE BLUFF CLIMATE SUMMARY FOR NOVEMBER 26 2014...

CLIMATE NORMAL PERIOD 1981 TO 2010
CLIMATE RECORD PERIOD 1883 TO 2014


WEATHER ITEM   OBSERVED TIME   RECORD YEAR NORMAL DEPARTURE LAST
                VALUE   (LST)  VALUE       VALUE  FROM      YEAR
                                                  NORMAL
..................................................................
TEMPERATURE (F)
 YESTERDAY
  MAXIMUM         59    330 PM  84    1964  59      0       44
  MINIMUM         32    629 AM  23    1928  39     -7       34
  AVERAGE         46                        49     -3       39

PRECIPITATION (IN)
  YESTERDAY        0.00          3.58 1988   0.17  -0.17      T
  MONTH TO DATE    3.15                      4.12  -0.97     2.88
  SINCE SEP 1     10.30                     11.81  -1.51    11.30
  SINCE JAN 1     40.21                     45.00  -4.79    44.93

SNOWFALL (IN)
  YESTERDAY        0.0          MM      MM   0.0    0.0       T
  MONTH TO DATE    0.1                       0.0    0.1       T
  SINCE SEP 1      0.1                       0.0    0.1       T
  SINCE JUL 1      0.1                       0.0    0.1       T
  SNOW DEPTH       0

DEGREE DAYS
 HEATING
  YESTERDAY       19                        16      3       26
  MONTH TO DATE  469                       301    168      375
  SINCE SEP 1    553                       438    115      494
  SINCE JUL 1    554                       438    116      494

 COOLING
  YESTERDAY        0                         0      0        0
  MONTH TO DATE    0                        10    -10        6
  SINCE SEP 1    397                       371     26      484
  SINCE JAN 1   1898                      2129   -231     2148
..................................................................


WIND (MPH)
  HIGHEST WIND SPEED    18   HIGHEST WIND DIRECTION    NW (300)
  HIGHEST GUST SPEED    24   HIGHEST GUST DIRECTION     W (280)
  AVERAGE WIND SPEED     7.2


SKY COVER
  POSSIBLE SUNSHINE  MM
  AVERAGE SKY COVER 0.0


WEATHER CONDITIONS
 THE FOLLOWING WEATHER WAS RECORDED YESTERDAY.
  NO SIGNIFICANT WEATHER WAS OBSERVED.


RELATIVE HUMIDITY (PERCENT)
 HIGHEST    89           100 AM
 LOWEST     37           300 PM
 AVERAGE    63

..........................................................


THE PINE BLUFF CLIMATE NORMALS FOR TODAY
                         NORMAL    RECORD    YEAR
 MAXIMUM TEMPERATURE (F)   59        84      1927
 MINIMUM TEMPERATURE (F)   39        17      1938


SUNRISE AND SUNSET
NOVEMBER 27 2014......SUNRISE   652 AM CST   SUNSET   459 PM CST
NOVEMBER 28 2014......SUNRISE   653 AM CST   SUNSET   459 PM CST


-  INDICATES NEGATIVE NUMBERS.
R  INDICATES RECORD WAS SET OR TIED.
MM INDICATES DATA IS MISSING.
T  INDICATES TRACE AMOUNT.




$$
