000
CDUS44 KLZK 252057
CLIPBF


CLIMATE REPORT
NATIONAL WEATHER SERVICE LITTLE ROCK AR
356 PM CDT SAT OCT 25 2014


...................................

...THE PINE BLUFF CLIMATE SUMMARY FOR OCTOBER 25 2014...
VALID TODAY AS OF 0300 PM LOCAL TIME.

CLIMATE NORMAL PERIOD 1981 TO 2010
CLIMATE RECORD PERIOD 1883 TO 2014


WEATHER ITEM   OBSERVED TIME   RECORD YEAR NORMAL DEPARTURE LAST
                VALUE   (LST)  VALUE       VALUE  FROM      YEAR
                                                  NORMAL
..................................................................
TEMPERATURE (F)
 TODAY
  MAXIMUM         83    247 PM  97    1927  72     11       57
  MINIMUM         54    238 AM  28    1917  49      5       40
  AVERAGE         69                        60      9       49

PRECIPITATION (IN)
  TODAY            0.00          3.92 1976   0.16  -0.16     0.00
  MONTH TO DATE    5.04                      4.04   1.00     2.53
  SINCE SEP 1      5.83                      6.73  -0.90     7.01
  SINCE JAN 1     35.74                     39.92  -4.18    40.64

SNOWFALL (IN)
  TODAY            0.0          MM      MM   0.0    0.0      0.0
  MONTH TO DATE    0.0                       0.0    0.0      0.0
  SINCE SEP 1      0.0                       0.0    0.0      0.0
  SINCE JUL 1      0.0                       0.0    0.0      0.0
  SNOW DEPTH       0

DEGREE DAYS
 HEATING
  TODAY            0                         6     -6       16
  MONTH TO DATE   56                        84    -28       89
  SINCE SEP 1     59                        95    -36       89
  SINCE JUL 1     60                        95    -35       89

 COOLING
  TODAY            4                         2      2        0
  MONTH TO DATE   82                        69     13       88
  SINCE SEP 1    387                       355     32      476
  SINCE JAN 1   1888                      2113   -225     2140
..................................................................


WIND (MPH)
  HIGHEST WIND SPEED    15   HIGHEST WIND DIRECTION    SW (230)
  HIGHEST GUST SPEED    20   HIGHEST GUST DIRECTION     W (270)
  AVERAGE WIND SPEED     6.4


SKY COVER
  POSSIBLE SUNSHINE  MM
  AVERAGE SKY COVER 0.0


WEATHER CONDITIONS
 THE FOLLOWING WEATHER WAS RECORDED TODAY.
  NO SIGNIFICANT WEATHER WAS OBSERVED.


RELATIVE HUMIDITY (PERCENT)
 HIGHEST    93          1200 AM
 LOWEST     51           200 PM
 AVERAGE    72

..........................................................


THE PINE BLUFF CLIMATE NORMALS FOR TOMORROW
                         NORMAL    RECORD    YEAR
 MAXIMUM TEMPERATURE (F)   72        97      1927
 MINIMUM TEMPERATURE (F)   49        32      2005
                                             1982


SUNRISE AND SUNSET
OCTOBER 25 2014.......SUNRISE   721 AM CDT   SUNSET   622 PM CDT
OCTOBER 26 2014.......SUNRISE   722 AM CDT   SUNSET   621 PM CDT


-  INDICATES NEGATIVE NUMBERS.
R  INDICATES RECORD WAS SET OR TIED.
MM INDICATES DATA IS MISSING.
T  INDICATES TRACE AMOUNT.




$$
