000
CDUS44 KLZK 211047
CLIPBF


CLIMATE REPORT
NATIONAL WEATHER SERVICE LITTLE ROCK AR
403 AM CST FRI NOV 21 2014


...................................

...THE PINE BLUFF CLIMATE SUMMARY FOR NOVEMBER 20 2014...

CLIMATE NORMAL PERIOD 1981 TO 2010
CLIMATE RECORD PERIOD 1883 TO 2014


WEATHER ITEM   OBSERVED TIME   RECORD YEAR NORMAL DEPARTURE LAST
                VALUE   (LST)  VALUE       VALUE  FROM      YEAR
                                                  NORMAL
..................................................................
TEMPERATURE (F)
 YESTERDAY
  MAXIMUM         55    342 PM  81    1985  62     -7       63
  MINIMUM         31    435 AM  16    1914  41    -10       36
  AVERAGE         43                        52     -9       50

PRECIPITATION (IN)
  YESTERDAY        0.06          4.75 1907   0.17  -0.11     0.00
  MONTH TO DATE    2.32                      3.12  -0.80     0.78
  SINCE SEP 1      9.47                     10.81  -1.34     9.20
  SINCE JAN 1     39.38                     44.00  -4.62    42.83

SNOWFALL (IN)
  YESTERDAY        0.0           T    1891   0.0    0.0      0.0
  MONTH TO DATE    0.1                       0.0    0.1      0.0
  SINCE SEP 1      0.1                       0.0    0.1      0.0
  SINCE JUL 1      0.1                       0.0    0.1      0.0
  SNOW DEPTH       0

DEGREE DAYS
 HEATING
  YESTERDAY       22                        14      8       15
  MONTH TO DATE  388                       212    176      235
  SINCE SEP 1    472                       349    123      354
  SINCE JUL 1    473                       349    124      354

 COOLING
  YESTERDAY        0                         0      0        0
  MONTH TO DATE    0                        10    -10        6
  SINCE SEP 1    397                       371     26      484
  SINCE JAN 1   1898                      2129   -231     2148
..................................................................


WIND (MPH)
  HIGHEST WIND SPEED    13   HIGHEST WIND DIRECTION    NE (30)
  HIGHEST GUST SPEED    17   HIGHEST GUST DIRECTION    NE (30)
  AVERAGE WIND SPEED     6.0


SKY COVER
  POSSIBLE SUNSHINE  MM
  AVERAGE SKY COVER 0.4


WEATHER CONDITIONS
 THE FOLLOWING WEATHER WAS RECORDED YESTERDAY.
  RAIN
  LIGHT RAIN
  FOG


RELATIVE HUMIDITY (PERCENT)
 HIGHEST    96           400 AM
 LOWEST     46          1200 PM
 AVERAGE    71

..........................................................


THE PINE BLUFF CLIMATE NORMALS FOR TODAY
                         NORMAL    RECORD    YEAR
 MAXIMUM TEMPERATURE (F)   61        84      1908
 MINIMUM TEMPERATURE (F)   41        17      1914


SUNRISE AND SUNSET
NOVEMBER 21 2014......SUNRISE   646 AM CST   SUNSET   501 PM CST
NOVEMBER 22 2014......SUNRISE   647 AM CST   SUNSET   500 PM CST


-  INDICATES NEGATIVE NUMBERS.
R  INDICATES RECORD WAS SET OR TIED.
MM INDICATES DATA IS MISSING.
T  INDICATES TRACE AMOUNT.




$$
