000
CDUS42 KMFL 300821
CLIPBI


CLIMATE REPORT
NATIONAL WEATHER SERVICE MIAMI, FL
420 AM EDT SAT JUL 30 2016


...................................

...THE WEST PALM BEACH CLIMATE SUMMARY FOR JULY 29 2016...

CLIMATE NORMAL PERIOD 1981 TO 2010
CLIMATE RECORD PERIOD 1888 TO 2016


WEATHER ITEM   OBSERVED TIME   RECORD YEAR NORMAL DEPARTURE LAST
                VALUE   (LST)  VALUE       VALUE  FROM      YEAR
                                                  NORMAL
..................................................................
TEMPERATURE (F)
 YESTERDAY
  MAXIMUM         93    241 PM  96    1950  90      3       89
                                      1912
  MINIMUM         80    602 AM  68    1921  76      4       75
                                      1918
  AVERAGE         87                        83      4       82

PRECIPITATION (IN)
  YESTERDAY        0.08          2.05 1992   0.17  -0.09     0.03
  MONTH TO DATE    1.59                      5.39  -3.80     4.77
  SINCE JUN 1      6.11                     13.69  -7.58     8.79
  SINCE JAN 1     27.50                     32.40  -4.90    22.54

SNOWFALL (IN)
  YESTERDAY        0.0
  MONTH TO DATE    0.0
  SINCE JUN 1      0.0
  SINCE JUL 1      0.0
  SNOW DEPTH       0

DEGREE DAYS
 HEATING
  YESTERDAY        0                         0      0        0
  MONTH TO DATE    0                         0      0        0
  SINCE JUN 1      0                         0      0        0
  SINCE JUL 1      0                         0      0        0

 COOLING
  YESTERDAY       22                        18      4       17
  MONTH TO DATE  622                       511    111      543
  SINCE JUN 1   1171                      1001    170     1078
  SINCE JAN 1   2452                      2110    342     2612
..................................................................


WIND (MPH)
  HIGHEST WIND SPEED    18   HIGHEST WIND DIRECTION     S (160)
  HIGHEST GUST SPEED    26   HIGHEST GUST DIRECTION     S (160)
  AVERAGE WIND SPEED     5.2


SKY COVER
  AVERAGE SKY COVER 0.4


WEATHER CONDITIONS
 THE FOLLOWING WEATHER WAS RECORDED YESTERDAY.
  THUNDERSTORM
  LIGHT RAIN


RELATIVE HUMIDITY (PERCENT)
 HIGHEST    91
 LOWEST     56
 AVERAGE    74

..........................................................


THE WEST PALM BEACH CLIMATE NORMALS FOR TODAY
                         NORMAL    RECORD    YEAR
 MAXIMUM TEMPERATURE (F)   90        96      2010
                                             1990
                                             1912
 MINIMUM TEMPERATURE (F)   76        68      1937
                                             1914
                                             1912


SUNRISE AND SUNSET
JULY 30 2016..........SUNRISE   645 AM EDT   SUNSET   809 PM EDT
JULY 31 2016..........SUNRISE   645 AM EDT   SUNSET   808 PM EDT


-  INDICATES NEGATIVE NUMBERS.
R  INDICATES RECORD WAS SET OR TIED.
MM INDICATES DATA IS MISSING.
T  INDICATES TRACE AMOUNT.




$$
