114
CDUS42 KMFL 222116
CLIPBI


CLIMATE REPORT
NATIONAL WEATHER SERVICE MIAMI, FL
416 PM EST THU FEB 22 2018


...................................

...THE WEST PALM BEACH CLIMATE SUMMARY FOR FEBRUARY 22 2018...
VALID TODAY AS OF 0400 PM LOCAL TIME.

CLIMATE NORMAL PERIOD 1981 TO 2010
CLIMATE RECORD PERIOD 1888 TO 2018


WEATHER ITEM   OBSERVED TIME   RECORD YEAR NORMAL DEPARTURE LAST
                VALUE   (LST)  VALUE       VALUE  FROM      YEAR
                                                  NORMAL
..................................................................
TEMPERATURE (F)
 TODAY
  MAXIMUM         83    146 PM  89    1974  77      6       77
  MINIMUM         74    648 AM  39    1978  60     14       62
  AVERAGE         79                        68     11       70

PRECIPITATION (IN)
  TODAY            0.00          2.88 1966   0.10  -0.10     1.70
  MONTH TO DATE    0.07                      2.13  -2.06     1.73
  SINCE NOV 1      7.93                     13.39  -5.46     7.20
  SINCE JAN 1      4.49                      5.26  -0.77     2.73

SNOWFALL (IN)
  TODAY            0.0
  MONTH TO DATE    0.0
  SINCE DEC 1      0.0
  SINCE JUL 1      0.0
  SNOW DEPTH       0

DEGREE DAYS
 HEATING
  TODAY            0                         1     -1        0
  MONTH TO DATE    0                        42    -42        2
  SINCE DEC 1    136                       187    -51       51
  SINCE JUL 1    140                       199    -59       52

 COOLING
  TODAY           14                         5      9        5
  MONTH TO DATE  225                        98    127      120
  SINCE DEC 1    513                       361    152      584
  SINCE JAN 1    336                       206    130      291
..................................................................


WIND (MPH)
  HIGHEST WIND SPEED    21   HIGHEST WIND DIRECTION    SE (120)
  HIGHEST GUST SPEED    26   HIGHEST GUST DIRECTION     E (110)
  AVERAGE WIND SPEED    15.4


SKY COVER
  AVERAGE SKY COVER 0.6


WEATHER CONDITIONS
 THE FOLLOWING WEATHER WAS RECORDED TODAY.
  NO SIGNIFICANT WEATHER WAS OBSERVED.


RELATIVE HUMIDITY (PERCENT)
 HIGHEST    84
 LOWEST     62
 AVERAGE    73

..........................................................


THE WEST PALM BEACH CLIMATE NORMALS FOR TOMORROW
                         NORMAL    RECORD    YEAR
 MAXIMUM TEMPERATURE (F)   77        88      1991
                                             1990
 MINIMUM TEMPERATURE (F)   60        32      1978


SUNRISE AND SUNSET
FEBRUARY 22 2018......SUNRISE   651 AM EST   SUNSET   617 PM EST
FEBRUARY 23 2018......SUNRISE   650 AM EST   SUNSET   618 PM EST


-  INDICATES NEGATIVE NUMBERS.
R  INDICATES RECORD WAS SET OR TIED.
MM INDICATES DATA IS MISSING.
T  INDICATES TRACE AMOUNT.




$$
