000
CDUS42 KMFL 180823
CLIPBI


CLIMATE REPORT
NATIONAL WEATHER SERVICE MIAMI, FL
422 AM EDT WED OCT 18 2017


...................................

...THE WEST PALM BEACH CLIMATE SUMMARY FOR OCTOBER 17 2017...

CLIMATE NORMAL PERIOD 1981 TO 2010
CLIMATE RECORD PERIOD 1888 TO 2017


WEATHER ITEM   OBSERVED TIME   RECORD YEAR NORMAL DEPARTURE LAST
                VALUE   (LST)  VALUE       VALUE  FROM      YEAR
                                                  NORMAL
..................................................................
TEMPERATURE (F)
 YESTERDAY
  MAXIMUM         86    322 PM  91    1911  85      1       86
  MINIMUM         73    420 AM  54    1977  72      1       80
  AVERAGE         80                        78      2       83

PRECIPITATION (IN)
  YESTERDAY        T             4.53 1919   0.14  -0.14     0.00
  MONTH TO DATE    5.51                      3.04   2.47     3.42
  SINCE JUN 1     34.77                     33.40   1.37    24.27
  SINCE JAN 1     46.18                     52.11  -5.93    45.66

SNOWFALL (IN)
  YESTERDAY        0.0
  MONTH TO DATE    0.0
  SINCE SEP 1      0.0
  SINCE JUL 1      0.0
  SNOW DEPTH       0

DEGREE DAYS
 HEATING
  YESTERDAY        0                         0      0        0
  MONTH TO DATE    0                         0      0        0
  SINCE SEP 1      0                         0      0        0
  SINCE JUL 1      0                         0      0        0

 COOLING
  YESTERDAY       15                        13      2       18
  MONTH TO DATE  298                       247     51      291
  SINCE SEP 1    856                       749    107      846
  SINCE JAN 1   3917                      3455    462     3967
..................................................................


WIND (MPH)
  HIGHEST WIND SPEED    14   HIGHEST WIND DIRECTION     N (20)
  HIGHEST GUST SPEED    19   HIGHEST GUST DIRECTION    NE (50)
  AVERAGE WIND SPEED     6.1


SKY COVER
  AVERAGE SKY COVER 0.5


WEATHER CONDITIONS
 THE FOLLOWING WEATHER WAS RECORDED YESTERDAY.
  NO SIGNIFICANT WEATHER WAS OBSERVED.


RELATIVE HUMIDITY (PERCENT)
 HIGHEST   100
 LOWEST     65
 AVERAGE    83

..........................................................


THE WEST PALM BEACH CLIMATE NORMALS FOR TODAY
                         NORMAL    RECORD    YEAR
 MAXIMUM TEMPERATURE (F)   85        90      2006
                                             1989
                                             1972
 MINIMUM TEMPERATURE (F)   71        52      2009


SUNRISE AND SUNSET
OCTOBER 18 2017.......SUNRISE   722 AM EDT   SUNSET   649 PM EDT
OCTOBER 19 2017.......SUNRISE   722 AM EDT   SUNSET   648 PM EDT


-  INDICATES NEGATIVE NUMBERS.
R  INDICATES RECORD WAS SET OR TIED.
MM INDICATES DATA IS MISSING.
T  INDICATES TRACE AMOUNT.




$$
