000
CDUS42 KMFL 302019
CLIPBI


CLIMATE REPORT
NATIONAL WEATHER SERVICE MIAMI, FL
419 PM EDT MON MAR 30 2015


...................................

...THE WEST PALM BEACH CLIMATE SUMMARY FOR MARCH 30 2015...
VALID TODAY AS OF 0400 PM LOCAL TIME.

CLIMATE NORMAL PERIOD 1981 TO 2010
CLIMATE RECORD PERIOD 1888 TO 2015


WEATHER ITEM   OBSERVED TIME   RECORD YEAR NORMAL DEPARTURE LAST
                VALUE   (LST)  VALUE       VALUE  FROM      YEAR
                                                  NORMAL
..................................................................
TEMPERATURE (F)
 TODAY
  MAXIMUM         77    136 PM  91    2011  80     -3       79
                                      1991
  MINIMUM         54    620 AM  48    1941  64    -10       61
  AVERAGE         66                        72     -6       70

PRECIPITATION (IN)
  TODAY            0.00          4.74 1937   0.15  -0.15     0.00
  MONTH TO DATE    1.04                      4.43  -3.39     2.40
  SINCE NOV 1      7.84                     18.51 -10.67    21.00
  SINCE JAN 1      4.14                     10.38  -6.24    13.88

SNOWFALL (IN)
  TODAY            0.0
  MONTH TO DATE    0.0
  SINCE MAR 1      0.0
  SINCE JUL 1      0.0
  SNOW DEPTH       0

DEGREE DAYS
 HEATING
  TODAY            0                         0      0        0
  MONTH TO DATE    2                        22    -20        7
  SINCE MAR 1      2                        22    -20        7
  SINCE JUL 1    126                       227   -101      122

 COOLING
  TODAY            1                         7     -6        5
  MONTH TO DATE  349                       186    163      200
  SINCE MAR 1    349                       186    163      200
  SINCE JAN 1    627                       421    206      546
..................................................................


WIND (MPH)
  HIGHEST WIND SPEED    14   HIGHEST WIND DIRECTION     E (100)
  HIGHEST GUST SPEED    18   HIGHEST GUST DIRECTION    NE (40)
  AVERAGE WIND SPEED     4.8


SKY COVER
  AVERAGE SKY COVER 0.3


WEATHER CONDITIONS
 THE FOLLOWING WEATHER WAS RECORDED TODAY.
  NO SIGNIFICANT WEATHER WAS OBSERVED.


RELATIVE HUMIDITY (PERCENT)
 HIGHEST    86
 LOWEST     38
 AVERAGE    62

..........................................................


THE WEST PALM BEACH CLIMATE NORMALS FOR TOMORROW
                         NORMAL    RECORD    YEAR
 MAXIMUM TEMPERATURE (F)   80        95      2011
 MINIMUM TEMPERATURE (F)   64        48      1950


SUNRISE AND SUNSET
MARCH 30 2015.........SUNRISE   714 AM EDT   SUNSET   737 PM EDT
MARCH 31 2015.........SUNRISE   713 AM EDT   SUNSET   737 PM EDT


-  INDICATES NEGATIVE NUMBERS.
R  INDICATES RECORD WAS SET OR TIED.
MM INDICATES DATA IS MISSING.
T  INDICATES TRACE AMOUNT.




$$
