000
CDUS42 KMFL 300843
CLIPBI


CLIMATE REPORT
NATIONAL WEATHER SERVICE MIAMI, FL
431 AM EDT MON MAY 30 2016


...................................

...THE WEST PALM BEACH CLIMATE SUMMARY FOR MAY 29 2016...

CLIMATE NORMAL PERIOD 1981 TO 2010
CLIMATE RECORD PERIOD 1888 TO 2016


WEATHER ITEM   OBSERVED TIME   RECORD YEAR NORMAL DEPARTURE LAST
                VALUE   (LST)  VALUE       VALUE  FROM      YEAR
                                                  NORMAL
..................................................................
TEMPERATURE (F)
 YESTERDAY
  MAXIMUM         89   1223 PM  96    2000  87      2       86
                                      1971
  MINIMUM         75    549 AM  59    1901  73      2       73
  AVERAGE         82                        80      2       80

PRECIPITATION (IN)
  YESTERDAY        0.00          3.58 1890   0.22  -0.22     0.04
  MONTH TO DATE    4.95                      4.06   0.89     1.55
  SINCE NOV 1     31.79                     26.39   5.40    17.44
  SINCE JAN 1     21.39                     18.26   3.13    13.74

SNOWFALL (IN)
  YESTERDAY        0.0
  MONTH TO DATE    0.0
  SINCE MAR 1      0.0
  SINCE JUL 1      0.0
  SNOW DEPTH       0

DEGREE DAYS
 HEATING
  YESTERDAY        0                         0      0        0
  MONTH TO DATE    0                         0      0        0
  SINCE MAR 1      2                        28    -26        2
  SINCE JUL 1    135                       233    -98      126

 COOLING
  YESTERDAY       17                        15      2       15
  MONTH TO DATE  399                       382     17      436
  SINCE MAR 1   1047                       842    205     1223
  SINCE JAN 1   1249                      1077    172     1501
..................................................................


WIND (MPH)
  HIGHEST WIND SPEED    14   HIGHEST WIND DIRECTION     E (100)
  HIGHEST GUST SPEED    23   HIGHEST GUST DIRECTION     E (70)
  AVERAGE WIND SPEED     5.6


SKY COVER
  AVERAGE SKY COVER 0.5


WEATHER CONDITIONS
 THE FOLLOWING WEATHER WAS RECORDED YESTERDAY.
  THUNDERSTORM


RELATIVE HUMIDITY (PERCENT)
 HIGHEST    87
 LOWEST     50
 AVERAGE    69

..........................................................


THE WEST PALM BEACH CLIMATE NORMALS FOR TODAY
                         NORMAL    RECORD    YEAR
 MAXIMUM TEMPERATURE (F)   87        96      1945
                                             1921
 MINIMUM TEMPERATURE (F)   73        59      1920


SUNRISE AND SUNSET
MAY 30 2016...........SUNRISE   627 AM EDT   SUNSET   809 PM EDT
MAY 31 2016...........SUNRISE   627 AM EDT   SUNSET   809 PM EDT


-  INDICATES NEGATIVE NUMBERS.
R  INDICATES RECORD WAS SET OR TIED.
MM INDICATES DATA IS MISSING.
T  INDICATES TRACE AMOUNT.




$$
