000
CDUS42 KMFL 282020
CLIPBI


CLIMATE REPORT
NATIONAL WEATHER SERVICE MIAMI, FL
418 PM EDT WED JUN 28 2017


...................................

...THE WEST PALM BEACH CLIMATE SUMMARY FOR JUNE 28 2017...
VALID TODAY AS OF 0400 PM LOCAL TIME.

CLIMATE NORMAL PERIOD 1981 TO 2010
CLIMATE RECORD PERIOD 1888 TO 2017


WEATHER ITEM   OBSERVED TIME   RECORD YEAR NORMAL DEPARTURE LAST
                VALUE   (LST)  VALUE       VALUE  FROM      YEAR
                                                  NORMAL
..................................................................
TEMPERATURE (F)
 TODAY
  MAXIMUM         90    114 PM  95    1972  89      1       90
                                      1954
  MINIMUM         79    557 AM  67    1921  75      4       77
  AVERAGE         85                        82      3       84

PRECIPITATION (IN)
  TODAY            0.00          1.99 1992   0.27  -0.27     0.00
  MONTH TO DATE   10.32                      7.75   2.57     4.52
  SINCE JUN 1     10.32                      7.75   2.57     4.52
  SINCE JAN 1     21.73                     26.46  -4.73    25.91

SNOWFALL (IN)
  TODAY            0.0
  MONTH TO DATE    0.0
  SINCE JUN 1      0.0
  SINCE JUL 1      0.0
  SNOW DEPTH       0

DEGREE DAYS
 HEATING
  TODAY            0                         0      0        0
  MONTH TO DATE    0                         0      0        0
  SINCE JUN 1      0                         0      0        0
  SINCE JUL 1     68                       233   -165      135

 COOLING
  TODAY           20                        17      3       19
  MONTH TO DATE  476                       458     18      510
  SINCE JUN 1    476                       458     18      510
  SINCE JAN 1   1800                      1567    233     1791
..................................................................


WIND (MPH)
  HIGHEST WIND SPEED    16   HIGHEST WIND DIRECTION     E (90)
  HIGHEST GUST SPEED    21   HIGHEST GUST DIRECTION     E (110)
  AVERAGE WIND SPEED     5.4


SKY COVER
  AVERAGE SKY COVER 0.5


WEATHER CONDITIONS
 THE FOLLOWING WEATHER WAS RECORDED TODAY.
  THUNDERSTORM


RELATIVE HUMIDITY (PERCENT)
 HIGHEST    85
 LOWEST     59
 AVERAGE    72

..........................................................


THE WEST PALM BEACH CLIMATE NORMALS FOR TOMORROW
                         NORMAL    RECORD    YEAR
 MAXIMUM TEMPERATURE (F)   89        98      1924
 MINIMUM TEMPERATURE (F)   75        67      1919
                                             1913


SUNRISE AND SUNSET
JUNE 28 2017..........SUNRISE   630 AM EDT   SUNSET   818 PM EDT
JUNE 29 2017..........SUNRISE   630 AM EDT   SUNSET   818 PM EDT


-  INDICATES NEGATIVE NUMBERS.
R  INDICATES RECORD WAS SET OR TIED.
MM INDICATES DATA IS MISSING.
T  INDICATES TRACE AMOUNT.




$$
