000
CDUS42 KFFC 250818
CLIPDK


CLIMATE REPORT
NATIONAL WEATHER SERVICE PEACHTREE CITY GA
418 AM EDT TUE JUL 25 2017


...................................

...THE DEKALB PEACHTREE AIRPORT CLIMATE SUMMARY FOR JULY 24 2017...

CLIMATE NORMAL PERIOD 1981 TO 2010
CLIMATE RECORD PERIOD 9999 TO 9999


WEATHER ITEM   OBSERVED TIME   RECORD YEAR NORMAL DEPARTURE LAST
                VALUE   (LST)  VALUE       VALUE  FROM      YEAR
                                                  NORMAL
..................................................................
TEMPERATURE (F)
 YESTERDAY
  MAXIMUM         88   1237 PM  MM      MM  89     -1       94
  MINIMUM         73   1159 PM  MM      MM  71      2       73
  AVERAGE         81                        80      1       84

PRECIPITATION (IN)
  YESTERDAY        1.13         MM      MM   0.15   0.98     0.01
  MONTH TO DATE    3.67                      4.09  -0.42     2.17
  SINCE JUN 1     13.70                      8.85   4.85     3.66
  SINCE JAN 1     34.98                     31.34   3.64    20.19

DEGREE DAYS
 COOLING
  YESTERDAY       16                        15      1       19
  MONTH TO DATE  385                       355     30      443
  SINCE JUN 1    727                       708     19      912
  SINCE JAN 1   1047                       919    128     1193
..................................................................


WIND (MPH)
  RESULTANT WIND SPEED   3   RESULTANT WIND DIRECTION  SW (220)
  HIGHEST WIND SPEED    14   HIGHEST WIND DIRECTION    NE (40)
  HIGHEST GUST SPEED    17   HIGHEST GUST DIRECTION    NE (50)
  AVERAGE WIND SPEED     5.6


SKY COVER
  AVERAGE SKY COVER 0.3


WEATHER CONDITIONS
 THE FOLLOWING WEATHER WAS RECORDED YESTERDAY.
  THUNDERSTORM
  HEAVY RAIN
  RAIN
  LIGHT RAIN
  FOG
  HAZE


RELATIVE HUMIDITY (PERCENT)
 HIGHEST    94           600 AM
 LOWEST     59          1100 AM
 AVERAGE    77

..........................................................


THE DEKALB PEACHTREE AIRPORT CLIMATE NORMALS FOR TODAY
                         NORMAL    RECORD    YEAR
 MAXIMUM TEMPERATURE (F)   89        MM        MM
 MINIMUM TEMPERATURE (F)   71        MM        MM


SUNRISE AND SUNSET
JULY 25 2017..........SUNRISE   644 AM EDT   SUNSET   843 PM EDT
JULY 26 2017..........SUNRISE   645 AM EDT   SUNSET   842 PM EDT


-  INDICATES NEGATIVE NUMBERS.
R  INDICATES RECORD WAS SET OR TIED.
MM INDICATES DATA IS MISSING.
T  INDICATES TRACE AMOUNT.




$$
