000
CDUS42 KFFC 280919
CLIPDK


CLIMATE REPORT
NATIONAL WEATHER SERVICE PEACHTREE CITY GA
418 AM EST TUE FEB 28 2017


...................................

...THE DEKALB PEACHTREE AIRPORT CLIMATE SUMMARY FOR FEBRUARY 27 2017...

CLIMATE NORMAL PERIOD 1981 TO 2010
CLIMATE RECORD PERIOD 9999 TO 9999


WEATHER ITEM   OBSERVED TIME   RECORD YEAR NORMAL DEPARTURE LAST
                VALUE   (LST)  VALUE       VALUE  FROM      YEAR
                                                  NORMAL
..................................................................
TEMPERATURE (F)
 YESTERDAY
  MAXIMUM         56   1225 PM  MM      MM  59     -3       58
  MINIMUM         38   1211 AM  MM      MM  38      0       31
  AVERAGE         47                        49     -2       45

PRECIPITATION (IN)
  YESTERDAY        0.03         MM      MM   0.20  -0.17     0.00
  MONTH TO DATE    1.61                      4.80  -3.19     5.55
  SINCE DEC 1     10.26                     13.76  -3.50    20.33
  SINCE JAN 1      7.31                      9.60  -2.29    10.09

SNOWFALL (IN)
  YESTERDAY       MM            MM      MM  MM     MM       MM
  MONTH TO DATE    0.0                      MM     MM         T
  SINCE DEC 1      0.0                      MM     MM         T
  SINCE JUL 1      0.0                      MM     MM         T
  SNOW DEPTH       0

DEGREE DAYS
 HEATING
  YESTERDAY       18                        16      2       20
  MONTH TO DATE  311                       511   -200      503
  SINCE DEC 1   1320                      1857   -537     1528
  SINCE JUL 1   1645                      2384   -739     1896
..................................................................


WIND (MPH)
  RESULTANT WIND SPEED   2   RESULTANT WIND DIRECTION   E (90)
  HIGHEST WIND SPEED    12   HIGHEST WIND DIRECTION     E (110)
  HIGHEST GUST SPEED    19   HIGHEST GUST DIRECTION     E (110)
  AVERAGE WIND SPEED     3.2


SKY COVER
  AVERAGE SKY COVER 0.3


WEATHER CONDITIONS
 THE FOLLOWING WEATHER WAS RECORDED YESTERDAY.
  LIGHT RAIN


RELATIVE HUMIDITY (PERCENT)
 HIGHEST    86           800 PM
 LOWEST     35          1100 AM
 AVERAGE    61

..........................................................


THE DEKALB PEACHTREE AIRPORT CLIMATE NORMALS FOR TODAY
                         NORMAL    RECORD    YEAR
 MAXIMUM TEMPERATURE (F)   59        MM        MM
 MINIMUM TEMPERATURE (F)   39        MM        MM


SUNRISE AND SUNSET
FEBRUARY 28 2017......SUNRISE   707 AM EST   SUNSET   633 PM EST
MARCH  1 2017.........SUNRISE   705 AM EST   SUNSET   634 PM EST


-  INDICATES NEGATIVE NUMBERS.
R  INDICATES RECORD WAS SET OR TIED.
MM INDICATES DATA IS MISSING.
T  INDICATES TRACE AMOUNT.




$$
