332
CDUS46 KPDT 201039
CLIPDT

CLIMATE REPORT
NATIONAL WEATHER SERVICE PENDLETON OR
238 AM PST FRI JAN 20 2017


...................................

...THE PENDLETON OR CLIMATE SUMMARY FOR JANUARY 19 2017...

CLIMATE NORMAL PERIOD 1981 TO 2010
CLIMATE RECORD PERIOD 1890 TO 2017


WEATHER ITEM   OBSERVED TIME   RECORD YEAR NORMAL DEPARTURE LAST
                VALUE   (LST)  VALUE       VALUE  FROM      YEAR
                                                  NORMAL
..................................................................
TEMPERATURE (F)
 YESTERDAY
  MAXIMUM         47    107 AM  67    1968  42      5       48
  MINIMUM         36    811 AM -13    1922  29      7       34
                                      1916
  AVERAGE         42                        36      6       41

PRECIPITATION (IN)
  YESTERDAY        0.01          1.26 1930   0.04  -0.03     0.06
  MONTH TO DATE    1.33                      0.92   0.41     1.01
  SINCE OCT 1      6.85                      4.92   1.93     5.28
  SINCE JAN 1      1.33                      0.92   0.41     1.01

SNOWFALL (IN)
  YESTERDAY        0.0          14.0  1930   0.1   -0.1      0.0
  MONTH TO DATE   13.3                       2.5   10.8       T
  SINCE JAN 1     13.3                       2.5   10.8       T
  SINCE JUL 1     31.8                      10.0   21.8      4.1
  SNOW DEPTH       0

DEGREE DAYS
 HEATING
  YESTERDAY       23                        29     -6       24
  MONTH TO DATE  927                       579    348      629
  SINCE DEC 1   2064                      1563    501     1489
  SINCE JUL 1   3088                      2816    272     2689

 COOLING
  YESTERDAY        0                         0      0        0
  MONTH TO DATE    0                         0      0        0
  SINCE DEC 1      0                         0      0        0
  SINCE JAN 1      0                         0      0        0
..................................................................


WIND (MPH)
  HIGHEST WIND SPEED    14   HIGHEST WIND DIRECTION     S (160)
  HIGHEST GUST SPEED    17   HIGHEST GUST DIRECTION     S (160)
  AVERAGE WIND SPEED     4.6


SKY COVER
  POSSIBLE SUNSHINE  MM
  AVERAGE SKY COVER 0.7


WEATHER CONDITIONS
 THE FOLLOWING WEATHER WAS RECORDED YESTERDAY.
  RAIN


RELATIVE HUMIDITY (PERCENT)
 HIGHEST    85           600 AM
 LOWEST     65          1200 AM
 AVERAGE    75

..........................................................


THE PENDLETON OR CLIMATE NORMALS FOR TODAY
                         NORMAL    RECORD    YEAR
 MAXIMUM TEMPERATURE (F)   43        67      1968
 MINIMUM TEMPERATURE (F)   30       -18      1930


SUNRISE AND SUNSET
JANUARY 20 2017.......SUNRISE   729 AM PST   SUNSET   445 PM PST
JANUARY 21 2017.......SUNRISE   728 AM PST   SUNSET   446 PM PST


-  INDICATES NEGATIVE NUMBERS.
R  INDICATES RECORD WAS SET OR TIED.
MM INDICATES DATA IS MISSING.
T  INDICATES TRACE AMOUNT.

$$
