000
CDUS46 KPDT 230843
CLIPDT

CLIMATE REPORT
NATIONAL WEATHER SERVICE PENDLETON OR
143 AM PDT SUN JUL 23 2017


...................................

...THE PENDLETON OR CLIMATE SUMMARY FOR JULY 22 2017...

CLIMATE NORMAL PERIOD 1981 TO 2010
CLIMATE RECORD PERIOD 1890 TO 2017


WEATHER ITEM   OBSERVED TIME   RECORD YEAR NORMAL DEPARTURE LAST
                VALUE   (LST)  VALUE       VALUE  FROM      YEAR
                                                  NORMAL
..................................................................
TEMPERATURE (F)
 YESTERDAY
  MAXIMUM         94    408 PM 111    1905  90      4       82
  MINIMUM         55    423 AM  41    1897  58     -3       58
  AVERAGE         75                        74      1       70

PRECIPITATION (IN)
  YESTERDAY        0.00          0.43 1992   0.01  -0.01     0.00
  MONTH TO DATE    T                         0.25  -0.25     0.80
  SINCE OCT 1     16.82                     11.64   5.18    11.59
  SINCE JAN 1     11.30                      7.64   3.66     7.32

SNOWFALL (IN)
  YESTERDAY        0.0           0.0  2002   0.0    0.0      0.0
                                      2001
                                      2000
  MONTH TO DATE    0.0                       0.0    0.0      0.0
  SINCE JAN 1     25.9                       7.7   18.2       T
  SINCE JUL 1      0.0                       0.0    0.0      0.0
  SNOW DEPTH       0

DEGREE DAYS
 HEATING
  YESTERDAY        0                         0      0        0
  MONTH TO DATE    0                         7     -7        0
  SINCE JUN 1     75                        90    -15       69
  SINCE JUL 1      0                         7     -7        0

 COOLING
  YESTERDAY       10                         9      1        5
  MONTH TO DATE  212                       161     51       99
  SINCE JUN 1    311                       240     71      236
  SINCE JAN 1    339                       263     76      254
..................................................................


WIND (MPH)
  HIGHEST WIND SPEED    13   HIGHEST WIND DIRECTION    NW (320)
  HIGHEST GUST SPEED    17   HIGHEST GUST DIRECTION    NW (320)
  AVERAGE WIND SPEED     6.0


SKY COVER
  POSSIBLE SUNSHINE  MM
  AVERAGE SKY COVER 0.0


WEATHER CONDITIONS
 THE FOLLOWING WEATHER WAS RECORDED YESTERDAY.
  NO SIGNIFICANT WEATHER WAS OBSERVED.


RELATIVE HUMIDITY (PERCENT)
 HIGHEST    47           400 AM
 LOWEST     14           200 PM
 AVERAGE    31

..........................................................


THE PENDLETON OR CLIMATE NORMALS FOR TODAY
                         NORMAL    RECORD    YEAR
 MAXIMUM TEMPERATURE (F)   90       109      1905
 MINIMUM TEMPERATURE (F)   59        41      1924


SUNRISE AND SUNSET
JULY 23 2017..........SUNRISE   529 AM PDT   SUNSET   834 PM PDT
JULY 24 2017..........SUNRISE   530 AM PDT   SUNSET   833 PM PDT


-  INDICATES NEGATIVE NUMBERS.
R  INDICATES RECORD WAS SET OR TIED.
MM INDICATES DATA IS MISSING.
T  INDICATES TRACE AMOUNT.

$$
