000
CDUS46 KPDT 080029
CLIPDT

CLIMATE REPORT
NATIONAL WEATHER SERVICE PENDLETON OR
427 PM PST WED DEC 7 2016


...................................

...THE PENDLETON OR CLIMATE SUMMARY FOR DECEMBER 7 2016...
VALID TODAY AS OF 0400 PM LOCAL TIME.

CLIMATE NORMAL PERIOD 1981 TO 2010
CLIMATE RECORD PERIOD 1890 TO 2016


WEATHER ITEM   OBSERVED TIME   RECORD YEAR NORMAL DEPARTURE LAST
                VALUE   (LST)  VALUE       VALUE  FROM      YEAR
                                                  NORMAL
..................................................................
TEMPERATURE (F)
 TODAY
  MAXIMUM         25    129 PM  64    1938  40    -15       62
  MINIMUM          7    356 AM  -7    1972  28    -21       45
  AVERAGE         16                        34    -18       54

PRECIPITATION (IN)
  TODAY            0.00          0.91 2015   0.05  -0.05     0.91
  MONTH TO DATE    0.21                      0.35  -0.14     1.18
  SINCE OCT 1      3.44                      2.88   0.56     3.17
  SINCE JAN 1     11.51                     11.54  -0.03     8.99

SNOWFALL (IN)
  TODAY            0.0           4.0  1961   0.2   -0.2      0.0
  MONTH TO DATE    2.6                       1.1    1.5      0.8
  SINCE JAN 1      2.6                      10.3   -7.7      2.8
  SINCE JUL 1      2.6                       2.6    0.0      2.4
  SNOW DEPTH       0

DEGREE DAYS
 HEATING
  TODAY           49                        31     18       11
  MONTH TO DATE  226                       210     16      181
  SINCE DEC 1    226                       210     16      181
  SINCE JUL 1   1250                      1463   -213     1381

 COOLING
  TODAY            0                         0      0        0
  MONTH TO DATE    0                         0      0        0
  SINCE DEC 1      0                         0      0        0
  SINCE JAN 1    605                       636    -31      912
..................................................................


WIND (MPH)
  HIGHEST WIND SPEED    12   HIGHEST WIND DIRECTION    SE (140)
  HIGHEST GUST SPEED    13   HIGHEST GUST DIRECTION    SE (130)
  AVERAGE WIND SPEED     5.9


SKY COVER
  POSSIBLE SUNSHINE  MM
  AVERAGE SKY COVER 0.3


WEATHER CONDITIONS
 THE FOLLOWING WEATHER WAS RECORDED TODAY.
  NO SIGNIFICANT WEATHER WAS OBSERVED.


RELATIVE HUMIDITY (PERCENT)
 HIGHEST    88           400 AM
 LOWEST     68          1200 PM
 AVERAGE    78

..........................................................


THE PENDLETON OR CLIMATE NORMALS FOR TOMORROW
                         NORMAL    RECORD    YEAR
 MAXIMUM TEMPERATURE (F)   40        67      1915
 MINIMUM TEMPERATURE (F)   28       -11      1972


SUNRISE AND SUNSET
DECEMBER  7 2016......SUNRISE   723 AM PST   SUNSET   411 PM PST
DECEMBER  8 2016......SUNRISE   724 AM PST   SUNSET   411 PM PST


-  INDICATES NEGATIVE NUMBERS.
R  INDICATES RECORD WAS SET OR TIED.
MM INDICATES DATA IS MISSING.
T  INDICATES TRACE AMOUNT.




$$
