000
CDUS46 KPDT 260056
CLIPDT

CLIMATE REPORT
NATIONAL WEATHER SERVICE PENDLETON OR
535 PM PDT WED MAY 25 2016


...................................

...THE PENDLETON OR CLIMATE SUMMARY FOR MAY 25 2016...
VALID TODAY AS OF 0500 PM LOCAL TIME.

CLIMATE NORMAL PERIOD 1981 TO 2010
CLIMATE RECORD PERIOD 1890 TO 2016


WEATHER ITEM   OBSERVED TIME   RECORD YEAR NORMAL DEPARTURE LAST
                VALUE   (LST)  VALUE       VALUE  FROM      YEAR
                                                  NORMAL
..................................................................
TEMPERATURE (F)
 TODAY
  MAXIMUM         76    358 PM  98    1928  72      4       75
  MINIMUM         48    458 AM  30    1918  48      0       52
  AVERAGE         62                        60      2       64

PRECIPITATION (IN)
  TODAY            0.00          0.66 1981   0.05  -0.05      T
  MONTH TO DATE    1.19                      1.06   0.13     1.29
  SINCE OCT 1      9.86                     10.12  -0.26     9.12
  SINCE JAN 1      5.59                      6.12  -0.53     4.42

SNOWFALL (IN)
  TODAY            0.0           0.0  2002   0.0    0.0      0.0
                                      2001
                                      2000
  MONTH TO DATE    0.0                       0.0    0.0      0.0
  SINCE JAN 1      T                         7.7   -7.7      0.4
  SINCE JUL 1      4.1                      15.2  -11.1      7.2
  SNOW DEPTH       0

DEGREE DAYS
 HEATING
  TODAY            3                         6     -3        1
  MONTH TO DATE  130                       214    -84      153
  SINCE MAR 1    950                      1262   -312     1099
  SINCE JUL 1   4542                      5161   -619     4592

 COOLING
  TODAY            0                         1     -1        0
  MONTH TO DATE   18                        16      2        3
  SINCE MAR 1     18                        17      1        3
  SINCE JAN 1     18                        17      1        3
..................................................................


WIND (MPH)
  HIGHEST WIND SPEED    21   HIGHEST WIND DIRECTION     W (270)
  HIGHEST GUST SPEED    25   HIGHEST GUST DIRECTION     W (250)
  AVERAGE WIND SPEED     8.9


SKY COVER
  POSSIBLE SUNSHINE  MM
  AVERAGE SKY COVER 0.1


WEATHER CONDITIONS
THE FOLLOWING WEATHER WAS RECORDED TODAY.
  NO SIGNIFICANT WEATHER WAS OBSERVED.


RELATIVE HUMIDITY (PERCENT)
 HIGHEST    80           400 AM
 LOWEST     31           200 PM
 AVERAGE    56

..........................................................


THE PENDLETON OR CLIMATE NORMALS FOR TOMORROW
                         NORMAL    RECORD    YEAR
 MAXIMUM TEMPERATURE (F)   73        99      1936
 MINIMUM TEMPERATURE (F)   48        29      1918


SUNRISE AND SUNSET
MAY 25 2016...........SUNRISE   514 AM PDT   SUNSET   832 PM PDT
MAY 26 2016...........SUNRISE   513 AM PDT   SUNSET   833 PM PDT


-  INDICATES NEGATIVE NUMBERS.
R  INDICATES RECORD WAS SET OR TIED.
MM INDICATES DATA IS MISSING.
T  INDICATES TRACE AMOUNT.




$$
