000
CDUS46 KPDT 030038
CLIPDT

CLIMATE REPORT
NATIONAL WEATHER SERVICE PENDLETON OR
533 PM PDT TUE SEP 2 2014


...................................

...THE PENDLETON OR CLIMATE SUMMARY FOR SEPTEMBER 2 2014...
VALID TODAY AS OF 0500 PM LOCAL TIME.

CLIMATE NORMAL PERIOD 1981 TO 2010
CLIMATE RECORD PERIOD 1890 TO 2014


WEATHER ITEM   OBSERVED TIME   RECORD YEAR NORMAL DEPARTURE LAST
                VALUE   (LST)  VALUE       VALUE  FROM      YEAR
                                                  NORMAL
..................................................................
TEMPERATURE (F)
 TODAY
  MAXIMUM         84    244 PM 101    1950  82      2       88
  MINIMUM         51    305 AM  38    1919  53     -2       61
                                      1913
  AVERAGE         68                        68      0       75

PRECIPITATION (IN)
  TODAY            0.00          0.87 1941   0.01  -0.01     0.09
  MONTH TO DATE    0.00                      0.03  -0.03     0.09
  SINCE OCT 1     10.11                     12.12  -2.01     9.82
  SINCE JAN 1      8.32                      8.12   0.20     5.38

SNOWFALL (IN)
  TODAY            0.0           0.0  2002   0.0    0.0      0.0
                                      2001
                                      1999
  MONTH TO DATE    0.0                       0.0    0.0      0.0
  SINCE JAN 1     15.2                       7.7    7.5      0.2
  SINCE JUL 1      0.0                       0.0    0.0       T
  SNOW DEPTH       0

DEGREE DAYS
 HEATING
  TODAY            0                         1     -1        0
  MONTH TO DATE    0                         2     -2        0
  SINCE SEP 1      0                         2     -2        0
  SINCE JUL 1      3                        24    -21        0

 COOLING
  TODAY            3                         4     -1       10
  MONTH TO DATE    3                         8     -5       19
  SINCE SEP 1      3                         8     -5       19
  SINCE JAN 1    764                       578    186      729
..................................................................


WIND (MPH)
  HIGHEST WIND SPEED    31   HIGHEST WIND DIRECTION     W (280)
  HIGHEST GUST SPEED    38   HIGHEST GUST DIRECTION     W (270)
  AVERAGE WIND SPEED    12.3


SKY COVER
  POSSIBLE SUNSHINE  MM
  AVERAGE SKY COVER 0.0


WEATHER CONDITIONS
 THE FOLLOWING WEATHER WAS RECORDED TODAY.
  NO SIGNIFICANT WEATHER WAS OBSERVED.


RELATIVE HUMIDITY (PERCENT)
 HIGHEST    66           500 AM
 LOWEST     18           300 PM
 AVERAGE    42

..........................................................


THE PENDLETON OR CLIMATE NORMALS FOR TOMORROW
                         NORMAL    RECORD    YEAR
 MAXIMUM TEMPERATURE (F)   82       104      1930
 MINIMUM TEMPERATURE (F)   53        31      1892


SUNRISE AND SUNSET
SEPTEMBER  2 2014.....SUNRISE   618 AM PDT   SUNSET   731 PM PDT
SEPTEMBER  3 2014.....SUNRISE   619 AM PDT   SUNSET   729 PM PDT


-  INDICATES NEGATIVE NUMBERS.
R  INDICATES RECORD WAS SET OR TIED.
MM INDICATES DATA IS MISSING.
T  INDICATES TRACE AMOUNT.




$$
