000
CDUS46 KPDT 021025
CLIPDT

CLIMATE REPORT
NATIONAL WEATHER SERVICE PENDLETON OR
325 AM PDT TUE JUN 2 2015

...................................

...THE PENDLETON OR CLIMATE SUMMARY FOR JUNE 1 2015...

CLIMATE NORMAL PERIOD 1981 TO 2010
CLIMATE RECORD PERIOD 1890 TO 2015


WEATHER ITEM   OBSERVED TIME   RECORD YEAR NORMAL DEPARTURE LAST
                VALUE   (LST)  VALUE       VALUE  FROM      YEAR
                                                  NORMAL
..................................................................
TEMPERATURE (F)
 YESTERDAY
  MAXIMUM         77    111 PM  98    1909  74      3       84
  MINIMUM         57   1121 PM  35    1919  49      8       54
  AVERAGE         67                        62      5       69

PRECIPITATION (IN)
  YESTERDAY        0.04          0.96 1947   0.05  -0.01     0.00
  MONTH TO DATE    0.04                      0.05  -0.01     0.00
  SINCE OCT 1      9.68                     10.46  -0.78     8.26
  SINCE JAN 1      4.98                      6.46  -1.48     6.47

SNOWFALL (IN)
  YESTERDAY        0.0           0.0  2002   0.0    0.0      0.0
                                      2001
                                      2000
  MONTH TO DATE    0.0                       0.0    0.0      0.0
  SINCE JAN 1      0.4                       7.7   -7.3     15.2
  SINCE JUL 1      7.2                      15.2   -8.0     21.7
  SNOW DEPTH       0

DEGREE DAYS
 HEATING
  YESTERDAY        0                         5     -5        0
  MONTH TO DATE    0                         5     -5        0
  SINCE JUN 1      0                         5     -5        0
  SINCE JUL 1   4596                      5198   -602     5443

COOLING
  YESTERDAY        2                         1      1        4
  MONTH TO DATE    2                         1      1        4
  SINCE JUN 1      2                         1      1        4
  SINCE JAN 1     29                        24      5       26
..................................................................


WIND (MPH)
  HIGHEST WIND SPEED    29   HIGHEST WIND DIRECTION     W (270)
  HIGHEST GUST SPEED    35   HIGHEST GUST DIRECTION     W (270)
  AVERAGE WIND SPEED    10.5


SKY COVER
  POSSIBLE SUNSHINE  MM
  AVERAGE SKY COVER 0.3


WEATHER CONDITIONS
 THE FOLLOWING WEATHER WAS RECORDED YESTERDAY.
  THUNDERSTORM
  LIGHT RAIN
  HAZE


RELATIVE HUMIDITY (PERCENT)
 HIGHEST    86           100 AM
 LOWEST     44           200 PM
 AVERAGE    65

..........................................................


THE PENDLETON OR CLIMATE NORMALS FOR TODAY
                         NORMAL    RECORD    YEAR
 MAXIMUM TEMPERATURE (F)   74        96      1970
                                             1924
                                             1913
 MINIMUM TEMPERATURE (F)   49        35      1917
                                             1908


SUNRISE AND SUNSET
JUNE  2 2015..........SUNRISE   509 AM PDT   SUNSET   838 PM PDT
JUNE  3 2015..........SUNRISE   508 AM PDT   SUNSET   839 PM PDT


-  INDICATES NEGATIVE NUMBERS.
R  INDICATES RECORD WAS SET OR TIED.
MM INDICATES DATA IS MISSING.
T  INDICATES TRACE AMOUNT.

$$
