000
CDUS46 KPDT 010836
CLIPDT

CLIMATE REPORT
NATIONAL WEATHER SERVICE PENDLETON OR
136 AM PDT SAT OCT 1 2016


...................................

...THE PENDLETON OR CLIMATE SUMMARY FOR SEPTEMBER 30 2016...

CLIMATE NORMAL PERIOD 1981 TO 2010
CLIMATE RECORD PERIOD 1890 TO 2016


WEATHER ITEM   OBSERVED TIME   RECORD YEAR NORMAL DEPARTURE LAST
                VALUE   (LST)  VALUE       VALUE  FROM      YEAR
                                                  NORMAL
..................................................................
TEMPERATURE (F)
 YESTERDAY
  MAXIMUM         73    140 PM  89    1992  72      1       75
                                      1932
  MINIMUM         47    626 AM  27    1911  45      2       43
  AVERAGE         60                        58      2       59

PRECIPITATION (IN)
  YESTERDAY        T             0.78 2000   0.02  -0.02     0.00
  MONTH TO DATE    0.68                      0.57   0.11     0.81
  SINCE OCT 1     12.34                     12.66  -0.32    10.52
  SINCE JAN 1      8.07                      8.66  -0.59     5.82

SNOWFALL (IN)
  YESTERDAY        0.0           0.0  2002   0.0    0.0      0.0
                                      2001
                                      1999
  MONTH TO DATE    0.0                       0.0    0.0      0.0
  SINCE JAN 1      T                         7.7   -7.7      0.4
  SINCE JUL 1      0.0                       0.0    0.0      0.0
  SNOW DEPTH       0

DEGREE DAYS
 HEATING
  YESTERDAY        5                         7     -2        6
  MONTH TO DATE  117                       112      5      136
  SINCE SEP 1    117                       112      5      136
  SINCE JUL 1    119                       134    -15      144

 COOLING
  YESTERDAY        0                         0      0        0
  MONTH TO DATE   17                        64    -47       32
  SINCE SEP 1     17                        64    -47       32
  SINCE JAN 1    605                       634    -29      908
..................................................................


WIND (MPH)
  HIGHEST WIND SPEED    28   HIGHEST WIND DIRECTION    SW (230)
  HIGHEST GUST SPEED    34   HIGHEST GUST DIRECTION    SW (230)
  AVERAGE WIND SPEED     8.3


SKY COVER
  POSSIBLE SUNSHINE  MM
  AVERAGE SKY COVER 0.1


WEATHER CONDITIONS
 THE FOLLOWING WEATHER WAS RECORDED YESTERDAY.
  LIGHT RAIN


RELATIVE HUMIDITY (PERCENT)
 HIGHEST    77           400 AM
 LOWEST     24           100 PM
 AVERAGE    51

..........................................................


THE PENDLETON OR CLIMATE NORMALS FOR TODAY
                         NORMAL    RECORD    YEAR
 MAXIMUM TEMPERATURE (F)   71        93      1931
 MINIMUM TEMPERATURE (F)   44        29      1900


SUNRISE AND SUNSET
OCTOBER  1 2016.......SUNRISE   654 AM PDT   SUNSET   634 PM PDT
OCTOBER  2 2016.......SUNRISE   656 AM PDT   SUNSET   633 PM PDT


-  INDICATES NEGATIVE NUMBERS.
R  INDICATES RECORD WAS SET OR TIED.
MM INDICATES DATA IS MISSING.
T  INDICATES TRACE AMOUNT.


$$
