000
CDUS46 KPDT 041002
CLIPDT

CLIMATE REPORT
NATIONAL WEATHER SERVICE PENDLETON OR
300 AM PDT FRI SEP 4 2015


...................................

...THE PENDLETON OR CLIMATE SUMMARY FOR SEPTEMBER 3 2015...

CLIMATE NORMAL PERIOD 1981 TO 2010
CLIMATE RECORD PERIOD 1890 TO 2015


WEATHER ITEM   OBSERVED TIME   RECORD YEAR NORMAL DEPARTURE LAST
                VALUE   (LST)  VALUE       VALUE  FROM      YEAR
                                                  NORMAL
..................................................................
TEMPERATURE (F)
 YESTERDAY
  MAXIMUM         70    327 PM 104    1930  82    -12       73
  MINIMUM         44   1141 PM  31    1892  53     -9       49
  AVERAGE         57                        68    -11       61

PRECIPITATION (IN)
  YESTERDAY        T             0.51 1970   0.02  -0.02     0.00
  MONTH TO DATE    0.01                      0.05  -0.04     0.00
  SINCE OCT 1      9.72                     12.14  -2.42    10.11
  SINCE JAN 1      5.02                      8.14  -3.12     8.32

SNOWFALL (IN)
  YESTERDAY        0.0           0.0  2002   0.0    0.0      0.0
                                      2001
                                      1999
  MONTH TO DATE    0.0                       0.0    0.0      0.0
  SINCE JAN 1      0.4                       7.7   -7.3     15.2
  SINCE JUL 1      0.0                       0.0    0.0      0.0
  SNOW DEPTH       0

DEGREE DAYS
 HEATING
  YESTERDAY        8                         1      7        4
  MONTH TO DATE   10                         3      7        4
  SINCE SEP 1     10                         3      7        4
  SINCE JUL 1     18                        25     -7        7

 COOLING
  YESTERDAY        0                         4     -4        0
  MONTH TO DATE    1                        12    -11        3
  SINCE SEP 1      1                        12    -11        3
  SINCE JAN 1    877                       582    295      764
..................................................................


WIND (MPH)
  HIGHEST WIND SPEED    21   HIGHEST WIND DIRECTION     W (270)
  HIGHEST GUST SPEED    27   HIGHEST GUST DIRECTION     W (260)
  AVERAGE WIND SPEED     9.3


SKY COVER
  POSSIBLE SUNSHINE  MM
  AVERAGE SKY COVER 0.3


WEATHER CONDITIONS
 THE FOLLOWING WEATHER WAS RECORDED YESTERDAY.
  LIGHT RAIN
  HAZE


RELATIVE HUMIDITY (PERCENT)
 HIGHEST    64           300 AM
 LOWEST     18           400 PM
 AVERAGE    41

..........................................................


THE PENDLETON OR CLIMATE NORMALS FOR TODAY
                         NORMAL    RECORD    YEAR
 MAXIMUM TEMPERATURE (F)   82       100      1934
 MINIMUM TEMPERATURE (F)   53        32      1892


SUNRISE AND SUNSET
SEPTEMBER  4 2015.....SUNRISE   620 AM PDT   SUNSET   728 PM PDT
SEPTEMBER  5 2015.....SUNRISE   621 AM PDT   SUNSET   726 PM PDT


-  INDICATES NEGATIVE NUMBERS.
R  INDICATES RECORD WAS SET OR TIED.
MM INDICATES DATA IS MISSING.
T  INDICATES TRACE AMOUNT.

$$
