916
CDUS46 KPQR 251147
CLIPDX


CLIMATE REPORT
NATIONAL WEATHER SERVICE PORTLAND OREGON
346 AM PST SUN FEB 25 2018


...................................

...THE PORTLAND OR CLIMATE SUMMARY FOR FEBRUARY 24 2018...

CLIMATE NORMAL PERIOD 1981 TO 2010
CLIMATE RECORD PERIOD 1940 TO 2018


WEATHER ITEM   OBSERVED TIME   RECORD YEAR NORMAL DEPARTURE LAST
                VALUE   (LST)  VALUE       VALUE  FROM      YEAR
                                                  NORMAL
..................................................................
TEMPERATURE (F)
 YESTERDAY
  MAXIMUM         50    147 PM  68    1986  53     -3       41
  MINIMUM         37    801 AM  25    1969  37      0       32
  AVERAGE         44                        45     -1       37

PRECIPITATION (IN)
  YESTERDAY        0.03          1.89 1994   0.13  -0.10     0.07
  MONTH TO DATE    1.27                      3.14  -1.87    10.12
  SINCE OCT 1     20.73                     22.14  -1.41    34.00
  SINCE JAN 1      6.63                      8.02  -1.39    14.25

SNOWFALL (IN)
  YESTERDAY       MM             2.0  1994
  MONTH TO DATE    6.6
  SINCE DEC 1      7.6
  SINCE JUL 1      7.6

DEGREE DAYS
 HEATING
  YESTERDAY       21                        20      1       28
  MONTH TO DATE  528                       514     14      575
  SINCE DEC 1   1899                      2009   -110     2398
  SINCE JUL 1   2824                      2978   -154     3108

 COOLING
  YESTERDAY        0                         0      0        0
  MONTH TO DATE    0                         0      0        0
  SINCE DEC 1      0                         0      0        0
  SINCE JAN 1      0                         0      0        0
..................................................................


WIND (MPH)
  HIGHEST WIND SPEED    23   HIGHEST WIND DIRECTION    SW (210)
  HIGHEST GUST SPEED    31   HIGHEST GUST DIRECTION    SW (210)
  AVERAGE WIND SPEED    10.9


SKY COVER
  POSSIBLE SUNSHINE  MM
  AVERAGE SKY COVER 0.8


WEATHER CONDITIONS
 THE FOLLOWING WEATHER WAS RECORDED YESTERDAY.
  LIGHT RAIN
  HAZE


RELATIVE HUMIDITY (PERCENT)
 HIGHEST    85           200 AM
 LOWEST     56           100 PM
 AVERAGE    71

..........................................................


THE PORTLAND OR CLIMATE NORMALS FOR TODAY
                         NORMAL    RECORD    YEAR
 MAXIMUM TEMPERATURE (F)   53        66      1991
                                             1968
 MINIMUM TEMPERATURE (F)   37        23      1969


SUNRISE AND SUNSET
FEBRUARY 25 2018......SUNRISE   656 AM PST   SUNSET   552 PM PST
FEBRUARY 26 2018......SUNRISE   654 AM PST   SUNSET   553 PM PST


-  INDICATES NEGATIVE NUMBERS.
R  INDICATES RECORD WAS SET OR TIED.
MM INDICATES DATA IS MISSING.
T  INDICATES TRACE AMOUNT.




$$
