463
CDUS46 KPQR 260226
CLIPDX


CLIMATE REPORT
NATIONAL WEATHER SERVICE PORTLAND OREGON
726 PM PDT TUE APR 25 2017


...................................

...THE PORTLAND OR CLIMATE SUMMARY FOR APRIL 25 2017...
VALID TODAY AS OF 0700 PM LOCAL TIME.

CLIMATE NORMAL PERIOD 1981 TO 2010
CLIMATE RECORD PERIOD 1940 TO 2017


WEATHER ITEM   OBSERVED TIME   RECORD YEAR NORMAL DEPARTURE LAST
                VALUE   (LST)  VALUE       VALUE  FROM      YEAR
                                                  NORMAL
..................................................................
TEMPERATURE (F)
 TODAY
  MAXIMUM         54    153 PM  82    2001  63     -9       63
  MINIMUM         45    256 AM  32    1955  44      1       40
  AVERAGE         50                        54     -4       52

PRECIPITATION (IN)
  TODAY            0.09          1.00 1989   0.08   0.01     0.00
  MONTH TO DATE    4.09                      2.34   1.75     1.86
  SINCE OCT 1     45.59                     28.68  16.91    41.34
  SINCE JAN 1     25.84                     14.56  11.28    17.92

SNOWFALL (IN)
  TODAY           MM             0.0  2016
  MONTH TO DATE    0.0
  SINCE MAR 1      T
  SINCE JUL 1     11.2

DEGREE DAYS
 HEATING
  TODAY           15                        11      4       13
  MONTH TO DATE  351                       330     21      174
  SINCE MAR 1    881                       852     29      623
  SINCE JUL 1   4086                      3910    176     3226

 COOLING
  TODAY            0                         0      0        0
  MONTH TO DATE    0                         0      0       18
  SINCE MAR 1      0                         0      0       18
  SINCE JAN 1      0                         0      0       18
..................................................................


WIND (MPH)
  HIGHEST WIND SPEED    13   HIGHEST WIND DIRECTION     E (110)
  HIGHEST GUST SPEED    15   HIGHEST GUST DIRECTION     E (110)
  AVERAGE WIND SPEED     7.2



WEATHER CONDITIONS
 THE FOLLOWING WEATHER WAS RECORDED TODAY.
  LIGHT RAIN
  FOG
  HAZE


RELATIVE HUMIDITY (PERCENT)
 HIGHEST    93           400 AM
 LOWEST     66          1100 AM
 AVERAGE    80

..........................................................


THE PORTLAND OR CLIMATE NORMALS FOR TOMORROW
                         NORMAL    RECORD    YEAR
 MAXIMUM TEMPERATURE (F)   63        86      2004
                                             1947
 MINIMUM TEMPERATURE (F)   44        34      1970
                                             1969
                                             1958


SUNRISE AND SUNSET
APRIL 25 2017.........SUNRISE   607 AM PDT   SUNSET   810 PM PDT
APRIL 26 2017.........SUNRISE   606 AM PDT   SUNSET   812 PM PDT


-  INDICATES NEGATIVE NUMBERS.
R  INDICATES RECORD WAS SET OR TIED.
MM INDICATES DATA IS MISSING.
T  INDICATES TRACE AMOUNT.




$$
