000
CDUS46 KPQR 281142
CLIPDX


CLIMATE REPORT
NATIONAL WEATHER SERVICE PORTLAND OREGON
441 AM PDT FRI JUL 28 2017


...................................

...THE PORTLAND OR CLIMATE SUMMARY FOR JULY 27 2017...

CLIMATE NORMAL PERIOD 1981 TO 2010
CLIMATE RECORD PERIOD 1940 TO 2017


WEATHER ITEM   OBSERVED TIME   RECORD YEAR NORMAL DEPARTURE LAST
                VALUE   (LST)  VALUE       VALUE  FROM      YEAR
                                                  NORMAL
..................................................................
TEMPERATURE (F)
 YESTERDAY
  MAXIMUM         78    530 PM 103    2009  82     -4       88
  MINIMUM         59    554 AM  47    1959  59      0       59
  AVERAGE         69                        71     -2       74

PRECIPITATION (IN)
  YESTERDAY        0.00          0.25 1947   0.02  -0.02     0.00
  MONTH TO DATE    T                         0.59  -0.59     0.66
  SINCE OCT 1     49.01                     33.83  15.18    45.24
  SINCE JAN 1     29.26                     19.71   9.55    21.82

SNOWFALL (IN)
  YESTERDAY        0.0          MM      MM
  MONTH TO DATE    0.0
  SINCE JUN 1      0.0
  SINCE JUL 1      0.0

DEGREE DAYS
 HEATING
  YESTERDAY        0                         0      0        0
  MONTH TO DATE    1                        15    -14        3
  SINCE JUN 1     70                       106    -36       70
  SINCE JUL 1      1                        15    -14        3

 COOLING
  YESTERDAY        4                         6     -2        9
  MONTH TO DATE  134                       125      9      104
  SINCE JUN 1    222                       172     50      209
  SINCE JAN 1    263                       189     74      258
..................................................................


WIND (MPH)
  HIGHEST WIND SPEED    16   HIGHEST WIND DIRECTION    NW (310)
  HIGHEST GUST SPEED    19   HIGHEST GUST DIRECTION    NW (320)
  AVERAGE WIND SPEED     7.2


SKY COVER
  POSSIBLE SUNSHINE  MM
  AVERAGE SKY COVER 0.4


WEATHER CONDITIONS
 THE FOLLOWING WEATHER WAS RECORDED YESTERDAY.
  NO SIGNIFICANT WEATHER WAS OBSERVED.


RELATIVE HUMIDITY (PERCENT)
 HIGHEST    90           100 AM
 LOWEST     43           500 PM
 AVERAGE    67

..........................................................


THE PORTLAND OR CLIMATE NORMALS FOR TODAY
                         NORMAL    RECORD    YEAR
 MAXIMUM TEMPERATURE (F)   82       106      2009
 MINIMUM TEMPERATURE (F)   59        50      1963


SUNRISE AND SUNSET
JULY 28 2017..........SUNRISE   550 AM PDT   SUNSET   843 PM PDT
JULY 29 2017..........SUNRISE   551 AM PDT   SUNSET   842 PM PDT


-  INDICATES NEGATIVE NUMBERS.
R  INDICATES RECORD WAS SET OR TIED.
MM INDICATES DATA IS MISSING.
T  INDICATES TRACE AMOUNT.




$$
