000
CDUS46 KPQR 301144
CLIPDX


CLIMATE REPORT
NATIONAL WEATHER SERVICE PORTLAND OREGON
443 AM PDT SUN AUG 30 2015


...................................

...THE PORTLAND OR CLIMATE SUMMARY FOR AUGUST 29 2015...

CLIMATE NORMAL PERIOD 1981 TO 2010
CLIMATE RECORD PERIOD 1940 TO 2015


WEATHER ITEM   OBSERVED TIME   RECORD YEAR NORMAL DEPARTURE LAST
                VALUE   (LST)  VALUE       VALUE  FROM      YEAR
                                                  NORMAL
..................................................................
TEMPERATURE (F)
 YESTERDAY
  MAXIMUM         76    231 PM  95    1944  80     -4       77
  MINIMUM         63   1159 PM  44    1980  57      6       63
                                      1951
  AVERAGE         70                        68      2       70

PRECIPITATION (IN)
  YESTERDAY        0.27          1.13 1983   0.03   0.24     0.00
  MONTH TO DATE    0.39                      0.60  -0.21     0.01
  SINCE OCT 1     30.43                     34.49  -4.06    29.97
  SINCE JAN 1     15.45                     20.37  -4.92    24.15

DEGREE DAYS
 HEATING
  YESTERDAY        0                         1     -1        0
  MONTH TO DATE    0                         2     -2        0
  SINCE JUN 1     19                       110    -91       63
  SINCE JUL 1      0                        19    -19        1

 COOLING
  YESTERDAY        5                         4      1        5
  MONTH TO DATE  231                       146     85      254
  SINCE JUN 1    703                       340    363      503
  SINCE JAN 1    725                       357    368      531
..................................................................


WIND (MPH)
  HIGHEST WIND SPEED    32   HIGHEST WIND DIRECTION     S (200)
  HIGHEST GUST SPEED    43   HIGHEST GUST DIRECTION     S (200)
  AVERAGE WIND SPEED    15.0


SKY COVER
  POSSIBLE SUNSHINE  MM
  AVERAGE SKY COVER 0.9


WEATHER CONDITIONS
 THE FOLLOWING WEATHER WAS RECORDED YESTERDAY.
  RAIN
  LIGHT RAIN
  FOG


RELATIVE HUMIDITY (PERCENT)
 HIGHEST    93           200 AM
 LOWEST     46           100 PM
 AVERAGE    70

..........................................................


THE PORTLAND OR CLIMATE NORMALS FOR TODAY
                         NORMAL    RECORD    YEAR
 MAXIMUM TEMPERATURE (F)   80        98      1987
 MINIMUM TEMPERATURE (F)   57        46      1951


SUNRISE AND SUNSET
AUGUST 30 2015........SUNRISE   629 AM PDT   SUNSET   752 PM PDT
AUGUST 31 2015........SUNRISE   630 AM PDT   SUNSET   750 PM PDT


-  INDICATES NEGATIVE NUMBERS.
R  INDICATES RECORD WAS SET OR TIED.
MM INDICATES DATA IS MISSING.
T  INDICATES TRACE AMOUNT.




$$
