000
CDUS46 KPQR 201144
CLIPDX


CLIMATE REPORT
NATIONAL WEATHER SERVICE PORTLAND OREGON
343 AM PST FRI JAN 20 2017


...................................

...THE PORTLAND OR CLIMATE SUMMARY FOR JANUARY 19 2017...

CLIMATE NORMAL PERIOD 1981 TO 2010
CLIMATE RECORD PERIOD 1940 TO 2017


WEATHER ITEM   OBSERVED TIME   RECORD YEAR NORMAL DEPARTURE LAST
                VALUE   (LST)  VALUE       VALUE  FROM      YEAR
                                                  NORMAL
..................................................................
TEMPERATURE (F)
 YESTERDAY
  MAXIMUM         52    156 PM  60    1971  47      5       48
  MINIMUM         35    313 AM  18    1950  36     -1       42
  AVERAGE         44                        42      2       45

PRECIPITATION (IN)
  YESTERDAY        T             1.98 1950   0.15  -0.15     0.64
  MONTH TO DATE    3.36                      3.14   0.22     5.09
  SINCE OCT 1     23.11                     17.26   5.85    28.51
  SINCE JAN 1      3.36                      3.14   0.22     5.09

SNOWFALL (IN)
  YESTERDAY        0.0           4.1  1950
  MONTH TO DATE    8.4
  SINCE DEC 1     11.2
  SINCE JUL 1     11.2

DEGREE DAYS
 HEATING
  YESTERDAY       21                        23     -2       20
  MONTH TO DATE  663                       459    204      478
  SINCE DEC 1   1517                      1222    295     1137
  SINCE JUL 1   2227                      2191     36     1945

 COOLING
  YESTERDAY        0                         0      0        0
  MONTH TO DATE    0                         0      0        0
  SINCE DEC 1      0                         0      0        0
  SINCE JAN 1      0                         0      0        0
..................................................................


WIND (MPH)
  HIGHEST WIND SPEED    23   HIGHEST WIND DIRECTION     S (200)
  HIGHEST GUST SPEED    28   HIGHEST GUST DIRECTION    SW (210)
  AVERAGE WIND SPEED    11.9


SKY COVER
  POSSIBLE SUNSHINE  MM
  AVERAGE SKY COVER 0.8


WEATHER CONDITIONS
 THE FOLLOWING WEATHER WAS RECORDED YESTERDAY.
  NO SIGNIFICANT WEATHER WAS OBSERVED.


RELATIVE HUMIDITY (PERCENT)
 HIGHEST   100           700 AM
 LOWEST     63           100 PM
 AVERAGE    82

..........................................................


THE PORTLAND OR CLIMATE NORMALS FOR TODAY
                         NORMAL    RECORD    YEAR
 MAXIMUM TEMPERATURE (F)   48        56      1961
 MINIMUM TEMPERATURE (F)   36        15      1949


SUNRISE AND SUNSET
JANUARY 20 2017.......SUNRISE   743 AM PST   SUNSET   500 PM PST
JANUARY 21 2017.......SUNRISE   742 AM PST   SUNSET   502 PM PST


-  INDICATES NEGATIVE NUMBERS.
R  INDICATES RECORD WAS SET OR TIED.
MM INDICATES DATA IS MISSING.
T  INDICATES TRACE AMOUNT.




$$
