000
CDUS41 KPBZ 012112
CLIPHD


CLIMATE REPORT
NATIONAL WEATHER SERVICE PITTSBURGH PA
511 PM EDT FRI AUG 1 2014


...................................

...THE NEW PHILADELPHIA OH CLIMATE SUMMARY FOR AUGUST 1 2014...
VALID TODAY AS OF 0500 PM LOCAL TIME.

CLIMATE NORMAL PERIOD 1981 TO 2010
CLIMATE RECORD PERIOD 1946 TO 2014


WEATHER ITEM   OBSERVED TIME   RECORD YEAR NORMAL DEPARTURE LAST
                VALUE   (LST)  VALUE       VALUE  FROM      YEAR
                                                  NORMAL
..................................................................
TEMPERATURE (F)
 TODAY
  MAXIMUM         83    359 PM  94    1975  84     -1       81
  MINIMUM         57    606 AM  49    1992  61     -4       61
  AVERAGE         70                        72     -2       71

PRECIPITATION (IN)
  TODAY            0.00         MM      MM   0.09  -0.09     0.06
  MONTH TO DATE    0.00                      0.09  -0.09     0.06
  SINCE JUN 1      9.75                      7.85   1.90    12.18
  SINCE JAN 1     24.93                     23.45   1.48    22.22

DEGREE DAYS
 HEATING
  TODAY            0                         0      0        0
  MONTH TO DATE    0                         0      0        0
  SINCE JUN 1     29                        38     -9       26
  SINCE JUL 1     19                         3     16        4

 COOLING
  TODAY            5                         8     -3        6
  MONTH TO DATE    5                         8     -3        6
  SINCE JUN 1    334                       385    -51      388
  SINCE JAN 1    400                       428    -28      486
..................................................................


WIND (MPH)
  HIGHEST WIND SPEED     9   HIGHEST WIND DIRECTION    SE (140)
  HIGHEST GUST SPEED    12   HIGHEST GUST DIRECTION    SE (140)
  AVERAGE WIND SPEED     2.4


SKY COVER
  POSSIBLE SUNSHINE  MM
  AVERAGE SKY COVER 0.1


WEATHER CONDITIONS
 THE FOLLOWING WEATHER WAS RECORDED TODAY.
  FOG
  FOG W/VISIBILITY <= 1/4 MILE


RELATIVE HUMIDITY (PERCENT)
 HIGHEST   100          1200 AM
 LOWEST     51           100 PM
 AVERAGE    76

..........................................................


THE NEW PHILADELPHIA OH CLIMATE NORMALS FOR TOMORROW
                         NORMAL    RECORD    YEAR
 MAXIMUM TEMPERATURE (F)   84        96      2002
 MINIMUM TEMPERATURE (F)   61        47      1976


SUNRISE AND SUNSET
AUGUST  1 2014........SUNRISE   623 AM EDT   SUNSET   840 PM EDT
AUGUST  2 2014........SUNRISE   624 AM EDT   SUNSET   839 PM EDT


-  INDICATES NEGATIVE NUMBERS.
R  INDICATES RECORD WAS SET OR TIED.
MM INDICATES DATA IS MISSING.
T  INDICATES TRACE AMOUNT.




$$
