000
CDUS41 KPBZ 262115
CLIPHD


CLIMATE REPORT
NATIONAL WEATHER SERVICE PITTSBURGH PA
515 PM EDT FRI AUG 26 2016


...................................

...THE NEW PHILADELPHIA OH CLIMATE SUMMARY FOR AUGUST 26 2016...
VALID TODAY AS OF 0500 PM LOCAL TIME.

CLIMATE NORMAL PERIOD 1981 TO 2010
CLIMATE RECORD PERIOD 1946 TO 2016


WEATHER ITEM   OBSERVED TIME   RECORD YEAR NORMAL DEPARTURE LAST
                VALUE   (LST)  VALUE       VALUE  FROM      YEAR
                                                  NORMAL
..................................................................
TEMPERATURE (F)
 TODAY
  MAXIMUM         91    228 PM  93    1993  82      9       71
  MINIMUM         70    522 AM  45    1977  59     11       46
  AVERAGE         81                        70     11       59

PRECIPITATION (IN)
  TODAY            0.00         MM      MM   0.14  -0.14     0.00
  MONTH TO DATE    3.08                      2.93   0.15     0.13
  SINCE JUN 1      6.94                     10.69  -3.75     8.38
  SINCE JAN 1     21.59                     26.29  -4.70    21.60

DEGREE DAYS
 HEATING
  TODAY            0                         0      0        6
  MONTH TO DATE    0                         0      0       13
  SINCE JUN 1      7                        38    -31       36
  SINCE JUL 1      0                         3     -3       13

 COOLING
  TODAY           16                         5     11        0
  MONTH TO DATE  317                       175    142      126
  SINCE JUN 1    984                       552    432      532
  SINCE JAN 1   1063                       595    468      693
..................................................................


WIND (MPH)
  HIGHEST WIND SPEED    12   HIGHEST WIND DIRECTION     W (290)
  HIGHEST GUST SPEED    14   HIGHEST GUST DIRECTION     W (270)
  AVERAGE WIND SPEED     3.3


SKY COVER
  POSSIBLE SUNSHINE  MM
  AVERAGE SKY COVER 0.4


WEATHER CONDITIONS
 THE FOLLOWING WEATHER WAS RECORDED TODAY.
  FOG
  FOG W/VISIBILITY <= 1/4 MILE


RELATIVE HUMIDITY (PERCENT)
 HIGHEST    90           400 AM
 LOWEST     41           300 PM
 AVERAGE    66

..........................................................


THE NEW PHILADELPHIA OH CLIMATE NORMALS FOR TOMORROW
                         NORMAL    RECORD    YEAR
 MAXIMUM TEMPERATURE (F)   82        95      1993
 MINIMUM TEMPERATURE (F)   58        43      1968


SUNRISE AND SUNSET
AUGUST 26 2016........SUNRISE   648 AM EDT   SUNSET   806 PM EDT
AUGUST 27 2016........SUNRISE   649 AM EDT   SUNSET   805 PM EDT


-  INDICATES NEGATIVE NUMBERS.
R  INDICATES RECORD WAS SET OR TIED.
MM INDICATES DATA IS MISSING.
T  INDICATES TRACE AMOUNT.




$$
