000
CDUS41 KPBZ 010702
CLIPHD


CLIMATE REPORT
NATIONAL WEATHER SERVICE PITTSBURGH PA
302 AM EDT SUN MAY 1 2016


...................................

...THE NEW PHILADELPHIA OH CLIMATE SUMMARY FOR APRIL 30 2016...

CLIMATE NORMAL PERIOD 1981 TO 2010
CLIMATE RECORD PERIOD 1946 TO 2016


WEATHER ITEM   OBSERVED TIME   RECORD YEAR NORMAL DEPARTURE LAST
                VALUE   (LST)  VALUE       VALUE  FROM      YEAR
                                                  NORMAL
..................................................................
TEMPERATURE (F)
 YESTERDAY
  MAXIMUM         59    345 PM  84    2012  68     -9       57
  MINIMUM         41            27    1977  43     -2       42
  AVERAGE         50                        55     -5       50

PRECIPITATION (IN)
  YESTERDAY        0.42         MM      MM   0.13   0.29     0.01
  MONTH TO DATE    4.02                      3.43   0.59     3.67
  SINCE JUN 1     29.60                     34.73  -5.13    34.98
  SINCE JAN 1     11.52                     11.43   0.09    10.25

DEGREE DAYS
 HEATING
  YESTERDAY       15                        10      5       15
  MONTH TO DATE  460                       430     30      337
  SINCE MAR 1   1024                      1208   -184     1192
  SINCE JUL 1   4638                      5415   -777     5810

 COOLING
  YESTERDAY        0                         0      0        0
  MONTH TO DATE    0                         6     -6        3
  SINCE MAR 1      0                         7     -7        3
  SINCE JAN 1      0                         7     -7        3
..................................................................


WIND (MPH)
  HIGHEST WIND SPEED    10   HIGHEST WIND DIRECTION     E (100)
  HIGHEST GUST SPEED    13   HIGHEST GUST DIRECTION     E (100)
  AVERAGE WIND SPEED     3.6


SKY COVER
  POSSIBLE SUNSHINE  MM
  AVERAGE SKY COVER 0.9


WEATHER CONDITIONS
 THE FOLLOWING WEATHER WAS RECORDED YESTERDAY.
  RAIN
  LIGHT RAIN
  FOG


RELATIVE HUMIDITY (PERCENT)
 HIGHEST    93           700 PM
 LOWEST     66          1200 PM
 AVERAGE    80

..........................................................


THE NEW PHILADELPHIA OH CLIMATE NORMALS FOR TODAY
                         NORMAL    RECORD    YEAR
 MAXIMUM TEMPERATURE (F)   68        87      1970
 MINIMUM TEMPERATURE (F)   43        26      1978


SUNRISE AND SUNSET
MAY  1 2016...........SUNRISE   624 AM EDT   SUNSET   822 PM EDT
MAY  2 2016...........SUNRISE   623 AM EDT   SUNSET   823 PM EDT


-  INDICATES NEGATIVE NUMBERS.
R  INDICATES RECORD WAS SET OR TIED.
MM INDICATES DATA IS MISSING.
T  INDICATES TRACE AMOUNT.




$$
