000
CDUS41 KPBZ 232112
CLIPHD


CLIMATE REPORT
NATIONAL WEATHER SERVICE PITTSBURGH PA
511 PM EDT THU MAR 23 2017


...................................

...THE NEW PHILADELPHIA OH CLIMATE SUMMARY FOR MARCH 23 2017...
VALID TODAY AS OF 0500 PM LOCAL TIME.

CLIMATE NORMAL PERIOD 1981 TO 2010
CLIMATE RECORD PERIOD 1946 TO 2017


WEATHER ITEM   OBSERVED TIME   RECORD YEAR NORMAL DEPARTURE LAST
                VALUE   (LST)  VALUE       VALUE  FROM      YEAR
                                                  NORMAL
..................................................................
TEMPERATURE (F)
 TODAY
  MAXIMUM         51    359 PM  84    2012  54     -3       65
  MINIMUM         17    621 AM  14    2002  31    -14       50
  AVERAGE         34                        42     -8       58

PRECIPITATION (IN)
  TODAY            0.00         MM      MM   0.10  -0.10     0.00
  MONTH TO DATE    2.76                      2.21   0.55     2.42
  SINCE JUN 1     28.60                     30.47  -1.87    24.86
  SINCE JAN 1      8.02                      7.17   0.85     6.78

DEGREE DAYS
 HEATING
  TODAY           31                        23      8        7
  MONTH TO DATE  682                       612     70      456
  SINCE MAR 1    682                       612     70      456
  SINCE JUL 1   4179                      4819   -640     4070

 COOLING
  TODAY            0                         0      0        0
  MONTH TO DATE    0                         0      0        0
  SINCE MAR 1      0                         0      0        0
  SINCE JAN 1      0                         0      0        0
..................................................................


WIND (MPH)
  HIGHEST WIND SPEED    14   HIGHEST WIND DIRECTION    SE (150)
  HIGHEST GUST SPEED    20   HIGHEST GUST DIRECTION     S (160)
  AVERAGE WIND SPEED     4.7


SKY COVER
  POSSIBLE SUNSHINE  MM
  AVERAGE SKY COVER 0.0


WEATHER CONDITIONS
 THE FOLLOWING WEATHER WAS RECORDED TODAY.
  NO SIGNIFICANT WEATHER WAS OBSERVED.


RELATIVE HUMIDITY (PERCENT)
 HIGHEST    80           500 AM
 LOWEST     17           400 PM
 AVERAGE    49

..........................................................


THE NEW PHILADELPHIA OH CLIMATE NORMALS FOR TOMORROW
                         NORMAL    RECORD    YEAR
 MAXIMUM TEMPERATURE (F)   54        78      1966
 MINIMUM TEMPERATURE (F)   32        13      2014


SUNRISE AND SUNSET
MARCH 23 2017.........SUNRISE   724 AM EDT   SUNSET   741 PM EDT
MARCH 24 2017.........SUNRISE   722 AM EDT   SUNSET   742 PM EDT


-  INDICATES NEGATIVE NUMBERS.
R  INDICATES RECORD WAS SET OR TIED.
MM INDICATES DATA IS MISSING.
T  INDICATES TRACE AMOUNT.




$$
