000
CDUS41 KPBZ 222213
CLIPHD


CLIMATE REPORT
NATIONAL WEATHER SERVICE PITTSBURGH PA
512 PM EST SAT NOV 22 2014


...................................

...THE NEW PHILADELPHIA OH CLIMATE SUMMARY FOR NOVEMBER 22 2014...
VALID TODAY AS OF 0500 PM LOCAL TIME.

CLIMATE NORMAL PERIOD 1981 TO 2010
CLIMATE RECORD PERIOD 1946 TO 2014


WEATHER ITEM   OBSERVED TIME   RECORD YEAR NORMAL DEPARTURE LAST
                VALUE   (LST)  VALUE       VALUE  FROM      YEAR
                                                  NORMAL
..................................................................
TEMPERATURE (F)
 TODAY
  MAXIMUM         43    359 PM  70    1979  50     -7       53
  MINIMUM         12R   136 AM  12    1964  32    -20       37
  AVERAGE         28                        41    -13       45

PRECIPITATION (IN)
  TODAY            0.09         MM      MM   0.12  -0.03     0.13
  MONTH TO DATE    1.38                      2.33  -0.95     2.71
  SINCE JUN 1     21.52                     19.69   1.83    20.68
  SINCE JAN 1     36.70                     35.29   1.41    30.72

DEGREE DAYS
 HEATING
  TODAY           37                        24     13       20
  MONTH TO DATE  610                       452    158      470
  SINCE SEP 1   1025                       941     84      906
  SINCE JUL 1   1057                       951    106      920

 COOLING
  TODAY            0                         0      0        0
  MONTH TO DATE    0                         0      0        0
  SINCE SEP 1     81                        75      6      110
  SINCE JAN 1    630                       697    -67      755
..................................................................


WIND (MPH)
  HIGHEST WIND SPEED    10   HIGHEST WIND DIRECTION    SE (130)
  HIGHEST GUST SPEED    13   HIGHEST GUST DIRECTION     S (170)
  AVERAGE WIND SPEED     5.5


SKY COVER
  POSSIBLE SUNSHINE  MM
  AVERAGE SKY COVER 0.7


WEATHER CONDITIONS
 THE FOLLOWING WEATHER WAS RECORDED TODAY.
  LIGHT RAIN
  FREEZING RAIN
  LT FREEZING RAIN
  FOG
  HAZE


RELATIVE HUMIDITY (PERCENT)
 HIGHEST    89          1100 AM
 LOWEST     62           500 PM
 AVERAGE    76

..........................................................


THE NEW PHILADELPHIA OH CLIMATE NORMALS FOR TOMORROW
                         NORMAL    RECORD    YEAR
 MAXIMUM TEMPERATURE (F)   50        65      2003
 MINIMUM TEMPERATURE (F)   32        12      1971


SUNRISE AND SUNSET
NOVEMBER 22 2014......SUNRISE   720 AM EST   SUNSET   503 PM EST
NOVEMBER 23 2014......SUNRISE   721 AM EST   SUNSET   503 PM EST


-  INDICATES NEGATIVE NUMBERS.
R  INDICATES RECORD WAS SET OR TIED.
MM INDICATES DATA IS MISSING.
T  INDICATES TRACE AMOUNT.




$$
