000
CDUS41 KPBZ 290711
CLIPHD


CLIMATE REPORT
NATIONAL WEATHER SERVICE PITTSBURGH PA
311 AM EDT FRI MAY 29 2015


...................................

...THE NEW PHILADELPHIA OH CLIMATE SUMMARY FOR MAY 28 2015...

CLIMATE NORMAL PERIOD 1981 TO 2010
CLIMATE RECORD PERIOD 1946 TO 2015


WEATHER ITEM   OBSERVED TIME   RECORD YEAR NORMAL DEPARTURE LAST
                VALUE   (LST)  VALUE       VALUE  FROM      YEAR
                                                  NORMAL
..................................................................
TEMPERATURE (F)
 YESTERDAY
  MAXIMUM         83    518 PM  91    1967  76      7       83
  MINIMUM         62            35    1992  52     10       64
  AVERAGE         73                        64      9       74

PRECIPITATION (IN)
  YESTERDAY        0.00         MM      MM   0.15  -0.15     0.18
  MONTH TO DATE    2.79                      3.72  -0.93     3.39
  SINCE JUN 1     37.77                     38.45  -0.68    39.82
  SINCE JAN 1     13.04                     15.15  -2.11    15.18

DEGREE DAYS
 HEATING
  YESTERDAY        0                         4     -4        0
  MONTH TO DATE   87                       184    -97      156
  SINCE MAR 1   1279                      1392   -113     1527
  SINCE JUL 1   5897                      5599    298     6160

 COOLING
  YESTERDAY        8                         2      6        9
  MONTH TO DATE  135                        27    108       59
  SINCE MAR 1    138                        34    104       60
  SINCE JAN 1    138                        34    104       60
..................................................................


WIND (MPH)
  HIGHEST WIND SPEED     9   HIGHEST WIND DIRECTION    NE (60)
  HIGHEST GUST SPEED    12   HIGHEST GUST DIRECTION     N (360)
  AVERAGE WIND SPEED     2.1


SKY COVER
  POSSIBLE SUNSHINE  MM
  AVERAGE SKY COVER 0.3


WEATHER CONDITIONS
 THE FOLLOWING WEATHER WAS RECORDED YESTERDAY.
  FOG


RELATIVE HUMIDITY (PERCENT)
 HIGHEST    93           400 AM
 LOWEST     46           500 PM
 AVERAGE    70

..........................................................


THE NEW PHILADELPHIA OH CLIMATE NORMALS FOR TODAY
                         NORMAL    RECORD    YEAR
 MAXIMUM TEMPERATURE (F)   76        90      1977
 MINIMUM TEMPERATURE (F)   52        35      1964


SUNRISE AND SUNSET
MAY 29 2015...........SUNRISE   559 AM EDT   SUNSET   847 PM EDT
MAY 30 2015...........SUNRISE   559 AM EDT   SUNSET   848 PM EDT


-  INDICATES NEGATIVE NUMBERS.
R  INDICATES RECORD WAS SET OR TIED.
MM INDICATES DATA IS MISSING.
T  INDICATES TRACE AMOUNT.




$$
