000
CDUS41 KPBZ 272215
CLIPHD


CLIMATE REPORT
NATIONAL WEATHER SERVICE PITTSBURGH PA
514 PM EST THU NOV 27 2014


...................................

...THE NEW PHILADELPHIA OH CLIMATE SUMMARY FOR NOVEMBER 27 2014...
VALID TODAY AS OF 0500 PM LOCAL TIME.

CLIMATE NORMAL PERIOD 1981 TO 2010
CLIMATE RECORD PERIOD 1946 TO 2014


WEATHER ITEM   OBSERVED TIME   RECORD YEAR NORMAL DEPARTURE LAST
                VALUE   (LST)  VALUE       VALUE  FROM      YEAR
                                                  NORMAL
..................................................................
TEMPERATURE (F)
 TODAY
  MAXIMUM         35   1221 AM  67    1987  48    -13       32
  MINIMUM         28    534 AM  13    2005  30     -2       20
  AVERAGE         32                        39     -7       26

PRECIPITATION (IN)
  TODAY            0.01         MM      MM   0.12  -0.11      T
  MONTH TO DATE    1.77                      2.91  -1.14     2.79
  SINCE JUN 1     21.91                     20.27   1.64    20.76
  SINCE JAN 1     37.09                     35.87   1.22    30.80

DEGREE DAYS
 HEATING
  TODAY           33                        26      7       39
  MONTH TO DATE  719                       579    140      664
  SINCE SEP 1   1134                      1068     66     1100
  SINCE JUL 1   1166                      1078     88     1114

 COOLING
  TODAY            0                         0      0        0
  MONTH TO DATE    0                         0      0        0
  SINCE SEP 1     81                        75      6      110
  SINCE JAN 1    630                       697    -67      755
..................................................................


WIND (MPH)
  HIGHEST WIND SPEED    14   HIGHEST WIND DIRECTION    NW (300)
  HIGHEST GUST SPEED    20   HIGHEST GUST DIRECTION    NW (320)
  AVERAGE WIND SPEED     3.2


SKY COVER
  POSSIBLE SUNSHINE  MM
  AVERAGE SKY COVER 1.0


WEATHER CONDITIONS
 THE FOLLOWING WEATHER WAS RECORDED TODAY.
  LIGHT SNOW
  FOG
  HAZE


RELATIVE HUMIDITY (PERCENT)
 HIGHEST    85           600 AM
 LOWEST     69           100 AM
 AVERAGE    77

..........................................................


THE NEW PHILADELPHIA OH CLIMATE NORMALS FOR TOMORROW
                         NORMAL    RECORD    YEAR
 MAXIMUM TEMPERATURE (F)   47        74      1987
 MINIMUM TEMPERATURE (F)   30        10      2013


SUNRISE AND SUNSET
NOVEMBER 27 2014......SUNRISE   725 AM EST   SUNSET   501 PM EST
NOVEMBER 28 2014......SUNRISE   726 AM EST   SUNSET   501 PM EST


-  INDICATES NEGATIVE NUMBERS.
R  INDICATES RECORD WAS SET OR TIED.
MM INDICATES DATA IS MISSING.
T  INDICATES TRACE AMOUNT.




$$
