000
CDUS41 KPBZ 262134
CLIPHD


CLIMATE REPORT
NATIONAL WEATHER SERVICE PITTSBURGH PA
534 PM EDT THU MAY 26 2016


...................................

...THE NEW PHILADELPHIA OH CLIMATE SUMMARY FOR MAY 26 2016...
VALID TODAY AS OF 0500 PM LOCAL TIME.

CLIMATE NORMAL PERIOD 1981 TO 2010
CLIMATE RECORD PERIOD 1946 TO 2016


WEATHER ITEM   OBSERVED TIME   RECORD YEAR NORMAL DEPARTURE LAST
                VALUE   (LST)  VALUE       VALUE  FROM      YEAR
                                                  NORMAL
..................................................................
TEMPERATURE (F)
 TODAY
  MAXIMUM         83    359 PM  90    2012  75      8       85
                                      1975
  MINIMUM         68    547 AM  31    1969  51     17       66
  AVERAGE         76                        63     13       76

PRECIPITATION (IN)
  TODAY            0.00         MM      MM   0.14  -0.14     0.11
  MONTH TO DATE    3.13                      3.42  -0.29     2.79
  SINCE JUN 1     32.73                     38.15  -5.42    37.77
  SINCE JAN 1     14.65                     14.85  -0.20    13.04

DEGREE DAYS
 HEATING
  TODAY            0                         4     -4        0
  MONTH TO DATE  173                       176     -3       87
  SINCE MAR 1   1197                      1384   -187     1279
  SINCE JUL 1   4811                      5591   -780     5897

 COOLING
  TODAY           11                         2      9       11
  MONTH TO DATE   22                        23     -1      116
  SINCE MAR 1     22                        30     -8      119
  SINCE JAN 1     22                        30     -8      119
..................................................................


WIND (MPH)
  HIGHEST WIND SPEED    14   HIGHEST WIND DIRECTION     S (180)
  HIGHEST GUST SPEED    19   HIGHEST GUST DIRECTION     S (170)
  AVERAGE WIND SPEED     5.8


SKY COVER
  POSSIBLE SUNSHINE  MM
  AVERAGE SKY COVER 0.5


WEATHER CONDITIONS
 THE FOLLOWING WEATHER WAS RECORDED TODAY.
  NO SIGNIFICANT WEATHER WAS OBSERVED.


RELATIVE HUMIDITY (PERCENT)
 HIGHEST    73           500 AM
 LOWEST     51           300 PM
 AVERAGE    62

..........................................................


THE NEW PHILADELPHIA OH CLIMATE NORMALS FOR TOMORROW
                         NORMAL    RECORD    YEAR
 MAXIMUM TEMPERATURE (F)   75        92      2012
 MINIMUM TEMPERATURE (F)   51        30      1961


SUNRISE AND SUNSET
MAY 26 2016...........SUNRISE   600 AM EDT   SUNSET   846 PM EDT
MAY 27 2016...........SUNRISE   600 AM EDT   SUNSET   846 PM EDT


-  INDICATES NEGATIVE NUMBERS.
R  INDICATES RECORD WAS SET OR TIED.
MM INDICATES DATA IS MISSING.
T  INDICATES TRACE AMOUNT.




$$
