000
CDUS41 KPHI 270545
CLIPHL


CLIMATE REPORT
NATIONAL WEATHER SERVICE MOUNT HOLLY NJ
145 AM EDT THU JUL 27 2017


...................................

...THE PHILADELPHIA PA CLIMATE SUMMARY FOR JULY 26 2017...

CLIMATE NORMAL PERIOD 1981 TO 2010
CLIMATE RECORD PERIOD 1872 TO 2017


WEATHER ITEM   OBSERVED TIME   RECORD YEAR NORMAL DEPARTURE LAST
                VALUE   (LST)  VALUE       VALUE  FROM      YEAR
                                                  NORMAL
..................................................................
TEMPERATURE (F)
 YESTERDAY
  MAXIMUM         82    330 PM 101    1892  87     -5       92
  MINIMUM         67   1159 PM  56    1920  70     -3       74
  AVERAGE         75                        78     -3       83

PRECIPITATION (IN)
  YESTERDAY        0.00          1.97 1988   0.15  -0.15     0.00
  MONTH TO DATE    4.95                      3.64   1.31     2.89
  SINCE JUN 1      6.81                      7.07  -0.26     4.76
  SINCE JAN 1     24.76                     23.81   0.95    22.16

SNOWFALL (IN)
  YESTERDAY        0.0           0.0  1870   0.0    0.0      0.0
  MONTH TO DATE    0.0                       0.0    0.0      0.0
  SINCE JUN 1      0.0                       0.0    0.0      0.0
  SINCE JUL 1      0.0                       0.0    0.0      0.0
  SNOW DEPTH       0

DEGREE DAYS
 HEATING
  YESTERDAY        0                         0      0        0
  MONTH TO DATE    0                         0      0        0
  SINCE JUN 1      8                        11     -3        0
  SINCE JUL 1      0                         0      0        0

 COOLING
  YESTERDAY       10                        13     -3       18
  MONTH TO DATE  399                       335     64      420
  SINCE JUN 1    703                       593    110      702
  SINCE JAN 1    814                       684    130      816
..................................................................


WIND (MPH)
  HIGHEST WIND SPEED    13   HIGHEST WIND DIRECTION    SE (130)
  HIGHEST GUST SPEED    16   HIGHEST GUST DIRECTION    SE (130)
  AVERAGE WIND SPEED     6.6


SKY COVER
  POSSIBLE SUNSHINE  MM
  AVERAGE SKY COVER 0.8


WEATHER CONDITIONS
 THE FOLLOWING WEATHER WAS RECORDED YESTERDAY.
  NO SIGNIFICANT WEATHER WAS OBSERVED.


RELATIVE HUMIDITY (PERCENT)
 HIGHEST    87          1200 AM
 LOWEST     51           200 PM
 AVERAGE    69

..........................................................


THE PHILADELPHIA PA CLIMATE NORMALS FOR TODAY
                         NORMAL    RECORD    YEAR
 MAXIMUM TEMPERATURE (F)   87       100      1940
 MINIMUM TEMPERATURE (F)   70        53      1962


SUNRISE AND SUNSET
JULY 27 2017..........SUNRISE   555 AM EDT   SUNSET   819 PM EDT
JULY 28 2017..........SUNRISE   556 AM EDT   SUNSET   818 PM EDT


-  INDICATES NEGATIVE NUMBERS.
R  INDICATES RECORD WAS SET OR TIED.
MM INDICATES DATA IS MISSING.
T  INDICATES TRACE AMOUNT.




$$
