000
CDUS41 KPHI 250635
CLIPHL


CLIMATE REPORT
NATIONAL WEATHER SERVICE MOUNT HOLLY NJ
233 AM EDT MON JUL 25 2016


...................................

...THE PHILADELPHIA PA CLIMATE SUMMARY FOR JULY 24 2016...

CLIMATE NORMAL PERIOD 1981 TO 2010
CLIMATE RECORD PERIOD 1872 TO 2016


WEATHER ITEM   OBSERVED TIME   RECORD YEAR NORMAL DEPARTURE LAST
                VALUE   (LST)  VALUE       VALUE  FROM      YEAR
                                                  NORMAL
..................................................................
TEMPERATURE (F)
 YESTERDAY
  MAXIMUM         95    344 PM  98    2011  87      8       86
  MINIMUM         74    311 AM  57    1985  70      4       67
                                      1947
  AVERAGE         85                        78      7       77

PRECIPITATION (IN)
  YESTERDAY        0.00          1.45 1958   0.14  -0.14     0.00
  MONTH TO DATE    1.21                      3.35  -2.14     2.18
  SINCE JUN 1      3.08                      6.78  -3.70    11.06
  SINCE JAN 1     20.48                     23.52  -3.04    28.23

SNOWFALL (IN)
  YESTERDAY        0.0           0.0  1870   0.0    0.0      0.0
  MONTH TO DATE    0.0                       0.0    0.0      0.0
  SINCE JUN 1      0.0                       0.0    0.0      0.0
  SINCE JUL 1      0.0                       0.0    0.0      0.0
  SNOW DEPTH       0

DEGREE DAYS
 HEATING
  YESTERDAY        0                         0      0        0
  MONTH TO DATE    0                         0      0        0
  SINCE JUN 1      0                        11    -11       12
  SINCE JUL 1      0                         0      0        0

 COOLING
  YESTERDAY       20                        13      7       12
  MONTH TO DATE  381                       309     72      332
  SINCE JUN 1    663                       567     96      646
  SINCE JAN 1    777                       658    119      845
..................................................................


WIND (MPH)
  HIGHEST WIND SPEED    18   HIGHEST WIND DIRECTION    SW (240)
  HIGHEST GUST SPEED    21   HIGHEST GUST DIRECTION     W (250)
  AVERAGE WIND SPEED     6.6


SKY COVER
  POSSIBLE SUNSHINE  MM
  AVERAGE SKY COVER 0.6


WEATHER CONDITIONS
 THE FOLLOWING WEATHER WAS RECORDED YESTERDAY.
  NO SIGNIFICANT WEATHER WAS OBSERVED.


RELATIVE HUMIDITY (PERCENT)
 HIGHEST    79           300 AM
 LOWEST     32           200 PM
 AVERAGE    56

..........................................................


THE PHILADELPHIA PA CLIMATE NORMALS FOR TODAY
                         NORMAL    RECORD    YEAR
 MAXIMUM TEMPERATURE (F)   87        96      1999
 MINIMUM TEMPERATURE (F)   70        56      1953


SUNRISE AND SUNSET
JULY 25 2016..........SUNRISE   554 AM EDT   SUNSET   821 PM EDT
JULY 26 2016..........SUNRISE   555 AM EDT   SUNSET   820 PM EDT


-  INDICATES NEGATIVE NUMBERS.
R  INDICATES RECORD WAS SET OR TIED.
MM INDICATES DATA IS MISSING.
T  INDICATES TRACE AMOUNT.




$$
