000
CDUS41 KPHI 250630
CLIPHL


CLIMATE REPORT
NATIONAL WEATHER SERVICE MOUNT HOLLY NJ
127 AM EST THU DEC 25 2014


...................................

...THE PHILADELPHIA PA CLIMATE SUMMARY FOR DECEMBER 24 2014...

CLIMATE NORMAL PERIOD 1981 TO 2010
CLIMATE RECORD PERIOD 1872 TO 2014


WEATHER ITEM   OBSERVED TIME   RECORD YEAR NORMAL DEPARTURE LAST
                VALUE   (LST)  VALUE       VALUE  FROM      YEAR
                                                  NORMAL
..................................................................
TEMPERATURE (F)
 YESTERDAY
  MAXIMUM         64R   846 PM  64    1990  42     22       42
  MINIMUM         47    716 AM   3    1983  28     19       27
  AVERAGE         56                        35     21       35

PRECIPITATION (IN)
  YESTERDAY        0.82          1.74 2003   0.11   0.71      T
  MONTH TO DATE    3.22                      2.86   0.36     4.01
  SINCE DEC 1      3.22                      2.86   0.36     4.01
  SINCE JAN 1     47.32                     40.83   6.49    54.69

SNOWFALL (IN)
  YESTERDAY        0.0          12.4  1966   0.1   -0.1       T
  MONTH TO DATE    0.1                       2.2   -2.1     11.2
  SINCE DEC 1      0.1                       2.2   -2.1     11.2
  SINCE JUL 1      0.1                       2.5   -2.4     11.2
  SNOW DEPTH       0

DEGREE DAYS
 HEATING
  YESTERDAY        9                        30    -21       30
  MONTH TO DATE  571                       640    -69      603
  SINCE DEC 1    571                       640    -69      603
  SINCE JUL 1   1349                      1456   -107     1409

 COOLING
  YESTERDAY        0                         0      0        0
  MONTH TO DATE    0                         0      0        0
  SINCE DEC 1      0                         0      0        0
  SINCE JAN 1   1311                      1301     10     1411
..................................................................


WIND (MPH)
  HIGHEST WIND SPEED    17   HIGHEST WIND DIRECTION     S (200)
  HIGHEST GUST SPEED    25   HIGHEST GUST DIRECTION    SW (220)
  AVERAGE WIND SPEED     8.1


SKY COVER
  POSSIBLE SUNSHINE  MM
  AVERAGE SKY COVER 1.0


WEATHER CONDITIONS
 THE FOLLOWING WEATHER WAS RECORDED YESTERDAY.
  RAIN
  LIGHT RAIN
  FOG


RELATIVE HUMIDITY (PERCENT)
 HIGHEST    97           900 PM
 LOWEST     86           400 AM
 AVERAGE    92

..........................................................


THE PHILADELPHIA PA CLIMATE NORMALS FOR TODAY
                         NORMAL    RECORD    YEAR
 MAXIMUM TEMPERATURE (F)   42        68      1964
 MINIMUM TEMPERATURE (F)   28         1      1983
                                             1980


SUNRISE AND SUNSET
DECEMBER 25 2014......SUNRISE   721 AM EST   SUNSET   442 PM EST
DECEMBER 26 2014......SUNRISE   721 AM EST   SUNSET   442 PM EST


-  INDICATES NEGATIVE NUMBERS.
R  INDICATES RECORD WAS SET OR TIED.
MM INDICATES DATA IS MISSING.
T  INDICATES TRACE AMOUNT.




$$
