000
CDUS41 KPHI 220628
CLIPHL


CLIMATE REPORT
NATIONAL WEATHER SERVICE MOUNT HOLLY NJ
227 AM EDT FRI AUG 22 2014


...................................

...THE PHILADELPHIA PA CLIMATE SUMMARY FOR AUGUST 21 2014...

CLIMATE NORMAL PERIOD 1981 TO 2010
CLIMATE RECORD PERIOD 1872 TO 2014


WEATHER ITEM   OBSERVED TIME   RECORD YEAR NORMAL DEPARTURE LAST
                VALUE   (LST)  VALUE       VALUE  FROM      YEAR
                                                  NORMAL
..................................................................
TEMPERATURE (F)
 YESTERDAY
  MAXIMUM         83    432 PM  96    1916  85     -2       89
  MINIMUM         68    547 AM  54    1949  68      0       70
                                      1940
                                      1879
  AVERAGE         76                        76      0       80

PRECIPITATION (IN)
  YESTERDAY        0.00          1.77 1888   0.11  -0.11     0.00
  MONTH TO DATE    2.11                      2.45  -0.34     3.79
  SINCE JUN 1     11.87                     10.23   1.64    27.59
  SINCE JAN 1     34.37                     26.97   7.40    40.12

SNOWFALL (IN)
  YESTERDAY        0.0           0.0  1870   0.0    0.0      0.0
  MONTH TO DATE    0.0                       0.0    0.0      0.0
  SINCE JUN 1      0.0                       0.0    0.0      0.0
  SINCE JUL 1      0.0                       0.0    0.0      0.0
  SNOW DEPTH       0

DEGREE DAYS
 HEATING
  YESTERDAY        0                         0      0        0
  MONTH TO DATE    0                         0      0        0
  SINCE JUN 1      0                        11    -11        0
  SINCE JUL 1      0                         0      0        0

 COOLING
  YESTERDAY       11                        11      0       15
  MONTH TO DATE  212                       258    -46      196
  SINCE JUN 1    916                       924     -8      982
  SINCE JAN 1    999                      1015    -16     1106
..................................................................


WIND (MPH)
  HIGHEST WIND SPEED    14   HIGHEST WIND DIRECTION    SE (150)
  HIGHEST GUST SPEED    19   HIGHEST GUST DIRECTION    SE (150)
  AVERAGE WIND SPEED     5.3


SKY COVER
  POSSIBLE SUNSHINE  MM
  AVERAGE SKY COVER 0.8


WEATHER CONDITIONS
 THE FOLLOWING WEATHER WAS RECORDED YESTERDAY.
  NO SIGNIFICANT WEATHER WAS OBSERVED.


RELATIVE HUMIDITY (PERCENT)
 HIGHEST    84           300 AM
 LOWEST     62          1100 AM
 AVERAGE    73

..........................................................


THE PHILADELPHIA PA CLIMATE NORMALS FOR TODAY
                         NORMAL    RECORD    YEAR
 MAXIMUM TEMPERATURE (F)   85        97      1916
 MINIMUM TEMPERATURE (F)   67        52      1940


SUNRISE AND SUNSET
AUGUST 22 2014........SUNRISE   619 AM EDT   SUNSET   748 PM EDT
AUGUST 23 2014........SUNRISE   620 AM EDT   SUNSET   746 PM EDT


-  INDICATES NEGATIVE NUMBERS.
R  INDICATES RECORD WAS SET OR TIED.
MM INDICATES DATA IS MISSING.
T  INDICATES TRACE AMOUNT.




$$
