000
CDUS41 KPHI 302126
CLIPHL


CLIMATE REPORT
NATIONAL WEATHER SERVICE MOUNT HOLLY NJ
526 PM EDT THU MAR 30 2017


...................................

...THE PHILADELPHIA PA CLIMATE SUMMARY FOR MARCH 30 2017...
VALID TODAY AS OF 0500 PM LOCAL TIME.

CLIMATE NORMAL PERIOD 1981 TO 2010
CLIMATE RECORD PERIOD 1872 TO 2017


WEATHER ITEM   OBSERVED TIME   RECORD YEAR NORMAL DEPARTURE LAST
                VALUE   (LST)  VALUE       VALUE  FROM      YEAR
                                                  NORMAL
..................................................................
TEMPERATURE (F)
 TODAY
  MAXIMUM         52    256 PM  86    1998  58     -6       59
  MINIMUM         37    606 AM  18    1887  39     -2       37
  AVERAGE         45                        48     -3       48

PRECIPITATION (IN)
  TODAY            0.00          1.59 2001   0.13  -0.13     0.00
  MONTH TO DATE    2.62                      3.66  -1.04     2.01
  SINCE MAR 1      2.62                      3.66  -1.04     2.01
  SINCE JAN 1      6.83                      9.34  -2.51     9.00

SNOWFALL (IN)
  TODAY            0.0           0.6  1942   0.1   -0.1      0.0
  MONTH TO DATE    7.0                       2.9    4.1      1.0
  SINCE MAR 1      7.0                       2.9    4.1      1.0
  SINCE JUL 1     15.0                      21.9   -6.9     27.2
  SNOW DEPTH       0

DEGREE DAYS
 HEATING
  TODAY           20                        17      3       17
  MONTH TO DATE  683                       650     33      429
  SINCE MAR 1    683                       650     33      429
  SINCE JUL 1   3509                      4132   -623     3115

 COOLING
  TODAY            0                         0      0        0
  MONTH TO DATE    0                         0      0        5
  SINCE MAR 1      0                         0      0        5
  SINCE JAN 1      0                         0      0        5
..................................................................


WIND (MPH)
  HIGHEST WIND SPEED    20   HIGHEST WIND DIRECTION    NE (30)
  HIGHEST GUST SPEED    24   HIGHEST GUST DIRECTION     N (10)
  AVERAGE WIND SPEED     7.7


SKY COVER
  POSSIBLE SUNSHINE  MM
  AVERAGE SKY COVER 0.7


WEATHER CONDITIONS
 THE FOLLOWING WEATHER WAS RECORDED TODAY.
  NO SIGNIFICANT WEATHER WAS OBSERVED.


RELATIVE HUMIDITY (PERCENT)
 HIGHEST    59           500 AM
 LOWEST     36          1200 PM
 AVERAGE    48

..........................................................


THE PHILADELPHIA PA CLIMATE NORMALS FOR TOMORROW
                         NORMAL    RECORD    YEAR
 MAXIMUM TEMPERATURE (F)   58        81      1998
                                             1979
 MINIMUM TEMPERATURE (F)   39        21      1923


SUNRISE AND SUNSET
MARCH 30 2017.........SUNRISE   648 AM EDT   SUNSET   723 PM EDT
MARCH 31 2017.........SUNRISE   646 AM EDT   SUNSET   724 PM EDT


-  INDICATES NEGATIVE NUMBERS.
R  INDICATES RECORD WAS SET OR TIED.
MM INDICATES DATA IS MISSING.
T  INDICATES TRACE AMOUNT.




$$
