000
CDUS41 KPHI 312129
CLIPHL


CLIMATE REPORT
NATIONAL WEATHER SERVICE MOUNT HOLLY NJ
528 PM EDT WED AUG 31 2016


...................................

...THE PHILADELPHIA PA CLIMATE SUMMARY FOR AUGUST 31 2016...
VALID TODAY AS OF 0500 PM LOCAL TIME.

CLIMATE NORMAL PERIOD 1981 TO 2010
CLIMATE RECORD PERIOD 1872 TO 2016


WEATHER ITEM   OBSERVED TIME   RECORD YEAR NORMAL DEPARTURE LAST
                VALUE   (LST)  VALUE       VALUE  FROM      YEAR
                                                  NORMAL
..................................................................
TEMPERATURE (F)
 TODAY
  MAXIMUM         91    309 PM 101    1953  83      8       90
  MINIMUM         72    536 AM  45    1965  66      6       76
  AVERAGE         82                        74      8       83

PRECIPITATION (IN)
  TODAY            0.00          3.41 1911   0.10  -0.10      T
  MONTH TO DATE    1.70                      3.50  -1.80     0.98
  SINCE JUN 1      7.45                     11.28  -3.83    13.02
  SINCE JAN 1     24.85                     28.02  -3.17    30.19

SNOWFALL (IN)
  TODAY            0.0           0.0    MM   0.0    0.0      0.0
  MONTH TO DATE    0.0                       0.0    0.0      0.0
  SINCE JUN 1      0.0                       0.0    0.0      0.0
  SINCE JUL 1      0.0                       0.0    0.0      0.0
  SNOW DEPTH       0

DEGREE DAYS
 HEATING
  TODAY            0                         0      0        0
  MONTH TO DATE    0                         0      0        0
  SINCE JUN 1      0                        12    -12       12
  SINCE JUL 1      0                         1     -1        0

 COOLING
  TODAY           17                         9      8       18
  MONTH TO DATE  505                       360    145      444
  SINCE JUN 1   1298                      1026    272     1207
  SINCE JAN 1   1412                      1117    295     1406
..................................................................


WIND (MPH)
  HIGHEST WIND SPEED    13   HIGHEST WIND DIRECTION    SW (240)
  HIGHEST GUST SPEED    19   HIGHEST GUST DIRECTION    SW (230)
  AVERAGE WIND SPEED     6.2


SKY COVER
  POSSIBLE SUNSHINE  MM
  AVERAGE SKY COVER 0.5


WEATHER CONDITIONS
 THE FOLLOWING WEATHER WAS RECORDED TODAY.
  FOG


RELATIVE HUMIDITY (PERCENT)
 HIGHEST    93          1200 AM
 LOWEST     41           200 PM
 AVERAGE    67

..........................................................


THE PHILADELPHIA PA CLIMATE NORMALS FOR TOMORROW
                         NORMAL    RECORD    YEAR
 MAXIMUM TEMPERATURE (F)   83        97      1953
                                             1932
 MINIMUM TEMPERATURE (F)   65        49      1963


SUNRISE AND SUNSET
AUGUST 31 2016........SUNRISE   628 AM EDT   SUNSET   733 PM EDT
SEPTEMBER  1 2016.....SUNRISE   629 AM EDT   SUNSET   732 PM EDT


-  INDICATES NEGATIVE NUMBERS.
R  INDICATES RECORD WAS SET OR TIED.
MM INDICATES DATA IS MISSING.
T  INDICATES TRACE AMOUNT.




$$
