000
CDUS41 KPHI 250629
CLIPHL


CLIMATE REPORT
NATIONAL WEATHER SERVICE MOUNT HOLLY NJ
229 AM EDT WED MAY 25 2016


...................................

...THE PHILADELPHIA PA CLIMATE SUMMARY FOR MAY 24 2016...

CLIMATE NORMAL PERIOD 1981 TO 2010
CLIMATE RECORD PERIOD 1872 TO 2016


WEATHER ITEM   OBSERVED TIME   RECORD YEAR NORMAL DEPARTURE LAST
                VALUE   (LST)  VALUE       VALUE  FROM      YEAR
                                                  NORMAL
..................................................................
TEMPERATURE (F)
 YESTERDAY
  MAXIMUM         83    440 PM  90    2004  76      7       82
                                      1964
  MINIMUM         56    526 AM  40    1963  57     -1       52
  AVERAGE         70                        66      4       67

PRECIPITATION (IN)
  YESTERDAY        0.03          2.49 1999   0.12  -0.09     0.00
  MONTH TO DATE    5.14                      2.84   2.30     0.59
  SINCE MAR 1      8.90                     10.19  -1.29     9.69
  SINCE JAN 1     15.89                     15.87   0.02    16.57

SNOWFALL (IN)
  YESTERDAY        0.0           T    2000   0.0    0.0      0.0
  MONTH TO DATE    0.0                       0.0    0.0      0.0
  SINCE MAR 1      1.3                       3.4   -2.1     12.0
  SINCE JUL 1     27.5                      22.4    5.1     27.0
  SNOW DEPTH       0

DEGREE DAYS
 HEATING
  YESTERDAY        0                         2     -2        0
  MONTH TO DATE  145                        99     46       32
  SINCE MAR 1    901                      1107   -206     1111
  SINCE JUL 1   3587                      4589  -1002     4764

 COOLING
  YESTERDAY        5                         4      1        2
  MONTH TO DATE    7                        47    -40      103
  SINCE MAR 1     30                        60    -30      106
  SINCE JAN 1     30                        60    -30      106
..................................................................


WIND (MPH)
  HIGHEST WIND SPEED    20   HIGHEST WIND DIRECTION     W (280)
  HIGHEST GUST SPEED    25   HIGHEST GUST DIRECTION    NW (310)
  AVERAGE WIND SPEED     8.8


SKY COVER
  POSSIBLE SUNSHINE  MM
  AVERAGE SKY COVER 0.7


WEATHER CONDITIONS
 THE FOLLOWING WEATHER WAS RECORDED YESTERDAY.
  LIGHT RAIN


RELATIVE HUMIDITY (PERCENT)
 HIGHEST    93           500 AM
 LOWEST     23           400 PM
 AVERAGE    58

..........................................................


THE PHILADELPHIA PA CLIMATE NORMALS FOR TODAY
                         NORMAL    RECORD    YEAR
 MAXIMUM TEMPERATURE (F)   77        96      1991
 MINIMUM TEMPERATURE (F)   57        40      1963


SUNRISE AND SUNSET
MAY 25 2016...........SUNRISE   538 AM EDT   SUNSET   818 PM EDT
MAY 26 2016...........SUNRISE   537 AM EDT   SUNSET   819 PM EDT


-  INDICATES NEGATIVE NUMBERS.
R  INDICATES RECORD WAS SET OR TIED.
MM INDICATES DATA IS MISSING.
T  INDICATES TRACE AMOUNT.




$$
