000
CDUS41 KPHI 090632
CLIPHL


CLIMATE REPORT
NATIONAL WEATHER SERVICE MOUNT HOLLY NJ
128 AM EST TUE FEB 9 2016


...................................

...THE PHILADELPHIA PA CLIMATE SUMMARY FOR FEBRUARY 8 2016...

CLIMATE NORMAL PERIOD 1981 TO 2010
CLIMATE RECORD PERIOD 1872 TO 2016


WEATHER ITEM   OBSERVED TIME   RECORD YEAR NORMAL DEPARTURE LAST
                VALUE   (LST)  VALUE       VALUE  FROM      YEAR
                                                  NORMAL
..................................................................
TEMPERATURE (F)
 YESTERDAY
  MAXIMUM         44    242 PM  63    1925  42      2       51
  MINIMUM         32   1159 PM  -2    1934  27      5       33
  AVERAGE         38                        34      4       42

PRECIPITATION (IN)
  YESTERDAY        0.01          1.15 1890   0.09  -0.08     0.00
  MONTH TO DATE    0.98                      0.77   0.21     0.99
  SINCE DEC 1      8.75                      7.36   1.39     8.78
  SINCE JAN 1      3.61                      3.80  -0.19     5.51

SNOWFALL (IN)
  YESTERDAY        0.2           6.0  1974   0.3   -0.1      0.0
  MONTH TO DATE    1.4                       2.8   -1.4      0.8
  SINCE DEC 1     24.3                      12.7   11.6      5.2
  SINCE JUL 1     24.3                      13.0   11.3      5.2
  SNOW DEPTH       0

DEGREE DAYS
 HEATING
  YESTERDAY       27                        31     -4       23
  MONTH TO DATE  180                       249    -69      271
  SINCE DEC 1   1548                      2096   -548     2053
  SINCE JUL 1   2108                      2912   -804     2831

 COOLING
  YESTERDAY        0                         0      0        0
  MONTH TO DATE    0                         0      0        0
  SINCE DEC 1      2                         0      2        0
  SINCE JAN 1      0                         0      0        0
..................................................................


WIND (MPH)
  HIGHEST WIND SPEED    25   HIGHEST WIND DIRECTION    NE (40)
  HIGHEST GUST SPEED    33   HIGHEST GUST DIRECTION    NE (40)
  AVERAGE WIND SPEED    11.1


SKY COVER
  POSSIBLE SUNSHINE  MM
  AVERAGE SKY COVER 1.0


WEATHER CONDITIONS
 THE FOLLOWING WEATHER WAS RECORDED YESTERDAY.
  LIGHT RAIN
  LIGHT SNOW
  FOG


RELATIVE HUMIDITY (PERCENT)
 HIGHEST    85          1100 PM
 LOWEST     44           400 AM
 AVERAGE    65

..........................................................


THE PHILADELPHIA PA CLIMATE NORMALS FOR TODAY
                         NORMAL    RECORD    YEAR
 MAXIMUM TEMPERATURE (F)   42        64      1990
 MINIMUM TEMPERATURE (F)   27       -11      1934


SUNRISE AND SUNSET
FEBRUARY  9 2016......SUNRISE   701 AM EST   SUNSET   529 PM EST
FEBRUARY 10 2016......SUNRISE   700 AM EST   SUNSET   531 PM EST


-  INDICATES NEGATIVE NUMBERS.
R  INDICATES RECORD WAS SET OR TIED.
MM INDICATES DATA IS MISSING.
T  INDICATES TRACE AMOUNT.




$$
