000
CDUS43 KUNR 170836
CLIPHP


CLIMATE REPORT
NATIONAL WEATHER SERVICE RAPID CITY SD
135 AM MST WED DEC 17 2014


...................................

...THE PHILIP SD CLIMATE SUMMARY FOR DECEMBER 16 2014...

CLIMATE NORMAL PERIOD 1981 TO 2010
CLIMATE RECORD PERIOD 9999 TO 9999


WEATHER ITEM   OBSERVED TIME   NORMAL DEPARTURE LAST
                VALUE   (LST)  VALUE  FROM      YEAR
                                      NORMAL
......................................................
TEMPERATURE (F)
 YESTERDAY
  MAXIMUM         23    355 PM  35    -12       41
  MINIMUM         19   1159 PM  10      9       24
  AVERAGE         21            22     -1       33

PRECIPITATION (IN)
  YESTERDAY        0.00          0.01  -0.01     0.00
  MONTH TO DATE    T             0.23  -0.23     0.40
  SINCE DEC 1      T             0.23  -0.23     0.40
  SINCE JAN 1     16.21         17.15  -0.94    15.67

DEGREE DAYS
 HEATING
  YESTERDAY       44            43      1       32
  MONTH TO DATE  510           650   -140      793
  SINCE DEC 1    510           650   -140      793
  SINCE JUL 1   2165          2285   -120     2304

 COOLING
  YESTERDAY        0             0      0        0
  MONTH TO DATE    0             0      0        0
  SINCE DEC 1      0             0      0        0
  SINCE JAN 1    649           818   -169      945
......................................................


WIND (MPH)
  HIGHEST WIND SPEED    16   HIGHEST WIND DIRECTION    NW (330)
  HIGHEST GUST SPEED    21   HIGHEST GUST DIRECTION     N (350)
  AVERAGE WIND SPEED     6.9


SKY COVER
  AVERAGE SKY COVER 1.0


WEATHER CONDITIONS
 THE FOLLOWING WEATHER WAS RECORDED YESTERDAY.
  NO SIGNIFICANT WEATHER WAS OBSERVED.


RELATIVE HUMIDITY (PERCENT)
 HIGHEST    81           100 AM
 LOWEST     71           900 PM
 AVERAGE    76

..........................................................




SUNRISE AND SUNSET
DECEMBER 17 2014......SUNRISE   716 AM MST   SUNSET   409 PM MST
DECEMBER 18 2014......SUNRISE   716 AM MST   SUNSET   410 PM MST


-  INDICATES NEGATIVE NUMBERS.
R  INDICATES RECORD WAS SET OR TIED.
MM INDICATES DATA IS MISSING.
T  INDICATES TRACE AMOUNT.




$$
