790
CDUS43 KUNR 260835
CLIPHP


CLIMATE REPORT
NATIONAL WEATHER SERVICE RAPID CITY SD
234 AM MDT WED APR 26 2017


...................................

...THE PHILIP SD CLIMATE SUMMARY FOR APRIL 25 2017...

CLIMATE NORMAL PERIOD 1981 TO 2010
CLIMATE RECORD PERIOD 9999 TO 9999


WEATHER ITEM   OBSERVED TIME   NORMAL DEPARTURE LAST
                VALUE   (LST)  VALUE  FROM      YEAR
                                      NORMAL
......................................................
TEMPERATURE (F)
 YESTERDAY
  MAXIMUM         39   1242 AM  64    -25       56
  MINIMUM         30   1114 PM  36     -6       32
  AVERAGE         35            50    -15       44

PRECIPITATION (IN)
  YESTERDAY        0.24          0.08   0.16     0.00
  MONTH TO DATE    1.74          1.39   0.35     2.96
  SINCE MAR 1      2.54          2.66  -0.12     3.67
  SINCE JAN 1      3.61          3.44   0.17     4.35

DEGREE DAYS
 HEATING
  YESTERDAY       30            15     15       21
  MONTH TO DATE  394           491    -97      391
  SINCE MAR 1   1207          1429   -222     1122
  SINCE JUL 1   6267          6794   -527     5934

 COOLING
  YESTERDAY        0             0      0        0
  MONTH TO DATE    0             0      0        1
  SINCE MAR 1      0             0      0        1
  SINCE JAN 1      0             0      0        1
......................................................


WIND (MPH)
  HIGHEST WIND SPEED    22   HIGHEST WIND DIRECTION     N (360)
  HIGHEST GUST SPEED    26   HIGHEST GUST DIRECTION     N (10)
  AVERAGE WIND SPEED    14.5


SKY COVER
  AVERAGE SKY COVER 1.0


WEATHER CONDITIONS
 THE FOLLOWING WEATHER WAS RECORDED YESTERDAY.
  SNOW
  LIGHT SNOW
  FOG


RELATIVE HUMIDITY (PERCENT)
 HIGHEST    92          1000 AM
 LOWEST     82           200 AM
 AVERAGE    87

..........................................................




SUNRISE AND SUNSET
APRIL 26 2017.........SUNRISE   545 AM MDT   SUNSET   744 PM MDT
APRIL 27 2017.........SUNRISE   543 AM MDT   SUNSET   745 PM MDT


-  INDICATES NEGATIVE NUMBERS.
R  INDICATES RECORD WAS SET OR TIED.
MM INDICATES DATA IS MISSING.
T  INDICATES TRACE AMOUNT.




$$
