000
CDUS43 KUNR 290839
CLIPHP


CLIMATE REPORT
NATIONAL WEATHER SERVICE RAPID CITY SD
238 AM MDT THU SEP 29 2016


...................................

...THE PHILIP SD CLIMATE SUMMARY FOR SEPTEMBER 28 2016...

CLIMATE NORMAL PERIOD 1981 TO 2010
CLIMATE RECORD PERIOD 9999 TO 9999


WEATHER ITEM   OBSERVED TIME   NORMAL DEPARTURE LAST
                VALUE   (LST)  VALUE  FROM      YEAR
                                      NORMAL
......................................................
TEMPERATURE (F)
 YESTERDAY
  MAXIMUM         76    224 PM  72      4       70
  MINIMUM         38    559 AM  41     -3       55
  AVERAGE         57            56      1       63

PRECIPITATION (IN)
  YESTERDAY        0.00          0.05  -0.05     0.31
  MONTH TO DATE    0.23          1.39  -1.16     0.50
  SINCE SEP 1      0.23          1.39  -1.16     0.50
  SINCE JAN 1     12.24         14.77  -2.53    16.83

DEGREE DAYS
 HEATING
  YESTERDAY        8             9     -1        2
  MONTH TO DATE   86           141    -55       44
  SINCE SEP 1     86           141    -55       44
  SINCE JUL 1    105           166    -61       76

 COOLING
  YESTERDAY        0             1     -1        0
  MONTH TO DATE   62            78    -16      115
  SINCE SEP 1     62            78    -16      115
  SINCE JAN 1    892           813     79      736
......................................................


WIND (MPH)
  HIGHEST WIND SPEED    17   HIGHEST WIND DIRECTION     E (70)
  HIGHEST GUST SPEED    20   HIGHEST GUST DIRECTION     E (70)
  AVERAGE WIND SPEED     6.8


SKY COVER
  AVERAGE SKY COVER 0.0


WEATHER CONDITIONS
 THE FOLLOWING WEATHER WAS RECORDED YESTERDAY.
  NO SIGNIFICANT WEATHER WAS OBSERVED.


RELATIVE HUMIDITY (PERCENT)
 HIGHEST   100           600 AM
 LOWEST     25           400 PM
 AVERAGE    63

..........................................................




SUNRISE AND SUNSET
SEPTEMBER 29 2016.....SUNRISE   642 AM MDT   SUNSET   630 PM MDT
SEPTEMBER 30 2016.....SUNRISE   643 AM MDT   SUNSET   628 PM MDT


-  INDICATES NEGATIVE NUMBERS.
R  INDICATES RECORD WAS SET OR TIED.
MM INDICATES DATA IS MISSING.
T  INDICATES TRACE AMOUNT.




$$
