879
CDUS43 KUNR 100934
CLIPHP


CLIMATE REPORT
NATIONAL WEATHER SERVICE RAPID CITY SD
233 AM MST WED FEB 10 2016


...................................

...THE PHILIP SD CLIMATE SUMMARY FOR FEBRUARY 9 2016...

CLIMATE NORMAL PERIOD 1981 TO 2010
CLIMATE RECORD PERIOD 9999 TO 9999


WEATHER ITEM   OBSERVED TIME   NORMAL DEPARTURE LAST
                VALUE   (LST)  VALUE  FROM      YEAR
                                      NORMAL
......................................................
TEMPERATURE (F)
 YESTERDAY
  MAXIMUM         43    438 PM  37      6       36
  MINIMUM         25    904 AM  12     13       22
  AVERAGE         34            24     10       29

PRECIPITATION (IN)
  YESTERDAY        T             0.02  -0.02      T
  MONTH TO DATE    0.05          0.11  -0.06     0.03
  SINCE DEC 1      1.25          0.84   0.41     0.35
  SINCE JAN 1      0.26          0.41  -0.15     0.05

DEGREE DAYS
 HEATING
  YESTERDAY       31            41    -10       36
  MONTH TO DATE  321           371    -50      309
  SINCE DEC 1   2930          3001    -71     2700
  SINCE JUL 1   4270          4636   -366     4355

 COOLING
  YESTERDAY        0             0      0        0
  MONTH TO DATE    0             0      0        0
  SINCE DEC 1      0             0      0        0
  SINCE JAN 1      0             0      0        0
......................................................


WIND (MPH)
  HIGHEST WIND SPEED    14   HIGHEST WIND DIRECTION     E (110)
  HIGHEST GUST SPEED    17   HIGHEST GUST DIRECTION     E (110)
  AVERAGE WIND SPEED     5.1


SKY COVER
  AVERAGE SKY COVER 0.8


WEATHER CONDITIONS
 THE FOLLOWING WEATHER WAS RECORDED YESTERDAY.
  FOG


RELATIVE HUMIDITY (PERCENT)
 HIGHEST    85          1000 PM
 LOWEST     51           200 PM
 AVERAGE    68

..........................................................




SUNRISE AND SUNSET
FEBRUARY 10 2016......SUNRISE   653 AM MST   SUNSET   509 PM MST
FEBRUARY 11 2016......SUNRISE   652 AM MST   SUNSET   510 PM MST


-  INDICATES NEGATIVE NUMBERS.
R  INDICATES RECORD WAS SET OR TIED.
MM INDICATES DATA IS MISSING.
T  INDICATES TRACE AMOUNT.




$$
