000
CDUS43 KUNR 300831
CLIPHP


CLIMATE REPORT
NATIONAL WEATHER SERVICE RAPID CITY SD
231 AM MDT TUE AUG 30 2016


...................................

...THE PHILIP SD CLIMATE SUMMARY FOR AUGUST 29 2016...

CLIMATE NORMAL PERIOD 1981 TO 2010
CLIMATE RECORD PERIOD 9999 TO 9999


WEATHER ITEM   OBSERVED TIME   NORMAL DEPARTURE LAST
                VALUE   (LST)  VALUE  FROM      YEAR
                                      NORMAL
......................................................
TEMPERATURE (F)
 YESTERDAY
  MAXIMUM         87    333 PM  85      2       95
  MINIMUM         57    541 AM  54      3       58
  AVERAGE         72            70      2       77

PRECIPITATION (IN)
  YESTERDAY        0.00          0.05  -0.05     0.00
  MONTH TO DATE    2.85          1.40   1.45     2.89
  SINCE JUN 1      5.29          6.36  -1.07     9.34
  SINCE JAN 1     12.01         13.28  -1.27    16.32

DEGREE DAYS
 HEATING
  YESTERDAY        0             1     -1        0
  MONTH TO DATE   15             9      6       32
  SINCE JUN 1     26            80    -54       44
  SINCE JUL 1     19            17      2       32

 COOLING
  YESTERDAY        7             6      1       12
  MONTH TO DATE  244           267    -23      202
  SINCE JUN 1    797           695    102      593
  SINCE JAN 1    811           722     89      599
......................................................


WIND (MPH)
  HIGHEST WIND SPEED    20   HIGHEST WIND DIRECTION    NE (50)
  HIGHEST GUST SPEED    24   HIGHEST GUST DIRECTION    NE (40)
  AVERAGE WIND SPEED     8.9


SKY COVER
  AVERAGE SKY COVER 0.0


WEATHER CONDITIONS
 THE FOLLOWING WEATHER WAS RECORDED YESTERDAY.
  NO SIGNIFICANT WEATHER WAS OBSERVED.


RELATIVE HUMIDITY (PERCENT)
 HIGHEST    93           200 AM
 LOWEST     46           300 PM
 AVERAGE    70

..........................................................




SUNRISE AND SUNSET
AUGUST 30 2016........SUNRISE   608 AM MDT   SUNSET   725 PM MDT
AUGUST 31 2016........SUNRISE   609 AM MDT   SUNSET   723 PM MDT


-  INDICATES NEGATIVE NUMBERS.
R  INDICATES RECORD WAS SET OR TIED.
MM INDICATES DATA IS MISSING.
T  INDICATES TRACE AMOUNT.




$$
