000
CDUS43 KUNR 030831
CLIPHP


CLIMATE REPORT
NATIONAL WEATHER SERVICE RAPID CITY SD
130 AM MST SAT DEC 3 2016


...................................

...THE PHILIP SD CLIMATE SUMMARY FOR DECEMBER 2 2016...

CLIMATE NORMAL PERIOD 1981 TO 2010
CLIMATE RECORD PERIOD 9999 TO 9999


WEATHER ITEM   OBSERVED TIME   NORMAL DEPARTURE LAST
                VALUE   (LST)  VALUE  FROM      YEAR
                                      NORMAL
......................................................
TEMPERATURE (F)
 YESTERDAY
  MAXIMUM         36    248 PM  39     -3       41
  MINIMUM         10   1158 PM  14     -4       16
  AVERAGE         23            26     -3       29

PRECIPITATION (IN)
  YESTERDAY        0.00          0.02  -0.02     0.00
  MONTH TO DATE    0.00          0.03  -0.03     0.02
  SINCE DEC 1      0.00          0.03  -0.03     0.02
  SINCE JAN 1     12.85         16.95  -4.10    19.25

DEGREE DAYS
 HEATING
  YESTERDAY       42            39      3       36
  MONTH TO DATE   80            77      3       71
  SINCE DEC 1     80            77      3       71
  SINCE JUL 1   1218          1712   -494     1411

 COOLING
  YESTERDAY        0             0      0        0
  MONTH TO DATE    0             0      0        0
  SINCE DEC 1      0             0      0        0
  SINCE JAN 1    908           818     90      750
......................................................


WIND (MPH)
  HIGHEST WIND SPEED     8   HIGHEST WIND DIRECTION     W (280)
  HIGHEST GUST SPEED     8   HIGHEST GUST DIRECTION     W (290)
  AVERAGE WIND SPEED     1.3


SKY COVER
  AVERAGE SKY COVER 0.6


WEATHER CONDITIONS
 THE FOLLOWING WEATHER WAS RECORDED YESTERDAY.
  FOG


RELATIVE HUMIDITY (PERCENT)
 HIGHEST   100           300 AM
 LOWEST     75           200 PM
 AVERAGE    88

..........................................................




SUNRISE AND SUNSET
DECEMBER  3 2016......SUNRISE   704 AM MST   SUNSET   409 PM MST
DECEMBER  4 2016......SUNRISE   705 AM MST   SUNSET   409 PM MST


-  INDICATES NEGATIVE NUMBERS.
R  INDICATES RECORD WAS SET OR TIED.
MM INDICATES DATA IS MISSING.
T  INDICATES TRACE AMOUNT.




$$
