000
CDUS43 KUNR 290833
CLIPHP


CLIMATE REPORT
NATIONAL WEATHER SERVICE RAPID CITY SD
232 AM MDT SUN MAY 29 2016


...................................

...THE PHILIP SD CLIMATE SUMMARY FOR MAY 28 2016...

CLIMATE NORMAL PERIOD 1981 TO 2010
CLIMATE RECORD PERIOD 9999 TO 9999


WEATHER ITEM   OBSERVED TIME   NORMAL DEPARTURE LAST
                VALUE   (LST)  VALUE  FROM      YEAR
                                      NORMAL
......................................................
TEMPERATURE (F)
 YESTERDAY
  MAXIMUM         76    234 PM  74      2       80
  MINIMUM         46    501 AM  48     -2       51
  AVERAGE         61            61      0       66

PRECIPITATION (IN)
  YESTERDAY        0.00          0.10  -0.10     0.10
  MONTH TO DATE    1.34          2.74  -1.40     6.44
  SINCE MAR 1      6.01          5.85   0.16     6.87
  SINCE JAN 1      6.69          6.63   0.06     6.98

DEGREE DAYS
 HEATING
  YESTERDAY        4             5     -1        0
  MONTH TO DATE  255           253      2      266
  SINCE MAR 1   1494          1755   -261     1497
  SINCE JUL 1   6306          7120   -814     6637

 COOLING
  YESTERDAY        0             1     -1        1
  MONTH TO DATE   10            23    -13        3
  SINCE MAR 1     11            26    -15        6
  SINCE JAN 1     11            26    -15        6
......................................................


WIND (MPH)
  HIGHEST WIND SPEED    22   HIGHEST WIND DIRECTION    NW (330)
  HIGHEST GUST SPEED    27   HIGHEST GUST DIRECTION    NW (330)
  AVERAGE WIND SPEED     4.9


SKY COVER
  AVERAGE SKY COVER 0.1


WEATHER CONDITIONS
 THE FOLLOWING WEATHER WAS RECORDED YESTERDAY.
  NO SIGNIFICANT WEATHER WAS OBSERVED.


RELATIVE HUMIDITY (PERCENT)
 HIGHEST   100           100 AM
 LOWEST     41           100 PM
 AVERAGE    71

..........................................................




SUNRISE AND SUNSET
MAY 29 2016...........SUNRISE   508 AM MDT   SUNSET   820 PM MDT
MAY 30 2016...........SUNRISE   507 AM MDT   SUNSET   821 PM MDT


-  INDICATES NEGATIVE NUMBERS.
R  INDICATES RECORD WAS SET OR TIED.
MM INDICATES DATA IS MISSING.
T  INDICATES TRACE AMOUNT.




$$
