000
CDUS43 KUNR 220831
CLIPHP


CLIMATE REPORT
NATIONAL WEATHER SERVICE RAPID CITY SD
231 AM MDT WED OCT 22 2014


...................................

...THE PHILIP SD CLIMATE SUMMARY FOR OCTOBER 21 2014...

CLIMATE NORMAL PERIOD 1981 TO 2010
CLIMATE RECORD PERIOD 9999 TO 9999


WEATHER ITEM   OBSERVED TIME   NORMAL DEPARTURE LAST
                VALUE   (LST)  VALUE  FROM      YEAR
                                      NORMAL
......................................................
TEMPERATURE (F)
 YESTERDAY
  MAXIMUM         84    241 PM  61     23       53
  MINIMUM         46    359 AM  32     14       30
  AVERAGE         65            46     19       42

PRECIPITATION (IN)
  YESTERDAY        0.00          0.04  -0.04     0.02
  MONTH TO DATE    0.22          1.05  -0.83     3.59
  SINCE SEP 1      2.49          2.54  -0.05     4.17
  SINCE JAN 1     15.92         15.92   0.00    14.58

DEGREE DAYS
 HEATING
  YESTERDAY        0            19    -19       23
  MONTH TO DATE  250           304    -54      297
  SINCE SEP 1    422           465    -43      357
  SINCE JUL 1    441           490    -49      360

 COOLING
  YESTERDAY        0             0      0        0
  MONTH TO DATE    0             0      0        0
  SINCE SEP 1     70            79     -9      182
  SINCE JAN 1    649           814   -165      945
......................................................


WIND (MPH)
  HIGHEST WIND SPEED    23   HIGHEST WIND DIRECTION     S (180)
  HIGHEST GUST SPEED    27   HIGHEST GUST DIRECTION     S (190)
  AVERAGE WIND SPEED    10.8


SKY COVER
  AVERAGE SKY COVER 0.0


WEATHER CONDITIONS
 THE FOLLOWING WEATHER WAS RECORDED YESTERDAY.
  NO SIGNIFICANT WEATHER WAS OBSERVED.


RELATIVE HUMIDITY (PERCENT)
 HIGHEST    71           100 AM
 LOWEST     28           200 PM
 AVERAGE    50

..........................................................




SUNRISE AND SUNSET
OCTOBER 22 2014.......SUNRISE   710 AM MDT   SUNSET   551 PM MDT
OCTOBER 23 2014.......SUNRISE   711 AM MDT   SUNSET   550 PM MDT


-  INDICATES NEGATIVE NUMBERS.
R  INDICATES RECORD WAS SET OR TIED.
MM INDICATES DATA IS MISSING.
T  INDICATES TRACE AMOUNT.




$$
