268
CDUS43 KUNR 230831
CLIPHP


CLIMATE REPORT
NATIONAL WEATHER SERVICE RAPID CITY SD
131 AM MST THU NOV 23 2017


...................................

...THE PHILIP SD CLIMATE SUMMARY FOR NOVEMBER 22 2017...

CLIMATE NORMAL PERIOD 1981 TO 2010
CLIMATE RECORD PERIOD 9999 TO 9999


WEATHER ITEM   OBSERVED TIME   NORMAL DEPARTURE LAST
                VALUE   (LST)  VALUE  FROM      YEAR
                                      NORMAL
......................................................
TEMPERATURE (F)
 YESTERDAY
  MAXIMUM         70    249 PM  44     26       50
  MINIMUM         17   1215 AM  18     -1       27
  AVERAGE         44            31     13       39

PRECIPITATION (IN)
  YESTERDAY        0.00          0.02  -0.02     0.00
  MONTH TO DATE    0.28          0.51  -0.23     0.01
  SINCE SEP 1      2.73          3.43  -0.70     0.69
  SINCE JAN 1     10.59         16.81  -6.22    12.70

DEGREE DAYS
 HEATING
  YESTERDAY       21            34    -13       26
  MONTH TO DATE  633           638     -5      419
  SINCE SEP 1   1289          1316    -27      861
  SINCE JUL 1   1295          1341    -46      880

 COOLING
  YESTERDAY        0             0      0        0
  MONTH TO DATE    0             0      0        0
  SINCE SEP 1    115            83     32       78
  SINCE JAN 1    911           818     93      908
......................................................


WIND (MPH)
  HIGHEST WIND SPEED    28   HIGHEST WIND DIRECTION    NW (300)
  HIGHEST GUST SPEED    33   HIGHEST GUST DIRECTION     W (290)
  AVERAGE WIND SPEED     8.2


SKY COVER
  AVERAGE SKY COVER 0.0


WEATHER CONDITIONS
 THE FOLLOWING WEATHER WAS RECORDED YESTERDAY.
  NO SIGNIFICANT WEATHER WAS OBSERVED.


RELATIVE HUMIDITY (PERCENT)
 HIGHEST    92           400 AM
 LOWEST     31           100 PM
 AVERAGE    62

..........................................................




SUNRISE AND SUNSET
NOVEMBER 23 2017......SUNRISE   652 AM MST   SUNSET   413 PM MST
NOVEMBER 24 2017......SUNRISE   653 AM MST   SUNSET   413 PM MST


-  INDICATES NEGATIVE NUMBERS.
R  INDICATES RECORD WAS SET OR TIED.
MM INDICATES DATA IS MISSING.
T  INDICATES TRACE AMOUNT.




$$
