000
CDUS43 KUNR 240837
CLIPHP


CLIMATE REPORT
NATIONAL WEATHER SERVICE RAPID CITY SD
135 AM MST SAT JAN 24 2015


...................................

...THE PHILIP SD CLIMATE SUMMARY FOR JANUARY 23 2015...

CLIMATE NORMAL PERIOD 1981 TO 2010
CLIMATE RECORD PERIOD 9999 TO 9999


WEATHER ITEM   OBSERVED TIME   NORMAL DEPARTURE LAST
                VALUE   (LST)  VALUE  FROM      YEAR
                                      NORMAL
......................................................
TEMPERATURE (F)
 YESTERDAY
  MAXIMUM         54    318 PM  35     19       30
  MINIMUM         26    227 AM  10     16       -7
  AVERAGE         40            22     18       12

PRECIPITATION (IN)
  YESTERDAY        0.00          0.01  -0.01     0.00
  MONTH TO DATE    0.01          0.23  -0.22     0.11
  SINCE DEC 1      0.31          0.66  -0.35     1.13
  SINCE JAN 1      0.01          0.23  -0.22     0.11

DEGREE DAYS
 HEATING
  YESTERDAY       25            42    -17       53
  MONTH TO DATE  995           995      0      922
  SINCE DEC 1   2186          2295   -109     2434
  SINCE JUL 1   3841          3930    -89     3945

 COOLING
  YESTERDAY        0             0      0        0
  MONTH TO DATE    0             0      0        0
  SINCE DEC 1      0             0      0        0
  SINCE JAN 1      0             0      0        0
......................................................


WIND (MPH)
  HIGHEST WIND SPEED    24   HIGHEST WIND DIRECTION    NW (320)
  HIGHEST GUST SPEED    29   HIGHEST GUST DIRECTION    NW (330)
  AVERAGE WIND SPEED    11.7


SKY COVER
  AVERAGE SKY COVER 0.3


WEATHER CONDITIONS
 THE FOLLOWING WEATHER WAS RECORDED YESTERDAY.
  NO SIGNIFICANT WEATHER WAS OBSERVED.


RELATIVE HUMIDITY (PERCENT)
 HIGHEST    75           900 PM
 LOWEST     35           300 PM
 AVERAGE    55

..........................................................




SUNRISE AND SUNSET
JANUARY 24 2015.......SUNRISE   712 AM MST   SUNSET   445 PM MST
JANUARY 25 2015.......SUNRISE   711 AM MST   SUNSET   447 PM MST


-  INDICATES NEGATIVE NUMBERS.
R  INDICATES RECORD WAS SET OR TIED.
MM INDICATES DATA IS MISSING.
T  INDICATES TRACE AMOUNT.




$$
