867
CDUS45 KPSR 250810
CLIPHX

CLIMATE REPORT
NATIONAL WEATHER SERVICE PHOENIX AZ
109 AM MST TUE APR 25 2017

...................................

...THE PHOENIX AZ CLIMATE SUMMARY FOR APRIL 24 2017...

CLIMATE NORMAL PERIOD 1981 TO 2010
CLIMATE RECORD PERIOD 1895 TO 2017


WEATHER ITEM   OBSERVED TIME   RECORD YEAR NORMAL DEPARTURE LAST
                VALUE   (LST)  VALUE       VALUE  FROM      YEAR
                                                  NORMAL
..................................................................
TEMPERATURE (F)
 YESTERDAY
  MAXIMUM         93    144 PM  99    1987  88      5       88
                                      1949
                                      1898
  MINIMUM         69    625 AM  41    1923  63      6       60
  AVERAGE         81                        75      6       74

PRECIPITATION (IN)
  YESTERDAY        0.00          0.17 1990   0.00   0.00     0.00
  MONTH TO DATE    T                         0.25  -0.25     0.51
  SINCE OCT 1      4.23                      5.18  -0.95     2.99
  SINCE JAN 1      2.40                      3.07  -0.67     1.82

SNOWFALL (IN)
  YESTERDAY        0.0
  MONTH TO DATE    0.0
  SINCE JAN 1      0.0
  SINCE JUL 1      0.0
  SNOW DEPTH       0

DEGREE DAYS
 HEATING
  YESTERDAY        0                         0      0        0
  MONTH TO DATE    2                        17    -15        0
  SINCE MAR 1     25                        98    -73       16
  SINCE JUL 1    693                       931   -238      829

 COOLING
  YESTERDAY       16                        11      5        9
  MONTH TO DATE  255                       182     73      222
  SINCE MAR 1    460                       269    191      387
  SINCE JAN 1    480                       286    194      500
..................................................................


WIND (MPH)
  HIGHEST WIND SPEED    22   HIGHEST WIND DIRECTION    SW (230)
  HIGHEST GUST SPEED    27   HIGHEST GUST DIRECTION     W (270)
  AVERAGE WIND SPEED    10.8


SKY COVER
  AVERAGE SKY COVER 0.6


WEATHER CONDITIONS
 THE FOLLOWING WEATHER WAS RECORDED YESTERDAY.
  NO SIGNIFICANT WEATHER WAS OBSERVED.


RELATIVE HUMIDITY (PERCENT)
 HIGHEST    22           500 AM
 LOWEST      6          1200 PM
 AVERAGE    14

..........................................................


THE PHOENIX AZ CLIMATE NORMALS FOR TODAY
                         NORMAL    RECORD    YEAR
 MAXIMUM TEMPERATURE (F)   88       102      1898
 MINIMUM TEMPERATURE (F)   63        41      1964


SUNRISE AND SUNSET
APRIL 25 2017.........SUNRISE   546 AM MST   SUNSET   707 PM MST
APRIL 26 2017.........SUNRISE   545 AM MST   SUNSET   707 PM MST


-  INDICATES NEGATIVE NUMBERS.
R  INDICATES RECORD WAS SET OR TIED.
MM INDICATES DATA IS MISSING.
T  INDICATES TRACE AMOUNT.

&&
.....................................................................

DEW POINT
  HIGHEST DEW POINT    36
   LOWEST DEW POINT    16
  AVERAGE DEW POINT    24
.....................................................................

$$
