000
CDUS45 KPSR 220834
CLIPHX

CLIMATE REPORT
NATIONAL WEATHER SERVICE PHOENIX AZ
133 AM MST SUN JAN 22 2017


...................................

...THE PHOENIX AZ CLIMATE SUMMARY FOR JANUARY 21 2017...

CLIMATE NORMAL PERIOD 1981 TO 2010
CLIMATE RECORD PERIOD 1895 TO 2017


WEATHER ITEM   OBSERVED TIME   RECORD YEAR NORMAL DEPARTURE LAST
                VALUE   (LST)  VALUE       VALUE  FROM      YEAR
                                                  NORMAL
..................................................................
TEMPERATURE (F)
 YESTERDAY
  MAXIMUM         60    431 PM  81    2014  68     -8       71
  MINIMUM         46   1159 PM  24    1922  46      0       43
                                      1898
  AVERAGE         53                        57     -4       57

PRECIPITATION (IN)
  YESTERDAY        T             1.33 2010   0.02  -0.02     0.00
  MONTH TO DATE    1.10                      0.63   0.47     1.13
  SINCE OCT 1      2.93                      2.74   0.19     2.30
  SINCE JAN 1      1.10                      0.63   0.47     1.13

SNOWFALL (IN)
  YESTERDAY       MM
  MONTH TO DATE    0.0
  SINCE JAN 1      0.0
  SINCE JUL 1      0.0
  SNOW DEPTH       0

DEGREE DAYS
 HEATING
  YESTERDAY       12                         8      4        8
  MONTH TO DATE  179                       191    -12      223
  SINCE DEC 1    390                       489    -99      549
  SINCE JUL 1    448                       592   -144      670

 COOLING
  YESTERDAY        0                         0      0        0
  MONTH TO DATE    0                         0      0        0
  SINCE DEC 1      1                         1      0        0
  SINCE JAN 1      0                         0      0        0
..................................................................


WIND (MPH)
  HIGHEST WIND SPEED    28   HIGHEST WIND DIRECTION    SW (240)
  HIGHEST GUST SPEED    37   HIGHEST GUST DIRECTION     W (250)
  AVERAGE WIND SPEED    14.4


SKY COVER
  AVERAGE SKY COVER 0.5


WEATHER CONDITIONS
 THE FOLLOWING WEATHER WAS RECORDED YESTERDAY.
  LIGHT RAIN


RELATIVE HUMIDITY (PERCENT)
 HIGHEST    72           100 AM
 LOWEST     36           400 PM
 AVERAGE    54

..........................................................


THE PHOENIX AZ CLIMATE NORMALS FOR TODAY
                         NORMAL    RECORD    YEAR
 MAXIMUM TEMPERATURE (F)   68        81      2013
 MINIMUM TEMPERATURE (F)   46        21      1937


SUNRISE AND SUNSET
JANUARY 22 2017.......SUNRISE   730 AM MST   SUNSET   550 PM MST
JANUARY 23 2017.......SUNRISE   729 AM MST   SUNSET   551 PM MST


-  INDICATES NEGATIVE NUMBERS.
R  INDICATES RECORD WAS SET OR TIED.
MM INDICATES DATA IS MISSING.
T  INDICATES TRACE AMOUNT.

&&
.....................................................................

DEW POINT
  HIGHEST DEW POINT    46
   LOWEST DEW POINT    32
  AVERAGE DEW POINT    38
.....................................................................

$$
