000
CDUS45 KPSR 240823
CLIPHX

CLIMATE REPORT
NATIONAL WEATHER SERVICE PHOENIX AZ
120 AM MST FRI NOV 24 2017


...................................

...THE PHOENIX AZ CLIMATE SUMMARY FOR NOVEMBER 23 2017...

CLIMATE NORMAL PERIOD 1981 TO 2010
CLIMATE RECORD PERIOD 1895 TO 2017


WEATHER ITEM   OBSERVED TIME   RECORD YEAR NORMAL DEPARTURE LAST
                VALUE   (LST)  VALUE       VALUE  FROM      YEAR
                                                  NORMAL
..................................................................
TEMPERATURE (F)
 YESTERDAY
  MAXIMUM         87R   434 PM  87    1950  72     15       74
  MINIMUM         59    740 AM  27    1931  50      9       51
  AVERAGE         73                        61     12       63

PRECIPITATION (IN)
  YESTERDAY        0.00          0.98 1906   0.03  -0.03     0.00
  MONTH TO DATE    T                         0.46  -0.46     0.46
  SINCE OCT 1      T                         1.04  -1.04     0.66
  SINCE JAN 1      4.73                      6.96  -2.23     5.02

SNOWFALL (IN)
  YESTERDAY        0.0
  MONTH TO DATE    0.0
  SINCE JAN 1      0.0
  SINCE JUL 1      0.0
  SNOW DEPTH       0

DEGREE DAYS
 HEATING
  YESTERDAY        0                         5     -5        2
  MONTH TO DATE    0                        56    -56       11
  SINCE SEP 1      0                        62    -62       11
  SINCE JUL 1      0                        62    -62       11

 COOLING
  YESTERDAY        8                         1      7        0
  MONTH TO DATE  159                        67     92      133
  SINCE SEP 1   1343                      1134    209     1290
  SINCE JAN 1   5160                      4603    557     5042
..................................................................


WIND (MPH)
  HIGHEST WIND SPEED     8   HIGHEST WIND DIRECTION    SE (120)
  HIGHEST GUST SPEED     9   HIGHEST GUST DIRECTION    SE (120)
  AVERAGE WIND SPEED     2.4


SKY COVER
  AVERAGE SKY COVER 0.2


WEATHER CONDITIONS
 THE FOLLOWING WEATHER WAS RECORDED YESTERDAY.
  NO SIGNIFICANT WEATHER WAS OBSERVED.


RELATIVE HUMIDITY (PERCENT)
 HIGHEST    39           700 AM
 LOWEST     16           300 PM
 AVERAGE    28

..........................................................


THE PHOENIX AZ CLIMATE NORMALS FOR TODAY
                         NORMAL    RECORD    YEAR
 MAXIMUM TEMPERATURE (F)   72        88      1950
 MINIMUM TEMPERATURE (F)   49        28      1931


SUNRISE AND SUNSET
NOVEMBER 24 2017......SUNRISE   708 AM MST   SUNSET   521 PM MST
NOVEMBER 25 2017......SUNRISE   709 AM MST   SUNSET   521 PM MST


-  INDICATES NEGATIVE NUMBERS.
R  INDICATES RECORD WAS SET OR TIED.
MM INDICATES DATA IS MISSING.
T  INDICATES TRACE AMOUNT.

&&
.....................................................................

DEW POINT
  HIGHEST DEW POINT    43
   LOWEST DEW POINT    32
  AVERAGE DEW POINT    36
.....................................................................

$$
