000
CDUS45 KPSR 270015
CLIPHX

CLIMATE REPORT
NATIONAL WEATHER SERVICE PHOENIX AZ
514 PM MST WED JUL 26 2017


...................................

...THE PHOENIX AZ CLIMATE SUMMARY FOR JULY 26 2017...
VALID TODAY AS OF 0500 PM LOCAL TIME.

CLIMATE NORMAL PERIOD 1981 TO 2010
CLIMATE RECORD PERIOD 1895 TO 2017


WEATHER ITEM   OBSERVED TIME   RECORD YEAR NORMAL DEPARTURE LAST
                VALUE   (LST)  VALUE       VALUE  FROM      YEAR
                                                  NORMAL
..................................................................
TEMPERATURE (F)
 TODAY
  MAXIMUM        106    356 PM 116    1995 105      1      111
  MINIMUM         84    645 AM  65    1952  84      0       91
  AVERAGE         95                        95      0      101

PRECIPITATION (IN)
  TODAY            0.00          1.38 1917   0.04  -0.04     0.00
  MONTH TO DATE    0.87                      0.84   0.03     0.36
  SINCE OCT 1      5.11                      6.18  -1.07     3.41
  SINCE JAN 1      3.28                      4.07  -0.79     2.24

SNOWFALL (IN)
  TODAY            0.0
  MONTH TO DATE    0.0
  SINCE JAN 1      0.0
  SINCE JUL 1      0.0
  SNOW DEPTH       0

DEGREE DAYS
 HEATING
  TODAY            0                         0      0        0
  MONTH TO DATE    0                         0      0        0
  SINCE JUN 1      0                         0      0        0
  SINCE JUL 1      0                         0      0        0

 COOLING
  TODAY           30                        30      0       36
  MONTH TO DATE  790                       777     13      849
  SINCE JUN 1   1689                      1551    138     1749
  SINCE JAN 1   2763                      2437    326     2756
..................................................................


WIND (MPH)
  HIGHEST WIND SPEED    16   HIGHEST WIND DIRECTION     W (280)
  HIGHEST GUST SPEED    20   HIGHEST GUST DIRECTION    SW (210)
  AVERAGE WIND SPEED     5.9


SKY COVER
  AVERAGE SKY COVER 0.3


WEATHER CONDITIONS
 THE FOLLOWING WEATHER WAS RECORDED TODAY.
  NO SIGNIFICANT WEATHER WAS OBSERVED.


RELATIVE HUMIDITY (PERCENT)
 HIGHEST    61           600 AM
 LOWEST     19           400 PM
 AVERAGE    40

..........................................................


THE PHOENIX AZ CLIMATE NORMALS FOR TOMORROW
                         NORMAL    RECORD    YEAR
 MAXIMUM TEMPERATURE (F)  105       118      1995
 MINIMUM TEMPERATURE (F)   84        65      1913


SUNRISE AND SUNSET
JULY 26 2017..........SUNRISE   537 AM MST   SUNSET   732 PM MST
JULY 27 2017..........SUNRISE   537 AM MST   SUNSET   731 PM MST


-  INDICATES NEGATIVE NUMBERS.
R  INDICATES RECORD WAS SET OR TIED.
MM INDICATES DATA IS MISSING.
T  INDICATES TRACE AMOUNT.

$$
