000
CDUS45 KPSR 020823
CLIPHX

CLIMATE REPORT
NATIONAL WEATHER SERVICE PHOENIX AZ
122 AM MST MON MAR 2 2015


...................................

...THE PHOENIX AZ CLIMATE SUMMARY FOR MARCH 1 2015...

CLIMATE NORMAL PERIOD 1981 TO 2010
CLIMATE RECORD PERIOD 1895 TO 2015


WEATHER ITEM   OBSERVED TIME   RECORD YEAR NORMAL DEPARTURE LAST
                VALUE   (LST)  VALUE       VALUE  FROM      YEAR
                                                  NORMAL
..................................................................
TEMPERATURE (F)
 YESTERDAY
  MAXIMUM         77    404 PM  89    1986  73      4       71
  MINIMUM         61    756 AM  31    1964  51     10       55
                                      1922
  AVERAGE         69                        62      7       63

PRECIPITATION (IN)
  YESTERDAY        0.00          0.94 2014   0.04  -0.04     0.94
  MONTH TO DATE    0.00                      0.04  -0.04     0.94
  SINCE OCT 1      1.86                      3.98  -2.12     3.76
  SINCE JAN 1      0.82                      1.87  -1.05     0.94

SNOWFALL (IN)
  YESTERDAY        0.0
  MONTH TO DATE    0.0
  SINCE JAN 1      0.0
  SINCE JUL 1      0.0
  SNOW DEPTH       0

DEGREE DAYS
 HEATING
  YESTERDAY        0                         4     -4        2
  MONTH TO DATE    0                         4     -4        2
  SINCE MAR 1      0                         4     -4        2
  SINCE JUL 1    495                       837   -342      536

 COOLING
  YESTERDAY        4                         1      3        0
  MONTH TO DATE    4                         1      3        0
  SINCE MAR 1      4                         1      3        0
  SINCE JAN 1     52                        18     34       62
..................................................................


WIND (MPH)
  HIGHEST WIND SPEED    21   HIGHEST WIND DIRECTION     S (190)
  HIGHEST GUST SPEED    28   HIGHEST GUST DIRECTION    SE (150)
  AVERAGE WIND SPEED     8.8


SKY COVER
  AVERAGE SKY COVER 0.8


WEATHER CONDITIONS
 THE FOLLOWING WEATHER WAS RECORDED YESTERDAY.
  NO SIGNIFICANT WEATHER WAS OBSERVED.


RELATIVE HUMIDITY (PERCENT)
 HIGHEST    64           400 AM
 LOWEST     31           300 PM
 AVERAGE    48

..........................................................


THE PHOENIX AZ CLIMATE NORMALS FOR TODAY
                         NORMAL    RECORD    YEAR
 MAXIMUM TEMPERATURE (F)   74        90      1921
                                             1910
 MINIMUM TEMPERATURE (F)   51        30      1971


SUNRISE AND SUNSET
MARCH  2 2015.........SUNRISE   655 AM MST   SUNSET   626 PM MST
MARCH  3 2015.........SUNRISE   654 AM MST   SUNSET   626 PM MST


-  INDICATES NEGATIVE NUMBERS.
R  INDICATES RECORD WAS SET OR TIED.
MM INDICATES DATA IS MISSING.
T  INDICATES TRACE AMOUNT.

&&
.....................................................................

DEW POINT
  HIGHEST DEW POINT    50
   LOWEST DEW POINT    43
  AVERAGE DEW POINT    47
.....................................................................

$$
