000
CDUS45 KPSR 210853
CLIPHX

CLIMATE REPORT
NATIONAL WEATHER SERVICE PHOENIX AZ
150 AM MST THU AUG 21 2014


...................................

...THE PHOENIX AZ CLIMATE SUMMARY FOR AUGUST 20 2014...

CLIMATE NORMAL PERIOD 1981 TO 2010
CLIMATE RECORD PERIOD 1895 TO 2014


WEATHER ITEM   OBSERVED TIME   RECORD YEAR NORMAL DEPARTURE LAST
                VALUE   (LST)  VALUE       VALUE  FROM      YEAR
                                                  NORMAL
..................................................................
TEMPERATURE (F)
 YESTERDAY
  MAXIMUM         98    445 PM 112    1986 104     -6      111
                                      1982
  MINIMUM         75    612 AM  58    1917  83     -8       88
  AVERAGE         87                        93     -6      100

PRECIPITATION (IN)
  YESTERDAY        0.00          1.59 1995   0.04  -0.04      T
  MONTH TO DATE    0.98                      0.67   0.31     0.01
  SINCE OCT 1      4.85                      7.06  -2.21     5.31
  SINCE JAN 1      2.03                      4.95  -2.92     4.39

SNOWFALL (IN)
  YESTERDAY        0.0
  MONTH TO DATE    0.0
  SINCE JAN 1      0.0
  SINCE JUL 1      0.0
  SNOW DEPTH       0

DEGREE DAYS
 HEATING
  YESTERDAY        0                         0      0        0
  MONTH TO DATE    0                         0      0        0
  SINCE JUN 1      0                         0      0        0
  SINCE JUL 1      0                         0      0        0

 COOLING
  YESTERDAY       22                        28     -6       35
  MONTH TO DATE  545                       578    -33      631
  SINCE JUN 1   2384                      2276    108     2492
  SINCE JAN 1   3459                      3162    297     3590
..................................................................


WIND (MPH)
  HIGHEST WIND SPEED    18   HIGHEST WIND DIRECTION     W (260)
  HIGHEST GUST SPEED    25   HIGHEST GUST DIRECTION     W (260)
  AVERAGE WIND SPEED     6.7


SKY COVER
  AVERAGE SKY COVER 0.4


WEATHER CONDITIONS
 THE FOLLOWING WEATHER WAS RECORDED YESTERDAY.
  NO SIGNIFICANT WEATHER WAS OBSERVED.


RELATIVE HUMIDITY (PERCENT)
 HIGHEST    82           500 AM
 LOWEST     22           700 PM
 AVERAGE    52

..........................................................


THE PHOENIX AZ CLIMATE NORMALS FOR TODAY
                         NORMAL    RECORD    YEAR
 MAXIMUM TEMPERATURE (F)  104       110      2007
                                             1986
                                             1981
 MINIMUM TEMPERATURE (F)   82        62      1916


SUNRISE AND SUNSET
AUGUST 21 2014........SUNRISE   555 AM MST   SUNSET   707 PM MST
AUGUST 22 2014........SUNRISE   555 AM MST   SUNSET   706 PM MST


-  INDICATES NEGATIVE NUMBERS.
R  INDICATES RECORD WAS SET OR TIED.
MM INDICATES DATA IS MISSING.
T  INDICATES TRACE AMOUNT.

&&
.....................................................................

DEW POINT
  HIGHEST DEW POINT    69
   LOWEST DEW POINT    52
  AVERAGE DEW POINT    61
.....................................................................

$$
