000
CDUS43 KILX 222140
CLIPIA


CLIMATE REPORT
NATIONAL WEATHER SERVICE LINCOLN IL
429 PM CDT FRI AUG 22 2014


...................................

...THE PEORIA IL CLIMATE SUMMARY FOR AUGUST 22 2014...
VALID TODAY AS OF 0400 PM LOCAL TIME.

CLIMATE NORMAL PERIOD 1981 TO 2010
CLIMATE RECORD PERIOD 1883 TO 2014


WEATHER ITEM   OBSERVED TIME   RECORD YEAR NORMAL DEPARTURE LAST
                VALUE   (LST)  VALUE       VALUE  FROM      YEAR
                                                  NORMAL
..................................................................
TEMPERATURE (F)
 TODAY
  MAXIMUM         87    253 PM 102    1936  84      3       83
  MINIMUM         74   1058 AM  46    1923  63     11       70
  AVERAGE         81                        73      8       77

PRECIPITATION (IN)
  TODAY            0.78          1.61 1917   0.10   0.68      T
  MONTH TO DATE    5.04                      2.28   2.76     0.33
  SINCE JUN 1     16.20                      9.66   6.54     4.31
  SINCE JAN 1     28.18                     23.99   4.19    31.83

SNOWFALL (IN)
  TODAY            0.0           0.0    MM   0.0    0.0      0.0
  MONTH TO DATE    0.0                       0.0    0.0      0.0
  SINCE JUN 1      0.0                       0.0    0.0      0.0
  SINCE JUL 1      0.0                       0.0    0.0      0.0
  SNOW DEPTH       0

DEGREE DAYS
 HEATING
  TODAY            0                         0      0        0
  MONTH TO DATE    0                         0      0        1
  SINCE JUN 1      2                        19    -17       23
  SINCE JUL 1      2                         1      1        5

 COOLING
  TODAY           16                         9      7       12
  MONTH TO DATE  204                       207     -3      168
  SINCE JUN 1    728                       757    -29      691
  SINCE JAN 1    886                       838     48      798
..................................................................


WIND (MPH)
  HIGHEST WIND SPEED    18   HIGHEST WIND DIRECTION    SW (230)
  HIGHEST GUST SPEED    24   HIGHEST GUST DIRECTION     S (200)
  AVERAGE WIND SPEED     8.0


SKY COVER
  POSSIBLE SUNSHINE  MM
  AVERAGE SKY COVER 0.5


WEATHER CONDITIONS
 THE FOLLOWING WEATHER WAS RECORDED TODAY.
  THUNDERSTORM
  HEAVY RAIN
  RAIN
  LIGHT RAIN
  FOG


RELATIVE HUMIDITY (PERCENT)
 HIGHEST    93           900 AM
 LOWEST     65           300 PM
 AVERAGE    79

..........................................................


THE PEORIA IL CLIMATE NORMALS FOR TOMORROW
                         NORMAL    RECORD    YEAR
 MAXIMUM TEMPERATURE (F)   83       101      1947
 MINIMUM TEMPERATURE (F)   63        50      1945
                                             1923
                                             1908


SUNRISE AND SUNSET
AUGUST 22 2014........SUNRISE   616 AM CDT   SUNSET   746 PM CDT
AUGUST 23 2014........SUNRISE   617 AM CDT   SUNSET   745 PM CDT


-  INDICATES NEGATIVE NUMBERS.
R  INDICATES RECORD WAS SET OR TIED.
MM INDICATES DATA IS MISSING.
T  INDICATES TRACE AMOUNT.




$$
