000
CDUS43 KILX 240654
CLIPIA


CLIMATE REPORT
NATIONAL WEATHER SERVICE LINCOLN IL
152 AM CDT THU JUL 24 2014


...................................

...THE PEORIA IL CLIMATE SUMMARY FOR JULY 23 2014...

CLIMATE NORMAL PERIOD 1981 TO 2010
CLIMATE RECORD PERIOD 1883 TO 2014


WEATHER ITEM   OBSERVED TIME   RECORD YEAR NORMAL DEPARTURE LAST
                VALUE   (LST)  VALUE       VALUE  FROM      YEAR
                                                  NORMAL
..................................................................
TEMPERATURE (F)
 YESTERDAY
  MAXIMUM         82    446 PM 105    1934  85     -3       83
  MINIMUM         64   1159 PM  52    1947  65     -1       65
                                      1925
  AVERAGE         73                        75     -2       74

PRECIPITATION (IN)
  YESTERDAY        0.00          3.36 1993   0.12  -0.12     0.00
  MONTH TO DATE    1.15                      2.90  -1.75     0.65
  SINCE JUN 1     10.82                      6.43   4.39     2.84
  SINCE JAN 1     22.80                     20.76   2.04    30.36

SNOWFALL (IN)
  YESTERDAY        0.0           0.0    MM   0.0    0.0      0.0
  MONTH TO DATE    0.0                       0.0    0.0      0.0
  SINCE JUN 1      0.0                       0.0    0.0      0.0
  SINCE JUL 1      0.0                       0.0    0.0      0.0
  SNOW DEPTH       0

DEGREE DAYS
 HEATING
  YESTERDAY        0                         0      0        0
  MONTH TO DATE    2                         0      2        0
  SINCE JUN 1      2                        18    -16       18
  SINCE JUL 1      2                         0      2        0

 COOLING
  YESTERDAY        8                        10     -2        9
  MONTH TO DATE  178                       249    -71      281
  SINCE JUN 1    470                       471     -1      504
  SINCE JAN 1    628                       552     76      611
..................................................................


WIND (MPH)
  HIGHEST WIND SPEED    21   HIGHEST WIND DIRECTION    NE (40)
  HIGHEST GUST SPEED    27   HIGHEST GUST DIRECTION    NE (30)
  AVERAGE WIND SPEED     9.4


SKY COVER
  POSSIBLE SUNSHINE  MM
  AVERAGE SKY COVER 0.2


WEATHER CONDITIONS
 THE FOLLOWING WEATHER WAS RECORDED YESTERDAY.
  HAZE


RELATIVE HUMIDITY (PERCENT)
 HIGHEST    79          1200 AM
 LOWEST     42           200 PM
 AVERAGE    61

..........................................................


THE PEORIA IL CLIMATE NORMALS FOR TODAY
                         NORMAL    RECORD    YEAR
 MAXIMUM TEMPERATURE (F)   85       106      1901
 MINIMUM TEMPERATURE (F)   65        51      1906


SUNRISE AND SUNSET
JULY 24 2014..........SUNRISE   548 AM CDT   SUNSET   822 PM CDT
JULY 25 2014..........SUNRISE   549 AM CDT   SUNSET   821 PM CDT


-  INDICATES NEGATIVE NUMBERS.
R  INDICATES RECORD WAS SET OR TIED.
MM INDICATES DATA IS MISSING.
T  INDICATES TRACE AMOUNT.




$$
