000
CDUS43 KILX 290636
CLIPIA


CLIMATE REPORT
NATIONAL WEATHER SERVICE LINCOLN IL
135 AM CDT WED JUL 29 2015


...................................

...THE PEORIA IL CLIMATE SUMMARY FOR JULY 28 2015...

CLIMATE NORMAL PERIOD 1981 TO 2010
CLIMATE RECORD PERIOD 1883 TO 2015


WEATHER ITEM   OBSERVED TIME   RECORD YEAR NORMAL DEPARTURE LAST
                VALUE   (LST)  VALUE       VALUE  FROM      YEAR
                                                  NORMAL
..................................................................
TEMPERATURE (F)
 YESTERDAY
  MAXIMUM         92   1210 PM 102    1983  85      7       76
                                      1916
  MINIMUM         74    436 AM  51    2013  65      9       58
  AVERAGE         83                        75      8       67

PRECIPITATION (IN)
  YESTERDAY        0.01          2.69 1966   0.11  -0.10     0.00
  MONTH TO DATE    5.41                      3.49   1.92     1.49
  SINCE JUN 1     17.01                      7.02   9.99    11.16
  SINCE JAN 1     29.78                     21.35   8.43    23.14

SNOWFALL (IN)
  YESTERDAY        0.0           0.0    MM   0.0    0.0      0.0
  MONTH TO DATE    0.0                       0.0    0.0      0.0
  SINCE JUN 1      0.0                       0.0    0.0      0.0
  SINCE JUL 1      0.0                       0.0    0.0      0.0
  SNOW DEPTH       0

DEGREE DAYS
 HEATING
  YESTERDAY        0                         0      0        0
  MONTH TO DATE    5                         0      5        2
  SINCE JUN 1     12                        18     -6        2
  SINCE JUL 1      5                         0      5        2

 COOLING
  YESTERDAY       18                        10      8        2
  MONTH TO DATE  325                       299     26      212
  SINCE JUN 1    613                       521     92      504
  SINCE JAN 1    767                       602    165      662
..................................................................


WIND (MPH)
  HIGHEST WIND SPEED    17   HIGHEST WIND DIRECTION    NE (40)
  HIGHEST GUST SPEED    22   HIGHEST GUST DIRECTION    NE (40)
  AVERAGE WIND SPEED     5.2


SKY COVER
  POSSIBLE SUNSHINE  MM
  AVERAGE SKY COVER 0.1


WEATHER CONDITIONS
 THE FOLLOWING WEATHER WAS RECORDED YESTERDAY.
  THUNDERSTORM
  FOG
  HAZE


RELATIVE HUMIDITY (PERCENT)
 HIGHEST    93           400 AM
 LOWEST     64          1100 AM
 AVERAGE    79

..........................................................


THE PEORIA IL CLIMATE NORMALS FOR TODAY
                         NORMAL    RECORD    YEAR
 MAXIMUM TEMPERATURE (F)   85       104      1887
 MINIMUM TEMPERATURE (F)   65        50      1971


SUNRISE AND SUNSET
JULY 29 2015..........SUNRISE   552 AM CDT   SUNSET   817 PM CDT
JULY 30 2015..........SUNRISE   553 AM CDT   SUNSET   816 PM CDT


-  INDICATES NEGATIVE NUMBERS.
R  INDICATES RECORD WAS SET OR TIED.
MM INDICATES DATA IS MISSING.
T  INDICATES TRACE AMOUNT.




$$
