000
CDUS43 KILX 240640
CLIPIA


CLIMATE REPORT
NATIONAL WEATHER SERVICE LINCOLN IL
139 AM CDT SUN MAY 24 2015


...................................

...THE PEORIA IL CLIMATE SUMMARY FOR MAY 23 2015...

CLIMATE NORMAL PERIOD 1981 TO 2010
CLIMATE RECORD PERIOD 1883 TO 2015


WEATHER ITEM   OBSERVED TIME   RECORD YEAR NORMAL DEPARTURE LAST
                VALUE   (LST)  VALUE       VALUE  FROM      YEAR
                                                  NORMAL
..................................................................
TEMPERATURE (F)
 YESTERDAY
  MAXIMUM         81    241 PM  92    1975  75      6       81
                                      1921
  MINIMUM         57    535 AM  35    1963  54      3       52
                                      1917
  AVERAGE         69                        64      5       67

PRECIPITATION (IN)
  YESTERDAY        0.00          1.41 2008   0.14  -0.14     0.00
  MONTH TO DATE    3.48                      3.27   0.21     1.20
  SINCE MAR 1      7.51                      9.70  -2.19     6.86
  SINCE JAN 1     11.23                     13.27  -2.04    11.73

SNOWFALL (IN)
  YESTERDAY        0.0           0.0    MM   0.0    0.0      0.0
  MONTH TO DATE    0.0                       0.0    0.0      0.0
  SINCE MAR 1      2.7                       3.3   -0.6      7.4
  SINCE JUL 1     27.0                      24.6    2.4     57.6
  SNOW DEPTH       0

DEGREE DAYS
 HEATING
  YESTERDAY        0                         3     -3        0
  MONTH TO DATE   74                       127    -53      119
  SINCE MAR 1   1091                      1276   -185     1407
  SINCE JUL 1   5797                      5792      5     6586

 COOLING
  YESTERDAY        4                         3      1        2
  MONTH TO DATE   86                        39     47       76
  SINCE MAR 1     97                        53     44       82
  SINCE JAN 1     97                        53     44       82
..................................................................


WIND (MPH)
  HIGHEST WIND SPEED    16   HIGHEST WIND DIRECTION    SW (210)
  HIGHEST GUST SPEED    23   HIGHEST GUST DIRECTION    SW (210)
  AVERAGE WIND SPEED     6.2


SKY COVER
  POSSIBLE SUNSHINE  MM
  AVERAGE SKY COVER 0.1


WEATHER CONDITIONS
 THE FOLLOWING WEATHER WAS RECORDED YESTERDAY.
  NO SIGNIFICANT WEATHER WAS OBSERVED.


RELATIVE HUMIDITY (PERCENT)
 HIGHEST    62           300 AM
 LOWEST     30           600 PM
 AVERAGE    46

..........................................................


THE PEORIA IL CLIMATE NORMALS FOR TODAY
                         NORMAL    RECORD    YEAR
 MAXIMUM TEMPERATURE (F)   76        93      1939
                                             1921
 MINIMUM TEMPERATURE (F)   54        34      1925


SUNRISE AND SUNSET
MAY 24 2015...........SUNRISE   535 AM CDT   SUNSET   817 PM CDT
MAY 25 2015...........SUNRISE   534 AM CDT   SUNSET   818 PM CDT


-  INDICATES NEGATIVE NUMBERS.
R  INDICATES RECORD WAS SET OR TIED.
MM INDICATES DATA IS MISSING.
T  INDICATES TRACE AMOUNT.




$$
