000
CDUS43 KILX 302152
CLIPIA


CLIMATE REPORT
NATIONAL WEATHER SERVICE LINCOLN IL
441 PM CDT MON MAR 30 2015


...................................

...THE PEORIA IL CLIMATE SUMMARY FOR MARCH 30 2015...
VALID TODAY AS OF 0400 PM LOCAL TIME.

CLIMATE NORMAL PERIOD 1981 TO 2010
CLIMATE RECORD PERIOD 1883 TO 2015


WEATHER ITEM   OBSERVED TIME   RECORD YEAR NORMAL DEPARTURE LAST
                VALUE   (LST)  VALUE       VALUE  FROM      YEAR
                                                  NORMAL
..................................................................
TEMPERATURE (F)
 TODAY
  MAXIMUM         71    254 PM  83    1986  57     14       61
  MINIMUM         34    604 AM  15    1969  36     -2       28
                                      1964
  AVERAGE         53                        46      7       45

PRECIPITATION (IN)
  TODAY            0.00          1.72 1960   0.11  -0.11     0.00
  MONTH TO DATE    0.65                      2.69  -2.04     1.94
  SINCE MAR 1      0.65                      2.69  -2.04     1.94
  SINCE JAN 1      4.37                      6.26  -1.89     6.81

SNOWFALL (IN)
  TODAY            0.0           6.0  1926   0.1   -0.1      0.0
  MONTH TO DATE    2.7                       2.7    0.0      7.1
  SINCE MAR 1      2.7                       2.7    0.0      7.1
  SINCE JUL 1     27.0                      24.0    3.0     57.3
  SNOW DEPTH       0

DEGREE DAYS
 HEATING
  TODAY           12                        19     -7       20
  MONTH TO DATE  738                       738      0      925
  SINCE MAR 1    738                       738      0      925
  SINCE JUL 1   5444                      5254    190     6104

 COOLING
  TODAY            0                         0      0        0
  MONTH TO DATE    0                         0      0        0
  SINCE MAR 1      0                         0      0        0
  SINCE JAN 1      0                         0      0        0
..................................................................


WIND (MPH)
  HIGHEST WIND SPEED    22   HIGHEST WIND DIRECTION     W (270)
  HIGHEST GUST SPEED    27   HIGHEST GUST DIRECTION     W (250)
  AVERAGE WIND SPEED     8.1


SKY COVER
  POSSIBLE SUNSHINE  MM
  AVERAGE SKY COVER 0.0


WEATHER CONDITIONS
 THE FOLLOWING WEATHER WAS RECORDED TODAY.
  NO SIGNIFICANT WEATHER WAS OBSERVED.


RELATIVE HUMIDITY (PERCENT)
 HIGHEST    70           600 AM
 LOWEST     20           100 PM
 AVERAGE    45

..........................................................


THE PEORIA IL CLIMATE NORMALS FOR TOMORROW
                         NORMAL    RECORD    YEAR
 MAXIMUM TEMPERATURE (F)   57        84      1986
 MINIMUM TEMPERATURE (F)   36        12      1923


SUNRISE AND SUNSET
MARCH 30 2015.........SUNRISE   646 AM CDT   SUNSET   721 PM CDT
MARCH 31 2015.........SUNRISE   644 AM CDT   SUNSET   722 PM CDT


-  INDICATES NEGATIVE NUMBERS.
R  INDICATES RECORD WAS SET OR TIED.
MM INDICATES DATA IS MISSING.
T  INDICATES TRACE AMOUNT.




$$
