000
CDUS43 KILX 180702
CLIPIA


CLIMATE REPORT
NATIONAL WEATHER SERVICE LINCOLN IL
100 AM CST THU JAN 18 2018


...................................

...THE PEORIA IL CLIMATE SUMMARY FOR JANUARY 17 2018...

CLIMATE NORMAL PERIOD 1981 TO 2010
CLIMATE RECORD PERIOD 1883 TO 2018


WEATHER ITEM   OBSERVED TIME   RECORD YEAR NORMAL DEPARTURE LAST
                VALUE   (LST)  VALUE       VALUE  FROM      YEAR
                                                  NORMAL
..................................................................
TEMPERATURE (F)
 YESTERDAY
  MAXIMUM         22    420 PM  67    1894  33    -11       48
  MINIMUM         -3    742 AM -25    1977  17    -20       35
  AVERAGE         10                        25    -15       42

PRECIPITATION (IN)
  YESTERDAY        0.00          1.20 1900   0.06  -0.06     0.04
  MONTH TO DATE    0.56                      1.05  -0.49     1.45
  SINCE DEC 1      1.36                      3.47  -2.11     2.67
  SINCE JAN 1      0.56                      1.05  -0.49     1.45

SNOWFALL (IN)
  YESTERDAY        0.0           9.9  1911   0.2   -0.2      0.0
  MONTH TO DATE    3.4                       3.8   -0.4      0.4
  SINCE DEC 1     10.8                      10.9   -0.1      5.9
  SINCE JUL 1     10.8                      12.0   -1.2      5.9
  SNOW DEPTH       2

DEGREE DAYS
 HEATING
  YESTERDAY       55                        40     15       23
  MONTH TO DATE  868                       680    188      661
  SINCE DEC 1   1995                      1810    185     1789
  SINCE JUL 1   2982                      2958     24     2527

 COOLING
  YESTERDAY        0                         0      0        0
  MONTH TO DATE    0                         0      0        0
  SINCE DEC 1      0                         0      0        0
  SINCE JAN 1      0                         0      0        0
..................................................................


WIND (MPH)
  HIGHEST WIND SPEED    17   HIGHEST WIND DIRECTION    SW (240)
  HIGHEST GUST SPEED    24   HIGHEST GUST DIRECTION    SW (220)
  AVERAGE WIND SPEED     8.7


SKY COVER
  POSSIBLE SUNSHINE  MM
  AVERAGE SKY COVER 0.0


WEATHER CONDITIONS
 THE FOLLOWING WEATHER WAS RECORDED YESTERDAY.
  NO SIGNIFICANT WEATHER WAS OBSERVED.


RELATIVE HUMIDITY (PERCENT)
 HIGHEST    87           100 AM
 LOWEST     57           300 PM
 AVERAGE    72

..........................................................


THE PEORIA IL CLIMATE NORMALS FOR TODAY
                         NORMAL    RECORD    YEAR
 MAXIMUM TEMPERATURE (F)   33        59      1951
                                             1933
 MINIMUM TEMPERATURE (F)   17       -19      1930


SUNRISE AND SUNSET
JANUARY 18 2018.......SUNRISE   719 AM CST   SUNSET   500 PM CST
JANUARY 19 2018.......SUNRISE   719 AM CST   SUNSET   501 PM CST


-  INDICATES NEGATIVE NUMBERS.
R  INDICATES RECORD WAS SET OR TIED.
MM INDICATES DATA IS MISSING.
T  INDICATES TRACE AMOUNT.




$$
