525
CDUS43 KILX 250635
CLIPIA


CLIMATE REPORT
NATIONAL WEATHER SERVICE LINCOLN IL
134 AM CDT WED MAY 25 2016


...................................

...THE PEORIA IL CLIMATE SUMMARY FOR MAY 24 2016...

CLIMATE NORMAL PERIOD 1981 TO 2010
CLIMATE RECORD PERIOD 1883 TO 2016


WEATHER ITEM   OBSERVED TIME   RECORD YEAR NORMAL DEPARTURE LAST
                VALUE   (LST)  VALUE       VALUE  FROM      YEAR
                                                  NORMAL
..................................................................
TEMPERATURE (F)
 YESTERDAY
  MAXIMUM         86    232 PM  93    1939  76     10       85
                                      1921
  MINIMUM         59    504 AM  34    1925  54      5       66
  AVERAGE         73                        65      8       76

PRECIPITATION (IN)
  YESTERDAY        0.00          1.51 1995   0.14  -0.14     0.24
  MONTH TO DATE    2.56                      3.41  -0.85     3.72
  SINCE MAR 1      7.43                      9.84  -2.41     7.75
  SINCE JAN 1      8.81                     13.41  -4.60    11.47

SNOWFALL (IN)
  YESTERDAY        0.0           0.0    MM   0.0    0.0      0.0
  MONTH TO DATE    0.0                       0.0    0.0      0.0
  SINCE MAR 1      0.2                       3.3   -3.1      2.7
  SINCE JUL 1     15.3                      24.6   -9.3     27.0
  SNOW DEPTH       0

DEGREE DAYS
 HEATING
  YESTERDAY        0                         3     -3        0
  MONTH TO DATE  147                       130     17       74
  SINCE MAR 1   1058                      1279   -221     1091
  SINCE JUL 1   4641                      5795  -1154     5797

 COOLING
  YESTERDAY        8                         3      5       11
  MONTH TO DATE   22                        42    -20       97
  SINCE MAR 1     40                        56    -16      108
  SINCE JAN 1     40                        56    -16      108
..................................................................


WIND (MPH)
  HIGHEST WIND SPEED    17   HIGHEST WIND DIRECTION     S (180)
  HIGHEST GUST SPEED    24   HIGHEST GUST DIRECTION    SW (210)
  AVERAGE WIND SPEED     7.4


SKY COVER
  POSSIBLE SUNSHINE  MM
  AVERAGE SKY COVER 0.0


WEATHER CONDITIONS
 THE FOLLOWING WEATHER WAS RECORDED YESTERDAY.
  NO SIGNIFICANT WEATHER WAS OBSERVED.


RELATIVE HUMIDITY (PERCENT)
 HIGHEST    75           500 AM
 LOWEST     40           200 PM
 AVERAGE    58

..........................................................


THE PEORIA IL CLIMATE NORMALS FOR TODAY
                         NORMAL    RECORD    YEAR
 MAXIMUM TEMPERATURE (F)   76        93      1911
 MINIMUM TEMPERATURE (F)   54        30      1925


SUNRISE AND SUNSET
MAY 25 2016...........SUNRISE   533 AM CDT   SUNSET   818 PM CDT
MAY 26 2016...........SUNRISE   533 AM CDT   SUNSET   819 PM CDT


-  INDICATES NEGATIVE NUMBERS.
R  INDICATES RECORD WAS SET OR TIED.
MM INDICATES DATA IS MISSING.
T  INDICATES TRACE AMOUNT.




$$
