000
CDUS43 KILX 200627
CLIPIA


CLIMATE REPORT
NATIONAL WEATHER SERVICE LINCOLN IL
127 AM CDT MON OCT 20 2014


...................................

...THE PEORIA IL CLIMATE SUMMARY FOR OCTOBER 19 2014...

CLIMATE NORMAL PERIOD 1981 TO 2010
CLIMATE RECORD PERIOD 1883 TO 2014


WEATHER ITEM   OBSERVED TIME   RECORD YEAR NORMAL DEPARTURE LAST
                VALUE   (LST)  VALUE       VALUE  FROM      YEAR
                                                  NORMAL
..................................................................
TEMPERATURE (F)
 YESTERDAY
  MAXIMUM         63    327 PM  84    1953  63      0       56
  MINIMUM         39    652 AM  19    1972  43     -4       38
  AVERAGE         51                        53     -2       47

PRECIPITATION (IN)
  YESTERDAY        0.00          1.41 1995   0.09  -0.09      T
  MONTH TO DATE    2.33                      1.67   0.66     2.45
  SINCE SEP 1      7.31                      4.82   2.49     4.30
  SINCE JAN 1     37.39                     29.77   7.62    36.13

SNOWFALL (IN)
  YESTERDAY        0.0           0.4  1989   0.0    0.0      0.0
  MONTH TO DATE    T                         0.0    0.0      0.0
  SINCE SEP 1      T                         0.0    0.0      0.0
  SINCE JUL 1      T                         0.0    0.0      0.0
  SNOW DEPTH       0

DEGREE DAYS
 HEATING
  YESTERDAY       14                        12      2       18
  MONTH TO DATE  158                       184    -26      117
  SINCE SEP 1    234                       268    -34      144
  SINCE JUL 1    236                       274    -38      149

 COOLING
  YESTERDAY        0                         0      0        0
  MONTH TO DATE    4                        12     -8       40
  SINCE SEP 1    127                       129     -2      232
  SINCE JAN 1   1151                      1036    115     1174
..................................................................


WIND (MPH)
  HIGHEST WIND SPEED    16   HIGHEST WIND DIRECTION    SW (220)
  HIGHEST GUST SPEED    20   HIGHEST GUST DIRECTION    SW (240)
  AVERAGE WIND SPEED     6.8


SKY COVER
  POSSIBLE SUNSHINE  MM
  AVERAGE SKY COVER 0.3


WEATHER CONDITIONS
 THE FOLLOWING WEATHER WAS RECORDED YESTERDAY.
  FOG


RELATIVE HUMIDITY (PERCENT)
 HIGHEST    92           800 AM
 LOWEST     46           300 PM
 AVERAGE    69

..........................................................


THE PEORIA IL CLIMATE NORMALS FOR TODAY
                         NORMAL    RECORD    YEAR
 MAXIMUM TEMPERATURE (F)   63        87      2003
 MINIMUM TEMPERATURE (F)   42        22      1960


SUNRISE AND SUNSET
OCTOBER 20 2014.......SUNRISE   715 AM CDT   SUNSET   611 PM CDT
OCTOBER 21 2014.......SUNRISE   716 AM CDT   SUNSET   610 PM CDT


-  INDICATES NEGATIVE NUMBERS.
R  INDICATES RECORD WAS SET OR TIED.
MM INDICATES DATA IS MISSING.
T  INDICATES TRACE AMOUNT.




$$
