756
CDUS43 KILX 200632
CLIPIA


CLIMATE REPORT
NATIONAL WEATHER SERVICE LINCOLN IL
131 AM CDT THU JUL 20 2017


...................................

...THE PEORIA IL CLIMATE SUMMARY FOR JULY 19 2017...

CLIMATE NORMAL PERIOD 1981 TO 2010
CLIMATE RECORD PERIOD 1883 TO 2017


WEATHER ITEM   OBSERVED TIME   RECORD YEAR NORMAL DEPARTURE LAST
                VALUE   (LST)  VALUE       VALUE  FROM      YEAR
                                                  NORMAL
..................................................................
TEMPERATURE (F)
 YESTERDAY
  MAXIMUM         93    308 PM 103    1930  86      7       89
  MINIMUM         71    407 AM  47    1909  66      5       69
  AVERAGE         82                        76      6       79

PRECIPITATION (IN)
  YESTERDAY        T             2.19 1889   0.12  -0.12     0.37
  MONTH TO DATE    3.27                      2.41   0.86     4.10
  SINCE JUN 1      5.05                      5.94  -0.89     7.54
  SINCE JAN 1     23.54                     20.27   3.27    16.65

SNOWFALL (IN)
  YESTERDAY        0.0           0.0    MM   0.0    0.0      0.0
  MONTH TO DATE    0.0                       0.0    0.0      0.0
  SINCE JUN 1      0.0                       0.0    0.0      0.0
  SINCE JUL 1      0.0                       0.0    0.0      0.0
  SNOW DEPTH       0

DEGREE DAYS
 HEATING
  YESTERDAY        0                         0      0        0
  MONTH TO DATE    0                         0      0        4
  SINCE JUN 1      6                        18    -12        4
  SINCE JUL 1      0                         0      0        4

 COOLING
  YESTERDAY       17                        11      6       14
  MONTH TO DATE  232                       207     25      194
  SINCE JUN 1    491                       429     62      521
  SINCE JAN 1    572                       510     62      627
..................................................................


WIND (MPH)
  HIGHEST WIND SPEED    16   HIGHEST WIND DIRECTION    NE (60)
  HIGHEST GUST SPEED    20   HIGHEST GUST DIRECTION    NE (50)
  AVERAGE WIND SPEED     4.3


SKY COVER
  POSSIBLE SUNSHINE  MM
  AVERAGE SKY COVER 0.1


WEATHER CONDITIONS
 THE FOLLOWING WEATHER WAS RECORDED YESTERDAY.
  RAIN
  FOG


RELATIVE HUMIDITY (PERCENT)
 HIGHEST   100           500 AM
 LOWEST     49           300 PM
 AVERAGE    75

..........................................................


THE PEORIA IL CLIMATE NORMALS FOR TODAY
                         NORMAL    RECORD    YEAR
 MAXIMUM TEMPERATURE (F)   86       102      1930
 MINIMUM TEMPERATURE (F)   66        51      1971


SUNRISE AND SUNSET
JULY 20 2017..........SUNRISE   545 AM CDT   SUNSET   825 PM CDT
JULY 21 2017..........SUNRISE   546 AM CDT   SUNSET   824 PM CDT


-  INDICATES NEGATIVE NUMBERS.
R  INDICATES RECORD WAS SET OR TIED.
MM INDICATES DATA IS MISSING.
T  INDICATES TRACE AMOUNT.




$$
