000
CDUS43 KILX 172258
CLIPIA


CLIMATE REPORT
NATIONAL WEATHER SERVICE LINCOLN IL
448 PM CST FRI NOV 17 2017


...................................

...THE PEORIA IL CLIMATE SUMMARY FOR NOVEMBER 17 2017...
VALID TODAY AS OF 0400 PM LOCAL TIME.

CLIMATE NORMAL PERIOD 1981 TO 2010
CLIMATE RECORD PERIOD 1883 TO 2017


WEATHER ITEM   OBSERVED TIME   RECORD YEAR NORMAL DEPARTURE LAST
                VALUE   (LST)  VALUE       VALUE  FROM      YEAR
                                                  NORMAL
..................................................................
TEMPERATURE (F)
 TODAY
  MAXIMUM         44    359 PM  75    2016  50     -6       75
                                      1952
                                      1941
  MINIMUM         31    506 AM   3    1959  32     -1       51
  AVERAGE         38                        41     -3       63

PRECIPITATION (IN)
  TODAY            0.05          1.71 2015   0.10  -0.05     0.00
  MONTH TO DATE    0.57                      1.77  -1.20     1.12
  SINCE SEP 1      6.40                      7.76  -1.36     9.61
  SINCE JAN 1     32.13                     32.71  -0.58    34.62

SNOWFALL (IN)
  TODAY           MM             6.2  1926   0.0   MM        0.0
  MONTH TO DATE    0.0                       0.2   -0.2      0.0
  SINCE SEP 1      T                         0.2   -0.2      0.0
  SINCE JUL 1      T                         0.2   -0.2      0.0
  SNOW DEPTH       0

DEGREE DAYS
 HEATING
  TODAY           27                        24      3        2
  MONTH TO DATE  411                       341     70      195
  SINCE SEP 1    694                       781    -87      413
  SINCE JUL 1    694                       787    -93      417

 COOLING
  TODAY            0                         0      0        0
  MONTH TO DATE    0                         0      0        5
  SINCE SEP 1    231                       132     99      266
  SINCE JAN 1   1157                      1039    118     1423
..................................................................


WIND (MPH)
  HIGHEST WIND SPEED    22   HIGHEST WIND DIRECTION     S (170)
  HIGHEST GUST SPEED    29   HIGHEST GUST DIRECTION     S (160)
  AVERAGE WIND SPEED    11.5


SKY COVER
  POSSIBLE SUNSHINE  MM
  AVERAGE SKY COVER 0.7


WEATHER CONDITIONS
 THE FOLLOWING WEATHER WAS RECORDED TODAY.
  LIGHT RAIN
  FOG
  HAZE


RELATIVE HUMIDITY (PERCENT)
 HIGHEST    92           100 AM
 LOWEST     76           900 AM
 AVERAGE    84

..........................................................


THE PEORIA IL CLIMATE NORMALS FOR TOMORROW
                         NORMAL    RECORD    YEAR
 MAXIMUM TEMPERATURE (F)   49        73      1999
 MINIMUM TEMPERATURE (F)   32        12      2014
                                             1891


SUNRISE AND SUNSET
NOVEMBER 17 2017......SUNRISE   648 AM CST   SUNSET   439 PM CST
NOVEMBER 18 2017......SUNRISE   649 AM CST   SUNSET   438 PM CST


-  INDICATES NEGATIVE NUMBERS.
R  INDICATES RECORD WAS SET OR TIED.
MM INDICATES DATA IS MISSING.
T  INDICATES TRACE AMOUNT.




$$
