000
CDUS43 KILX 230641
CLIPIA


CLIMATE REPORT
NATIONAL WEATHER SERVICE LINCOLN IL
134 AM CDT WED APR 23 2014


...................................

...THE PEORIA IL CLIMATE SUMMARY FOR APRIL 22 2014...

CLIMATE NORMAL PERIOD 1981 TO 2010
CLIMATE RECORD PERIOD 1883 TO 2014


WEATHER ITEM   OBSERVED TIME   RECORD YEAR NORMAL DEPARTURE LAST
                VALUE   (LST)  VALUE       VALUE  FROM      YEAR
                                                  NORMAL
..................................................................
TEMPERATURE (F)
 YESTERDAY
  MAXIMUM         66    340 PM  88    1980  66      0       68
  MINIMUM         44   1159 PM  25    1986  44      0       43
  AVERAGE         55                        55      0       56

PRECIPITATION (IN)
  YESTERDAY        0.00          2.60 1883   0.12  -0.12     0.02
  MONTH TO DATE    2.70                      2.60   0.10     7.15
  SINCE MAR 1      4.64                      5.40  -0.76     9.78
  SINCE JAN 1      9.51                      8.97   0.54    16.51

SNOWFALL (IN)
  YESTERDAY        0.0           T    1992   0.0    0.0      0.0
                                      1927
  MONTH TO DATE    0.3                       0.6   -0.3       T
  SINCE MAR 1      7.4                       3.3    4.1     10.8
  SINCE JUL 1     57.6                      24.6   33.0     22.7
  SNOW DEPTH       0

DEGREE DAYS
 HEATING
  YESTERDAY       10                        11     -1        9
  MONTH TO DATE  299                       319    -20      359
  SINCE MAR 1   1233                      1075    158     1311
  SINCE JUL 1   6412                      5591    821     5604

 COOLING
  YESTERDAY        0                         1     -1        0
  MONTH TO DATE    6                         5      1        1
  SINCE MAR 1      6                         6      0        1
  SINCE JAN 1      6                         6      0        1
..................................................................


WIND (MPH)
  HIGHEST WIND SPEED    18   HIGHEST WIND DIRECTION     E (70)
  HIGHEST GUST SPEED    24   HIGHEST GUST DIRECTION    NW (320)
  AVERAGE WIND SPEED     9.5


SKY COVER
  POSSIBLE SUNSHINE  MM
  AVERAGE SKY COVER 0.0


WEATHER CONDITIONS
 THE FOLLOWING WEATHER WAS RECORDED YESTERDAY.
  NO SIGNIFICANT WEATHER WAS OBSERVED.


RELATIVE HUMIDITY (PERCENT)
 HIGHEST    64           200 AM
 LOWEST     25           600 PM
 AVERAGE    45

..........................................................


THE PEORIA IL CLIMATE NORMALS FOR TODAY
                         NORMAL    RECORD    YEAR
 MAXIMUM TEMPERATURE (F)   66        88      1886
 MINIMUM TEMPERATURE (F)   44        23      1910


SUNRISE AND SUNSET
APRIL 23 2014.........SUNRISE   608 AM CDT   SUNSET   746 PM CDT
APRIL 24 2014.........SUNRISE   607 AM CDT   SUNSET   747 PM CDT


-  INDICATES NEGATIVE NUMBERS.
R  INDICATES RECORD WAS SET OR TIED.
MM INDICATES DATA IS MISSING.
T  INDICATES TRACE AMOUNT.




$$
