000
CDUS43 KILX 280648
CLIPIA


CLIMATE REPORT
NATIONAL WEATHER SERVICE LINCOLN IL
147 AM CDT THU JUL 28 2016


...................................

...THE PEORIA IL CLIMATE SUMMARY FOR JULY 27 2016...

CLIMATE NORMAL PERIOD 1981 TO 2010
CLIMATE RECORD PERIOD 1883 TO 2016


WEATHER ITEM   OBSERVED TIME   RECORD YEAR NORMAL DEPARTURE LAST
                VALUE   (LST)  VALUE       VALUE  FROM      YEAR
                                                  NORMAL
..................................................................
TEMPERATURE (F)
 YESTERDAY
  MAXIMUM         88   1242 PM 107    1930  85      3       89
  MINIMUM         68    511 AM  47    1962  65      3       72
  AVERAGE         78                        75      3       81

PRECIPITATION (IN)
  YESTERDAY        0.00          1.80 1981   0.12  -0.12      T
  MONTH TO DATE    5.01                      3.38   1.63     5.40
  SINCE JUN 1      8.45                      6.91   1.54    17.00
  SINCE JAN 1     17.56                     21.24  -3.68    29.77

SNOWFALL (IN)
  YESTERDAY        0.0           0.0    MM   0.0    0.0      0.0
  MONTH TO DATE    0.0                       0.0    0.0      0.0
  SINCE JUN 1      0.0                       0.0    0.0      0.0
  SINCE JUL 1      0.0                       0.0    0.0      0.0
  SNOW DEPTH       0

DEGREE DAYS
 HEATING
  YESTERDAY        0                         0      0        0
  MONTH TO DATE    4                         0      4        5
  SINCE JUN 1      4                        18    -14       12
  SINCE JUL 1      4                         0      4        5

 COOLING
  YESTERDAY       13                        10      3       16
  MONTH TO DATE  318                       289     29      307
  SINCE JUN 1    645                       511    134      595
  SINCE JAN 1    751                       592    159      749
..................................................................


WIND (MPH)
  HIGHEST WIND SPEED    10   HIGHEST WIND DIRECTION     S (190)
  HIGHEST GUST SPEED    13   HIGHEST GUST DIRECTION     S (190)
  AVERAGE WIND SPEED     3.7


SKY COVER
  POSSIBLE SUNSHINE  MM
  AVERAGE SKY COVER 0.1


WEATHER CONDITIONS
 THE FOLLOWING WEATHER WAS RECORDED YESTERDAY.
  NO SIGNIFICANT WEATHER WAS OBSERVED.


RELATIVE HUMIDITY (PERCENT)
 HIGHEST   100           300 AM
 LOWEST     57           100 PM
 AVERAGE    79

..........................................................


THE PEORIA IL CLIMATE NORMALS FOR TODAY
                         NORMAL    RECORD    YEAR
 MAXIMUM TEMPERATURE (F)   85       102      1983
                                             1916
 MINIMUM TEMPERATURE (F)   65        51      2013


SUNRISE AND SUNSET
JULY 28 2016..........SUNRISE   552 AM CDT   SUNSET   818 PM CDT
JULY 29 2016..........SUNRISE   553 AM CDT   SUNSET   817 PM CDT


-  INDICATES NEGATIVE NUMBERS.
R  INDICATES RECORD WAS SET OR TIED.
MM INDICATES DATA IS MISSING.
T  INDICATES TRACE AMOUNT.




$$
