000
CDUS43 KILX 230641
CLIPIA


CLIMATE REPORT
NATIONAL WEATHER SERVICE LINCOLN IL
140 AM CDT SAT SEP 23 2017


...................................

...THE PEORIA IL CLIMATE SUMMARY FOR SEPTEMBER 22 2017...

CLIMATE NORMAL PERIOD 1981 TO 2010
CLIMATE RECORD PERIOD 1883 TO 2017


WEATHER ITEM   OBSERVED TIME   RECORD YEAR NORMAL DEPARTURE LAST
                VALUE   (LST)  VALUE       VALUE  FROM      YEAR
                                                  NORMAL
..................................................................
TEMPERATURE (F)
 YESTERDAY
  MAXIMUM         94R   325 PM  93    1930  75     19       87
  MINIMUM         69    434 AM  34    1995  52     17       64
  AVERAGE         82                        63     19       76

PRECIPITATION (IN)
  YESTERDAY        0.00          3.18 1970   0.10  -0.10     0.00
  MONTH TO DATE    0.54                      2.37  -1.83     3.86
  SINCE SEP 1      0.54                      2.37  -1.83     3.86
  SINCE JAN 1     26.27                     27.32  -1.05    28.87

SNOWFALL (IN)
  YESTERDAY        0.0           0.0    MM   0.0    0.0      0.0
  MONTH TO DATE    0.0                       0.0    0.0      0.0
  SINCE SEP 1      0.0                       0.0    0.0      0.0
  SINCE JUL 1      0.0                       0.0    0.0      0.0
  SNOW DEPTH       0

DEGREE DAYS
 HEATING
  YESTERDAY        0                         4     -4        0
  MONTH TO DATE   21                        41    -20        0
  SINCE SEP 1     21                        41    -20        0
  SINCE JUL 1     21                        47    -26        4

 COOLING
  YESTERDAY       17                         2     15       11
  MONTH TO DATE  125                       102     23      178
  SINCE SEP 1    125                       102     23      178
  SINCE JAN 1   1051                      1009     42     1335
..................................................................


WIND (MPH)
  HIGHEST WIND SPEED    16   HIGHEST WIND DIRECTION     S (200)
  HIGHEST GUST SPEED    23   HIGHEST GUST DIRECTION    SW (220)
  AVERAGE WIND SPEED     5.2


SKY COVER
  POSSIBLE SUNSHINE  MM
  AVERAGE SKY COVER 0.0


WEATHER CONDITIONS
 THE FOLLOWING WEATHER WAS RECORDED YESTERDAY.
  NO SIGNIFICANT WEATHER WAS OBSERVED.


RELATIVE HUMIDITY (PERCENT)
 HIGHEST    97           600 AM
 LOWEST     39           300 PM
 AVERAGE    68

..........................................................


THE PEORIA IL CLIMATE NORMALS FOR TODAY
                         NORMAL    RECORD    YEAR
 MAXIMUM TEMPERATURE (F)   74        92      1937
                                             1892
                                             1891
 MINIMUM TEMPERATURE (F)   52        29      1995


SUNRISE AND SUNSET
SEPTEMBER 23 2017.....SUNRISE   647 AM CDT   SUNSET   654 PM CDT
SEPTEMBER 24 2017.....SUNRISE   648 AM CDT   SUNSET   652 PM CDT


-  INDICATES NEGATIVE NUMBERS.
R  INDICATES RECORD WAS SET OR TIED.
MM INDICATES DATA IS MISSING.
T  INDICATES TRACE AMOUNT.




$$
