000
CDUS43 KILX 050635
CLIPIA


CLIMATE REPORT
NATIONAL WEATHER SERVICE LINCOLN IL
135 AM CDT THU MAY 5 2016


...................................

...THE PEORIA IL CLIMATE SUMMARY FOR MAY 4 2016...

CLIMATE NORMAL PERIOD 1981 TO 2010
CLIMATE RECORD PERIOD 1883 TO 2016


WEATHER ITEM   OBSERVED TIME   RECORD YEAR NORMAL DEPARTURE LAST
                VALUE   (LST)  VALUE       VALUE  FROM      YEAR
                                                  NORMAL
..................................................................
TEMPERATURE (F)
 YESTERDAY
  MAXIMUM         63    434 PM  90    1959  70     -7       78
                                      1952
  MINIMUM         47   1159 PM  30    2005  48     -1       62
                                      1907
  AVERAGE         55                        59     -4       70

PRECIPITATION (IN)
  YESTERDAY        0.20          1.75 1977   0.14   0.06     0.88
  MONTH TO DATE    0.20                      0.54  -0.34     0.88
  SINCE MAR 1      5.07                      6.97  -1.90     4.91
  SINCE JAN 1      6.45                     10.54  -4.09     8.63

SNOWFALL (IN)
  YESTERDAY        0.0           T    1950   0.0    0.0      0.0
                                      1907
  MONTH TO DATE    0.0                       0.0    0.0      0.0
  SINCE MAR 1      0.2                       3.3   -3.1      2.7
  SINCE JUL 1     15.3                      24.6   -9.3     27.0
  SNOW DEPTH       0

DEGREE DAYS
 HEATING
  YESTERDAY       10                         7      3        0
  MONTH TO DATE   45                        30     15       13
  SINCE MAR 1    956                      1179   -223     1030
  SINCE JUL 1   4539                      5695  -1156     5736

 COOLING
  YESTERDAY        0                         1     -1        5
  MONTH TO DATE    0                         4     -4       12
  SINCE MAR 1     18                        18      0       23
  SINCE JAN 1     18                        18      0       23
..................................................................


WIND (MPH)
  HIGHEST WIND SPEED    17   HIGHEST WIND DIRECTION     N (360)
  HIGHEST GUST SPEED    29   HIGHEST GUST DIRECTION     N (10)
  AVERAGE WIND SPEED     8.7


SKY COVER
  POSSIBLE SUNSHINE  MM
  AVERAGE SKY COVER 0.7


WEATHER CONDITIONS
 THE FOLLOWING WEATHER WAS RECORDED YESTERDAY.
  THUNDERSTORM
  HEAVY RAIN
  RAIN
  LIGHT RAIN
  FOG
  FOG W/VISIBILITY <= 1/4 MILE


RELATIVE HUMIDITY (PERCENT)
 HIGHEST   100           600 AM
 LOWEST     30           600 PM
 AVERAGE    65

..........................................................


THE PEORIA IL CLIMATE NORMALS FOR TODAY
                         NORMAL    RECORD    YEAR
 MAXIMUM TEMPERATURE (F)   70        92      1952
 MINIMUM TEMPERATURE (F)   48        32      1944


SUNRISE AND SUNSET
MAY  5 2016...........SUNRISE   552 AM CDT   SUNSET   759 PM CDT
MAY  6 2016...........SUNRISE   551 AM CDT   SUNSET   800 PM CDT


-  INDICATES NEGATIVE NUMBERS.
R  INDICATES RECORD WAS SET OR TIED.
MM INDICATES DATA IS MISSING.
T  INDICATES TRACE AMOUNT.




$$
