000
CDUS45 KPIH 190731
CLIPIH


CLIMATE REPORT
NATIONAL WEATHER SERVICE POCATELLO ID
130 AM MDT TUE SEP 19 2017


...................................

...THE POCATELLO ID CLIMATE SUMMARY FOR SEPTEMBER 18 2017...

CLIMATE NORMAL PERIOD 1981 TO 2010
CLIMATE RECORD PERIOD 1939 TO 2017


WEATHER ITEM   OBSERVED TIME   RECORD YEAR NORMAL DEPARTURE LAST
                VALUE   (LST)  VALUE       VALUE  FROM      YEAR
                                                  NORMAL
..................................................................
TEMPERATURE (F)
 YESTERDAY
  MAXIMUM         75    246 PM  92    1979  75      0       78
  MINIMUM         40    216 AM  23    1971  41     -1       57
                                      1965
  AVERAGE         58                        58      0       68

PRECIPITATION (IN)
  YESTERDAY        0.01          1.05 1961   0.03  -0.02      T
  MONTH TO DATE    0.80                      0.48   0.32     0.64
  SINCE OCT 1     18.91                     11.77   7.14    11.79
  SINCE JAN 1     12.35                      8.55   3.80     8.22

SNOWFALL (IN)
  YESTERDAY        0.0
  MONTH TO DATE    0.0
  SINCE SEP 1      0.0
  SINCE JUL 1      0.0
  SNOW DEPTH       0

DEGREE DAYS
 HEATING
  YESTERDAY        7                         7      0        0
  MONTH TO DATE   49                        84    -35      133
  SINCE SEP 1     49                        84    -35      133
  SINCE JUL 1     53                       130    -77      171

 COOLING
  YESTERDAY        0                         0      0        3
  MONTH TO DATE   66                        20     46       15
  SINCE SEP 1     66                        20     46       15
  SINCE JAN 1    575                       390    185      414
..................................................................


WIND (MPH)
  HIGHEST WIND SPEED    28   HIGHEST WIND DIRECTION    NW (300)
  HIGHEST GUST SPEED    33   HIGHEST GUST DIRECTION     S (200)
  AVERAGE WIND SPEED    10.6


SKY COVER
  POSSIBLE SUNSHINE  MM
  AVERAGE SKY COVER 0.3


WEATHER CONDITIONS
 THE FOLLOWING WEATHER WAS RECORDED YESTERDAY.
  LIGHT RAIN
  HAZE


RELATIVE HUMIDITY (PERCENT)
 HIGHEST    82           100 AM
 LOWEST     24           200 PM
 AVERAGE    53

..........................................................


THE POCATELLO ID CLIMATE NORMALS FOR TODAY
                         NORMAL    RECORD    YEAR
 MAXIMUM TEMPERATURE (F)   74        90      1984
                                             1956
 MINIMUM TEMPERATURE (F)   41        21      1965


SUNRISE AND SUNSET
SEPTEMBER 19 2017.....SUNRISE   715 AM MDT   SUNSET   732 PM MDT
SEPTEMBER 20 2017.....SUNRISE   716 AM MDT   SUNSET   731 PM MDT


-  INDICATES NEGATIVE NUMBERS.
R  INDICATES RECORD WAS SET OR TIED.
MM INDICATES DATA IS MISSING.
T  INDICATES TRACE AMOUNT.




$$
