000
CDUS45 KPIH 310734
CLIPIH


CLIMATE REPORT
NATIONAL WEATHER SERVICE POCATELLO ID
133 AM MDT MON AUG 31 2015


...................................

...THE POCATELLO ID CLIMATE SUMMARY FOR AUGUST 30 2015...

CLIMATE NORMAL PERIOD 1981 TO 2010
CLIMATE RECORD PERIOD 1939 TO 2015


WEATHER ITEM   OBSERVED TIME   RECORD YEAR NORMAL DEPARTURE LAST
                VALUE   (LST)  VALUE       VALUE  FROM      YEAR
                                                  NORMAL
..................................................................
TEMPERATURE (F)
 YESTERDAY
  MAXIMUM         82    347 PM  98    1954  83     -1       76
  MINIMUM         56   1154 PM  33    1965  48      8       53
  AVERAGE         69                        65      4       65

PRECIPITATION (IN)
  YESTERDAY        T             0.34 1999   0.03  -0.03      T
  MONTH TO DATE    0.63                      0.59   0.04     2.18
  SINCE OCT 1      9.31                     11.27  -1.96    10.15
  SINCE JAN 1      6.92                      8.05  -1.13     8.78

SNOWFALL (IN)
  YESTERDAY        0.0
  MONTH TO DATE    0.0
  SINCE JUN 1      0.0
  SINCE JUL 1      0.0
  SNOW DEPTH       0

DEGREE DAYS
 HEATING
  YESTERDAY        0                         2     -2        0
  MONTH TO DATE   15                        21     -6       29
  SINCE JUN 1     66                       172   -106      141
  SINCE JUL 1     38                        41     -3       31

 COOLING
  YESTERDAY        4                         3      1        0
  MONTH TO DATE  161                       143     18      119
  SINCE JUN 1    457                       361     96      386
  SINCE JAN 1    461                       366     95      386
..................................................................


WIND (MPH)
  HIGHEST WIND SPEED    25   HIGHEST WIND DIRECTION     W (270)
  HIGHEST GUST SPEED    29   HIGHEST GUST DIRECTION     W (270)
  AVERAGE WIND SPEED    13.0


SKY COVER
  POSSIBLE SUNSHINE  MM
  AVERAGE SKY COVER 0.0


WEATHER CONDITIONS
 THE FOLLOWING WEATHER WAS RECORDED YESTERDAY.
  LIGHT RAIN


RELATIVE HUMIDITY (PERCENT)
 HIGHEST    90           100 AM
 LOWEST     21           400 PM
 AVERAGE    56

..........................................................


THE POCATELLO ID CLIMATE NORMALS FOR TODAY
                         NORMAL    RECORD    YEAR
 MAXIMUM TEMPERATURE (F)   83        97      1955
 MINIMUM TEMPERATURE (F)   47        32      2006
                                             1993
                                             1969


SUNRISE AND SUNSET
AUGUST 31 2015........SUNRISE   654 AM MDT   SUNSET   807 PM MDT
SEPTEMBER  1 2015.....SUNRISE   655 AM MDT   SUNSET   805 PM MDT


-  INDICATES NEGATIVE NUMBERS.
R  INDICATES RECORD WAS SET OR TIED.
MM INDICATES DATA IS MISSING.
T  INDICATES TRACE AMOUNT.




$$
