421
CDUS45 KPIH 300730
CLIPIH


CLIMATE REPORT
NATIONAL WEATHER SERVICE POCATELLO ID
129 AM MDT THU MAR 30 2017


...................................

...THE POCATELLO ID CLIMATE SUMMARY FOR MARCH 29 2017...

CLIMATE NORMAL PERIOD 1981 TO 2010
CLIMATE RECORD PERIOD 1939 TO 2017


WEATHER ITEM   OBSERVED TIME   RECORD YEAR NORMAL DEPARTURE LAST
                VALUE   (LST)  VALUE       VALUE  FROM      YEAR
                                                  NORMAL
..................................................................
TEMPERATURE (F)
 YESTERDAY
  MAXIMUM         58    317 PM  73    1978  53      5       43
  MINIMUM         35    647 AM   9    1987  30      5       32
  AVERAGE         47                        42      5       38

PRECIPITATION (IN)
  YESTERDAY        T             0.41 2006   0.04  -0.04     0.25
  MONTH TO DATE    0.63                      1.18  -0.55     2.93
  SINCE OCT 1     13.14                      6.36   6.78     8.11
  SINCE JAN 1      6.58                      3.14   3.44     4.54

SNOWFALL (IN)
  YESTERDAY        0.0
  MONTH TO DATE    2.9
  SINCE MAR 1      2.9
  SINCE JUL 1     86.4
  SNOW DEPTH       0

DEGREE DAYS
 HEATING
  YESTERDAY       18                        23     -5       27
  MONTH TO DATE  626                       792   -166      670
  SINCE MAR 1    626                       792   -166      670
  SINCE JUL 1   5875                      6065   -190     5512

 COOLING
  YESTERDAY        0                         0      0        0
  MONTH TO DATE    0                         0      0        0
  SINCE MAR 1      0                         0      0        0
  SINCE JAN 1      0                         0      0        0
..................................................................


WIND (MPH)
  HIGHEST WIND SPEED    26   HIGHEST WIND DIRECTION     S (180)
  HIGHEST GUST SPEED    34   HIGHEST GUST DIRECTION     S (180)
  AVERAGE WIND SPEED    13.1


SKY COVER
  POSSIBLE SUNSHINE  MM
  AVERAGE SKY COVER 0.5


WEATHER CONDITIONS
 THE FOLLOWING WEATHER WAS RECORDED YESTERDAY.
  NO SIGNIFICANT WEATHER WAS OBSERVED.


RELATIVE HUMIDITY (PERCENT)
 HIGHEST    75           600 AM
 LOWEST     43           100 PM
 AVERAGE    59

..........................................................


THE POCATELLO ID CLIMATE NORMALS FOR TODAY
                         NORMAL    RECORD    YEAR
 MAXIMUM TEMPERATURE (F)   54        73      2015
                                             2004
 MINIMUM TEMPERATURE (F)   30        16      1954


SUNRISE AND SUNSET
MARCH 30 2017.........SUNRISE   715 AM MDT   SUNSET   755 PM MDT
MARCH 31 2017.........SUNRISE   714 AM MDT   SUNSET   756 PM MDT


-  INDICATES NEGATIVE NUMBERS.
R  INDICATES RECORD WAS SET OR TIED.
MM INDICATES DATA IS MISSING.
T  INDICATES TRACE AMOUNT.




$$
