000
CDUS45 KPIH 172333
CLIPIH


CLIMATE REPORT
NATIONAL WEATHER SERVICE POCATELLO ID
528 PM MDT WED SEP 17 2014


...................................

...THE POCATELLO ID CLIMATE SUMMARY FOR SEPTEMBER 17 2014...
VALID TODAY AS OF 0500 PM LOCAL TIME.

CLIMATE NORMAL PERIOD 1981 TO 2010
CLIMATE RECORD PERIOD 1939 TO 2014


WEATHER ITEM   OBSERVED TIME   RECORD YEAR NORMAL DEPARTURE LAST
                VALUE   (LST)  VALUE       VALUE  FROM      YEAR
                                                  NORMAL
..................................................................
TEMPERATURE (F)
 TODAY
  MAXIMUM         94R   231 PM  91    1998  75     19       87
                                      1981
  MINIMUM         54    414 AM  26    1965  42     12       55
  AVERAGE         74                        58     16       71

PRECIPITATION (IN)
  TODAY            0.05          0.86 1947   0.03   0.02      T
  MONTH TO DATE    0.05                      0.45  -0.40     0.72
  SINCE OCT 1     10.20                     11.74  -1.54     8.91
  SINCE JAN 1      8.83                      8.52   0.31     4.75

SNOWFALL (IN)
  TODAY            0.0
  MONTH TO DATE    0.0
  SINCE SEP 1      0.0
  SINCE JUL 1      0.0
  SNOW DEPTH       0

DEGREE DAYS
 HEATING
  TODAY            0                         7     -7        0
  MONTH TO DATE   85                        77      8        2
  SINCE SEP 1     85                        77      8        2
  SINCE JUL 1    120                       123     -3        2

 COOLING
  TODAY            9                         0      9        6
  MONTH TO DATE   20                        20      0       61
  SINCE SEP 1     20                        20      0       61
  SINCE JAN 1    406                       390     16      688
..................................................................


WIND (MPH)
  HIGHEST WIND SPEED    24   HIGHEST WIND DIRECTION     W (290)
  HIGHEST GUST SPEED    39   HIGHEST GUST DIRECTION     W (280)
  AVERAGE WIND SPEED     5.5


SKY COVER
  POSSIBLE SUNSHINE  MM
  AVERAGE SKY COVER 0.1


WEATHER CONDITIONS
 THE FOLLOWING WEATHER WAS RECORDED TODAY.
  THUNDERSTORM
  LIGHT RAIN


RELATIVE HUMIDITY (PERCENT)
 HIGHEST    86           700 AM
 LOWEST     15           400 PM
 AVERAGE    51

..........................................................


THE POCATELLO ID CLIMATE NORMALS FOR TOMORROW
                         NORMAL    RECORD    YEAR
 MAXIMUM TEMPERATURE (F)   75        92      1979
 MINIMUM TEMPERATURE (F)   41        23      1971
                                             1965


SUNRISE AND SUNSET
SEPTEMBER 17 2014.....SUNRISE   712 AM MDT   SUNSET   737 PM MDT
SEPTEMBER 18 2014.....SUNRISE   713 AM MDT   SUNSET   735 PM MDT


-  INDICATES NEGATIVE NUMBERS.
R  INDICATES RECORD WAS SET OR TIED.
MM INDICATES DATA IS MISSING.
T  INDICATES TRACE AMOUNT.




$$
