000
CDUS45 KPIH 300741
CLIPIH


CLIMATE REPORT
NATIONAL WEATHER SERVICE POCATELLO ID
1239 AM MST FRI JAN 30 2015


...................................

...THE POCATELLO ID CLIMATE SUMMARY FOR JANUARY 29 2015...

CLIMATE NORMAL PERIOD 1981 TO 2010
CLIMATE RECORD PERIOD 1939 TO 2015


WEATHER ITEM   OBSERVED TIME   RECORD YEAR NORMAL DEPARTURE LAST
                VALUE   (LST)  VALUE       VALUE  FROM      YEAR
                                                  NORMAL
..................................................................
TEMPERATURE (F)
 YESTERDAY
  MAXIMUM         46    340 PM  51    1992  34     12       46
  MINIMUM         29   1025 PM -22    1949  17     12       24
  AVERAGE         38                        25     13       35

PRECIPITATION (IN)
  YESTERDAY        0.00          0.28 1967   0.03  -0.03     0.17
  MONTH TO DATE    0.43                      0.93  -0.50     0.63
  SINCE OCT 1      2.82                      4.15  -1.33     2.00
  SINCE JAN 1      0.43                      0.93  -0.50     0.63

SNOWFALL (IN)
  YESTERDAY        0.0
  MONTH TO DATE    0.9
  SINCE DEC 1      8.1
  SINCE JUL 1     12.7
  SNOW DEPTH       0

DEGREE DAYS
 HEATING
  YESTERDAY       27                        40    -13       30
  MONTH TO DATE 1011                      1180   -169     1047
  SINCE DEC 1   2017                      2437   -420     2435
  SINCE JUL 1   3544                      4165   -621     4047

 COOLING
  YESTERDAY        0                         0      0        0
  MONTH TO DATE    0                         0      0        0
  SINCE DEC 1      0                         0      0        0
  SINCE JAN 1      0                         0      0        0
..................................................................


WIND (MPH)
  HIGHEST WIND SPEED    16   HIGHEST WIND DIRECTION     N (20)
  HIGHEST GUST SPEED    19   HIGHEST GUST DIRECTION    NE (30)
  AVERAGE WIND SPEED     5.0


SKY COVER
  POSSIBLE SUNSHINE  MM
  AVERAGE SKY COVER 0.6


WEATHER CONDITIONS
 THE FOLLOWING WEATHER WAS RECORDED YESTERDAY.
  FOG


RELATIVE HUMIDITY (PERCENT)
 HIGHEST   100          1200 AM
 LOWEST     70           200 PM
 AVERAGE    85

..........................................................


THE POCATELLO ID CLIMATE NORMALS FOR TODAY
                         NORMAL    RECORD    YEAR
 MAXIMUM TEMPERATURE (F)   34        51      1992
                                             1971
 MINIMUM TEMPERATURE (F)   17       -20      1979


SUNRISE AND SUNSET
JANUARY 30 2015.......SUNRISE   747 AM MST   SUNSET   540 PM MST
JANUARY 31 2015.......SUNRISE   746 AM MST   SUNSET   542 PM MST


-  INDICATES NEGATIVE NUMBERS.
R  INDICATES RECORD WAS SET OR TIED.
MM INDICATES DATA IS MISSING.
T  INDICATES TRACE AMOUNT.




$$
