000
CDUS45 KPIH 200734
CLIPIH


CLIMATE REPORT
NATIONAL WEATHER SERVICE POCATELLO ID
1233 AM MST MON NOV 20 2017


...................................

...THE POCATELLO ID CLIMATE SUMMARY FOR NOVEMBER 19 2017...

CLIMATE NORMAL PERIOD 1981 TO 2010
CLIMATE RECORD PERIOD 1939 TO 2017


WEATHER ITEM   OBSERVED TIME   RECORD YEAR NORMAL DEPARTURE LAST
                VALUE   (LST)  VALUE       VALUE  FROM      YEAR
                                                  NORMAL
..................................................................
TEMPERATURE (F)
 YESTERDAY
  MAXIMUM         47    329 PM  66    2007  42      5       53
  MINIMUM         19    729 AM   3    1956  23     -4       21
  AVERAGE         33                        33      0       37

PRECIPITATION (IN)
  YESTERDAY        0.00          0.22 1990   0.04  -0.04     0.00
  MONTH TO DATE    0.94                      0.66   0.28     0.02
  SINCE OCT 1      1.43                      1.53  -0.10     3.25
  SINCE JAN 1     15.93                     10.44   5.49    12.93

SNOWFALL (IN)
  YESTERDAY        0.0
  MONTH TO DATE    0.4
  SINCE SEP 1      0.5
  SINCE JUL 1      0.5
  SNOW DEPTH       0

DEGREE DAYS
 HEATING
  YESTERDAY       32                        32      0       28
  MONTH TO DATE  490                       534    -44      406
  SINCE SEP 1   1376                      1295     81     1072
  SINCE JUL 1   1380                      1341     39     1110

 COOLING
  YESTERDAY        0                         0      0        0
  MONTH TO DATE    0                         0      0        0
  SINCE SEP 1     66                        22     44       17
  SINCE JAN 1    575                       392    183      416
..................................................................


WIND (MPH)
  HIGHEST WIND SPEED    14   HIGHEST WIND DIRECTION     N (350)
  HIGHEST GUST SPEED    18   HIGHEST GUST DIRECTION     S (200)
  AVERAGE WIND SPEED     4.2


SKY COVER
  POSSIBLE SUNSHINE  MM
  AVERAGE SKY COVER 0.0


WEATHER CONDITIONS
 THE FOLLOWING WEATHER WAS RECORDED YESTERDAY.
  NO SIGNIFICANT WEATHER WAS OBSERVED.


RELATIVE HUMIDITY (PERCENT)
 HIGHEST    96           500 AM
 LOWEST     42           300 PM
 AVERAGE    69

..........................................................


THE POCATELLO ID CLIMATE NORMALS FOR TODAY
                         NORMAL    RECORD    YEAR
 MAXIMUM TEMPERATURE (F)   42        61      2006
 MINIMUM TEMPERATURE (F)   23         0      1941


SUNRISE AND SUNSET
NOVEMBER 20 2017......SUNRISE   729 AM MST   SUNSET   503 PM MST
NOVEMBER 21 2017......SUNRISE   730 AM MST   SUNSET   502 PM MST


-  INDICATES NEGATIVE NUMBERS.
R  INDICATES RECORD WAS SET OR TIED.
MM INDICATES DATA IS MISSING.
T  INDICATES TRACE AMOUNT.




$$
