000
CDUS45 KPIH 200732
CLIPIH


CLIMATE REPORT
NATIONAL WEATHER SERVICE POCATELLO ID
132 AM MDT SUN APR 20 2014


...................................

...THE POCATELLO ID CLIMATE SUMMARY FOR APRIL 19 2014...

CLIMATE NORMAL PERIOD 1981 TO 2010
CLIMATE RECORD PERIOD 1939 TO 2014


WEATHER ITEM   OBSERVED TIME   RECORD YEAR NORMAL DEPARTURE LAST
                VALUE   (LST)  VALUE       VALUE  FROM      YEAR
                                                  NORMAL
..................................................................
TEMPERATURE (F)
 YESTERDAY
  MAXIMUM         71    256 PM  83    1994  59     12       50
                                      1962
  MINIMUM         27    613 AM  19    1982  33     -6       37
  AVERAGE         49                        46      3       44

PRECIPITATION (IN)
  YESTERDAY        0.00          0.39 2002   0.04  -0.04     0.05
  MONTH TO DATE    0.43                      0.68  -0.25     0.36
  SINCE OCT 1      5.80                      7.12  -1.32     6.32
  SINCE JAN 1      4.43                      3.90   0.53     2.16

SNOWFALL (IN)
  YESTERDAY        0.0
  MONTH TO DATE    3.3
  SINCE MAR 1     10.5
  SINCE JUL 1     29.4
  SNOW DEPTH       0

DEGREE DAYS
 HEATING
  YESTERDAY       16                        19     -3       21
  MONTH TO DATE  358                       394    -36      426
  SINCE MAR 1   1089                      1233   -144     1217
  SINCE JUL 1   6069                      6506   -437     6328

 COOLING
  YESTERDAY        0                         0      0        0
  MONTH TO DATE    0                         0      0        0
  SINCE MAR 1      0                         0      0        0
  SINCE JAN 1      0                         0      0        0
..................................................................


WIND (MPH)
  HIGHEST WIND SPEED    23   HIGHEST WIND DIRECTION     W (270)
  HIGHEST GUST SPEED    29   HIGHEST GUST DIRECTION     W (260)
  AVERAGE WIND SPEED     6.2


SKY COVER
  POSSIBLE SUNSHINE  MM
  AVERAGE SKY COVER 0.1


WEATHER CONDITIONS
 THE FOLLOWING WEATHER WAS RECORDED YESTERDAY.
  NO SIGNIFICANT WEATHER WAS OBSERVED.


RELATIVE HUMIDITY (PERCENT)
 HIGHEST    75           600 AM
 LOWEST     13          1100 AM
 AVERAGE    44

..........................................................


THE POCATELLO ID CLIMATE NORMALS FOR TODAY
                         NORMAL    RECORD    YEAR
 MAXIMUM TEMPERATURE (F)   60        83      1994
 MINIMUM TEMPERATURE (F)   34        17      1982


SUNRISE AND SUNSET
APRIL 20 2014.........SUNRISE   641 AM MDT   SUNSET   819 PM MDT
APRIL 21 2014.........SUNRISE   639 AM MDT   SUNSET   820 PM MDT


-  INDICATES NEGATIVE NUMBERS.
R  INDICATES RECORD WAS SET OR TIED.
MM INDICATES DATA IS MISSING.
T  INDICATES TRACE AMOUNT.




$$
