000
CDUS45 KPIH 090734
CLIPIH


CLIMATE REPORT
NATIONAL WEATHER SERVICE POCATELLO ID
1233 AM MST TUE FEB 9 2016


...................................

...THE POCATELLO ID CLIMATE SUMMARY FOR FEBRUARY 8 2016...

CLIMATE NORMAL PERIOD 1981 TO 2010
CLIMATE RECORD PERIOD 1939 TO 2016


WEATHER ITEM   OBSERVED TIME   RECORD YEAR NORMAL DEPARTURE LAST
                VALUE   (LST)  VALUE       VALUE  FROM      YEAR
                                                  NORMAL
..................................................................
TEMPERATURE (F)
 YESTERDAY
  MAXIMUM         31    218 PM  61    2015  35     -4       61
  MINIMUM         23    736 PM -15    1989  18      5       34
  AVERAGE         27                        26      1       48

PRECIPITATION (IN)
  YESTERDAY        0.00          0.53 1960   0.03  -0.03     0.00
  MONTH TO DATE    0.04                      0.25  -0.21     0.37
  SINCE OCT 1      5.02                      4.46   0.56     3.19
  SINCE JAN 1      1.45                      1.24   0.21     0.80

SNOWFALL (IN)
  YESTERDAY        0.0
  MONTH TO DATE    0.6
  SINCE DEC 1     21.3
  SINCE JUL 1     27.6
  SNOW DEPTH       1

DEGREE DAYS
 HEATING
  YESTERDAY       38                        39     -1       17
  MONTH TO DATE  353                       314     39      163
  SINCE DEC 1   2801                      2833    -32     2243
  SINCE JUL 1   4245                      4561   -316     3770

 COOLING
  YESTERDAY        0                         0      0        0
  MONTH TO DATE    0                         0      0        0
  SINCE DEC 1      0                         0      0        0
  SINCE JAN 1      0                         0      0        0
..................................................................


WIND (MPH)
  HIGHEST WIND SPEED     9   HIGHEST WIND DIRECTION     N (20)
  HIGHEST GUST SPEED    12   HIGHEST GUST DIRECTION    NE (40)
  AVERAGE WIND SPEED     4.7


SKY COVER
  POSSIBLE SUNSHINE  MM
  AVERAGE SKY COVER 1.0


WEATHER CONDITIONS
 THE FOLLOWING WEATHER WAS RECORDED YESTERDAY.
  FOG
  FOG W/VISIBILITY <= 1/4 MILE


RELATIVE HUMIDITY (PERCENT)
 HIGHEST    96          1200 AM
 LOWEST     85           200 PM
 AVERAGE    91

..........................................................


THE POCATELLO ID CLIMATE NORMALS FOR TODAY
                         NORMAL    RECORD    YEAR
 MAXIMUM TEMPERATURE (F)   36        57      1996
 MINIMUM TEMPERATURE (F)   18       -11      1989


SUNRISE AND SUNSET
FEBRUARY  9 2016......SUNRISE   736 AM MST   SUNSET   553 PM MST
FEBRUARY 10 2016......SUNRISE   735 AM MST   SUNSET   555 PM MST


-  INDICATES NEGATIVE NUMBERS.
R  INDICATES RECORD WAS SET OR TIED.
MM INDICATES DATA IS MISSING.
T  INDICATES TRACE AMOUNT.




$$
