000
CDUS45 KPIH 280736
CLIPIH


CLIMATE REPORT
NATIONAL WEATHER SERVICE POCATELLO ID
134 AM MDT FRI JUL 28 2017


...................................

...THE POCATELLO ID CLIMATE SUMMARY FOR JULY 27 2017...

CLIMATE NORMAL PERIOD 1981 TO 2010
CLIMATE RECORD PERIOD 1939 TO 2017


WEATHER ITEM   OBSERVED TIME   RECORD YEAR NORMAL DEPARTURE LAST
                VALUE   (LST)  VALUE       VALUE  FROM      YEAR
                                                  NORMAL
..................................................................
TEMPERATURE (F)
 YESTERDAY
  MAXIMUM         87    534 PM 100    1969  90     -3       96
  MINIMUM         54    558 AM  41    2005  53      1       47
  AVERAGE         71                        71      0       72

PRECIPITATION (IN)
  YESTERDAY        T             0.94 1984   0.03  -0.03     0.00
  MONTH TO DATE    0.05                      0.56  -0.51     0.14
  SINCE OCT 1     17.76                     10.60   7.16    10.90
  SINCE JAN 1     11.20                      7.38   3.82     7.33

SNOWFALL (IN)
  YESTERDAY        0.0
  MONTH TO DATE    0.0
  SINCE JUN 1      0.0
  SINCE JUL 1      0.0
  SNOW DEPTH       0

DEGREE DAYS
 HEATING
  YESTERDAY        0                         0      0        0
  MONTH TO DATE    0                        17    -17       17
  SINCE JUN 1     89                       148    -59       60
  SINCE JUL 1      0                        17    -17       17

 COOLING
  YESTERDAY        6                         7     -1        7
  MONTH TO DATE  251                       144    107      147
  SINCE JUN 1    312                       190    122      237
  SINCE JAN 1    314                       195    119      237
..................................................................


WIND (MPH)
  HIGHEST WIND SPEED    23   HIGHEST WIND DIRECTION    NE (30)
  HIGHEST GUST SPEED    29   HIGHEST GUST DIRECTION    NE (30)
  AVERAGE WIND SPEED     6.5


SKY COVER
  POSSIBLE SUNSHINE  MM
  AVERAGE SKY COVER 0.3


WEATHER CONDITIONS
 THE FOLLOWING WEATHER WAS RECORDED YESTERDAY.
  LIGHT RAIN


RELATIVE HUMIDITY (PERCENT)
 HIGHEST    93           500 AM
 LOWEST     21           500 PM
 AVERAGE    57

..........................................................


THE POCATELLO ID CLIMATE NORMALS FOR TODAY
                         NORMAL    RECORD    YEAR
 MAXIMUM TEMPERATURE (F)   90       100      2006
 MINIMUM TEMPERATURE (F)   53        39      2015


SUNRISE AND SUNSET
JULY 28 2017..........SUNRISE   618 AM MDT   SUNSET   855 PM MDT
JULY 29 2017..........SUNRISE   619 AM MDT   SUNSET   854 PM MDT


-  INDICATES NEGATIVE NUMBERS.
R  INDICATES RECORD WAS SET OR TIED.
MM INDICATES DATA IS MISSING.
T  INDICATES TRACE AMOUNT.




$$
