392
CDUS43 KABR 301031
CLIPIR


CLIMATE REPORT
NATIONAL WEATHER SERVICE ABERDEEN SD
530 AM CDT TUE AUG 30 2016


...................................

...THE PIERRE SD CLIMATE SUMMARY FOR AUGUST 29 2016...

CLIMATE NORMAL PERIOD 1981 TO 2010
CLIMATE RECORD PERIOD 1892 TO 2016


WEATHER ITEM   OBSERVED TIME   RECORD YEAR NORMAL DEPARTURE LAST
                VALUE   (LST)  VALUE       VALUE  FROM      YEAR
                                                  NORMAL
..................................................................
TEMPERATURE (F)
 YESTERDAY
  MAXIMUM         91    443 PM 111    2012  84      7       94
  MINIMUM         61    631 AM  40    1946  57      4       60
  AVERAGE         76                        70      6       77

PRECIPITATION (IN)
  YESTERDAY        0.00          2.46 1999   0.05  -0.05     0.00
  MONTH TO DATE    2.14                      1.70   0.44     2.49
  SINCE JUN 1      8.28                      7.88   0.40    10.80
  SINCE JAN 1     15.72                     15.08   0.64    18.15

DEGREE DAYS
 HEATING
  YESTERDAY        0                         1     -1        0
  MONTH TO DATE   16                         9      7       23
  SINCE JUN 1     32                        68    -36       30
  SINCE JUL 1     20                        15      5       25

 COOLING
  YESTERDAY       11                         7      4       12
  MONTH TO DATE  242                       271    -29      243
  SINCE JUN 1    820                       732     88      672
  SINCE JAN 1    843                       764     79      686
..................................................................


WIND (MPH)
  RESULTANT WIND SPEED   5   RESULTANT WIND DIRECTION  NE (50)
  HIGHEST WIND SPEED    20   HIGHEST WIND DIRECTION    NE (40)
  HIGHEST GUST SPEED    25   HIGHEST GUST DIRECTION    NE (60)
  AVERAGE WIND SPEED    10.5




RELATIVE HUMIDITY (PERCENT)
 HIGHEST    84           600 AM
 LOWEST     41           300 PM
 AVERAGE    63

..........................................................


THE PIERRE SD CLIMATE NORMALS FOR TODAY
                         NORMAL    RECORD    YEAR
 MAXIMUM TEMPERATURE (F)   84       107      2000
 MINIMUM TEMPERATURE (F)   56        42      2003
                                             1892


SUNRISE AND SUNSET
AUGUST 30 2016........SUNRISE   702 AM CDT   SUNSET   820 PM CDT
AUGUST 31 2016........SUNRISE   703 AM CDT   SUNSET   818 PM CDT


-  INDICATES NEGATIVE NUMBERS.
R  INDICATES RECORD WAS SET OR TIED.
MM INDICATES DATA IS MISSING.
T  INDICATES TRACE AMOUNT.




$$
