000
CDUS43 KABR 220915
CLIPIR


CLIMATE REPORT
NATIONAL WEATHER SERVICE ABERDEEN SD
415 AM CDT FRI AUG 22 2014


...................................

...THE PIERRE SD CLIMATE SUMMARY FOR AUGUST 21 2014...

CLIMATE NORMAL PERIOD 1981 TO 2010
CLIMATE RECORD PERIOD 1892 TO 2014


WEATHER ITEM   OBSERVED TIME   RECORD YEAR NORMAL DEPARTURE LAST
                VALUE   (LST)  VALUE       VALUE  FROM      YEAR
                                                  NORMAL
..................................................................
TEMPERATURE (F)
 YESTERDAY
  MAXIMUM         88    448 PM 104    1947  87      1       88
  MINIMUM         63    355 AM  43    1986  59      4       65
  AVERAGE         76                        73      3       77

PRECIPITATION (IN)
  YESTERDAY        0.00          0.94 1906   0.05  -0.05      T
  MONTH TO DATE    1.77                      1.31   0.46     2.47
  SINCE JUN 1      7.03                      7.49  -0.46     8.01
  SINCE JAN 1     14.96                     14.69   0.27    16.87

DEGREE DAYS
 HEATING
  YESTERDAY        0                         1     -1        0
  MONTH TO DATE    0                         1     -1        0
  SINCE JUN 1     86                        60     26       69
  SINCE JUL 1     19                         7     12        9

 COOLING
  YESTERDAY       11                         8      3       12
  MONTH TO DATE  167                       211    -44      124
  SINCE JUN 1    456                       672   -216      509
  SINCE JAN 1    504                       704   -200      531
..................................................................


WIND (MPH)
  RESULTANT WIND SPEED   5   RESULTANT WIND DIRECTION   N (340)
  HIGHEST WIND SPEED    16   HIGHEST WIND DIRECTION    NW (320)
  HIGHEST GUST SPEED    25   HIGHEST GUST DIRECTION     W (280)
  AVERAGE WIND SPEED     7.9




RELATIVE HUMIDITY (PERCENT)
 HIGHEST   100          1200 AM
 LOWEST     40           500 PM
 AVERAGE    70

..........................................................


THE PIERRE SD CLIMATE NORMALS FOR TODAY
                         NORMAL    RECORD    YEAR
 MAXIMUM TEMPERATURE (F)   86       105      1960
 MINIMUM TEMPERATURE (F)   59        45      1974


SUNRISE AND SUNSET
AUGUST 22 2014........SUNRISE   652 AM CDT   SUNSET   835 PM CDT
AUGUST 23 2014........SUNRISE   653 AM CDT   SUNSET   833 PM CDT


-  INDICATES NEGATIVE NUMBERS.
R  INDICATES RECORD WAS SET OR TIED.
MM INDICATES DATA IS MISSING.
T  INDICATES TRACE AMOUNT.




$$
