000
CDUS43 KABR 171032
CLIPIR


CLIMATE REPORT
NATIONAL WEATHER SERVICE ABERDEEN SD
432 AM CST WED JAN 17 2018


...................................

...THE PIERRE SD CLIMATE SUMMARY FOR JANUARY 16 2018...

CLIMATE NORMAL PERIOD 1981 TO 2010
CLIMATE RECORD PERIOD 1892 TO 2018


WEATHER ITEM   OBSERVED TIME   RECORD YEAR NORMAL DEPARTURE LAST
                VALUE   (LST)  VALUE       VALUE  FROM      YEAR
                                                  NORMAL
..................................................................
TEMPERATURE (F)
 YESTERDAY
  MAXIMUM         16    449 PM  65    1974  30    -14       22
  MINIMUM        -12    758 AM -23    1977  10    -22        2
  AVERAGE          2                        20    -18       12

PRECIPITATION (IN)
  YESTERDAY        0.00          0.21 1943   0.01  -0.01     0.00
  MONTH TO DATE    0.04                      0.23  -0.19     0.37
  SINCE DEC 1      0.51                      0.78  -0.27     2.07
  SINCE JAN 1      0.04                      0.23  -0.19     0.37

SNOWFALL (IN)
  YESTERDAY        0.0           2.3  1941   0.1   -0.1      0.0
  MONTH TO DATE    T                         2.5   -2.5      3.0
  SINCE OCT 1      4.4                      13.7   -9.3     21.4
  SINCE JUL 1      4.4                      13.7   -9.3     21.4
  SNOW DEPTH       T

DEGREE DAYS
 HEATING
  YESTERDAY       63                        45     18       53
  MONTH TO DATE  856                       725    131      935
  SINCE DEC 1   2135                      2067     68     2454
  SINCE JUL 1   3592                      3687    -95     3591

 COOLING
  YESTERDAY        0                         0      0        0
  MONTH TO DATE    0                         0      0        0
  SINCE DEC 1      0                         0      0        0
  SINCE JAN 1      0                         0      0        0
..................................................................


WIND (MPH)
  RESULTANT WIND SPEED   4   RESULTANT WIND DIRECTION   S (200)
  HIGHEST WIND SPEED    16   HIGHEST WIND DIRECTION     S (170)
  HIGHEST GUST SPEED    19   HIGHEST GUST DIRECTION     S (160)
  AVERAGE WIND SPEED     8.4




RELATIVE HUMIDITY (PERCENT)
 HIGHEST    86           700 AM
 LOWEST     46           200 PM
 AVERAGE    66

..........................................................


THE PIERRE SD CLIMATE NORMALS FOR TODAY
                         NORMAL    RECORD    YEAR
 MAXIMUM TEMPERATURE (F)   30        56      1934
 MINIMUM TEMPERATURE (F)   10       -22      1943


SUNRISE AND SUNSET
JANUARY 17 2018.......SUNRISE   813 AM CST   SUNSET   530 PM CST
JANUARY 18 2018.......SUNRISE   812 AM CST   SUNSET   532 PM CST


-  INDICATES NEGATIVE NUMBERS.
R  INDICATES RECORD WAS SET OR TIED.
MM INDICATES DATA IS MISSING.
T  INDICATES TRACE AMOUNT.




$$
