000
CDUS43 KABR 281200
CLIPIR


CLIMATE REPORT
NATIONAL WEATHER SERVICE ABERDEEN SD
700 AM CDT TUE MAR 28 2017


...................................

...THE PIERRE SD CLIMATE SUMMARY FOR MARCH 27 2017...

CLIMATE NORMAL PERIOD 1981 TO 2010
CLIMATE RECORD PERIOD 1892 TO 2017


WEATHER ITEM   OBSERVED TIME   RECORD YEAR NORMAL DEPARTURE LAST
                VALUE   (LST)  VALUE       VALUE  FROM      YEAR
                                                  NORMAL
..................................................................
TEMPERATURE (F)
 YESTERDAY
  MAXIMUM         61    409 PM  87    1988  50     11       57
  MINIMUM         34    703 AM   4    1970  27      7       17
  AVERAGE         48                        39      9       37

PRECIPITATION (IN)
  YESTERDAY        0.00          1.40 2004   0.04  -0.04     0.00
  MONTH TO DATE    0.34                      1.01  -0.67     1.01
  SINCE MAR 1      0.34                      1.01  -0.67     1.01
  SINCE JAN 1      1.57                      2.02  -0.45     2.01

SNOWFALL (IN)
  YESTERDAY        0.0          18.0  1975   0.1   -0.1      0.0
                                      1995
  MONTH TO DATE    4.5                       5.3   -0.8      1.5
  SINCE OCT 1     32.6                      27.1    5.5     28.7
  SINCE JUL 1     32.6                      27.1    5.5     28.7
  SNOW DEPTH       0

DEGREE DAYS
 HEATING
  YESTERDAY       17                        26     -9       28
  MONTH TO DATE  790                       846    -56      678
  SINCE MAR 1    790                       846    -56      678
  SINCE JUL 1   5946                      6344   -398     5512

 COOLING
  YESTERDAY        0                         0      0        0
  MONTH TO DATE    0                         0      0        0
  SINCE MAR 1      0                         0      0        0
  SINCE JAN 1      0                         0      0        0
..................................................................


WIND (MPH)
  RESULTANT WIND SPEED   4   RESULTANT WIND DIRECTION   E (110)
  HIGHEST WIND SPEED    14   HIGHEST WIND DIRECTION    SE (120)
  HIGHEST GUST SPEED    18   HIGHEST GUST DIRECTION    SE (150)
  AVERAGE WIND SPEED     5.3




RELATIVE HUMIDITY (PERCENT)
 HIGHEST   100           700 AM
 LOWEST     31           600 PM
 AVERAGE    66

..........................................................


THE PIERRE SD CLIMATE NORMALS FOR TODAY
                         NORMAL    RECORD    YEAR
 MAXIMUM TEMPERATURE (F)   51        87      1946
 MINIMUM TEMPERATURE (F)   28         5      1944


SUNRISE AND SUNSET
MARCH 28 2017.........SUNRISE   729 AM CDT   SUNSET   804 PM CDT
MARCH 29 2017.........SUNRISE   727 AM CDT   SUNSET   805 PM CDT


-  INDICATES NEGATIVE NUMBERS.
R  INDICATES RECORD WAS SET OR TIED.
MM INDICATES DATA IS MISSING.
T  INDICATES TRACE AMOUNT.




$$
