000
CDUS43 KABR 221037
CLIPIR


CLIMATE REPORT
NATIONAL WEATHER SERVICE ABERDEEN SD
536 AM CDT MON SEP 22 2014


...................................

...THE PIERRE SD CLIMATE SUMMARY FOR SEPTEMBER 21 2014...

CLIMATE NORMAL PERIOD 1981 TO 2010
CLIMATE RECORD PERIOD 1892 TO 2014


WEATHER ITEM   OBSERVED TIME   RECORD YEAR NORMAL DEPARTURE LAST
                VALUE   (LST)  VALUE       VALUE  FROM      YEAR
                                                  NORMAL
..................................................................
TEMPERATURE (F)
 YESTERDAY
  MAXIMUM         73    426 PM  99    1937  74     -1       84
  MINIMUM         44   1155 PM  31    1995  47     -3       38
  AVERAGE         59                        60     -1       61

PRECIPITATION (IN)
  YESTERDAY        0.00          0.87 1989   0.06  -0.06     0.00
  MONTH TO DATE    0.56                      1.27  -0.71     0.07
  SINCE SEP 1      0.56                      1.27  -0.71     0.07
  SINCE JAN 1     16.78                     16.45   0.33    16.99

DEGREE DAYS
 HEATING
  YESTERDAY        6                         6      0        4
  MONTH TO DATE  117                        77     40       32
  SINCE SEP 1    117                        77     40       32
  SINCE JUL 1    145                        97     48       41

 COOLING
  YESTERDAY        0                         2     -2        0
  MONTH TO DATE   47                        79    -32      143
  SINCE SEP 1     47                        79    -32      143
  SINCE JAN 1    583                       856   -273      829
..................................................................


WIND (MPH)
  RESULTANT WIND SPEED   5   RESULTANT WIND DIRECTION  NW (300)
  HIGHEST WIND SPEED    14   HIGHEST WIND DIRECTION     W (280)
  HIGHEST GUST SPEED    20   HIGHEST GUST DIRECTION    NW (300)
  AVERAGE WIND SPEED     7.3




RELATIVE HUMIDITY (PERCENT)
 HIGHEST    89           600 AM
 LOWEST     33           300 PM
 AVERAGE    61

..........................................................


THE PIERRE SD CLIMATE NORMALS FOR TODAY
                         NORMAL    RECORD    YEAR
 MAXIMUM TEMPERATURE (F)   73        99      1936
 MINIMUM TEMPERATURE (F)   46        21      1995


SUNRISE AND SUNSET
SEPTEMBER 22 2014.....SUNRISE   728 AM CDT   SUNSET   739 PM CDT
SEPTEMBER 23 2014.....SUNRISE   729 AM CDT   SUNSET   737 PM CDT


-  INDICATES NEGATIVE NUMBERS.
R  INDICATES RECORD WAS SET OR TIED.
MM INDICATES DATA IS MISSING.
T  INDICATES TRACE AMOUNT.




$$
