000
CDUS43 KABR 311041
CLIPIR


CLIMATE REPORT
NATIONAL WEATHER SERVICE ABERDEEN SD
540 AM CDT TUE MAY 31 2016


...................................

...THE PIERRE SD CLIMATE SUMMARY FOR MAY 30 2016...

CLIMATE NORMAL PERIOD 1981 TO 2010
CLIMATE RECORD PERIOD 1892 TO 2016


WEATHER ITEM   OBSERVED TIME   RECORD YEAR NORMAL DEPARTURE LAST
                VALUE   (LST)  VALUE       VALUE  FROM      YEAR
                                                  NORMAL
..................................................................
TEMPERATURE (F)
 YESTERDAY
  MAXIMUM         84    417 PM 103    1934  74     10       61
  MINIMUM         56   1159 PM  32    1947  50      6       35
  AVERAGE         70                        62      8       48

PRECIPITATION (IN)
  YESTERDAY        0.03          1.53 2014   0.12  -0.09     0.00
  MONTH TO DATE    1.20                      3.03  -1.83     6.15
  SINCE MAR 1      6.44                      6.07   0.37     6.97
  SINCE JAN 1      7.44                      7.08   0.36     7.32

DEGREE DAYS
 HEATING
  YESTERDAY        0                         4     -4       17
  MONTH TO DATE  225                       243    -18      292
  SINCE MAR 1   1490                      1735   -245     1495
  SINCE JUL 1   6324                      7233   -909     7004

 COOLING
  YESTERDAY        5                         2      3        0
  MONTH TO DATE   17                        29    -12        9
  SINCE MAR 1     23                        33    -10       14
  SINCE JAN 1     23                        33    -10       14
..................................................................


WIND (MPH)
  RESULTANT WIND SPEED   9   RESULTANT WIND DIRECTION   S (170)
  HIGHEST WIND SPEED    26   HIGHEST WIND DIRECTION     W (290)
  HIGHEST GUST SPEED    33   HIGHEST GUST DIRECTION     W (290)
  AVERAGE WIND SPEED    15.3




RELATIVE HUMIDITY (PERCENT)
 HIGHEST    93          1000 PM
 LOWEST     40           400 PM
 AVERAGE    67

..........................................................


THE PIERRE SD CLIMATE NORMALS FOR TODAY
                         NORMAL    RECORD    YEAR
 MAXIMUM TEMPERATURE (F)   74        95      1940
 MINIMUM TEMPERATURE (F)   51        33      2012


SUNRISE AND SUNSET
MAY 31 2016...........SUNRISE   600 AM CDT   SUNSET   918 PM CDT
JUNE  1 2016..........SUNRISE   600 AM CDT   SUNSET   919 PM CDT


-  INDICATES NEGATIVE NUMBERS.
R  INDICATES RECORD WAS SET OR TIED.
MM INDICATES DATA IS MISSING.
T  INDICATES TRACE AMOUNT.




$$
