000
CDUS43 KABR 141541
CLIPIR


CLIMATE REPORT
NATIONAL WEATHER SERVICE ABERDEEN SD
936 AM CST SUN FEB 14 2016


...................................

...THE PIERRE SD CLIMATE SUMMARY FOR FEBRUARY 13 2016...

CLIMATE NORMAL PERIOD 1981 TO 2010
CLIMATE RECORD PERIOD 1892 TO 2016


WEATHER ITEM   OBSERVED TIME   RECORD YEAR NORMAL DEPARTURE LAST
                VALUE   (LST)  VALUE       VALUE  FROM      YEAR
                                                  NORMAL
..................................................................
TEMPERATURE (F)
 YESTERDAY
  MAXIMUM         28    522 PM  68    1983  34     -6       53
  MINIMUM         11    432 AM -16    2007  13     -2       13
  AVERAGE         20                        24     -4       33

PRECIPITATION (IN)
  YESTERDAY        0.11          0.45 1952   0.02   0.09     0.00
  MONTH TO DATE    0.11                      0.21  -0.10     0.15
  SINCE DEC 1      1.29                      1.18   0.11     1.10
  SINCE JAN 1      0.28                      0.63  -0.35     0.28

SNOWFALL (IN)
  YESTERDAY        0.5           5.5  1952   0.2    0.3      0.0
  MONTH TO DATE    0.5                       2.2   -1.7      1.5
  SINCE OCT 1     23.4                      18.1    5.3     22.3
  SINCE JUL 1     23.4                      18.1    5.3     22.3
  SNOW DEPTH       T

DEGREE DAYS
 HEATING
  YESTERDAY       45                        41      4       32
  MONTH TO DATE  475                       555    -80      528
  SINCE DEC 1   3100                      3295   -195     3073
  SINCE JUL 1   4397                      4915   -518     4795

 COOLING
  YESTERDAY        0                         0      0        0
  MONTH TO DATE    0                         0      0        0
  SINCE DEC 1      0                         0      0        0
  SINCE JAN 1      0                         0      0        0
..................................................................


WIND (MPH)
  RESULTANT WIND SPEED  18   RESULTANT WIND DIRECTION  SE (130)
  HIGHEST WIND SPEED    35   HIGHEST WIND DIRECTION    SE (140)
  HIGHEST GUST SPEED    43   HIGHEST GUST DIRECTION    SE (140)
  AVERAGE WIND SPEED    17.2




RELATIVE HUMIDITY (PERCENT)
 HIGHEST    92           500 PM
 LOWEST     68           100 PM
 AVERAGE    80

..........................................................


THE PIERRE SD CLIMATE NORMALS FOR TODAY
                         NORMAL    RECORD    YEAR
 MAXIMUM TEMPERATURE (F)   35        72      1954
 MINIMUM TEMPERATURE (F)   13       -24      1936


SUNRISE AND SUNSET
FEBRUARY 14 2016......SUNRISE   743 AM CST   SUNSET   608 PM CST
FEBRUARY 15 2016......SUNRISE   742 AM CST   SUNSET   610 PM CST


-  INDICATES NEGATIVE NUMBERS.
R  INDICATES RECORD WAS SET OR TIED.
MM INDICATES DATA IS MISSING.
T  INDICATES TRACE AMOUNT.




$$
