000
CDUS43 KABR 190908
CLIPIR


CLIMATE REPORT
NATIONAL WEATHER SERVICE ABERDEEN SD
408 AM CDT SAT AUG 19 2017


...................................

...THE PIERRE SD CLIMATE SUMMARY FOR AUGUST 18 2017...

CLIMATE NORMAL PERIOD 1981 TO 2010
CLIMATE RECORD PERIOD 1892 TO 2017


WEATHER ITEM   OBSERVED TIME   RECORD YEAR NORMAL DEPARTURE LAST
                VALUE   (LST)  VALUE       VALUE  FROM      YEAR
                                                  NORMAL
..................................................................
TEMPERATURE (F)
 YESTERDAY
  MAXIMUM         83    412 PM 111    1959  87     -4       88
  MINIMUM         56    552 AM  44    2002  60     -4       65
  AVERAGE         70                        74     -4       77

PRECIPITATION (IN)
  YESTERDAY        0.00          1.88 2015   0.05  -0.05     0.03
  MONTH TO DATE    1.71                      1.16   0.55     1.87
  SINCE JUN 1      4.58                      7.34  -2.76     8.01
  SINCE JAN 1      9.03                     14.54  -5.51    15.45

DEGREE DAYS
 HEATING
  YESTERDAY        0                         0      0        0
  MONTH TO DATE    5                         0      5        0
  SINCE JUN 1     29                        59    -30       16
  SINCE JUL 1      5                         6     -1        4

 COOLING
  YESTERDAY        5                         9     -4       12
  MONTH TO DATE   60                       185   -125      192
  SINCE JUN 1    660                       646     14      770
  SINCE JAN 1    681                       678      3      793
..................................................................


WIND (MPH)
  RESULTANT WIND SPEED   2   RESULTANT WIND DIRECTION   N (340)
  HIGHEST WIND SPEED    20   HIGHEST WIND DIRECTION     N (360)
  HIGHEST GUST SPEED    26   HIGHEST GUST DIRECTION     N (350)
  AVERAGE WIND SPEED     8.4




RELATIVE HUMIDITY (PERCENT)
 HIGHEST    93           400 AM
 LOWEST     31           300 PM
 AVERAGE    62

..........................................................


THE PIERRE SD CLIMATE NORMALS FOR TODAY
                         NORMAL    RECORD    YEAR
 MAXIMUM TEMPERATURE (F)   87       104      1948
 MINIMUM TEMPERATURE (F)   60        43      2004
                                             1967


SUNRISE AND SUNSET
AUGUST 19 2017........SUNRISE   649 AM CDT   SUNSET   839 PM CDT
AUGUST 20 2017........SUNRISE   650 AM CDT   SUNSET   838 PM CDT


-  INDICATES NEGATIVE NUMBERS.
R  INDICATES RECORD WAS SET OR TIED.
MM INDICATES DATA IS MISSING.
T  INDICATES TRACE AMOUNT.




$$
