000
CDUS43 KABR 061031
CLIPIR


CLIMATE REPORT
NATIONAL WEATHER SERVICE ABERDEEN SD
531 AM CDT MON JUL 6 2015


...................................

...THE PIERRE SD CLIMATE SUMMARY FOR JULY 5 2015...

CLIMATE NORMAL PERIOD 1981 TO 2010
CLIMATE RECORD PERIOD 1892 TO 2015


WEATHER ITEM   OBSERVED TIME   RECORD YEAR NORMAL DEPARTURE LAST
                VALUE   (LST)  VALUE       VALUE  FROM      YEAR
                                                  NORMAL
..................................................................
TEMPERATURE (F)
 YESTERDAY
  MAXIMUM         87    217 PM 113    1989  87      0       94
  MINIMUM         64    535 AM  44    1972  61      3       65
  AVERAGE         76                        74      2       80

PRECIPITATION (IN)
  YESTERDAY        0.08          1.20 1908   0.08   0.00     0.00
  MONTH TO DATE    0.90                      0.41   0.49     0.05
  SINCE JUN 1      7.06                      3.98   3.08     4.44
  SINCE JAN 1     14.41                     11.18   3.23    12.37

DEGREE DAYS
 HEATING
  YESTERDAY        0                         0      0        0
  MONTH TO DATE    0                         0      0        9
  SINCE JUN 1      5                        53    -48       76
  SINCE JUL 1      0                         0      0        9

 COOLING
  YESTERDAY       11                         9      2       15
  MONTH TO DATE   41                        44     -3       24
  SINCE JUN 1    176                       178     -2       83
  SINCE JAN 1    190                       210    -20      131
..................................................................


WIND (MPH)
  RESULTANT WIND SPEED   6   RESULTANT WIND DIRECTION  NE (40)
  HIGHEST WIND SPEED    35   HIGHEST WIND DIRECTION     N (360)
  HIGHEST GUST SPEED    43   HIGHEST GUST DIRECTION     N (10)
  AVERAGE WIND SPEED    11.7




RELATIVE HUMIDITY (PERCENT)
 HIGHEST    93           500 AM
 LOWEST     55           200 PM
 AVERAGE    74

..........................................................


THE PIERRE SD CLIMATE NORMALS FOR TODAY
                         NORMAL    RECORD    YEAR
 MAXIMUM TEMPERATURE (F)   88       111      1973
 MINIMUM TEMPERATURE (F)   61        47      1934


SUNRISE AND SUNSET
JULY  6 2015..........SUNRISE   604 AM CDT   SUNSET   928 PM CDT
JULY  7 2015..........SUNRISE   604 AM CDT   SUNSET   927 PM CDT


-  INDICATES NEGATIVE NUMBERS.
R  INDICATES RECORD WAS SET OR TIED.
MM INDICATES DATA IS MISSING.
T  INDICATES TRACE AMOUNT.




$$
