000
CDUS41 KPBZ 200801
CLIPIT

CLIMATE REPORT
NATIONAL WEATHER SERVICE PITTSBURGH PA
300 AM EST FRI JAN 20 2017

...................................

...THE PITTSBURGH PA CLIMATE SUMMARY FOR JANUARY 19 2017...

CLIMATE NORMAL PERIOD 1981 TO 2010
CLIMATE RECORD PERIOD 1871 TO 2017

WEATHER ITEM   OBSERVED TIME   RECORD YEAR NORMAL DEPARTURE LAST
                VALUE   (LST)  VALUE       VALUE  FROM      YEAR
                                                  NORMAL
..................................................................
TEMPERATURE (F)
 YESTERDAY
  MAXIMUM         42    346 PM  69    1907  36      6       18
  MINIMUM         31   1104 PM -22    1994  21     10        5
  AVERAGE         37                        28      9       12

PRECIPITATION (IN)
  YESTERDAY        T             1.17 1996   0.09  -0.09      T
  MONTH TO DATE    1.97                      1.68   0.29     1.30
  SINCE JUN 1     23.36                     24.77  -1.41    27.38
  SINCE JAN 1      1.97                      1.68   0.29     1.30

SNOWFALL (IN)
  YESTERDAY        0.0           9.7  1936   0.4   -0.4      0.1
  MONTH TO DATE    2.4                       6.9   -4.5      7.0
  SINCE OCT 1     10.5                      17.6   -7.1      7.3
  SINCE JUL 1     10.5                      17.6   -7.1      7.3
  SNOW DEPTH       0

DEGREE DAYS
 HEATING
  YESTERDAY       28                        37     -9       53
  MONTH TO DATE  618                       699    -81      731
  SINCE DEC 1   1587                      1711   -124     1360
  SINCE JUL 1   2434                      2874   -440     2214

 COOLING
  YESTERDAY        0                         0      0        0
  MONTH TO DATE    0                         0      0        0
  SINCE DEC 1      0                         0      0        0
  SINCE JAN 1      0                         0      0        0
..................................................................

WIND (MPH)
  HIGHEST WIND SPEED    10   HIGHEST WIND DIRECTION    SW (240)
  HIGHEST GUST SPEED    15   HIGHEST GUST DIRECTION     W (250)
  AVERAGE WIND SPEED     4.3


SKY COVER
  POSSIBLE SUNSHINE  MM
  AVERAGE SKY COVER 0.8


WEATHER CONDITIONS
 THE FOLLOWING WEATHER WAS RECORDED YESTERDAY.
  LIGHT RAIN
  FOG


RELATIVE HUMIDITY (PERCENT)
 HIGHEST   100          1000 PM
 LOWEST     79           300 PM
 AVERAGE    90

..........................................................


THE PITTSBURGH PA CLIMATE NORMALS FOR TODAY
                         NORMAL    RECORD    YEAR
 MAXIMUM TEMPERATURE (F)   36        68      1951
 MINIMUM TEMPERATURE (F)   21       -18      1985


SUNRISE AND SUNSET
JANUARY 20 2017.......SUNRISE   740 AM EST   SUNSET   525 PM EST
JANUARY 21 2017.......SUNRISE   739 AM EST   SUNSET   526 PM EST


-  INDICATES NEGATIVE NUMBERS.
R  INDICATES RECORD WAS SET OR TIED.
MM INDICATES DATA IS MISSING.
T  INDICATES TRACE AMOUNT.

&&

SNOW DEPTH IS MEASURED AT 7 AM EST OR 8 AM EDT.

$$
