977
CDUS41 KPBZ 292140
CLIPIT

CLIMATE REPORT
NATIONAL WEATHER SERVICE PITTSBURGH PA
540 PM EDT WED MAR 29 2017

...................................

...THE PITTSBURGH PA CLIMATE SUMMARY FOR MARCH 29 2017...
VALID TODAY AS OF 0500 PM LOCAL TIME.

CLIMATE NORMAL PERIOD 1981 TO 2010
CLIMATE RECORD PERIOD 1871 TO 2017

WEATHER ITEM   OBSERVED TIME   RECORD YEAR NORMAL DEPARTURE LAST
                VALUE   (LST)  VALUE       VALUE  FROM      YEAR
                                                  NORMAL
..................................................................
TEMPERATURE (F)
 TODAY
  MAXIMUM         60    359 PM  82    1905  55      5       53
  MINIMUM         45    856 AM  13    1923  34     11       34
  AVERAGE         53                        45      8       44

PRECIPITATION (IN)
  TODAY            0.00          0.95 1928   0.10  -0.10      T
  MONTH TO DATE    3.70                      2.74   0.96     2.83
  SINCE JUN 1     30.09                     30.92  -0.83    33.84
  SINCE JAN 1      8.70                      7.83   0.87     7.76

SNOWFALL (IN)
  TODAY            0.0           4.2  1970   0.1   -0.1      0.0
  MONTH TO DATE    9.7                       7.2    2.5      2.1
  SINCE OCT 1     32.0                      40.0   -8.0     26.5
  SINCE JUL 1     32.0                      40.0   -8.0     26.5
  SNOW DEPTH       0

DEGREE DAYS
 HEATING
  TODAY           12                        21     -9       21
  MONTH TO DATE  742                       748     -6      504
  SINCE MAR 1    742                       748     -6      504
  SINCE JUL 1   4168                      5005   -837     4070

 COOLING
  TODAY            0                         0      0        0
  MONTH TO DATE    2                         0      2        0
  SINCE MAR 1      2                         0      2        0
  SINCE JAN 1      3                         0      3        0
..................................................................

WIND (MPH)
  HIGHEST WIND SPEED    13   HIGHEST WIND DIRECTION    NW (330)
  HIGHEST GUST SPEED    15   HIGHEST GUST DIRECTION    NW (330)
  AVERAGE WIND SPEED     7.0


SKY COVER
  POSSIBLE SUNSHINE  MM
  AVERAGE SKY COVER 0.7


WEATHER CONDITIONS
 THE FOLLOWING WEATHER WAS RECORDED TODAY.
  NO SIGNIFICANT WEATHER WAS OBSERVED.


RELATIVE HUMIDITY (PERCENT)
 HIGHEST    92           100 AM
 LOWEST     36           400 PM
 AVERAGE    64

..........................................................


THE PITTSBURGH PA CLIMATE NORMALS FOR TOMORROW
                         NORMAL    RECORD    YEAR
 MAXIMUM TEMPERATURE (F)   55        82      1998
                                             1986
 MINIMUM TEMPERATURE (F)   35        15      1941


SUNRISE AND SUNSET
MARCH 29 2017.........SUNRISE   709 AM EDT   SUNSET   743 PM EDT
MARCH 30 2017.........SUNRISE   707 AM EDT   SUNSET   744 PM EDT


-  INDICATES NEGATIVE NUMBERS.
R  INDICATES RECORD WAS SET OR TIED.
MM INDICATES DATA IS MISSING.
T  INDICATES TRACE AMOUNT.

&&

SNOW DEPTH IS MEASURED AT 7 AM EST OR 8 AM EDT.

$$
