000
CDUS41 KPBZ 140801
CLIPIT

CLIMATE REPORT
NATIONAL WEATHER SERVICE PITTSBURGH PA
301 AM EST SUN FEB 14 2016

...................................

...THE PITTSBURGH PA CLIMATE SUMMARY FOR FEBRUARY 13 2016...

CLIMATE NORMAL PERIOD 1981 TO 2010
CLIMATE RECORD PERIOD 1871 TO 2016

WEATHER ITEM   OBSERVED TIME   RECORD YEAR NORMAL DEPARTURE LAST
                VALUE   (LST)  VALUE       VALUE  FROM      YEAR
                                                  NORMAL
..................................................................
TEMPERATURE (F)
 YESTERDAY
  MAXIMUM         15    119 AM  66    1938  39    -24       20
                                      1884
                                      1876
  MINIMUM          2   1147 PM  -7    1979  23    -21        1
  AVERAGE          9                        31    -22       11

PRECIPITATION (IN)
  YESTERDAY        0.01          1.72 1966   0.09  -0.08      T
  MONTH TO DATE    0.88                      1.12  -0.24     0.84
  SINCE JUN 1     28.75                     26.91   1.84    24.84
  SINCE JAN 1      2.67                      3.82  -1.15     3.09

SNOWFALL (IN)
  YESTERDAY        0.8           7.6  1971   0.3    0.5      0.1
  MONTH TO DATE    6.7                       4.7    2.0      4.3
  SINCE OCT 1     21.6                      27.2   -5.6     27.1
  SINCE JUL 1     21.6                      27.2   -5.6     27.1
  SNOW DEPTH       3

DEGREE DAYS
 HEATING
  YESTERDAY       56                        34     22       54
  MONTH TO DATE  457                       459     -2      507
  SINCE DEC 1   2264                      2605   -341     2638
  SINCE JUL 1   3118                      3768   -650     3876

 COOLING
  YESTERDAY        0                         0      0        0
  MONTH TO DATE    0                         0      0        0
  SINCE DEC 1      0                         0      0        0
  SINCE JAN 1      0                         0      0        0
..................................................................

WIND (MPH)
  HIGHEST WIND SPEED    28   HIGHEST WIND DIRECTION     W (290)
  HIGHEST GUST SPEED    36   HIGHEST GUST DIRECTION    NW (320)
  AVERAGE WIND SPEED    15.4


SKY COVER
  POSSIBLE SUNSHINE  MM
  AVERAGE SKY COVER 0.7


WEATHER CONDITIONS
 THE FOLLOWING WEATHER WAS RECORDED YESTERDAY.
  SNOW
  LIGHT SNOW
  FOG
  HAZE
  BLOWING SNOW


RELATIVE HUMIDITY (PERCENT)
 HIGHEST    83           900 PM
 LOWEST     58           200 PM
 AVERAGE    71

..........................................................


THE PITTSBURGH PA CLIMATE NORMALS FOR TODAY
                         NORMAL    RECORD    YEAR
 MAXIMUM TEMPERATURE (F)   39        64      1918
 MINIMUM TEMPERATURE (F)   23        -7      1905


SUNRISE AND SUNSET
FEBRUARY 14 2016......SUNRISE   716 AM EST   SUNSET   554 PM EST
FEBRUARY 15 2016......SUNRISE   715 AM EST   SUNSET   555 PM EST


-  INDICATES NEGATIVE NUMBERS.
R  INDICATES RECORD WAS SET OR TIED.
MM INDICATES DATA IS MISSING.
T  INDICATES TRACE AMOUNT.

&&

SNOW DEPTH IS MEASURED AT 7 AM EST OR 8 AM EDT.

$$
