000
CDUS41 KPBZ 191243
CLIPIT

CLIMATE REPORT
NATIONAL WEATHER SERVICE PITTSBURGH PA
833 AM EDT THU OCT 9  2017

...................................

...THE PITTSBURGH PA CLIMATE SUMMARY FOR OCTOBER 18 2017...

CLIMATE NORMAL PERIOD 1981 TO 2010
CLIMATE RECORD PERIOD 1871 TO 2017

WEATHER ITEM   OBSERVED TIME   RECORD YEAR NORMAL DEPARTURE LAST
                VALUE   (LST)  VALUE       VALUE  FROM      YEAR
                                                  NORMAL
..................................................................
TEMPERATURE (F)
 YESTERDAY
  MAXIMUM         70    352 PM  83    1938  62      8       79
  MINIMUM         39    633 AM  26    1976  42     -3       62
  AVERAGE         55                        52      3       71

PRECIPITATION (IN)
  YESTERDAY        0.00          1.66 1927   0.07  -0.07      T
  MONTH TO DATE    2.53                      1.29   1.24     0.90
  SINCE JUN 1     15.94                     16.01  -0.07    13.49
  SINCE JAN 1     34.65                     31.11   3.54    27.11

SNOWFALL (IN)
  YESTERDAY        0.0           1.8  1972   0.1   -0.1      0.0
  MONTH TO DATE    0.0                       0.1   -0.1      0.0
  SINCE OCT 1      0.0                       0.1   -0.1      0.0
  SINCE JUL 1      0.0                       0.1   -0.1      0.0
  SNOW DEPTH      MM

DEGREE DAYS
 HEATING
  YESTERDAY       10                        13     -3        0
  MONTH TO DATE   47                       192   -145      117
  SINCE SEP 1    115                       293   -178      132
  SINCE JUL 1    120                       306   -186      133

 COOLING
  YESTERDAY        0                         0      0        6
  MONTH TO DATE   39                         6     33       14
  SINCE SEP 1    160                        82     78      170
  SINCE JAN 1    864                       734    130     1145
..................................................................

WIND (MPH)
  HIGHEST WIND SPEED     9   HIGHEST WIND DIRECTION     S (180)
  HIGHEST GUST SPEED    14   HIGHEST GUST DIRECTION    SE (150)
  AVERAGE WIND SPEED     2.2


SKY COVER
  POSSIBLE SUNSHINE  MM
  AVERAGE SKY COVER 0.2


WEATHER CONDITIONS
 THE FOLLOWING WEATHER WAS RECORDED YESTERDAY.
  NO SIGNIFICANT WEATHER WAS OBSERVED.


RELATIVE HUMIDITY (PERCENT)
 HIGHEST    77          1000 PM
 LOWEST     31           300 PM
 AVERAGE    54

..........................................................


THE PITTSBURGH PA CLIMATE NORMALS FOR TODAY
                         NORMAL    RECORD    YEAR
 MAXIMUM TEMPERATURE (F)   62        82      1963
                                             1894
 MINIMUM TEMPERATURE (F)   42        26      1972


SUNRISE AND SUNSET
OCTOBER 19 2017.......SUNRISE   736 AM EDT   SUNSET   634 PM EDT
OCTOBER 20 2017.......SUNRISE   738 AM EDT   SUNSET   633 PM EDT


-  INDICATES NEGATIVE NUMBERS.
R  INDICATES RECORD WAS SET OR TIED.
MM INDICATES DATA IS MISSING.
T  INDICATES TRACE AMOUNT.

&&

SNOW DEPTH IS MEASURED AT 7 AM EST OR 8 AM EDT.

$$
