000
CDUS41 KPBZ 240702
CLIPIT

CLIMATE REPORT
NATIONAL WEATHER SERVICE PITTSBURGH PA
300 AM EDT SAT JUN 24 2017

...................................

...THE PITTSBURGH PA CLIMATE SUMMARY FOR JUNE 23 2017...

CLIMATE NORMAL PERIOD 1981 TO 2010
CLIMATE RECORD PERIOD 1871 TO 2017

WEATHER ITEM   OBSERVED TIME   RECORD YEAR NORMAL DEPARTURE LAST
                VALUE   (LST)  VALUE       VALUE  FROM      YEAR
                                                  NORMAL
..................................................................
TEMPERATURE (F)
 YESTERDAY
  MAXIMUM         76   1209 PM  95    1894  81     -5       72
  MINIMUM         68   1159 PM  42    1963  61      7       68
  AVERAGE         72                        71      1       70

PRECIPITATION (IN)
  YESTERDAY        0.81          1.02 1917   0.15   0.66     0.51
  MONTH TO DATE    3.13                      3.30  -0.17     3.09
  SINCE JUN 1      3.13                      3.30  -0.17     3.09
  SINCE JAN 1     21.84                     18.40   3.44    16.71

SNOWFALL (IN)
  YESTERDAY        0.0           0.0  2002   0.0    0.0      0.0
                                      2001
  MONTH TO DATE    0.0                       0.0    0.0      0.0
  SINCE OCT 1     32.0                      41.9   -9.9     29.6
  SINCE JUL 1     32.0                      41.9   -9.9     29.6
  SNOW DEPTH       0

DEGREE DAYS
 HEATING
  YESTERDAY        0                         1     -1        0
  MONTH TO DATE   19                        37    -18       13
  SINCE JUN 1     19                        37    -18       13
  SINCE JUL 1   4641                      5709  -1068     4683

 COOLING
  YESTERDAY        7                         6      1        5
  MONTH TO DATE  148                       102     46      160
  SINCE JUN 1    148                       102     46      160
  SINCE JAN 1    222                       154     68      230
..................................................................

WIND (MPH)
  HIGHEST WIND SPEED    18   HIGHEST WIND DIRECTION    SW (230)
  HIGHEST GUST SPEED    24   HIGHEST GUST DIRECTION    SW (230)
  AVERAGE WIND SPEED     7.8


SKY COVER
  POSSIBLE SUNSHINE  MM
  AVERAGE SKY COVER 1.0


WEATHER CONDITIONS
 THE FOLLOWING WEATHER WAS RECORDED YESTERDAY.
  RAIN
  LIGHT RAIN
  FOG


RELATIVE HUMIDITY (PERCENT)
 HIGHEST   100           900 PM
 LOWEST     79           200 AM
 AVERAGE    90

..........................................................


THE PITTSBURGH PA CLIMATE NORMALS FOR TODAY
                         NORMAL    RECORD    YEAR
 MAXIMUM TEMPERATURE (F)   81        96      1882
 MINIMUM TEMPERATURE (F)   61        44      1982
                                             1915


SUNRISE AND SUNSET
JUNE 24 2017..........SUNRISE   551 AM EDT   SUNSET   855 PM EDT
JUNE 25 2017..........SUNRISE   552 AM EDT   SUNSET   855 PM EDT


-  INDICATES NEGATIVE NUMBERS.
R  INDICATES RECORD WAS SET OR TIED.
MM INDICATES DATA IS MISSING.
T  INDICATES TRACE AMOUNT.

&&

SNOW DEPTH IS MEASURED AT 7 AM EST OR 8 AM EDT.

$$
