000
CDUS41 KPBZ 241222
CLIPIT

CLIMATE REPORT
NATIONAL WEATHER SERVICE PITTSBURGH PA
822 AM EDT TUE MAY 24 2016

...................................

...THE PITTSBURGH PA CLIMATE SUMMARY FOR MAY 24 2016...
VALID AS OF 0800 AM LOCAL TIME.

CLIMATE NORMAL PERIOD 1981 TO 2010
CLIMATE RECORD PERIOD 1871 TO 2016

WEATHER ITEM   OBSERVED TIME   RECORD YEAR NORMAL DEPARTURE LAST
                VALUE   (LST)  VALUE       VALUE  FROM      YEAR
                                                  NORMAL
..................................................................
TEMPERATURE (F)
 TODAY
  MAXIMUM         58   1210 AM  92    1875
  MINIMUM         51    611 AM  30    1963  52     -1       47

PRECIPITATION (IN)
  TODAY            0.00          2.31 1973   0.14  -0.14     0.00
  MONTH TO DATE    3.61                      2.96   0.65     1.94
  SINCE JUN 1     39.70                     37.20   2.50    35.45
  SINCE JAN 1     13.62                     14.11  -0.49    13.70

SNOWFALL (IN)
  TODAY            0.0           T    1925   0.0    0.0      0.0
  MONTH TO DATE    T                         0.0    0.0      0.0
  SINCE OCT 1     29.6                      41.9  -12.3     47.5
  SINCE JUL 1     29.6                      41.9  -12.3     47.5
  SNOW DEPTH       0

DEGREE DAYS
 HEATING
  TODAY           10

 COOLING
  TODAY            0
..................................................................


WEATHER CONDITIONS
 THE FOLLOWING WEATHER WAS RECORDED TODAY.
  NO SIGNIFICANT WEATHER WAS OBSERVED.


RELATIVE HUMIDITY (PERCENT)
 HIGHEST    83           200 AM

..........................................................


THE PITTSBURGH PA CLIMATE NORMALS FOR TOMORROW
                         NORMAL    RECORD    YEAR
 MAXIMUM TEMPERATURE (F)   73        95      1875
 MINIMUM TEMPERATURE (F)   52        33      2013
                                             1925


SUNRISE AND SUNSET
MAY 24 2016...........SUNRISE   557 AM EDT   SUNSET   839 PM EDT
MAY 25 2016...........SUNRISE   556 AM EDT   SUNSET   840 PM EDT


-  INDICATES NEGATIVE NUMBERS.
R  INDICATES RECORD WAS SET OR TIED.
MM INDICATES DATA IS MISSING.
T  INDICATES TRACE AMOUNT.

&&

SNOW DEPTH IS MEASURED AT 7 AM EST OR 8 AM EDT.

$$
