000
CDUS41 KPBZ 102135
CLIPIT


CLIMATE REPORT
NATIONAL WEATHER SERVICE PITTSBURGH PA
535 PM EDT THU JUL 10 2014


...................................

...THE PITTSBURGH PA CLIMATE SUMMARY FOR JULY 10 2014...
VALID TODAY AS OF 0500 PM LOCAL TIME.

CLIMATE NORMAL PERIOD 1981 TO 2010
CLIMATE RECORD PERIOD 1871 TO 2014


WEATHER ITEM   OBSERVED TIME   RECORD YEAR NORMAL DEPARTURE LAST
                VALUE   (LST)  VALUE       VALUE  FROM      YEAR
                                                  NORMAL
..................................................................
TEMPERATURE (F)
 TODAY
  MAXIMUM         81    357 PM 103    1881  83     -2       86
  MINIMUM         62    531 AM  45    1963  63     -1       64
  AVERAGE         72                        73     -1       75

PRECIPITATION (IN)
  TODAY            0.02          2.44 2013   0.13  -0.11     2.44
  MONTH TO DATE    1.19                      1.28  -0.09     3.95
  SINCE JUN 1      5.24                      5.58  -0.34     9.43
  SINCE JAN 1     20.33                     20.68  -0.35    21.77

SNOWFALL (IN)
  TODAY            0.0           0.0  2002   0.0    0.0      0.0
                                      2001
  MONTH TO DATE    0.0                       0.0    0.0      0.0
  SINCE OCT 1     63.4                      41.4   22.0     57.4
  SINCE JUL 1      0.0                       0.0    0.0      0.0
  SNOW DEPTH       0

DEGREE DAYS
 HEATING
  TODAY            0                         0      0        0
  MONTH TO DATE    1                         0      1        0
  SINCE JUN 1     10                        38    -28       16
  SINCE JUL 1      1                         0      1        0

 COOLING
  TODAY            7                         8     -1       10
  MONTH TO DATE   76                        77     -1      106
  SINCE JUN 1    261                       227     34      260
  SINCE JAN 1    335                       279     56      364
..................................................................


WIND (MPH)
  HIGHEST WIND SPEED    13   HIGHEST WIND DIRECTION     N (10)
  HIGHEST GUST SPEED    17   HIGHEST GUST DIRECTION     N (10)
  AVERAGE WIND SPEED     3.9


SKY COVER
  POSSIBLE SUNSHINE  MM
  AVERAGE SKY COVER 0.5


WEATHER CONDITIONS
 THE FOLLOWING WEATHER WAS RECORDED TODAY.
  LIGHT RAIN
  FOG


RELATIVE HUMIDITY (PERCENT)
 HIGHEST    93           300 AM
 LOWEST     45           400 PM
 AVERAGE    69

..........................................................


THE PITTSBURGH PA CLIMATE NORMALS FOR TOMORROW
                         NORMAL    RECORD    YEAR
 MAXIMUM TEMPERATURE (F)   83        97      1876
 MINIMUM TEMPERATURE (F)   63        47      1996


SUNRISE AND SUNSET
JULY 10 2014..........SUNRISE   559 AM EDT   SUNSET   853 PM EDT
JULY 11 2014..........SUNRISE   600 AM EDT   SUNSET   852 PM EDT


-  INDICATES NEGATIVE NUMBERS.
R  INDICATES RECORD WAS SET OR TIED.
MM INDICATES DATA IS MISSING.
T  INDICATES TRACE AMOUNT.





&&
SNOW DEPTH IS MEASURED AT 7 AM EST OR 8 AM EDT.
$$
