610
CDUS41 KPBZ 301224
CLIPIT

CLIMATE REPORT
NATIONAL WEATHER SERVICE PITTSBURGH PA
822 AM EDT SAT JUL 30 2016

...................................

...THE PITTSBURGH PA CLIMATE SUMMARY FOR JULY 30 2016...
VALID AS OF 0800 AM LOCAL TIME.

CLIMATE NORMAL PERIOD 1981 TO 2010
CLIMATE RECORD PERIOD 1871 TO 2016

WEATHER ITEM   OBSERVED TIME   RECORD YEAR NORMAL DEPARTURE LAST
                VALUE   (LST)  VALUE       VALUE  FROM      YEAR
                                                  NORMAL
..................................................................
TEMPERATURE (F)
 TODAY
  MAXIMUM         72    104 AM  94    1988
                                      1940
                                      1887
  MINIMUM         69    457 AM  50    1968  63      6       70
                                      1956

PRECIPITATION (IN)
  TODAY            0.04          1.32 1892   0.12  -0.08      T
  MONTH TO DATE    2.23                      3.71  -1.48     3.61
  SINCE JUN 1      5.33                      8.01  -2.68    10.95
  SINCE JAN 1     18.95                     23.11  -4.16    25.43

SNOWFALL (IN)
  TODAY            0.0           0.0  2002   0.0    0.0      0.0
                                      2001
  MONTH TO DATE    0.0                       0.0    0.0      0.0
  SINCE OCT 1     29.6                      41.9  -12.3     47.5
  SINCE JUL 1      0.0                       0.0    0.0      0.0
  SNOW DEPTH       0

DEGREE DAYS
 HEATING
  TODAY            0

 COOLING
  TODAY            6
..................................................................


WEATHER CONDITIONS
 THE FOLLOWING WEATHER WAS RECORDED TODAY.
  LIGHT RAIN
  FOG


RELATIVE HUMIDITY (PERCENT)
 HIGHEST    84           200 AM

..........................................................


THE PITTSBURGH PA CLIMATE NORMALS FOR TOMORROW
                         NORMAL    RECORD    YEAR
 MAXIMUM TEMPERATURE (F)   82        96      1975
 MINIMUM TEMPERATURE (F)   63        50      1965


SUNRISE AND SUNSET
JULY 30 2016..........SUNRISE   617 AM EDT   SUNSET   837 PM EDT
JULY 31 2016..........SUNRISE   618 AM EDT   SUNSET   836 PM EDT


-  INDICATES NEGATIVE NUMBERS.
R  INDICATES RECORD WAS SET OR TIED.
MM INDICATES DATA IS MISSING.
T  INDICATES TRACE AMOUNT.

&&

SNOW DEPTH IS MEASURED AT 7 AM EST OR 8 AM EDT.

$$
