000
CDUS41 KPBZ 070706
CLIPIT

CLIMATE REPORT
NATIONAL WEATHER SERVICE PITTSBURGH PA
305 AM EDT TUE JUL 7 2015

...................................

...THE PITTSBURGH PA CLIMATE SUMMARY FOR JULY 6 2015...

CLIMATE NORMAL PERIOD 1981 TO 2010
CLIMATE RECORD PERIOD 1871 TO 2015

WEATHER ITEM   OBSERVED TIME   RECORD YEAR NORMAL DEPARTURE LAST
                VALUE   (LST)  VALUE       VALUE  FROM      YEAR
                                                  NORMAL
..................................................................
TEMPERATURE (F)
 YESTERDAY
  MAXIMUM         83    418 PM  98    1988  83      0       80
  MINIMUM         68   1148 PM  48    1979  63      5       55
  AVERAGE         76                        72      4       68

PRECIPITATION (IN)
  YESTERDAY        0.33          1.18 1883   0.13   0.20      T
  MONTH TO DATE    0.91                      0.77   0.14     0.20
  SINCE JUN 1      8.25                      5.07   3.18     4.25
  SINCE JAN 1     22.73                     20.17   2.56    19.34

SNOWFALL (IN)
  YESTERDAY        0.0           0.0  2002   0.0    0.0      0.0
                                      2001
  MONTH TO DATE    0.0                       0.0    0.0      0.0
  SINCE OCT 1     47.5                      41.9    5.6     63.4
  SINCE JUL 1      0.0                       0.0    0.0      0.0
  SNOW DEPTH       0

DEGREE DAYS
 HEATING
  YESTERDAY        0                         0      0        0
  MONTH TO DATE    0                         0      0        1
  SINCE JUN 1     25                        38    -13       10
  SINCE JUL 1      0                         0      0        1

 COOLING
  YESTERDAY       11                         8      3        3
  MONTH TO DATE   33                        45    -12       39
  SINCE JUN 1    226                       195     31      224
  SINCE JAN 1    360                       247    113      298
..................................................................

WIND (MPH)
  HIGHEST WIND SPEED    13   HIGHEST WIND DIRECTION    NW (300)
  HIGHEST GUST SPEED    15   HIGHEST GUST DIRECTION     W (280)
  AVERAGE WIND SPEED     4.1


SKY COVER
  POSSIBLE SUNSHINE  MM
  AVERAGE SKY COVER 0.8


WEATHER CONDITIONS
 THE FOLLOWING WEATHER WAS RECORDED YESTERDAY.
  THUNDERSTORM
  LIGHT RAIN
  FOG
  HAZE


RELATIVE HUMIDITY (PERCENT)
 HIGHEST    93           100 PM
 LOWEST     62           400 PM
 AVERAGE    78

..........................................................


THE PITTSBURGH PA CLIMATE NORMALS FOR TODAY
                         NORMAL    RECORD    YEAR
 MAXIMUM TEMPERATURE (F)   83       101      1988
 MINIMUM TEMPERATURE (F)   63        46      1983


SUNRISE AND SUNSET
JULY  7 2015..........SUNRISE   557 AM EDT   SUNSET   854 PM EDT
JULY  8 2015..........SUNRISE   558 AM EDT   SUNSET   854 PM EDT


-  INDICATES NEGATIVE NUMBERS.
R  INDICATES RECORD WAS SET OR TIED.
MM INDICATES DATA IS MISSING.
T  INDICATES TRACE AMOUNT.

&&

SNOW DEPTH IS MEASURED AT 7 AM EST OR 8 AM EDT.

$$
