000
CDUS41 KPBZ 240704
CLIPIT

CLIMATE REPORT
NATIONAL WEATHER SERVICE PITTSBURGH PA
304 AM EDT WED MAY 24 2017

...................................

...THE PITTSBURGH PA CLIMATE SUMMARY FOR MAY 23 2017...

CLIMATE NORMAL PERIOD 1981 TO 2010
CLIMATE RECORD PERIOD 1871 TO 2017

WEATHER ITEM   OBSERVED TIME   RECORD YEAR NORMAL DEPARTURE LAST
                VALUE   (LST)  VALUE       VALUE  FROM      YEAR
                                                  NORMAL
..................................................................
TEMPERATURE (F)
 YESTERDAY
  MAXIMUM         72    442 PM  92    1884  73     -1       79
  MINIMUM         47    428 AM  32    1963  51     -4       49
  AVERAGE         60                        62     -2       64

PRECIPITATION (IN)
  YESTERDAY        0.00          1.59 2000   0.14  -0.14     0.01
  MONTH TO DATE    3.29                      2.82   0.47     3.61
  SINCE JUN 1     38.24                     37.06   1.18    39.70
  SINCE JAN 1     16.85                     13.97   2.88    13.62

SNOWFALL (IN)
  YESTERDAY        0.0           0.0  2002   0.0    0.0      0.0
                                      2001
  MONTH TO DATE    0.0                       0.0    0.0       T
  SINCE OCT 1     32.0                      41.9   -9.9     29.6
  SINCE JUL 1     32.0                      41.9   -9.9     29.6
  SNOW DEPTH       0

DEGREE DAYS
 HEATING
  YESTERDAY        5                         5      0        1
  MONTH TO DATE  165                       165      0      178
  SINCE MAR 1   1186                      1384   -198     1104
  SINCE JUL 1   4612                      5641  -1029     4670

 COOLING
  YESTERDAY        0                         2     -2        0
  MONTH TO DATE   35                        26      9        3
  SINCE MAR 1     61                        36     25        6
  SINCE JAN 1     62                        36     26        6
..................................................................

WIND (MPH)
  HIGHEST WIND SPEED    20   HIGHEST WIND DIRECTION    SE (120)
  HIGHEST GUST SPEED    23   HIGHEST GUST DIRECTION    SE (120)
  AVERAGE WIND SPEED     6.9


SKY COVER
  POSSIBLE SUNSHINE  MM
  AVERAGE SKY COVER 0.9


WEATHER CONDITIONS
 THE FOLLOWING WEATHER WAS RECORDED YESTERDAY.
  NO SIGNIFICANT WEATHER WAS OBSERVED.


RELATIVE HUMIDITY (PERCENT)
 HIGHEST   100           200 AM
 LOWEST     40          1200 PM
 AVERAGE    70

..........................................................


THE PITTSBURGH PA CLIMATE NORMALS FOR TODAY
                         NORMAL    RECORD    YEAR
 MAXIMUM TEMPERATURE (F)   73        92      1875
 MINIMUM TEMPERATURE (F)   52        30      1963


SUNRISE AND SUNSET
MAY 24 2017...........SUNRISE   557 AM EDT   SUNSET   839 PM EDT
MAY 25 2017...........SUNRISE   556 AM EDT   SUNSET   840 PM EDT


-  INDICATES NEGATIVE NUMBERS.
R  INDICATES RECORD WAS SET OR TIED.
MM INDICATES DATA IS MISSING.
T  INDICATES TRACE AMOUNT.

&&

SNOW DEPTH IS MEASURED AT 7 AM EST OR 8 AM EDT.

$$
