744
CDUS41 KRLX 292118
CLIPKB


CLIMATE REPORT
NATIONAL WEATHER SERVICE CHARLESTON WV
518 PM EDT SUN MAY 29 2016


...................................

...THE PARKERSBURG WV CLIMATE SUMMARY FOR MAY 29 2016...
VALID TODAY AS OF 0500 PM LOCAL TIME.

CLIMATE NORMAL PERIOD 1981 TO 2010
CLIMATE RECORD PERIOD 1889 TO 2016


WEATHER ITEM   OBSERVED TIME   RECORD YEAR NORMAL DEPARTURE LAST
                VALUE   (LST)  VALUE       VALUE  FROM      YEAR
                                                  NORMAL
..................................................................
TEMPERATURE (F)
 TODAY
  MAXIMUM         84    135 PM  96    1914  77      7       85
  MINIMUM         65    350 PM  38    1894  55     10       61
  AVERAGE         75                        66      9       73

PRECIPITATION (IN)
  TODAY            0.09          0.81 2012   0.15  -0.06     0.01
  MONTH TO DATE    3.80                      4.01  -0.21     1.83
  SINCE MAR 1     10.98                     11.01  -0.03    14.20
  SINCE JAN 1     16.52                     16.66  -0.14    18.09

DEGREE DAYS
 HEATING
  TODAY            0                         3     -3        0
  MONTH TO DATE  159                       143     16       75
  SINCE MAR 1    928                      1159   -231     1124
  SINCE JUL 1   4141                      4949   -808     5342

 COOLING
  TODAY           10                         3      7        8
  MONTH TO DATE   54                        55     -1      132
  SINCE MAR 1     74                        76     -2      144
  SINCE JAN 1     74                        76     -2      144
..................................................................


WIND (MPH)
  HIGHEST WIND SPEED    18   HIGHEST WIND DIRECTION    SW (240)
  HIGHEST GUST SPEED    32   HIGHEST GUST DIRECTION    NW (320)
  AVERAGE WIND SPEED     1.9


SKY COVER
  POSSIBLE SUNSHINE  MM
  AVERAGE SKY COVER 0.2


WEATHER CONDITIONS
 THE FOLLOWING WEATHER WAS RECORDED TODAY.
  RAIN
  LIGHT RAIN
  FOG
  HAZE


RELATIVE HUMIDITY (PERCENT)
 HIGHEST   100           200 AM
 LOWEST     62           200 PM
 AVERAGE    81

..........................................................


THE PARKERSBURG WV CLIMATE NORMALS FOR TOMORROW
                         NORMAL    RECORD    YEAR
 MAXIMUM TEMPERATURE (F)   77        94      1987
 MINIMUM TEMPERATURE (F)   55        40      1947


SUNRISE AND SUNSET
MAY 29 2016...........SUNRISE   602 AM EDT   SUNSET   845 PM EDT
MAY 30 2016...........SUNRISE   602 AM EDT   SUNSET   845 PM EDT


-  INDICATES NEGATIVE NUMBERS.
R  INDICATES RECORD WAS SET OR TIED.
MM INDICATES DATA IS MISSING.
T  INDICATES TRACE AMOUNT.




$$
