000
CDUS41 KRLX 050824
CLIPKB


CLIMATE REPORT
NATIONAL WEATHER SERVICE CHARLESTON WV
322 AM EST THU MAR 5 2015


...................................

...THE PARKERSBURG WV CLIMATE SUMMARY FOR MARCH 4 2015...

CLIMATE NORMAL PERIOD 1981 TO 2010
CLIMATE RECORD PERIOD 1889 TO 2015


WEATHER ITEM   OBSERVED TIME   RECORD YEAR NORMAL DEPARTURE LAST
                VALUE   (LST)  VALUE       VALUE  FROM      YEAR
                                                  NORMAL
..................................................................
TEMPERATURE (F)
 YESTERDAY
  MAXIMUM         48   1253 AM  82    1976  49     -1       37
  MINIMUM         30   1159 PM  -3    1943  29      1        5
  AVERAGE         39                        39      0       21

PRECIPITATION (IN)
  YESTERDAY        1.62R         0.83 2008   0.10   1.52     0.00
  MONTH TO DATE    2.62                      0.41   2.21     0.53
  SINCE JAN 1      6.51                      6.06   0.45     4.42

SNOWFALL (IN)
  YESTERDAY       MM
  MONTH TO DATE   MM
  SINCE SEP 1     MM
  SINCE JUL 1     MM
  SNOW DEPTH      MM

DEGREE DAYS
 HEATING
  YESTERDAY       26                        26      0       44
  MONTH TO DATE  120                       105     15       MM
  SINCE MAR 1    120                       105     15      159
  SINCE JUL 1     MM                      3895     MM     3922

 COOLING
  YESTERDAY        0                         0      0        0
  MONTH TO DATE    0                         0      0       MM
  SINCE MAR 1      0                         0      0        0
  SINCE JAN 1      0                         0      0        0
..................................................................


WIND (MPH)
  HIGHEST WIND SPEED    17   HIGHEST WIND DIRECTION    NW (320)
  HIGHEST GUST SPEED    21   HIGHEST GUST DIRECTION    NW (330)
  AVERAGE WIND SPEED     4.6


SKY COVER
  POSSIBLE SUNSHINE  MM
  AVERAGE SKY COVER 1.0


WEATHER CONDITIONS
 THE FOLLOWING WEATHER WAS RECORDED YESTERDAY.
  RAIN
  LIGHT RAIN
  SNOW
  LIGHT SNOW
  FOG
  FOG W/VISIBILITY <= 1/4 MILE


RELATIVE HUMIDITY (PERCENT)
 HIGHEST   100           500 AM
 LOWEST     89           300 AM
 AVERAGE    95

..........................................................


THE PARKERSBURG WV CLIMATE NORMALS FOR TODAY
                         NORMAL    RECORD    YEAR
 MAXIMUM TEMPERATURE (F)   50        84      1983
 MINIMUM TEMPERATURE (F)   30         0      1976


SUNRISE AND SUNSET
MARCH  5 2015.........SUNRISE   653 AM EST   SUNSET   622 PM EST
MARCH  6 2015.........SUNRISE   651 AM EST   SUNSET   623 PM EST


-  INDICATES NEGATIVE NUMBERS.
R  INDICATES RECORD WAS SET OR TIED.
MM INDICATES DATA IS MISSING.
T  INDICATES TRACE AMOUNT.




$$
