000
CDUS41 KRLX 250815
CLIPKB


CLIMATE REPORT
NATIONAL WEATHER SERVICE CHARLESTON WV
315 AM EST SAT NOV 25 2017


...................................

...THE PARKERSBURG WV CLIMATE SUMMARY FOR NOVEMBER 24 2017...

CLIMATE NORMAL PERIOD 1981 TO 2010
CLIMATE RECORD PERIOD 1889 TO 2017


WEATHER ITEM   OBSERVED TIME   RECORD YEAR NORMAL DEPARTURE LAST
                VALUE   (LST)  VALUE       VALUE  FROM      YEAR
                                                  NORMAL
..................................................................
TEMPERATURE (F)
 YESTERDAY
  MAXIMUM         56    358 PM  73    2001  51      5       57
  MINIMUM         22    701 AM  10    1956  33    -11       41
                                      1950
  AVERAGE         39                        42     -3       49

PRECIPITATION (IN)
  YESTERDAY        0.00          0.78 1947   0.11  -0.11     0.02
  MONTH TO DATE    4.06                      2.68   1.38     0.58
  SINCE JAN 1     48.66                     37.41  11.25    31.52

SNOWFALL (IN)
  YESTERDAY       MM
  MONTH TO DATE   MM
  SINCE SEP 1     MM
  SNOW DEPTH      MM

DEGREE DAYS
 HEATING
  YESTERDAY       26                        23      3       16
  MONTH TO DATE  493                       447     46      428
  SINCE SEP 1    790                       836    -46      643
  SINCE JUL 1    792                       841    -49      643

 COOLING
  YESTERDAY        0                         0      0        0
  MONTH TO DATE    2                         0      2        2
  SINCE SEP 1    173                       123     50      274
  SINCE JAN 1    975                       953     22     1352
..................................................................


WIND (MPH)
  HIGHEST WIND SPEED    13   HIGHEST WIND DIRECTION     S (200)
  HIGHEST GUST SPEED    16   HIGHEST GUST DIRECTION    SW (210)
  AVERAGE WIND SPEED     4.3


SKY COVER
  POSSIBLE SUNSHINE  MM
  AVERAGE SKY COVER 0.0


WEATHER CONDITIONS
 THE FOLLOWING WEATHER WAS RECORDED YESTERDAY.
  FOG
  HAZE


RELATIVE HUMIDITY (PERCENT)
 HIGHEST    88           300 AM
 LOWEST     24           300 PM
 AVERAGE    56

..........................................................


THE PARKERSBURG WV CLIMATE NORMALS FOR TODAY
                         NORMAL    RECORD    YEAR
 MAXIMUM TEMPERATURE (F)   51        72      1979
 MINIMUM TEMPERATURE (F)   33         9      1950


SUNRISE AND SUNSET
NOVEMBER 25 2017......SUNRISE   721 AM EST   SUNSET   505 PM EST
NOVEMBER 26 2017......SUNRISE   722 AM EST   SUNSET   504 PM EST


-  INDICATES NEGATIVE NUMBERS.
R  INDICATES RECORD WAS SET OR TIED.
MM INDICATES DATA IS MISSING.
T  INDICATES TRACE AMOUNT.




$$
