000
CDUS41 KRLX 032216
CLIPKB


CLIMATE REPORT
NATIONAL WEATHER SERVICE CHARLESTON WV
516 PM EST SAT DEC 3 2016


...................................

...THE PARKERSBURG WV CLIMATE SUMMARY FOR DECEMBER 3 2016...
VALID TODAY AS OF 0500 PM LOCAL TIME.

CLIMATE NORMAL PERIOD 1981 TO 2010
CLIMATE RECORD PERIOD 1889 TO 2016


WEATHER ITEM   OBSERVED TIME   RECORD YEAR NORMAL DEPARTURE LAST
                VALUE   (LST)  VALUE       VALUE  FROM      YEAR
                                                  NORMAL
..................................................................
TEMPERATURE (F)
 TODAY
  MAXIMUM         40   1243 PM  78    1982  47     -7       38
  MINIMUM         35    743 AM   1    1976  30      5       32
  AVERAGE         38                        39     -1       35

PRECIPITATION (IN)
  TODAY            0.00          0.16 2009   0.11  -0.11     0.01
  MONTH TO DATE    T                         0.32  -0.32     0.85
  SINCE DEC 1      T                         0.32  -0.32     0.85
  SINCE JAN 1     32.11                     38.41  -6.30    38.86

DEGREE DAYS
 HEATING
  TODAY           27                        26      1       30
  MONTH TO DATE   76                        78     -2       59
  SINCE DEC 1     76                        78     -2       59
  SINCE JUL 1    830                      1063   -233      821

 COOLING
  TODAY            0                         0      0        0
  MONTH TO DATE    0                         0      0        0
  SINCE DEC 1      0                         0      0        0
  SINCE JAN 1   1352                       955    397     1040
..................................................................


WIND (MPH)
  HIGHEST WIND SPEED     9   HIGHEST WIND DIRECTION     W (270)
  HIGHEST GUST SPEED    15   HIGHEST GUST DIRECTION     W (250)
  AVERAGE WIND SPEED     3.4


SKY COVER
  POSSIBLE SUNSHINE  MM
  AVERAGE SKY COVER 1.0


WEATHER CONDITIONS
 THE FOLLOWING WEATHER WAS RECORDED TODAY.
  NO SIGNIFICANT WEATHER WAS OBSERVED.


RELATIVE HUMIDITY (PERCENT)
 HIGHEST    82           600 AM
 LOWEST     59          1100 AM
 AVERAGE    71

..........................................................


THE PARKERSBURG WV CLIMATE NORMALS FOR TOMORROW
                         NORMAL    RECORD    YEAR
 MAXIMUM TEMPERATURE (F)   47        72      1982
 MINIMUM TEMPERATURE (F)   30        10      1966


SUNRISE AND SUNSET
DECEMBER  3 2016......SUNRISE   729 AM EST   SUNSET   502 PM EST
DECEMBER  4 2016......SUNRISE   730 AM EST   SUNSET   502 PM EST


-  INDICATES NEGATIVE NUMBERS.
R  INDICATES RECORD WAS SET OR TIED.
MM INDICATES DATA IS MISSING.
T  INDICATES TRACE AMOUNT.




$$
