000
CDUS41 KRLX 032137
CLIPKB


CLIMATE REPORT
NATIONAL WEATHER SERVICE CHARLESTON WV
536 PM EDT FRI JUL 3 2015


...................................

...THE PARKERSBURG WV CLIMATE SUMMARY FOR JULY 3 2015...
VALID TODAY AS OF 0500 PM LOCAL TIME.

CLIMATE NORMAL PERIOD 1981 TO 2010
CLIMATE RECORD PERIOD 1889 TO 2015


WEATHER ITEM   OBSERVED TIME   RECORD YEAR NORMAL DEPARTURE LAST
                VALUE   (LST)  VALUE       VALUE  FROM      YEAR
                                                  NORMAL
..................................................................
TEMPERATURE (F)
 TODAY
  MAXIMUM         77    109 PM 102    1911  85     -8       MM
  MINIMUM         63    622 AM  49    2001  63      0       MM
  AVERAGE         70                        74     -4       MM

PRECIPITATION (IN)
  TODAY            0.10          0.30 2006   0.13  -0.03    MM
  MONTH TO DATE    0.10                      0.37  -0.27    MM
  SINCE JUN 1      5.99                      4.39   1.60    MM
  SINCE JAN 1     24.18                     21.34   2.84    MM

DEGREE DAYS
 HEATING
  TODAY            0                         0      0       MM
  MONTH TO DATE    0                         0      0       MM
  SINCE JUN 1     15                        19     -4       MM
  SINCE JUL 1      0                         0      0       MM

 COOLING
  TODAY            5                         9     -4       MM
  MONTH TO DATE   11                        27    -16       MM
  SINCE JUN 1    234                       218     16       MM
  SINCE JAN 1    395                       302     93       MM
..................................................................


WIND (MPH)
  HIGHEST WIND SPEED    12   HIGHEST WIND DIRECTION     E (70)
  HIGHEST GUST SPEED    15   HIGHEST GUST DIRECTION     E (70)
  AVERAGE WIND SPEED     4.2


SKY COVER
  POSSIBLE SUNSHINE  MM
  AVERAGE SKY COVER 0.7


WEATHER CONDITIONS
 THE FOLLOWING WEATHER WAS RECORDED TODAY.
  THUNDERSTORM
  RAIN
  LIGHT RAIN
  FOG


RELATIVE HUMIDITY (PERCENT)
 HIGHEST    93          1200 AM
 LOWEST     60          1100 AM
 AVERAGE    77

..........................................................


THE PARKERSBURG WV CLIMATE NORMALS FOR TOMORROW
                         NORMAL    RECORD    YEAR
 MAXIMUM TEMPERATURE (F)   85       100      1911
 MINIMUM TEMPERATURE (F)   63        49      1892


SUNRISE AND SUNSET
JULY  3 2015..........SUNRISE   604 AM EDT   SUNSET   856 PM EDT
JULY  4 2015..........SUNRISE   604 AM EDT   SUNSET   856 PM EDT


-  INDICATES NEGATIVE NUMBERS.
R  INDICATES RECORD WAS SET OR TIED.
MM INDICATES DATA IS MISSING.
T  INDICATES TRACE AMOUNT.




$$
