000
CDUS46 KLOX 060112
CLIPMD


CLIMATE REPORT
NATIONAL WEATHER SERVICE LOS ANGELES/OXNARD CA
612 PM PDT THU MAY 5 2016


...................................

...THE PALMDALE AIRPORT CA CLIMATE SUMMARY FOR MAY 5 2016...
VALID TODAY AS OF 0600 PM LOCAL TIME.

CLIMATE NORMAL PERIOD 1981 TO 2010
CLIMATE RECORD PERIOD 1931 TO 2016


WEATHER ITEM   OBSERVED TIME   RECORD YEAR NORMAL DEPARTURE LAST
                VALUE   (LST)  VALUE       VALUE  FROM      YEAR
                                                  NORMAL
..................................................................
TEMPERATURE (F)
 TODAY
  MAXIMUM         66   1212 PM 100    1947  79    -13       71
  MINIMUM         50    528 AM  36    1975  49      1       52
  AVERAGE         58                        64     -6       62

PRECIPITATION (IN)
  TODAY            0.00          0.12 1998   0.01  -0.01     0.00
  MONTH TO DATE    T                         0.07  -0.07     0.00
  SINCE OCT 1      4.28                      7.50  -3.22     4.12
  SINCE JAN 1      2.47                      5.05  -2.58     1.55

SNOWFALL (IN)
  TODAY            0.0           0.0  1973  MM               0.0
  MONTH TO DATE    0.0                      MM               0.0
  SINCE MAR 1      0.0                      MM               0.0
  SINCE JUL 1      T                        MM               0.0
  SNOW DEPTH       0

DEGREE DAYS
 HEATING
  TODAY            7                         3      4        3
  MONTH TO DATE    9                        19    -10        3
  SINCE MAR 1    392                       624   -232      349
  SINCE JUL 1   2553                      2869   -316     2004

 COOLING
  TODAY            0                         3     -3        0
  MONTH TO DATE    8                        11     -3       22
  SINCE MAR 1     28                        34     -6       57
  SINCE JAN 1     28                        34     -6       57
..................................................................


WIND (MPH)
  HIGHEST WIND SPEED    37   HIGHEST WIND DIRECTION    SW (220)
  HIGHEST GUST SPEED    45   HIGHEST GUST DIRECTION    SW (210)
  AVERAGE WIND SPEED    20.4


SKY COVER
  POSSIBLE SUNSHINE  MM
  AVERAGE SKY COVER 0.0


WEATHER CONDITIONS
 THE FOLLOWING WEATHER WAS RECORDED TODAY.
  NO SIGNIFICANT WEATHER WAS OBSERVED.


RELATIVE HUMIDITY (PERCENT)
 HIGHEST    77           200 AM
 LOWEST     40          1100 AM
 AVERAGE    59

..........................................................


THE PALMDALE AIRPORT CA CLIMATE NORMALS FOR TOMORROW
                         NORMAL    RECORD    YEAR
 MAXIMUM TEMPERATURE (F)   80        96      1990
 MINIMUM TEMPERATURE (F)   50        33      1978


SUNRISE AND SUNSET
MAY  5 2016...........SUNRISE   558 AM PDT   SUNSET   741 PM PDT
MAY  6 2016...........SUNRISE   557 AM PDT   SUNSET   742 PM PDT


-  INDICATES NEGATIVE NUMBERS.
R  INDICATES RECORD WAS SET OR TIED.
MM INDICATES DATA IS MISSING.
T  INDICATES TRACE AMOUNT.




$$
