000
CDUS46 KLOX 160915
CLIPMD


CLIMATE REPORT
NATIONAL WEATHER SERVICE LOS ANGELES/OXNARD CA
115 AM PST TUE JAN 16 2018


...................................

...THE PALMDALE AIRPORT CA CLIMATE SUMMARY FOR JANUARY 15 2018...

CLIMATE NORMAL PERIOD 1981 TO 2010
CLIMATE RECORD PERIOD 1931 TO 2018


WEATHER ITEM   OBSERVED TIME   RECORD YEAR NORMAL DEPARTURE LAST
                VALUE   (LST)  VALUE       VALUE  FROM      YEAR
                                                  NORMAL
..................................................................
TEMPERATURE (F)
 YESTERDAY
  MAXIMUM         67    319 PM  81    1943  59      8       57
  MINIMUM         37    731 AM  11    1963  31      6       34
  AVERAGE         52                        45      7       46

PRECIPITATION (IN)
  YESTERDAY        0.00          0.72 1979   0.04  -0.04     0.00
  MONTH TO DATE    0.59                      0.92  -0.33     0.94
  SINCE OCT 1      0.59                      3.37  -2.78     2.73
  SINCE JAN 1      0.59                      0.92  -0.33     0.94

SNOWFALL (IN)
  YESTERDAY        0.0           T    1960  MM               0.0
  MONTH TO DATE    0.0                      MM               0.0
  SINCE DEC 1      0.0                      MM               0.0
  SINCE JUL 1      0.0                      MM               0.0
  SNOW DEPTH       0

DEGREE DAYS
 HEATING
  YESTERDAY       13                        20     -7       19
  MONTH TO DATE  179                       309   -130      280
  SINCE DEC 1    708                       946   -238      852
  SINCE JUL 1    993                      1473   -480     1235

 COOLING
  YESTERDAY        0                         0      0        0
  MONTH TO DATE    0                         0      0        0
  SINCE DEC 1      0                         0      0        0
  SINCE JAN 1      0                         0      0        0
..................................................................


WIND (MPH)
  HIGHEST WIND SPEED    10   HIGHEST WIND DIRECTION     W (260)
  HIGHEST GUST SPEED    11   HIGHEST GUST DIRECTION     W (260)
  AVERAGE WIND SPEED     2.3


SKY COVER
  POSSIBLE SUNSHINE  MM
  AVERAGE SKY COVER 0.0


WEATHER CONDITIONS
 THE FOLLOWING WEATHER WAS RECORDED YESTERDAY.
  NO SIGNIFICANT WEATHER WAS OBSERVED.


RELATIVE HUMIDITY (PERCENT)
 HIGHEST    85           400 AM
 LOWEST     29           200 PM
 AVERAGE    57

..........................................................


THE PALMDALE AIRPORT CA CLIMATE NORMALS FOR TODAY
                         NORMAL    RECORD    YEAR
 MAXIMUM TEMPERATURE (F)   59        76      1975
 MINIMUM TEMPERATURE (F)   31        13      1949


SUNRISE AND SUNSET
JANUARY 16 2018.......SUNRISE   659 AM PST   SUNSET   506 PM PST
JANUARY 17 2018.......SUNRISE   658 AM PST   SUNSET   507 PM PST


-  INDICATES NEGATIVE NUMBERS.
R  INDICATES RECORD WAS SET OR TIED.
MM INDICATES DATA IS MISSING.
T  INDICATES TRACE AMOUNT.




$$
