000
CDUS44 KMOB 190645
CLIPNS


CLIMATE REPORT
NATIONAL WEATHER SERVICE MOBILE AL
1245 AM CST THU JAN 19 2017


...................................

...THE PENSACOLA CLIMATE SUMMARY FOR JANUARY 18 2017...

CLIMATE NORMAL PERIOD 1981 TO 2010
CLIMATE RECORD PERIOD 1879 TO 2017


WEATHER ITEM   OBSERVED TIME   RECORD YEAR NORMAL DEPARTURE LAST
                VALUE   (LST)  VALUE       VALUE  FROM      YEAR
                                                  NORMAL
..................................................................
TEMPERATURE (F)
 YESTERDAY
  MAXIMUM         78    104 PM  79    1952  60     18       57
  MINIMUM         64    615 AM  19    1948  42     22       33
  AVERAGE         71                        51     20       45

PRECIPITATION (IN)
  YESTERDAY        0.00          2.46 1925   0.15  -0.15     0.00
  MONTH TO DATE    9.28                      2.53   6.75     1.30
  SINCE MAR 1     65.25                     58.11   7.14    66.57
  SINCE JAN 1      9.28                      2.53   6.75     1.30

SNOWFALL (IN)
  YESTERDAY        0.0          MM      MM   0.0    0.0      0.0
  MONTH TO DATE    0.0                       0.0    0.0      0.0
  SINCE MAR 1      0.0                       0.0    0.0      0.0
  SINCE JUL 1      0.0                       0.0    0.0      0.0
  SNOW DEPTH       0

DEGREE DAYS
 HEATING
  YESTERDAY        0                        14    -14       20
  MONTH TO DATE  118                       252   -134      270
  SINCE DEC 1    312                       622   -310      387
  SINCE JUL 1    381                       834   -453      464

 COOLING
  YESTERDAY        6                         0      6        0
  MONTH TO DATE   47                         0     47        0
  SINCE DEC 1     94                        13     81       75
  SINCE JAN 1     47                         0     47        0
..................................................................


WIND (MPH)
  HIGHEST WIND SPEED    12   HIGHEST WIND DIRECTION     S (160)
  HIGHEST GUST SPEED    18   HIGHEST GUST DIRECTION     S (160)
  AVERAGE WIND SPEED     3.5


SKY COVER
  POSSIBLE SUNSHINE  MM
  AVERAGE SKY COVER 0.8


WEATHER CONDITIONS
 THE FOLLOWING WEATHER WAS RECORDED YESTERDAY.
  FOG
  FOG W/VISIBILITY <= 1/4 MILE
  HAZE


RELATIVE HUMIDITY (PERCENT)
 HIGHEST   100           700 AM
 LOWEST     69           100 PM
 AVERAGE    85

..........................................................


THE PENSACOLA CLIMATE NORMALS FOR TODAY
                         NORMAL    RECORD    YEAR
 MAXIMUM TEMPERATURE (F)   60        78      1950
 MINIMUM TEMPERATURE (F)   42        10      1977


SUNRISE AND SUNSET
JANUARY 19 2017.......SUNRISE   645 AM CST   SUNSET   514 PM CST
JANUARY 20 2017.......SUNRISE   645 AM CST   SUNSET   515 PM CST


-  INDICATES NEGATIVE NUMBERS.
R  INDICATES RECORD WAS SET OR TIED.
MM INDICATES DATA IS MISSING.
T  INDICATES TRACE AMOUNT.




$$
