000
CDUS44 KMOB 292225
CLIPNS


CLIMATE REPORT
NATIONAL WEATHER SERVICE MOBILE AL
525 PM CDT SAT APR 29 2017


...................................

...THE PENSACOLA CLIMATE SUMMARY FOR APRIL 29 2017...
VALID TODAY AS OF 0500 PM LOCAL TIME.

CLIMATE NORMAL PERIOD 1981 TO 2010
CLIMATE RECORD PERIOD 1879 TO 2017


WEATHER ITEM   OBSERVED TIME   RECORD YEAR NORMAL DEPARTURE LAST
                VALUE   (LST)  VALUE       VALUE  FROM      YEAR
                                                  NORMAL
..................................................................
TEMPERATURE (F)
 TODAY
  MAXIMUM         82   1252 PM  93    1952  79      3       85
  MINIMUM         76    634 AM  44    1992  61     15       66
  AVERAGE         79                        70      9       76

PRECIPITATION (IN)
  TODAY            0.00         15.55 2014   0.13  -0.13     0.00
  MONTH TO DATE    3.28                      4.20  -0.92     5.97
  SINCE MAR 1      5.64                     10.01  -4.37    13.62
  SINCE JAN 1     20.99                     19.70   1.29    22.27

DEGREE DAYS
 HEATING
  TODAY            0                         0      0        0
  MONTH TO DATE    9                        51    -42       11
  SINCE MAR 1    101                       227   -126       83
  SINCE JUL 1    634                      1535   -901      965

 COOLING
  TODAY           14                         6      8       11
  MONTH TO DATE  196                        96    100      129
  SINCE MAR 1    324                       129    195      215
  SINCE JAN 1    434                       143    291      233
..................................................................


WIND (MPH)
  HIGHEST WIND SPEED    22   HIGHEST WIND DIRECTION    SE (130)
  HIGHEST GUST SPEED    30   HIGHEST GUST DIRECTION    SE (120)
  AVERAGE WIND SPEED    15.1


SKY COVER
  POSSIBLE SUNSHINE  MM
  AVERAGE SKY COVER 1.0


WEATHER CONDITIONS
 THE FOLLOWING WEATHER WAS RECORDED TODAY.
  HAZE


RELATIVE HUMIDITY (PERCENT)
 HIGHEST    87           100 AM
 LOWEST     74          1100 AM
 AVERAGE    81

..........................................................


THE PENSACOLA CLIMATE NORMALS FOR TOMORROW
                         NORMAL    RECORD    YEAR
 MAXIMUM TEMPERATURE (F)   79        93      1952
 MINIMUM TEMPERATURE (F)   62        50      1965


SUNRISE AND SUNSET
APRIL 29 2017.........SUNRISE   607 AM CDT   SUNSET   726 PM CDT
APRIL 30 2017.........SUNRISE   606 AM CDT   SUNSET   726 PM CDT


-  INDICATES NEGATIVE NUMBERS.
R  INDICATES RECORD WAS SET OR TIED.
MM INDICATES DATA IS MISSING.
T  INDICATES TRACE AMOUNT.




$$
