000
CDUS44 KMOB 200629
CLIPNS


CLIMATE REPORT
NATIONAL WEATHER SERVICE MOBILE AL
1229 AM CST SAT DEC 20 2014


...................................

...THE PENSACOLA CLIMATE SUMMARY FOR DECEMBER 19 2014...

CLIMATE NORMAL PERIOD 1981 TO 2010
CLIMATE RECORD PERIOD 1879 TO 2014


WEATHER ITEM   OBSERVED TIME   RECORD YEAR NORMAL DEPARTURE LAST
                VALUE   (LST)  VALUE       VALUE  FROM      YEAR
                                                  NORMAL
..................................................................
TEMPERATURE (F)
 YESTERDAY
  MAXIMUM         56   1212 AM  79    2006  62     -6       67
  MINIMUM         47   1159 PM  18    1981  44      3       46
  AVERAGE         52                        53     -1       57

PRECIPITATION (IN)
  YESTERDAY        0.55          2.09 1931   0.15   0.40     0.00
  MONTH TO DATE    0.80                      2.86  -2.06     1.29
  SINCE MAR 1     69.14                     53.89  15.25    57.87
  SINCE JAN 1     80.47                     63.58  16.89    72.14

SNOWFALL (IN)
  YESTERDAY        0.0           0.0  2001   0.0    0.0      0.0
                                      2000
  MONTH TO DATE    0.0                       0.0    0.0      0.0
  SINCE MAR 1      0.0                       0.0    0.0      0.0
  SINCE JUL 1      0.0                       0.0    0.0      0.0
  SNOW DEPTH       0

DEGREE DAYS
 HEATING
  YESTERDAY       13                        13      0        8
  MONTH TO DATE  157                       208    -51      145
  SINCE DEC 1    157                       208    -51      145
  SINCE JUL 1    484                       420     64      350

 COOLING
  YESTERDAY        0                         0      0        0
  MONTH TO DATE    6                         7     -1       30
  SINCE DEC 1      6                         7     -1       30
  SINCE JAN 1   2550                      2603    -53     2748
..................................................................


WIND (MPH)
  HIGHEST WIND SPEED    15   HIGHEST WIND DIRECTION    NW (310)
  HIGHEST GUST SPEED    18   HIGHEST GUST DIRECTION    NW (310)
  AVERAGE WIND SPEED     6.5


SKY COVER
  POSSIBLE SUNSHINE  MM
  AVERAGE SKY COVER 0.9


WEATHER CONDITIONS
 THE FOLLOWING WEATHER WAS RECORDED YESTERDAY.
  HEAVY RAIN
  RAIN
  LIGHT RAIN
  FOG


RELATIVE HUMIDITY (PERCENT)
 HIGHEST    93          1000 AM
 LOWEST     54           600 AM
 AVERAGE    74

..........................................................


THE PENSACOLA CLIMATE NORMALS FOR TODAY
                         NORMAL    RECORD    YEAR
 MAXIMUM TEMPERATURE (F)   62        79      1992
 MINIMUM TEMPERATURE (F)   44        20      2000
                                             1945
                                             1929


SUNRISE AND SUNSET
DECEMBER 20 2014......SUNRISE   641 AM CST   SUNSET   452 PM CST
DECEMBER 21 2014......SUNRISE   642 AM CST   SUNSET   452 PM CST


-  INDICATES NEGATIVE NUMBERS.
R  INDICATES RECORD WAS SET OR TIED.
MM INDICATES DATA IS MISSING.
T  INDICATES TRACE AMOUNT.




$$
