000
CDUS44 KMOB 050645
CLIPNS


CLIMATE REPORT
NATIONAL WEATHER SERVICE MOBILE AL
145 AM CDT WED AUG 5 2015


...................................

...THE PENSACOLA CLIMATE SUMMARY FOR AUGUST 4 2015...

CLIMATE NORMAL PERIOD 1981 TO 2010
CLIMATE RECORD PERIOD 1879 TO 2015


WEATHER ITEM   OBSERVED TIME   RECORD YEAR NORMAL DEPARTURE LAST
                VALUE   (LST)  VALUE       VALUE  FROM      YEAR
                                                  NORMAL
..................................................................
TEMPERATURE (F)
 YESTERDAY
  MAXIMUM         92   1229 PM  99    1951  90      2       89
  MINIMUM         79    554 AM  70    1992  74      5       73
  AVERAGE         86                        82      4       81

PRECIPITATION (IN)
  YESTERDAY        0.00          3.94 1881   0.24  -0.24      T
  MONTH TO DATE    0.62                      0.98  -0.36      T
  SINCE MAR 1     29.21                     29.30  -0.09    56.05
  SINCE JAN 1     39.62                     38.99   0.63    67.38

DEGREE DAYS
 COOLING
  YESTERDAY       21                        17      4       16
  MONTH TO DATE   81                        68     13       60
  SINCE JUN 1   1175                      1066    109     1033
  SINCE JAN 1   1828                      1514    314     1484
..................................................................


WIND (MPH)
  HIGHEST WIND SPEED    21   HIGHEST WIND DIRECTION     S (190)
  HIGHEST GUST SPEED    24   HIGHEST GUST DIRECTION     S (200)
  AVERAGE WIND SPEED     8.0


SKY COVER
  POSSIBLE SUNSHINE  MM
  AVERAGE SKY COVER 0.1


WEATHER CONDITIONS
 THE FOLLOWING WEATHER WAS RECORDED YESTERDAY.
  NO SIGNIFICANT WEATHER WAS OBSERVED.


RELATIVE HUMIDITY (PERCENT)
 HIGHEST    91           300 AM
 LOWEST     59          1000 AM
 AVERAGE    75

..........................................................


THE PENSACOLA CLIMATE NORMALS FOR TODAY
                         NORMAL    RECORD    YEAR
 MAXIMUM TEMPERATURE (F)   90       103      1947
 MINIMUM TEMPERATURE (F)   74        68      1950
                                             1934


SUNRISE AND SUNSET
AUGUST  5 2015........SUNRISE   609 AM CDT   SUNSET   740 PM CDT
AUGUST  6 2015........SUNRISE   610 AM CDT   SUNSET   739 PM CDT


-  INDICATES NEGATIVE NUMBERS.
R  INDICATES RECORD WAS SET OR TIED.
MM INDICATES DATA IS MISSING.
T  INDICATES TRACE AMOUNT.




$$
