413
CDUS44 KMOB 120628
CLIPNS


CLIMATE REPORT
NATIONAL WEATHER SERVICE MOBILE AL
1227 AM CST FRI FEB 12 2016


...................................

...THE PENSACOLA CLIMATE SUMMARY FOR FEBRUARY 11 2016...

CLIMATE NORMAL PERIOD 1981 TO 2010
CLIMATE RECORD PERIOD 1879 TO 2016


WEATHER ITEM   OBSERVED TIME   RECORD YEAR NORMAL DEPARTURE LAST
                VALUE   (LST)  VALUE       VALUE  FROM      YEAR
                                                  NORMAL
..................................................................
TEMPERATURE (F)
 YESTERDAY
  MAXIMUM         70    238 PM  79    2013  63      7       60
                                      1952
  MINIMUM         39    455 AM  24    1885  45     -6       34
  AVERAGE         55                        54      1       47

PRECIPITATION (IN)
  YESTERDAY        0.00          3.78 1894   0.18  -0.18     0.00
  MONTH TO DATE    1.59                      1.95  -0.36     1.45
  SINCE MAR 1     70.80                     62.16   8.64    79.76
  SINCE JAN 1      5.53                      6.58  -1.05     7.92

SNOWFALL (IN)
  YESTERDAY        0.0          MM      MM   0.0    0.0      0.0
  MONTH TO DATE    0.0                       0.0    0.0      0.0
  SINCE MAR 1      0.0                       0.0    0.0      0.0
  SINCE JUL 1      0.0                       0.0    0.0      0.0
  SNOW DEPTH       0

DEGREE DAYS
 HEATING
  YESTERDAY       10                        11     -1       18
  MONTH TO DATE  134                       134      0      150
  SINCE DEC 1    686                       933   -247      848
  SINCE JUL 1    763                      1145   -382     1175

 COOLING
  YESTERDAY        0                         0      0        0
  MONTH TO DATE    8                         0      8        1
  SINCE DEC 1     83                        19     64       17
  SINCE JAN 1      8                         6      2        4
..................................................................


WIND (MPH)
  HIGHEST WIND SPEED    24   HIGHEST WIND DIRECTION     W (260)
  HIGHEST GUST SPEED    31   HIGHEST GUST DIRECTION     W (270)
  AVERAGE WIND SPEED    11.3


SKY COVER
  POSSIBLE SUNSHINE  MM
  AVERAGE SKY COVER 0.0


WEATHER CONDITIONS
 THE FOLLOWING WEATHER WAS RECORDED YESTERDAY.
  NO SIGNIFICANT WEATHER WAS OBSERVED.


RELATIVE HUMIDITY (PERCENT)
 HIGHEST    90          1100 PM
 LOWEST     48          1000 AM
 AVERAGE    69

..........................................................


THE PENSACOLA CLIMATE NORMALS FOR TODAY
                         NORMAL    RECORD    YEAR
 MAXIMUM TEMPERATURE (F)   63        77      2000
                                             1975
                                             1950
 MINIMUM TEMPERATURE (F)   45        10      1899


SUNRISE AND SUNSET
FEBRUARY 12 2016......SUNRISE   632 AM CST   SUNSET   534 PM CST
FEBRUARY 13 2016......SUNRISE   631 AM CST   SUNSET   535 PM CST


-  INDICATES NEGATIVE NUMBERS.
R  INDICATES RECORD WAS SET OR TIED.
MM INDICATES DATA IS MISSING.
T  INDICATES TRACE AMOUNT.




$$
