000
CDUS44 KMOB 222326
CLIPNS


CLIMATE REPORT
NATIONAL WEATHER SERVICE MOBILE AL
526 PM CST WED NOV 22 2017


...................................

...THE PENSACOLA CLIMATE SUMMARY FOR NOVEMBER 22 2017...
VALID TODAY AS OF 0500 PM LOCAL TIME.

CLIMATE NORMAL PERIOD 1981 TO 2010
CLIMATE RECORD PERIOD 1879 TO 2017


WEATHER ITEM   OBSERVED TIME   RECORD YEAR NORMAL DEPARTURE LAST
                VALUE   (LST)  VALUE       VALUE  FROM      YEAR
                                                  NORMAL
..................................................................
TEMPERATURE (F)
 TODAY
  MAXIMUM         69    114 PM  81    2011  68      1       70
  MINIMUM         54    750 AM  27    2000  49      5       40
  AVERAGE         62                        59      3       55

PRECIPITATION (IN)
  TODAY            0.00          2.29 1929   0.15  -0.15     0.00
  MONTH TO DATE    0.09                      3.49  -3.40     0.36
  SINCE MAR 1     72.90                     49.79  23.11    45.85
  SINCE JAN 1     88.25                     59.48  28.77    54.50

DEGREE DAYS
 HEATING
  TODAY            3                         7     -4       10
  MONTH TO DATE   59                       107    -48       48
  SINCE SEP 1     92                       145    -53       49
  SINCE JUL 1     92                       145    -53       49
..................................................................


WIND (MPH)
  HIGHEST WIND SPEED    18   HIGHEST WIND DIRECTION     N (360)
  HIGHEST GUST SPEED    23   HIGHEST GUST DIRECTION     N (360)
  AVERAGE WIND SPEED    11.2


SKY COVER
  POSSIBLE SUNSHINE  MM
  AVERAGE SKY COVER 0.2


WEATHER CONDITIONS
 THE FOLLOWING WEATHER WAS RECORDED TODAY.
  NO SIGNIFICANT WEATHER WAS OBSERVED.


RELATIVE HUMIDITY (PERCENT)
 HIGHEST    67          1200 AM
 LOWEST     42           100 PM
 AVERAGE    55

..........................................................


THE PENSACOLA CLIMATE NORMALS FOR TOMORROW
                         NORMAL    RECORD    YEAR
 MAXIMUM TEMPERATURE (F)   68        81      1955
 MINIMUM TEMPERATURE (F)   49        28      1956


SUNRISE AND SUNSET
NOVEMBER 22 2017......SUNRISE   621 AM CST   SUNSET   449 PM CST
NOVEMBER 23 2017......SUNRISE   622 AM CST   SUNSET   449 PM CST


-  INDICATES NEGATIVE NUMBERS.
R  INDICATES RECORD WAS SET OR TIED.
MM INDICATES DATA IS MISSING.
T  INDICATES TRACE AMOUNT.




$$
