000
CDUS44 KMOB 240645
CLIPNS


CLIMATE REPORT
NATIONAL WEATHER SERVICE MOBILE AL
1245 AM CST MON NOV 24 2014


...................................

...THE PENSACOLA CLIMATE SUMMARY FOR NOVEMBER 23 2014...

CLIMATE NORMAL PERIOD 1981 TO 2010
CLIMATE RECORD PERIOD 1879 TO 2014


WEATHER ITEM   OBSERVED TIME   RECORD YEAR NORMAL DEPARTURE LAST
                VALUE   (LST)  VALUE       VALUE  FROM      YEAR
                                                  NORMAL
..................................................................
TEMPERATURE (F)
 YESTERDAY
  MAXIMUM         73   1009 AM  81    1955  68      5       70
  MINIMUM         60   1218 AM  28    1956  49     11       53
  AVERAGE         67                        59      8       62

PRECIPITATION (IN)
  YESTERDAY        0.44          2.58 1884   0.15   0.29     0.00
  MONTH TO DATE    1.17                      3.64  -2.47     2.57
  SINCE MAR 1     68.31                     49.94  18.37    53.85
  SINCE JAN 1     79.64                     59.63  20.01    68.12

SNOWFALL (IN)
  YESTERDAY        0.0           0.0  2002   0.0    0.0      0.0
                                      2001
                                      2000
  MONTH TO DATE    0.0                       0.0    0.0      0.0
  SINCE MAR 1      0.0                       0.0    0.0      0.0
  SINCE JUL 1      0.0                       0.0    0.0      0.0
  SNOW DEPTH       0

DEGREE DAYS
 HEATING
  YESTERDAY        0                         7     -7        3
  MONTH TO DATE  249                       114    135       80
  SINCE SEP 1    261                       152    109       95
  SINCE JUL 1    261                       152    109       95

 COOLING
  YESTERDAY        2                         1      1        0
  MONTH TO DATE    9                        39    -30       29
  SINCE SEP 1    583                       622    -39      736
  SINCE JAN 1   2539                      2589    -50     2718
..................................................................


WIND (MPH)
  HIGHEST WIND SPEED    29   HIGHEST WIND DIRECTION     W (250)
  HIGHEST GUST SPEED    41   HIGHEST GUST DIRECTION     W (260)
  AVERAGE WIND SPEED    13.1


SKY COVER
  POSSIBLE SUNSHINE  MM
  AVERAGE SKY COVER 0.8


WEATHER CONDITIONS
 THE FOLLOWING WEATHER WAS RECORDED YESTERDAY.
  THUNDERSTORM
  HEAVY RAIN
  RAIN
  LIGHT RAIN
  FOG


RELATIVE HUMIDITY (PERCENT)
 HIGHEST   100          1200 AM
 LOWEST     87           100 PM
 AVERAGE    94

..........................................................


THE PENSACOLA CLIMATE NORMALS FOR TODAY
                         NORMAL    RECORD    YEAR
 MAXIMUM TEMPERATURE (F)   68        83      1978
 MINIMUM TEMPERATURE (F)   49        26      1970


SUNRISE AND SUNSET
NOVEMBER 24 2014......SUNRISE   622 AM CST   SUNSET   449 PM CST
NOVEMBER 25 2014......SUNRISE   623 AM CST   SUNSET   448 PM CST


-  INDICATES NEGATIVE NUMBERS.
R  INDICATES RECORD WAS SET OR TIED.
MM INDICATES DATA IS MISSING.
T  INDICATES TRACE AMOUNT.




$$
