000
CDUS44 KMOB 290716
CLIPNS


CLIMATE REPORT
NATIONAL WEATHER SERVICE MOBILE AL
216 AM CDT FRI AUG 29 2014


...................................

...THE PENSACOLA CLIMATE SUMMARY FOR AUGUST 28 2014...

CLIMATE NORMAL PERIOD 1981 TO 2010
CLIMATE RECORD PERIOD 1879 TO 2014


WEATHER ITEM   OBSERVED TIME   RECORD YEAR NORMAL DEPARTURE LAST
                VALUE   (LST)  VALUE       VALUE  FROM      YEAR
                                                  NORMAL
..................................................................
TEMPERATURE (F)
 YESTERDAY
  MAXIMUM         91   1210 PM  97    2011  89      2       90
                                      1951
  MINIMUM         72    533 AM  67    1918  74     -2       71
  AVERAGE         82                        82      0       81

PRECIPITATION (IN)
  YESTERDAY        0.00          2.66 1895   0.18  -0.18     0.00
  MONTH TO DATE    1.36                      6.19  -4.83     9.97
  SINCE MAR 1     57.41                     34.51  22.90    42.14
  SINCE JAN 1     68.74                     44.20  24.54    56.41

DEGREE DAYS
 COOLING
  YESTERDAY       17                        16      1       16
  MONTH TO DATE  478                       475      3      470
  SINCE JUN 1   1451                      1473    -22     1485
  SINCE JAN 1   1902                      1921    -19     1927
..................................................................


WIND (MPH)
  HIGHEST WIND SPEED    15   HIGHEST WIND DIRECTION    SE (150)
  HIGHEST GUST SPEED    20   HIGHEST GUST DIRECTION     S (190)
  AVERAGE WIND SPEED     5.5


SKY COVER
  POSSIBLE SUNSHINE  MM
  AVERAGE SKY COVER 0.1


WEATHER CONDITIONS
 THE FOLLOWING WEATHER WAS RECORDED YESTERDAY.
  NO SIGNIFICANT WEATHER WAS OBSERVED.


RELATIVE HUMIDITY (PERCENT)
 HIGHEST    93           200 AM
 LOWEST     40           300 PM
 AVERAGE    67

..........................................................


THE PENSACOLA CLIMATE NORMALS FOR TODAY
                         NORMAL    RECORD    YEAR
 MAXIMUM TEMPERATURE (F)   89       101      1954
 MINIMUM TEMPERATURE (F)   74        65      1992
                                             1968


SUNRISE AND SUNSET
AUGUST 29 2014........SUNRISE   624 AM CDT   SUNSET   715 PM CDT
AUGUST 30 2014........SUNRISE   624 AM CDT   SUNSET   714 PM CDT


-  INDICATES NEGATIVE NUMBERS.
R  INDICATES RECORD WAS SET OR TIED.
MM INDICATES DATA IS MISSING.
T  INDICATES TRACE AMOUNT.




$$
