000
CDUS41 KALY 212152
CLIPOU


CLIMATE REPORT
NATIONAL WEATHER SERVICE ALBANY NY
451 PM EST SUN JAN 21 2018


...................................

...THE POUGHKEEPSIE NY CLIMATE SUMMARY FOR JANUARY 21 2018...
VALID TODAY AS OF 0400 PM LOCAL TIME.

CLIMATE NORMAL PERIOD 1981 TO 2010
CLIMATE RECORD PERIOD 1949 TO 2018


WEATHER ITEM   OBSERVED TIME   RECORD YEAR NORMAL DEPARTURE LAST
                VALUE   (LST)  VALUE       VALUE  FROM      YEAR
                                                  NORMAL
..................................................................
TEMPERATURE (F)
 TODAY
  MAXIMUM         47    322 PM  60    2006  35     12       54
  MINIMUM         20    648 AM -30    1961  15      5       37
  AVERAGE         34                        25      9       46

PRECIPITATION (IN)
  TODAY            0.00          2.02 1979   0.10  -0.10     0.00
  MONTH TO DATE    2.12                      2.11   0.01     1.52
  SINCE DEC 1      3.68                      5.64  -1.96     4.12
  SINCE JAN 1      2.12                      2.11   0.01     1.52

DEGREE DAYS
 HEATING
  TODAY           31                        40     -9       19
  MONTH TO DATE  909                       832     77      711
  SINCE DEC 1   2055                      1883    172     1751
  SINCE JUL 1   3138                      3161    -23     2897

 COOLING
  TODAY            0                         0      0        0
  MONTH TO DATE    0                         0      0        0
  SINCE DEC 1      0                         0      0        0
  SINCE JAN 1      0                         0      0        0
..................................................................


WIND (MPH)
  HIGHEST WIND SPEED     7   HIGHEST WIND DIRECTION     W (260)
  HIGHEST GUST SPEED   220   HIGHEST GUST DIRECTION     N (6)
  AVERAGE WIND SPEED     0.4


SKY COVER
  AVERAGE SKY COVER 0.0



RELATIVE HUMIDITY (PERCENT)
 HIGHEST    96           400 AM
 LOWEST     49           300 PM
 AVERAGE    73

..........................................................


THE POUGHKEEPSIE NY CLIMATE NORMALS FOR TOMORROW
                         NORMAL    RECORD    YEAR
 MAXIMUM TEMPERATURE (F)   35        60      1959
 MINIMUM TEMPERATURE (F)   15       -29      1961


SUNRISE AND SUNSET
JANUARY 21 2018.......SUNRISE   717 AM EST   SUNSET   457 PM EST
JANUARY 22 2018.......SUNRISE   716 AM EST   SUNSET   459 PM EST


-  INDICATES NEGATIVE NUMBERS.
R  INDICATES RECORD WAS SET OR TIED.
MM INDICATES DATA IS MISSING.
T  INDICATES TRACE AMOUNT.




RECORDS FOR KPOU DATE BACK TO 1949...
HOWEVER...DATA IS MISSING FROM JANUARY 1993 - JULY 2000.
$$
