000
CDUS41 KALY 032047
CLIPOU


CLIMATE REPORT
NATIONAL WEATHER SERVICE ALBANY NY
446 PM EDT MON AUG 3 2015


...................................

...THE POUGHKEEPSIE NY CLIMATE SUMMARY FOR AUGUST 3 2015...
VALID TODAY AS OF 0400 PM LOCAL TIME.

CLIMATE NORMAL PERIOD 1981 TO 2010
CLIMATE RECORD PERIOD 1949 TO 2015


WEATHER ITEM   OBSERVED TIME   RECORD YEAR NORMAL DEPARTURE LAST
                VALUE   (LST)  VALUE       VALUE  FROM      YEAR
                                                  NORMAL
..................................................................
TEMPERATURE (F)
 TODAY
  MAXIMUM         93    236 PM  97    2006  84      9       79
  MINIMUM         62    515 AM  45    1959  61      1       62
  AVERAGE         78                        73      5       71

PRECIPITATION (IN)
  TODAY            0.00          1.28 1971   0.15  -0.15     0.08
  MONTH TO DATE    0.00                      0.47  -0.47     0.83
  SINCE JUN 1      6.08                      9.55  -3.47     8.09
  SINCE JAN 1     16.75                     27.05 -10.30    22.12

DEGREE DAYS
 HEATING
  TODAY            0                         0      0        0
  MONTH TO DATE    0                         0      0        0
  SINCE JUN 1     46                        54     -8        7
  SINCE JUL 1      0                         5     -5        0

 COOLING
  TODAY           13                         8      5        6
  MONTH TO DATE   33                        24      9       20
  SINCE JUN 1    451                       391     60      423
  SINCE JAN 1    564                       427    137      456
..................................................................


WIND (MPH)
  HIGHEST WIND SPEED    13   HIGHEST WIND DIRECTION     S (190)
  HIGHEST GUST SPEED    22   HIGHEST GUST DIRECTION     S (190)
  AVERAGE WIND SPEED     5.0


SKY COVER
  AVERAGE SKY COVER 0.0



RELATIVE HUMIDITY (PERCENT)
 HIGHEST    90           400 AM
 LOWEST     32           200 PM
 AVERAGE    61

..........................................................


THE POUGHKEEPSIE NY CLIMATE NORMALS FOR TOMORROW
                         NORMAL    RECORD    YEAR
 MAXIMUM TEMPERATURE (F)   84        97      2005
 MINIMUM TEMPERATURE (F)   61        45      1964


SUNRISE AND SUNSET
AUGUST  3 2015........SUNRISE   552 AM EDT   SUNSET   811 PM EDT
AUGUST  4 2015........SUNRISE   553 AM EDT   SUNSET   810 PM EDT


-  INDICATES NEGATIVE NUMBERS.
R  INDICATES RECORD WAS SET OR TIED.
MM INDICATES DATA IS MISSING.
T  INDICATES TRACE AMOUNT.




RECORDS FOR KPOU DATE BACK TO 1949...
HOWEVER...DATA IS MISSING FROM JANUARY 1993 - JULY 2000.
$$
