000
CDUS41 KALY 260624
CLIPOU


CLIMATE REPORT
NATIONAL WEATHER SERVICE ALBANY NY
123 AM EST WED NOV 26 2014


...................................

...THE POUGHKEEPSIE NY CLIMATE SUMMARY FOR NOVEMBER 25 2014...

CLIMATE NORMAL PERIOD 1981 TO 2010
CLIMATE RECORD PERIOD 1949 TO 2014


WEATHER ITEM   OBSERVED TIME   RECORD YEAR NORMAL DEPARTURE LAST
                VALUE   (LST)  VALUE       VALUE  FROM      YEAR
                                                  NORMAL
..................................................................
TEMPERATURE (F)
 YESTERDAY
  MAXIMUM         66R  1208 AM  66    2001  49     17       35
  MINIMUM         37   1125 PM  12    2013  29      8       12
  AVERAGE         52                        39     13       24

PRECIPITATION (IN)
  YESTERDAY        0.00          2.52 1950   0.11  -0.11     0.00
  MONTH TO DATE    1.35                      2.88  -1.53     0.81
  SINCE SEP 1      5.63                     11.63  -6.00     4.74
  SINCE JAN 1     30.30                     42.41 -12.11    34.96

DEGREE DAYS
 HEATING
  YESTERDAY       13                        26    -13       41
  MONTH TO DATE  572                       563      9      587
  SINCE SEP 1    976                      1122   -146     1072
  SINCE JUL 1    981                      1139   -158     1075

 COOLING
  YESTERDAY        0                         0      0        0
  MONTH TO DATE    0                         0      0        0
  SINCE SEP 1     99                        68     31       72
  SINCE JAN 1    696                       672     24      829
..................................................................


WIND (MPH)
  HIGHEST WIND SPEED    20   HIGHEST WIND DIRECTION    SW (240)
  HIGHEST GUST SPEED    29   HIGHEST GUST DIRECTION    SW (220)
  AVERAGE WIND SPEED     6.9


SKY COVER
  AVERAGE SKY COVER 0.1



RELATIVE HUMIDITY (PERCENT)
 HIGHEST    76           900 PM
 LOWEST     32           600 AM
 AVERAGE    54

..........................................................


THE POUGHKEEPSIE NY CLIMATE NORMALS FOR TODAY
                         NORMAL    RECORD    YEAR
 MAXIMUM TEMPERATURE (F)   48        66      1979
 MINIMUM TEMPERATURE (F)   28        14      1949


SUNRISE AND SUNSET
NOVEMBER 26 2014......SUNRISE   657 AM EST   SUNSET   428 PM EST
NOVEMBER 27 2014......SUNRISE   658 AM EST   SUNSET   428 PM EST


-  INDICATES NEGATIVE NUMBERS.
R  INDICATES RECORD WAS SET OR TIED.
MM INDICATES DATA IS MISSING.
T  INDICATES TRACE AMOUNT.





RECORDS FOR KPOU DATE BACK TO 1949...
HOWEVER...DATA IS MISSING FROM JANUARY 1993 - JULY 2000.
$$
