000
CDUS41 KALY 282042
CLIPOU


CLIMATE REPORT
NATIONAL WEATHER SERVICE ALBANY NY
442 PM EDT THU AUG 28 2014




THE POUGHKEEPSIE NY CLIMATE SUMMARY FOR AUGUST 28 2014...
VALID TODAY AS OF 0400 PM LOCAL TIME.

CLIMATE NORMAL PERIOD 1981 TO 2010
CLIMATE RECORD PERIOD 1949 TO 2014


WEATHER ITEM   OBSERVED TIME   RECORD YEAR NORMAL DEPARTURE LAST
                VALUE   (LST)  VALUE       VALUE  FROM      YEAR
                                                  NORMAL

TEMPERATURE (F)
 TODAY
  MAXIMUM         81    142 PM  98    1973  81      0       86
  MINIMUM         58    547 AM  45    1986  58      0       64
  AVERAGE         70                        69      1       75

PRECIPITATION (IN)
  TODAY            0.00          5.95 2011   0.11  -0.11     0.00
  MONTH TO DATE    2.83                      3.86  -1.03     6.51
  SINCE JUN 1     10.09                     12.94  -2.85    19.47
  SINCE JAN 1     24.12                     30.44  -6.32    30.12

DEGREE DAYS
 HEATING
  TODAY            0                         1     -1        0
  MONTH TO DATE    3                         6     -3        3
  SINCE JUN 1     10                        60    -50       34
  SINCE JUL 1      3                        11     -8        3

 COOLING
  TODAY            5                         5      0       10
  MONTH TO DATE  148                       188    -40      137
  SINCE JUN 1    551                       555     -4      674
  SINCE JAN 1    584                       591     -7      727



WIND (MPH)
  HIGHEST WIND SPEED    14   HIGHEST WIND DIRECTION    NW (320)
  HIGHEST GUST SPEED    22   HIGHEST GUST DIRECTION    NW (320)
  AVERAGE WIND SPEED     3.9


SKY COVER
  AVERAGE SKY COVER 0.3



RELATIVE HUMIDITY (PERCENT)
 HIGHEST    93           500 AM
 LOWEST     37           200 PM
 AVERAGE    65




THE POUGHKEEPSIE NY CLIMATE NORMALS FOR TOMORROW
                         NORMAL    RECORD    YEAR
 MAXIMUM TEMPERATURE (F)   81        97      1953
 MINIMUM TEMPERATURE (F)   57        38      1986


SUNRISE AND SUNSET
AUGUST 28 2014........SUNRISE   617 AM EDT   SUNSET   735 PM EDT
AUGUST 29 2014........SUNRISE   618 AM EDT   SUNSET   734 PM EDT


-  INDICATES NEGATIVE NUMBERS.
R  INDICATES RECORD WAS SET OR TIED.
MM INDICATES DATA IS MISSING.
T  INDICATES TRACE AMOUNT.





RECORDS FOR KPOU DATE BACK TO 1949...
HOWEVER...DATA IS MISSING FROM JANUARY 1993 - JULY 2000.
$$
