000
CDUS46 KLOX 030128
CLIPRB


CLIMATE REPORT
NATIONAL WEATHER SERVICE LOS ANGELES/OXNARD CA
527 PM PST FRI DEC 2 2016


...................................

...THE PASO ROBLES AIRPORT CA CLIMATE SUMMARY FOR DECEMBER 2 2016...
VALID TODAY AS OF 0500 PM LOCAL TIME.

CLIMATE NORMAL PERIOD 1981 TO 2010
CLIMATE RECORD PERIOD 1948 TO 2016


WEATHER ITEM   OBSERVED TIME   RECORD YEAR NORMAL DEPARTURE LAST
                VALUE   (LST)  VALUE       VALUE  FROM      YEAR
                                                  NORMAL
..................................................................
TEMPERATURE (F)
 TODAY
  MAXIMUM         59    344 PM  77    1959  61     -2       66
  MINIMUM         30    726 AM  22    1990  35     -5       32
  AVERAGE         45                        48     -3       49

PRECIPITATION (IN)
  TODAY            0.00          1.15 1966   0.05  -0.05     0.00
  MONTH TO DATE    0.00                      0.09  -0.09     0.00
  SINCE OCT 1      2.65                      1.74   0.91     1.29
  SINCE JAN 1      8.65                     10.86  -2.21     6.60

SNOWFALL (IN)
  TODAY            0.0
  MONTH TO DATE    0.0
  SINCE DEC 1      0.0
  SINCE JUL 1      0.0

DEGREE DAYS
 HEATING
  TODAY           20                        17      3       16
  MONTH TO DATE   37                        34      3       34
  SINCE DEC 1     37                        34      3       34
  SINCE JUL 1    421                       583   -162      470

 COOLING
  TODAY            0                         0      0        0
  MONTH TO DATE    0                         0      0        0
  SINCE DEC 1      0                         0      0        0
  SINCE JAN 1   1073                       927    146     1315
..................................................................


WIND (MPH)
  HIGHEST WIND SPEED    15   HIGHEST WIND DIRECTION     E (90)
  HIGHEST GUST SPEED    18   HIGHEST GUST DIRECTION     E (80)
  AVERAGE WIND SPEED     2.4


SKY COVER
  POSSIBLE SUNSHINE  MM
  AVERAGE SKY COVER 0.0


WEATHER CONDITIONS
 THE FOLLOWING WEATHER WAS RECORDED TODAY.
  NO SIGNIFICANT WEATHER WAS OBSERVED.


RELATIVE HUMIDITY (PERCENT)
 HIGHEST   100           200 AM
 LOWEST     33           400 PM
 AVERAGE    67

..........................................................


THE PASO ROBLES AIRPORT CA CLIMATE NORMALS FOR TOMORROW
                         NORMAL    RECORD    YEAR
 MAXIMUM TEMPERATURE (F)   61        81      1958
 MINIMUM TEMPERATURE (F)   35        22      1990


SUNRISE AND SUNSET
DECEMBER  2 2016......SUNRISE   655 AM PST   SUNSET   449 PM PST
DECEMBER  3 2016......SUNRISE   656 AM PST   SUNSET   449 PM PST


-  INDICATES NEGATIVE NUMBERS.
R  INDICATES RECORD WAS SET OR TIED.
MM INDICATES DATA IS MISSING.
T  INDICATES TRACE AMOUNT.




$$
