000
CDUS46 KLOX 300130
CLIPRB


CLIMATE REPORT
NATIONAL WEATHER SERVICE LOS ANGELES/OXNARD CA
630 PM PDT SUN MAY 29 2016


...................................

...THE PASO ROBLES AIRPORT CA CLIMATE SUMMARY FOR MAY 29 2016...
VALID TODAY AS OF 0600 PM LOCAL TIME.

CLIMATE NORMAL PERIOD 1981 TO 2010
CLIMATE RECORD PERIOD 1948 TO 2016


WEATHER ITEM   OBSERVED TIME   RECORD YEAR NORMAL DEPARTURE LAST
                VALUE   (LST)  VALUE       VALUE  FROM      YEAR
                                                  NORMAL
..................................................................
TEMPERATURE (F)
 TODAY
  MAXIMUM         81    236 PM 102    1984  84     -3       95
  MINIMUM         50    511 AM  40    2010  48      2       51
                                      1980
  AVERAGE         66                        66      0       73

PRECIPITATION (IN)
  TODAY            0.00          0.01 2011   0.00   0.00     0.00
  MONTH TO DATE    T                         0.25  -0.25     0.15
  SINCE OCT 1      8.06                     12.42  -4.36     8.63
  SINCE JAN 1      6.00                      8.76  -2.76     2.91

SNOWFALL (IN)
  TODAY            0.0
  MONTH TO DATE    0.0
  SINCE MAR 1      0.0
  SINCE JUL 1      0.0

DEGREE DAYS
 HEATING
  TODAY            0                         2     -2        0
  MONTH TO DATE   69                       104    -35      115
  SINCE MAR 1    471                       723   -252      443
  SINCE JUL 1   2258                      2816   -558     1803

 COOLING
  TODAY            1                         3     -2        8
  MONTH TO DATE   40                        53    -13       26
  SINCE MAR 1     45                        62    -17       66
  SINCE JAN 1     45                        62    -17       66
..................................................................


WIND (MPH)
  HIGHEST WIND SPEED    23   HIGHEST WIND DIRECTION     S (190)
  HIGHEST GUST SPEED    30   HIGHEST GUST DIRECTION    SW (210)
  AVERAGE WIND SPEED    10.4


SKY COVER
  POSSIBLE SUNSHINE  MM
  AVERAGE SKY COVER 0.1


WEATHER CONDITIONS
 THE FOLLOWING WEATHER WAS RECORDED TODAY.
  NO SIGNIFICANT WEATHER WAS OBSERVED.


RELATIVE HUMIDITY (PERCENT)
 HIGHEST    93           600 AM
 LOWEST     39           300 PM
 AVERAGE    66

..........................................................


THE PASO ROBLES AIRPORT CA CLIMATE NORMALS FOR TOMORROW
                         NORMAL    RECORD    YEAR
 MAXIMUM TEMPERATURE (F)   84       102      2001
 MINIMUM TEMPERATURE (F)   48        38      2011


SUNRISE AND SUNSET
MAY 29 2016...........SUNRISE   549 AM PDT   SUNSET   811 PM PDT
MAY 30 2016...........SUNRISE   549 AM PDT   SUNSET   812 PM PDT


-  INDICATES NEGATIVE NUMBERS.
R  INDICATES RECORD WAS SET OR TIED.
MM INDICATES DATA IS MISSING.
T  INDICATES TRACE AMOUNT.




$$
