000
CDUS46 KLOX 260111
CLIPRB


CLIMATE REPORT
NATIONAL WEATHER SERVICE LOS ANGELES/OXNARD CA
611 PM PDT MON MAY 25 2015


...................................

...THE PASO ROBLES AIRPORT CA CLIMATE SUMMARY FOR MAY 25 2015...
VALID TODAY AS OF 0600 PM LOCAL TIME.

CLIMATE NORMAL PERIOD 1981 TO 2010
CLIMATE RECORD PERIOD 1948 TO 2015


WEATHER ITEM   OBSERVED TIME   RECORD YEAR NORMAL DEPARTURE LAST
                VALUE   (LST)  VALUE       VALUE  FROM      YEAR
                                                  NORMAL
..................................................................
TEMPERATURE (F)
 TODAY
  MAXIMUM         74    217 PM 100    1951  83     -9       99
  MINIMUM         52   1235 AM  33    1980  47      5       49
  AVERAGE         63                        65     -2       74

PRECIPITATION (IN)
  TODAY            0.00          0.01 2008   0.01  -0.01     0.00
  MONTH TO DATE    0.15                      0.24  -0.09      T
  SINCE OCT 1      8.63                     12.41  -3.78     4.92
  SINCE JAN 1      2.91                      8.75  -5.84     4.46

SNOWFALL (IN)
  TODAY            0.0
  MONTH TO DATE    0.0
  SINCE MAR 1      0.0
  SINCE JUL 1      0.0

DEGREE DAYS
 HEATING
  TODAY            2                         2      0        0
  MONTH TO DATE  113                        96     17       31
  SINCE MAR 1    441                       715   -274      401
  SINCE JUL 1   1801                      2808  -1007     2106

 COOLING
  TODAY            0                         3     -3        9
  MONTH TO DATE    8                        41    -33       97
  SINCE MAR 1     48                        50     -2      115
  SINCE JAN 1     48                        50     -2      115
..................................................................


WIND (MPH)
  HIGHEST WIND SPEED    24   HIGHEST WIND DIRECTION     S (200)
  HIGHEST GUST SPEED    30   HIGHEST GUST DIRECTION     S (200)
  AVERAGE WIND SPEED     9.5


SKY COVER
  POSSIBLE SUNSHINE  MM
  AVERAGE SKY COVER 0.5


WEATHER CONDITIONS
 THE FOLLOWING WEATHER WAS RECORDED TODAY.
  NO SIGNIFICANT WEATHER WAS OBSERVED.


RELATIVE HUMIDITY (PERCENT)
 HIGHEST    83          1200 AM
 LOWEST     41           100 PM
 AVERAGE    62

..........................................................


THE PASO ROBLES AIRPORT CA CLIMATE NORMALS FOR TOMORROW
                         NORMAL    RECORD    YEAR
 MAXIMUM TEMPERATURE (F)   83       103      1974
 MINIMUM TEMPERATURE (F)   48        36      1980


SUNRISE AND SUNSET
MAY 25 2015...........SUNRISE   551 AM PDT   SUNSET   808 PM PDT
MAY 26 2015...........SUNRISE   551 AM PDT   SUNSET   809 PM PDT


-  INDICATES NEGATIVE NUMBERS.
R  INDICATES RECORD WAS SET OR TIED.
MM INDICATES DATA IS MISSING.
T  INDICATES TRACE AMOUNT.




$$
