000
CDUS46 KLOX 300905
CLIPRB


CLIMATE REPORT
NATIONAL WEATHER SERVICE LOS ANGELES/OXNARD CA
205 AM PDT SAT AUG 30 2014


...................................

...THE PASO ROBLES AIRPORT CA CLIMATE SUMMARY FOR AUGUST 29 2014...

CLIMATE NORMAL PERIOD 1981 TO 2010
CLIMATE RECORD PERIOD 1948 TO 2014


WEATHER ITEM   OBSERVED TIME   RECORD YEAR NORMAL DEPARTURE LAST
                VALUE   (LST)  VALUE       VALUE  FROM      YEAR
                                                  NORMAL
..................................................................
TEMPERATURE (F)
 YESTERDAY
  MAXIMUM        102    235 PM 109    1998  92     10       99
  MINIMUM         58    721 AM  44    1964  53      5       56
  AVERAGE         80                        72      8       78

PRECIPITATION (IN)
  YESTERDAY        0.00          0.00   MM   0.00   0.00     0.00
  MONTH TO DATE    0.00                      0.10  -0.10     0.00
  SINCE JUL 1      T                         0.10  -0.10      T
  SINCE JAN 1      4.46                      8.89  -4.43     1.46

SNOWFALL (IN)
  YESTERDAY        0.0
  MONTH TO DATE    0.0
  SINCE JUN 1      0.0
  SINCE JUL 1      0.0

DEGREE DAYS
 HEATING
  YESTERDAY        0                         0      0        0
  MONTH TO DATE    0                         0      0        0
  SINCE JUN 1     11                        31    -20        5
  SINCE JUL 1      0                         4     -4        0

 COOLING
  YESTERDAY       15                         7      8       13
  MONTH TO DATE  249                       244      5      269
  SINCE JUN 1    825                       653    172      814
  SINCE JAN 1    978                       721    257      944
..................................................................


WIND (MPH)
  HIGHEST WIND SPEED    22   HIGHEST WIND DIRECTION    NW (310)
  HIGHEST GUST SPEED    26   HIGHEST GUST DIRECTION    NW (300)
  AVERAGE WIND SPEED     6.4


SKY COVER
  POSSIBLE SUNSHINE  MM
  AVERAGE SKY COVER 0.3


WEATHER CONDITIONS
 THE FOLLOWING WEATHER WAS RECORDED YESTERDAY.
  FOG


RELATIVE HUMIDITY (PERCENT)
 HIGHEST    93           600 AM
 LOWEST      9           300 PM
 AVERAGE    51

..........................................................


THE PASO ROBLES AIRPORT CA CLIMATE NORMALS FOR TODAY
                         NORMAL    RECORD    YEAR
 MAXIMUM TEMPERATURE (F)   92       110      1998
 MINIMUM TEMPERATURE (F)   53        43      1957


SUNRISE AND SUNSET
AUGUST 30 2014........SUNRISE   633 AM PDT   SUNSET   732 PM PDT
AUGUST 31 2014........SUNRISE   634 AM PDT   SUNSET   731 PM PDT


-  INDICATES NEGATIVE NUMBERS.
R  INDICATES RECORD WAS SET OR TIED.
MM INDICATES DATA IS MISSING.
T  INDICATES TRACE AMOUNT.




$$
