000
CDUS46 KLOX 190910
CLIPRB


CLIMATE REPORT
NATIONAL WEATHER SERVICE LOS ANGELES/OXNARD CA
210 AM PDT FRI SEP 19 2014


...................................

...THE PASO ROBLES AIRPORT CA CLIMATE SUMMARY FOR SEPTEMBER 18 2014...

CLIMATE NORMAL PERIOD 1981 TO 2010
CLIMATE RECORD PERIOD 1948 TO 2014


WEATHER ITEM   OBSERVED TIME   RECORD YEAR NORMAL DEPARTURE LAST
                VALUE   (LST)  VALUE       VALUE  FROM      YEAR
                                                  NORMAL
..................................................................
TEMPERATURE (F)
 YESTERDAY
  MAXIMUM         77    444 PM 104    1991  88    -11       88
  MINIMUM         59    312 AM  40    1978  50      9       45
  AVERAGE         68                        69     -1       67

PRECIPITATION (IN)
  YESTERDAY        0.00          0.20 1963   0.01  -0.01     0.00
  MONTH TO DATE    0.00                      0.08  -0.08     0.00
  SINCE JUL 1      T                         0.19  -0.19      T
  SINCE JAN 1      4.46                      8.98  -4.52     1.46

SNOWFALL (IN)
  YESTERDAY        0.0
  MONTH TO DATE    0.0
  SINCE SEP 1      0.0
  SINCE JUL 1      0.0

DEGREE DAYS
 HEATING
  YESTERDAY        0                         1     -1        0
  MONTH TO DATE    0                         6     -6        0
  SINCE SEP 1      0                         6     -6        0
  SINCE JUL 1      0                        14    -14        0

 COOLING
  YESTERDAY        3                         5     -2        2
  MONTH TO DATE  179                       111     68      177
  SINCE SEP 1    179                       111     68      177
  SINCE JAN 1   1186                       844    342     1151
..................................................................


WIND (MPH)
  HIGHEST WIND SPEED    17   HIGHEST WIND DIRECTION    SW (210)
  HIGHEST GUST SPEED    29   HIGHEST GUST DIRECTION     S (170)
  AVERAGE WIND SPEED     5.2


SKY COVER
  POSSIBLE SUNSHINE  MM
  AVERAGE SKY COVER 0.4


WEATHER CONDITIONS
 THE FOLLOWING WEATHER WAS RECORDED YESTERDAY.
  NO SIGNIFICANT WEATHER WAS OBSERVED.


RELATIVE HUMIDITY (PERCENT)
 HIGHEST    78           200 AM
 LOWEST     50           500 PM
 AVERAGE    64

..........................................................


THE PASO ROBLES AIRPORT CA CLIMATE NORMALS FOR TODAY
                         NORMAL    RECORD    YEAR
 MAXIMUM TEMPERATURE (F)   88       107      2000
 MINIMUM TEMPERATURE (F)   50        40      1978


SUNRISE AND SUNSET
SEPTEMBER 19 2014.....SUNRISE   648 AM PDT   SUNSET   704 PM PDT
SEPTEMBER 20 2014.....SUNRISE   649 AM PDT   SUNSET   702 PM PDT


-  INDICATES NEGATIVE NUMBERS.
R  INDICATES RECORD WAS SET OR TIED.
MM INDICATES DATA IS MISSING.
T  INDICATES TRACE AMOUNT.




$$
