000
CDUS46 KLOX 110907
CLIPRB


CLIMATE REPORT
NATIONAL WEATHER SERVICE LOS ANGELES/OXNARD CA
207 AM PDT FRI JUL 11 2014


...................................

...THE PASO ROBLES AIRPORT CA CLIMATE SUMMARY FOR JULY 10 2014...

CLIMATE NORMAL PERIOD 1981 TO 2010
CLIMATE RECORD PERIOD 1948 TO 2014


WEATHER ITEM   OBSERVED TIME   RECORD YEAR NORMAL DEPARTURE LAST
                VALUE   (LST)  VALUE       VALUE  FROM      YEAR
                                                  NORMAL
..................................................................
TEMPERATURE (F)
 YESTERDAY
  MAXIMUM         81    149 PM 114    1961  93    -12       99
  MINIMUM         57    426 AM  45    1985  54      3       56
  AVERAGE         69                        73     -4       78

PRECIPITATION (IN)
  YESTERDAY        0.00          0.01 1950   0.00   0.00      T
  MONTH TO DATE    0.00                      0.00   0.00      T
  SINCE JUL 1      0.00                      0.00   0.00      T
  SINCE JAN 1      4.46                      8.79  -4.33     1.46

SNOWFALL (IN)
  YESTERDAY        0.0
  MONTH TO DATE    0.0
  SINCE JUN 1      0.0
  SINCE JUL 1      0.0

DEGREE DAYS
 HEATING
  YESTERDAY        0                         0      0        0
  MONTH TO DATE    0                         0      0        0
  SINCE JUN 1     11                        27    -16        5
  SINCE JUL 1      0                         0      0        0

 COOLING
  YESTERDAY        4                         8     -4       13
  MONTH TO DATE  108                        77     31      131
  SINCE JUN 1    321                       220    101      356
  SINCE JAN 1    474                       288    186      486
..................................................................


WIND (MPH)
  HIGHEST WIND SPEED    23   HIGHEST WIND DIRECTION    SW (210)
  HIGHEST GUST SPEED    28   HIGHEST GUST DIRECTION    SW (210)
  AVERAGE WIND SPEED    12.4


SKY COVER
  POSSIBLE SUNSHINE  MM
  AVERAGE SKY COVER 0.2


WEATHER CONDITIONS
 THE FOLLOWING WEATHER WAS RECORDED YESTERDAY.
  NO SIGNIFICANT WEATHER WAS OBSERVED.


RELATIVE HUMIDITY (PERCENT)
 HIGHEST    86           100 AM
 LOWEST     36           100 PM
 AVERAGE    61

..........................................................


THE PASO ROBLES AIRPORT CA CLIMATE NORMALS FOR TODAY
                         NORMAL    RECORD    YEAR
 MAXIMUM TEMPERATURE (F)   93       115      1961
 MINIMUM TEMPERATURE (F)   54        44      1993


SUNRISE AND SUNSET
JULY 11 2014..........SUNRISE   556 AM PDT   SUNSET   820 PM PDT
JULY 12 2014..........SUNRISE   556 AM PDT   SUNSET   820 PM PDT


-  INDICATES NEGATIVE NUMBERS.
R  INDICATES RECORD WAS SET OR TIED.
MM INDICATES DATA IS MISSING.
T  INDICATES TRACE AMOUNT.




$$
