000
CDUS45 KFGZ 300831
CLIPRC
CLIMATE REPORT
NATIONAL WEATHER SERVICE FLAGSTAFF, AZ
130 AM MST SAT AUG 30 2014


...................................

...THE PRESCOTT AZ AIRPORT CLIMATE SUMMARY FOR AUGUST 29 2014...

CLIMATE NORMAL PERIOD 1981 TO 2010
CLIMATE RECORD PERIOD 1948 TO 2014


WEATHER ITEM   OBSERVED TIME   RECORD YEAR NORMAL DEPARTURE LAST
                VALUE   (LST)  VALUE       VALUE  FROM      YEAR
                                                  NORMAL
..................................................................
TEMPERATURE (F)
 YESTERDAY
  MAXIMUM         87    533 PM  97    1996  86      1       82
  MINIMUM         54    621 AM  45    1968  59     -5       62
  AVERAGE         71                        72     -1

PRECIPITATION (IN)
  YESTERDAY        0.00          1.12 1997   0.08  -0.08      T
  MONTH TO DATE    4.67                      2.48   2.19     2.17
  SINCE SEP 1     12.19                     13.83  -1.64     9.96
  SINCE JAN 1      7.47                      9.52  -2.05     8.00

DEGREE DAYS
 HEATING
  YESTERDAY        0                                0
  MONTH TO DATE    3                                3
  SINCE JUL 1      3                                3

 COOLING
  YESTERDAY        6                               -1
  MONTH TO DATE  197                              -56
  SINCE JAN 1    877                               69
..................................................................


WIND (MPH)
  HIGHEST WIND SPEED    12   HIGHEST WIND DIRECTION     S (190)
  HIGHEST GUST SPEED    13   HIGHEST GUST DIRECTION     S (190)
  AVERAGE WIND SPEED     4.4


SKY COVER
  AVERAGE SKY COVER 0.0


WEATHER CONDITIONS
 THE FOLLOWING WEATHER WAS RECORDED YESTERDAY.
  NO SIGNIFICANT WEATHER WAS OBSERVED.


RELATIVE HUMIDITY (PERCENT)
 HIGHEST    67
 LOWEST     20

..........................................................


THE PRESCOTT AZ AIRPORT CLIMATE NORMALS FOR TODAY
                         NORMAL    RECORD    YEAR
 MAXIMUM TEMPERATURE (F)   86        98      1950
 MINIMUM TEMPERATURE (F)   58        47      1951


SUNRISE AND SUNSET
AUGUST 30 2014........SUNRISE   601 AM MST   SUNSET   659 PM MST
AUGUST 31 2014........SUNRISE   602 AM MST   SUNSET   657 PM MST


-  INDICATES NEGATIVE NUMBERS.
R  INDICATES RECORD WAS SET OR TIED.
MM INDICATES DATA IS MISSING.
T  INDICATES TRACE AMOUNT.




$$
