000
CDUS45 KFGZ 230803
CLIPRC
CLIMATE REPORT
NATIONAL WEATHER SERVICE FLAGSTAFF, AZ
102 AM MST WED APR 23 2014


...................................

...THE PRESCOTT AZ AIRPORT CLIMATE SUMMARY FOR APRIL 22 2014...

CLIMATE NORMAL PERIOD 1981 TO 2010
CLIMATE RECORD PERIOD 1948 TO 2014


WEATHER ITEM   OBSERVED TIME   RECORD YEAR NORMAL DEPARTURE LAST
                VALUE   (LST)  VALUE       VALUE  FROM      YEAR
                                                  NORMAL
..................................................................
TEMPERATURE (F)
 YESTERDAY
  MAXIMUM         76    112 PM  88    2012  69      7       79
  MINIMUM         49    421 AM  20    1963  40      9       44
  AVERAGE         63                        54      9

PRECIPITATION (IN)
  YESTERDAY        0.00          0.48 1988   0.02  -0.02     0.00
  MONTH TO DATE    0.01                      0.40  -0.39     0.08
  SINCE SEP 1      5.41                      8.29  -2.88     4.43
  SINCE JAN 1      0.69                      3.98  -3.29     2.47

DEGREE DAYS
 HEATING
  YESTERDAY        2                               -9
  MONTH TO DATE  210                              -86
  SINCE JUL 1   3584                             -459

 COOLING
  YESTERDAY        0                                0
  MONTH TO DATE    0                                0
  SINCE JAN 1      0                                0
..................................................................


WIND (MPH)
  HIGHEST WIND SPEED    31   HIGHEST WIND DIRECTION     S (190)
  HIGHEST GUST SPEED    42   HIGHEST GUST DIRECTION     S (200)
  AVERAGE WIND SPEED    12.3


SKY COVER
  AVERAGE SKY COVER 0.1


WEATHER CONDITIONS
 THE FOLLOWING WEATHER WAS RECORDED YESTERDAY.
  NO SIGNIFICANT WEATHER WAS OBSERVED.


RELATIVE HUMIDITY (PERCENT)
 HIGHEST    41
 LOWEST     15

..........................................................


THE PRESCOTT AZ AIRPORT CLIMATE NORMALS FOR TODAY
                         NORMAL    RECORD    YEAR
 MAXIMUM TEMPERATURE (F)   69        87      1949
 MINIMUM TEMPERATURE (F)   40        25      1982


SUNRISE AND SUNSET
APRIL 23 2014.........SUNRISE   548 AM MST   SUNSET   708 PM MST
APRIL 24 2014.........SUNRISE   547 AM MST   SUNSET   709 PM MST


-  INDICATES NEGATIVE NUMBERS.
R  INDICATES RECORD WAS SET OR TIED.
MM INDICATES DATA IS MISSING.
T  INDICATES TRACE AMOUNT.




$$
