250
CDUS45 KFGZ 010819
CLIPRC
CLIMATE REPORT
NATIONAL WEATHER SERVICE FLAGSTAFF, AZ
118 AM MST SUN MAY 1 2016


...................................

...THE PRESCOTT AZ AIRPORT CLIMATE SUMMARY FOR APRIL 30 2016...

CLIMATE NORMAL PERIOD 1981 TO 2010
CLIMATE RECORD PERIOD 1948 TO 2016


WEATHER ITEM   OBSERVED TIME   RECORD YEAR NORMAL DEPARTURE LAST
                VALUE   (LST)  VALUE       VALUE  FROM      YEAR
                                                  NORMAL
..................................................................
TEMPERATURE (F)
 YESTERDAY
  MAXIMUM         57    242 PM  86    1996  71    -14       82
  MINIMUM         40   1159 PM  24    1967  42     -2       49
  AVERAGE         49                        57     -8

PRECIPITATION (IN)
  YESTERDAY        0.40R         0.40 2016   0.01   0.39     0.00
  MONTH TO DATE    1.66                      0.50   1.16     0.35
  SINCE SEP 1      6.79                      8.39  -1.60     8.77
  SINCE JAN 1      3.30                      4.08  -0.78     4.09

DEGREE DAYS
 HEATING
  YESTERDAY       16                                8
  MONTH TO DATE  314                              -57
  SINCE JUL 1   3643                             -476

 COOLING
  YESTERDAY        0                                0
  MONTH TO DATE    0                               -2
  SINCE JAN 1      0                               -2
..................................................................


WIND (MPH)
  HIGHEST WIND SPEED    28   HIGHEST WIND DIRECTION     N (20)
  HIGHEST GUST SPEED    33   HIGHEST GUST DIRECTION     N (20)
  AVERAGE WIND SPEED     9.8


SKY COVER
  AVERAGE SKY COVER 0.9


WEATHER CONDITIONS
 THE FOLLOWING WEATHER WAS RECORDED YESTERDAY.
  THUNDERSTORM
  HEAVY RAIN
  RAIN
  LIGHT RAIN
  SNOW
  FOG


RELATIVE HUMIDITY (PERCENT)
 HIGHEST    89
 LOWEST     46

..........................................................


THE PRESCOTT AZ AIRPORT CLIMATE NORMALS FOR TODAY
                         NORMAL    RECORD    YEAR
 MAXIMUM TEMPERATURE (F)   72        86      1996
 MINIMUM TEMPERATURE (F)   43        22      1967


SUNRISE AND SUNSET
MAY  1 2016...........SUNRISE   539 AM MST   SUNSET   715 PM MST
MAY  2 2016...........SUNRISE   538 AM MST   SUNSET   716 PM MST


-  INDICATES NEGATIVE NUMBERS.
R  INDICATES RECORD WAS SET OR TIED.
MM INDICATES DATA IS MISSING.
T  INDICATES TRACE AMOUNT.




$$
