000
CDUS45 KFGZ 240751
CLIPRC
CLIMATE REPORT
NATIONAL WEATHER SERVICE FLAGSTAFF, AZ
1250 AM MST MON JUL 24 2017


...................................

...THE PRESCOTT AZ AIRPORT CLIMATE SUMMARY FOR JULY 23 2017...

CLIMATE NORMAL PERIOD 1981 TO 2010
CLIMATE RECORD PERIOD 1948 TO 2017


WEATHER ITEM   OBSERVED TIME   RECORD YEAR NORMAL DEPARTURE LAST
                VALUE   (LST)  VALUE       VALUE  FROM      YEAR
                                                  NORMAL
..................................................................
TEMPERATURE (F)
 YESTERDAY
  MAXIMUM         85    118 PM 101    1996  89     -4       97
  MINIMUM         66    243 AM  49    1987  63      3       65
  AVERAGE         76                        76      0

PRECIPITATION (IN)
  YESTERDAY        0.01          3.57 1968   0.08  -0.07     0.00
  MONTH TO DATE    3.16                      1.39   1.77     0.62
  SINCE SEP 1     14.81                     10.63   4.18     8.26
  SINCE JAN 1      8.06                      6.32   1.74     4.77

DEGREE DAYS
 HEATING
  YESTERDAY        0                                0
  MONTH TO DATE    0                                0
  SINCE JUL 1      0                                0

 COOLING
  YESTERDAY       11                                0
  MONTH TO DATE  306                               60
  SINCE JAN 1    663                              189
..................................................................


WIND (MPH)
  HIGHEST WIND SPEED    25   HIGHEST WIND DIRECTION    NE (40)
  HIGHEST GUST SPEED    32   HIGHEST GUST DIRECTION    NE (50)
  AVERAGE WIND SPEED     5.2


SKY COVER
  AVERAGE SKY COVER 0.5


WEATHER CONDITIONS
 THE FOLLOWING WEATHER WAS RECORDED YESTERDAY.
  THUNDERSTORM
  LIGHT RAIN


RELATIVE HUMIDITY (PERCENT)
 HIGHEST    93
 LOWEST     51

..........................................................


THE PRESCOTT AZ AIRPORT CLIMATE NORMALS FOR TODAY
                         NORMAL    RECORD    YEAR
 MAXIMUM TEMPERATURE (F)   89       101      1996
 MINIMUM TEMPERATURE (F)   63        54      1995


SUNRISE AND SUNSET
JULY 24 2017..........SUNRISE   534 AM MST   SUNSET   738 PM MST
JULY 25 2017..........SUNRISE   535 AM MST   SUNSET   737 PM MST


-  INDICATES NEGATIVE NUMBERS.
R  INDICATES RECORD WAS SET OR TIED.
MM INDICATES DATA IS MISSING.
T  INDICATES TRACE AMOUNT.




$$
