000
CDUS45 KFGZ 201002
CLIPRC
CLIMATE REPORT
NATIONAL WEATHER SERVICE FLAGSTAFF, AZ
259 AM MST FRI JAN 20 2017


...................................

...THE PRESCOTT AZ AIRPORT CLIMATE SUMMARY FOR JANUARY 19 2017...

CLIMATE NORMAL PERIOD 1981 TO 2010
CLIMATE RECORD PERIOD 1948 TO 2017


WEATHER ITEM   OBSERVED TIME   RECORD YEAR NORMAL DEPARTURE LAST
                VALUE   (LST)  VALUE       VALUE  FROM      YEAR
                                                  NORMAL
..................................................................
TEMPERATURE (F)
 YESTERDAY
  MAXIMUM         41    151 PM  71    1971  52    -11       56
  MINIMUM         32    142 AM  13    1990  26      6       28
  AVERAGE         37                        39     -2

PRECIPITATION (IN)
  YESTERDAY        0.22          0.55 2010   0.03   0.19     0.01
  MONTH TO DATE    0.87                      0.72   0.15     1.08
  SINCE SEP 1      7.62                      5.03   2.59     4.57
  SINCE JAN 1      0.87                      0.72   0.15     1.08

DEGREE DAYS
 HEATING
  YESTERDAY       28                                2
  MONTH TO DATE  436                              -70
  SINCE JUL 1   1823                             -386

 COOLING
  YESTERDAY        0                                0
  MONTH TO DATE    0                                0
  SINCE JAN 1      0                                0
..................................................................


WIND (MPH)
  HIGHEST WIND SPEED    22   HIGHEST WIND DIRECTION    SW (230)
  HIGHEST GUST SPEED    28   HIGHEST GUST DIRECTION    SW (230)
  AVERAGE WIND SPEED     7.6


SKY COVER
  AVERAGE SKY COVER 0.8


WEATHER CONDITIONS
 THE FOLLOWING WEATHER WAS RECORDED YESTERDAY.
  RAIN
  LIGHT RAIN
  SNOW
  LIGHT SNOW
  FOG
  HAZE


RELATIVE HUMIDITY (PERCENT)
 HIGHEST   100
 LOWEST     64

..........................................................


THE PRESCOTT AZ AIRPORT CLIMATE NORMALS FOR TODAY
                         NORMAL    RECORD    YEAR
 MAXIMUM TEMPERATURE (F)   52        72      1971
 MINIMUM TEMPERATURE (F)   26         8      1960


SUNRISE AND SUNSET
JANUARY 20 2017.......SUNRISE   735 AM MST   SUNSET   547 PM MST
JANUARY 21 2017.......SUNRISE   734 AM MST   SUNSET   548 PM MST


-  INDICATES NEGATIVE NUMBERS.
R  INDICATES RECORD WAS SET OR TIED.
MM INDICATES DATA IS MISSING.
T  INDICATES TRACE AMOUNT.




$$
