000
CDUS45 KFGZ 250841
CLIPRC
CLIMATE REPORT
NATIONAL WEATHER SERVICE FLAGSTAFF, AZ
139 AM MST SAT OCT 25 2014


...................................

...THE PRESCOTT AZ AIRPORT CLIMATE SUMMARY FOR OCTOBER 24 2014...

CLIMATE NORMAL PERIOD 1981 TO 2010
CLIMATE RECORD PERIOD 1948 TO 2014


WEATHER ITEM   OBSERVED TIME   RECORD YEAR NORMAL DEPARTURE LAST
                VALUE   (LST)  VALUE       VALUE  FROM      YEAR
                                                  NORMAL
..................................................................
TEMPERATURE (F)
 YESTERDAY
  MAXIMUM         81    318 PM  88    1959  69     12       75
  MINIMUM         43    706 AM  23    1975  39      4       43
  AVERAGE         62                        54      8

PRECIPITATION (IN)
  YESTERDAY        0.00          0.61 1992   0.02  -0.02     0.00
  MONTH TO DATE    0.14                      0.72  -0.58     0.23
  SINCE SEP 1      2.73                      2.23   0.50     2.71
  SINCE JAN 1     10.20                     11.89  -1.69    10.93

DEGREE DAYS
 HEATING
  YESTERDAY        3                               -8
  MONTH TO DATE   83                              -97
  SINCE JUL 1    108                             -110

 COOLING
  YESTERDAY        0                                0
  MONTH TO DATE    0                               -5
  SINCE JAN 1   1039                               99
..................................................................


WIND (MPH)
  HIGHEST WIND SPEED     9   HIGHEST WIND DIRECTION     S (200)
  HIGHEST GUST SPEED    14   HIGHEST GUST DIRECTION     E (110)
  AVERAGE WIND SPEED     4.2


SKY COVER
  AVERAGE SKY COVER 0.0


WEATHER CONDITIONS
 THE FOLLOWING WEATHER WAS RECORDED YESTERDAY.
  NO SIGNIFICANT WEATHER WAS OBSERVED.


RELATIVE HUMIDITY (PERCENT)
 HIGHEST    70
 LOWEST     18

..........................................................


THE PRESCOTT AZ AIRPORT CLIMATE NORMALS FOR TODAY
                         NORMAL    RECORD    YEAR
 MAXIMUM TEMPERATURE (F)   69        87      1959
 MINIMUM TEMPERATURE (F)   38        24      1975


SUNRISE AND SUNSET
OCTOBER 25 2014.......SUNRISE   644 AM MST   SUNSET   543 PM MST
OCTOBER 26 2014.......SUNRISE   645 AM MST   SUNSET   542 PM MST


-  INDICATES NEGATIVE NUMBERS.
R  INDICATES RECORD WAS SET OR TIED.
MM INDICATES DATA IS MISSING.
T  INDICATES TRACE AMOUNT.




$$
