000
CDUS45 KFGZ 220736
CLIPRC
CLIMATE REPORT
NATIONAL WEATHER SERVICE FLAGSTAFF, AZ
1235 AM MST MON JAN 22 2018


...................................

...THE PRESCOTT AZ AIRPORT CLIMATE SUMMARY FOR JANUARY 21 2018...

CLIMATE NORMAL PERIOD 1981 TO 2010
CLIMATE RECORD PERIOD 1948 TO 2018


WEATHER ITEM   OBSERVED TIME   RECORD YEAR NORMAL DEPARTURE LAST
                VALUE   (LST)  VALUE       VALUE  FROM      YEAR
                                                  NORMAL
..................................................................
TEMPERATURE (F)
 YESTERDAY
  MAXIMUM         41    427 PM  70    1950  52    -11       39
  MINIMUM         22    748 AM  12    1990  26     -4       28
  AVERAGE         32                        39     -7

PRECIPITATION (IN)
  YESTERDAY        0.00          2.28 2010   0.03  -0.03     0.22
  MONTH TO DATE    0.71                      0.79  -0.08     1.61
  SINCE SEP 1      1.24                      5.10  -3.86     8.36
  SINCE JAN 1      0.71                      0.79  -0.08     1.61

DEGREE DAYS
 HEATING
  YESTERDAY       33                                7
  MONTH TO DATE  417                             -141
  SINCE JUL 1   1616                             -645

 COOLING
  YESTERDAY        0                                0
  MONTH TO DATE    0                                0
  SINCE JAN 1      0                                0
..................................................................


WIND (MPH)
  HIGHEST WIND SPEED    18   HIGHEST WIND DIRECTION    NW (300)
  HIGHEST GUST SPEED    22   HIGHEST GUST DIRECTION    NW (300)
  AVERAGE WIND SPEED     8.4


SKY COVER
  AVERAGE SKY COVER 0.1


WEATHER CONDITIONS
 THE FOLLOWING WEATHER WAS RECORDED YESTERDAY.
  NO SIGNIFICANT WEATHER WAS OBSERVED.


RELATIVE HUMIDITY (PERCENT)
 HIGHEST    85
 LOWEST     34

..........................................................


THE PRESCOTT AZ AIRPORT CLIMATE NORMALS FOR TODAY
                         NORMAL    RECORD    YEAR
 MAXIMUM TEMPERATURE (F)   52        67      1950
 MINIMUM TEMPERATURE (F)   26        11      1966


SUNRISE AND SUNSET
JANUARY 22 2018.......SUNRISE   734 AM MST   SUNSET   549 PM MST
JANUARY 23 2018.......SUNRISE   733 AM MST   SUNSET   550 PM MST


-  INDICATES NEGATIVE NUMBERS.
R  INDICATES RECORD WAS SET OR TIED.
MM INDICATES DATA IS MISSING.
T  INDICATES TRACE AMOUNT.




$$
