000
CDUS45 KFGZ 230815
CLIPRC
CLIMATE REPORT
NATIONAL WEATHER SERVICE FLAGSTAFF, AZ
110 AM MST TUE SEP 23 2014


...................................

...THE PRESCOTT AZ AIRPORT CLIMATE SUMMARY FOR SEPTEMBER 22 2014...

CLIMATE NORMAL PERIOD 1981 TO 2010
CLIMATE RECORD PERIOD 1948 TO 2014


WEATHER ITEM   OBSERVED TIME   RECORD YEAR NORMAL DEPARTURE LAST
                VALUE   (LST)  VALUE       VALUE  FROM      YEAR
                                                  NORMAL
..................................................................
TEMPERATURE (F)
 YESTERDAY
  MAXIMUM         84    233 PM  92    1989  80      4       71
  MINIMUM         54    551 AM  36    1988  51      3       47
  AVERAGE         69                        66      3

PRECIPITATION (IN)
  YESTERDAY        0.00          1.18 2007   0.05  -0.05     0.00
  MONTH TO DATE    1.23                      1.17   0.06     2.48
  SINCE SEP 1      1.23                      1.17   0.06     2.48
  SINCE JAN 1      8.70                     10.83  -2.13    10.70

DEGREE DAYS
 HEATING
  YESTERDAY        0                               -2
  MONTH TO DATE    0                              -13
  SINCE JUL 1      3                              -11

 COOLING
  YESTERDAY        4                                2
  MONTH TO DATE  125                               23
  SINCE JAN 1   1019                               96
..................................................................


WIND (MPH)
  HIGHEST WIND SPEED    15   HIGHEST WIND DIRECTION    SW (240)
  HIGHEST GUST SPEED    20   HIGHEST GUST DIRECTION     S (190)
  AVERAGE WIND SPEED     6.6


SKY COVER
  AVERAGE SKY COVER 0.3


WEATHER CONDITIONS
 THE FOLLOWING WEATHER WAS RECORDED YESTERDAY.
  NO SIGNIFICANT WEATHER WAS OBSERVED.


RELATIVE HUMIDITY (PERCENT)
 HIGHEST    61
 LOWEST     29

..........................................................


THE PRESCOTT AZ AIRPORT CLIMATE NORMALS FOR TODAY
                         NORMAL    RECORD    YEAR
 MAXIMUM TEMPERATURE (F)   80        90      2001
 MINIMUM TEMPERATURE (F)   51        38      2006


SUNRISE AND SUNSET
SEPTEMBER 23 2014.....SUNRISE   618 AM MST   SUNSET   625 PM MST
SEPTEMBER 24 2014.....SUNRISE   619 AM MST   SUNSET   624 PM MST


-  INDICATES NEGATIVE NUMBERS.
R  INDICATES RECORD WAS SET OR TIED.
MM INDICATES DATA IS MISSING.
T  INDICATES TRACE AMOUNT.




$$
