000
CDUS45 KFGZ 020742
CLIPRC
CLIMATE REPORT
NATIONAL WEATHER SERVICE FLAGSTAFF, AZ
1239 AM MST MON MAR 2 2015


...................................

...THE PRESCOTT AZ AIRPORT CLIMATE SUMMARY FOR MARCH 1 2015...

CLIMATE NORMAL PERIOD 1981 TO 2010
CLIMATE RECORD PERIOD 1948 TO 2015


WEATHER ITEM   OBSERVED TIME   RECORD YEAR NORMAL DEPARTURE LAST
                VALUE   (LST)  VALUE       VALUE  FROM      YEAR
                                                  NORMAL
..................................................................
TEMPERATURE (F)
 YESTERDAY
  MAXIMUM         48   1159 PM  74    1967  57     -9       50
  MINIMUM         36    916 AM  13    1987  31      5       38
  AVERAGE         42                        44     -2

PRECIPITATION (IN)
  YESTERDAY        0.77          1.61 1970   0.04   0.73     0.51
  MONTH TO DATE    0.77                      0.04   0.73     0.51
  SINCE SEP 1      7.65                      6.86   0.79     5.40
  SINCE JAN 1      2.97                      2.55   0.42     0.68

DEGREE DAYS
 HEATING
  YESTERDAY       23                                2
  MONTH TO DATE   23                                2
  SINCE JUL 1   2559                             -634

 COOLING
  YESTERDAY        0                                0
  MONTH TO DATE    0                                0
  SINCE JAN 1      0                                0
..................................................................


WIND (MPH)
  HIGHEST WIND SPEED    15   HIGHEST WIND DIRECTION     S (190)
  HIGHEST GUST SPEED    24   HIGHEST GUST DIRECTION     S (180)
  AVERAGE WIND SPEED     6.9


SKY COVER
  AVERAGE SKY COVER 0.9


WEATHER CONDITIONS
 THE FOLLOWING WEATHER WAS RECORDED YESTERDAY.
  RAIN
  LIGHT RAIN
  FOG


RELATIVE HUMIDITY (PERCENT)
 HIGHEST    92
 LOWEST     82

..........................................................


THE PRESCOTT AZ AIRPORT CLIMATE NORMALS FOR TODAY
                         NORMAL    RECORD    YEAR
 MAXIMUM TEMPERATURE (F)   57        72      2013
 MINIMUM TEMPERATURE (F)   31        13      1971


SUNRISE AND SUNSET
MARCH  2 2015.........SUNRISE   658 AM MST   SUNSET   626 PM MST
MARCH  3 2015.........SUNRISE   657 AM MST   SUNSET   627 PM MST


-  INDICATES NEGATIVE NUMBERS.
R  INDICATES RECORD WAS SET OR TIED.
MM INDICATES DATA IS MISSING.
T  INDICATES TRACE AMOUNT.




$$
