000
CDUS46 KPDT 170840
CLIPSC

CLIMATE REPORT
NATIONAL WEATHER SERVICE PENDLETON OR
1240 AM PST WED DEC 17 2014


...................................

...THE PASCO WA CLIMATE SUMMARY FOR DECEMBER 16 2014...

CLIMATE NORMAL PERIOD 1981 TO 2010
CLIMATE RECORD PERIOD 1948 TO 2014


WEATHER ITEM   OBSERVED TIME   RECORD YEAR NORMAL DEPARTURE LAST
                VALUE   (LST)  VALUE       VALUE  FROM      YEAR
                                                  NORMAL
..................................................................
TEMPERATURE (F)
 YESTERDAY
  MAXIMUM         40    300 PM  61    1999  39      1       53
  MINIMUM         32    352 AM  -6    2008  26      6       23
  AVERAGE         36                        32      4       38

PRECIPITATION (IN)
  YESTERDAY        0.04          0.29 1972   0.04   0.00     0.00
  MONTH TO DATE    0.43                      0.50  -0.07     0.05
  SINCE OCT 1      1.65                      2.24  -0.59     0.49
  SINCE JAN 1      4.76                      8.12  -3.36     4.80

SNOWFALL (IN)
  YESTERDAY       MM
  SNOW DEPTH       0

DEGREE DAYS
 HEATING
  YESTERDAY       29                        32     -3       27
  MONTH TO DATE  471                       495    -24      645
  SINCE DEC 1    471                       495    -24      645
  SINCE JUL 1   1536                      1724   -188     1995

 COOLING
  YESTERDAY        0                         0      0        0
  MONTH TO DATE    0                         0      0        0
  SINCE DEC 1      0                         0      0        0
  SINCE JAN 1    991                       710    281      995
..................................................................


WIND (MPH)
  RESULTANT WIND SPEED   3   RESULTANT WIND DIRECTION  NW (310)
  HIGHEST WIND SPEED    10   HIGHEST WIND DIRECTION    NW (320)
  HIGHEST GUST SPEED    11   HIGHEST GUST DIRECTION    NW (320)


SKY COVER
  POSSIBLE SUNSHINE  MM
  AVERAGE SKY COVER 1.0


WEATHER CONDITIONS
 THE FOLLOWING WEATHER WAS RECORDED YESTERDAY.
  LIGHT RAIN
  FOG


RELATIVE HUMIDITY (PERCENT)
 HIGHEST   100
 LOWEST     92
 AVERAGE    96

..........................................................


THE PASCO WA CLIMATE NORMALS FOR TODAY
                         NORMAL    RECORD    YEAR
 MAXIMUM TEMPERATURE (F)   39        58      2001
 MINIMUM TEMPERATURE (F)   26         4      2008


SUNRISE AND SUNSET
DECEMBER 17 2014......SUNRISE   734 AM PST   SUNSET   411 PM PST
DECEMBER 18 2014......SUNRISE   735 AM PST   SUNSET   412 PM PST


-  INDICATES NEGATIVE NUMBERS.
R  INDICATES RECORD WAS SET OR TIED.
MM INDICATES DATA IS MISSING.
T  INDICATES TRACE AMOUNT.




$$
