091
CDUS46 KPDT 240851
CLIPSC

CLIMATE REPORT
NATIONAL WEATHER SERVICE PENDLETON OR
1249 AM PST SAT FEB 24 2018


...................................

...THE PASCO WA CLIMATE SUMMARY FOR FEBRUARY 23 2018...

CLIMATE NORMAL PERIOD 1981 TO 2010
CLIMATE RECORD PERIOD 1948 TO 2018


WEATHER ITEM   OBSERVED TIME   RECORD YEAR NORMAL DEPARTURE LAST
                VALUE   (LST)  VALUE       VALUE  FROM      YEAR
                                                  NORMAL
..................................................................
TEMPERATURE (F)
 YESTERDAY
  MAXIMUM         35   1143 PM  68    1896  52    -17       47
  MINIMUM         11R   510 AM  14    1894  29    -18       23
  AVERAGE         23                        40    -17       35

PRECIPITATION (IN)
  YESTERDAY        T             0.55 2002   0.03  -0.03     0.00
  MONTH TO DATE    0.40                      0.72  -0.32     1.50
  SINCE OCT 1      4.09                      4.89  -0.80     6.22
  SINCE JAN 1      1.37                      1.94  -0.57     2.45

SNOWFALL (IN)
  YESTERDAY       MM
  SNOW DEPTH       0

DEGREE DAYS
 HEATING
  YESTERDAY       42                        25     17       30
  MONTH TO DATE  586                       613    -27      756
  SINCE DEC 1   2407                      2535   -128     3237
  SINCE JUL 1   3575                      3764   -189     4183

 COOLING
  YESTERDAY        0                         0      0        0
  MONTH TO DATE    0                         0      0        0
  SINCE DEC 1      0                         0      0        0
  SINCE JAN 1      0                         0      0        0
..................................................................


WIND (MPH)
  RESULTANT WIND SPEED   8   RESULTANT WIND DIRECTION  SW (210)
  HIGHEST WIND SPEED    23   HIGHEST WIND DIRECTION    SW (220)
  HIGHEST GUST SPEED    28   HIGHEST GUST DIRECTION    SW (220)


SKY COVER
  POSSIBLE SUNSHINE  MM
  AVERAGE SKY COVER 0.3


WEATHER CONDITIONS
 THE FOLLOWING WEATHER WAS RECORDED YESTERDAY.
  LIGHT SNOW
  FOG


RELATIVE HUMIDITY (PERCENT)
 HIGHEST    88
 LOWEST     38
 AVERAGE    63

..........................................................


THE PASCO WA CLIMATE NORMALS FOR TODAY
                         NORMAL    RECORD    YEAR
 MAXIMUM TEMPERATURE (F)   52        70      1896
 MINIMUM TEMPERATURE (F)   29        12      1962


SUNRISE AND SUNSET
FEBRUARY 24 2018......SUNRISE   644 AM PST   SUNSET   536 PM PST
FEBRUARY 25 2018......SUNRISE   643 AM PST   SUNSET   537 PM PST


-  INDICATES NEGATIVE NUMBERS.
R  INDICATES RECORD WAS SET OR TIED.
MM INDICATES DATA IS MISSING.
T  INDICATES TRACE AMOUNT.




$$
