000
CDUS46 KPDT 280827 RRA
CLIPSC

CLIMATE REPORT
NATIONAL WEATHER SERVICE PENDLETON OR
126 AM PDT WED SEP 28 2016


...................................

...THE PASCO WA CLIMATE SUMMARY FOR SEPTEMBER 27 2016...

CLIMATE NORMAL PERIOD 1981 TO 2010
CLIMATE RECORD PERIOD 1948 TO 2016


WEATHER ITEM   OBSERVED TIME   RECORD YEAR NORMAL DEPARTURE LAST
                VALUE   (LST)  VALUE       VALUE  FROM      YEAR
                                                  NORMAL
..................................................................
TEMPERATURE (F)
 YESTERDAY
  MAXIMUM         86    407 PM  93    1991  75     11       72
  MINIMUM         48    522 AM  35    1999  43      5       36
  AVERAGE         67                        59      8       54

PRECIPITATION (IN)
  YESTERDAY        0.00          0.52 1957   0.02  -0.02     0.00
  MONTH TO DATE    0.24                      0.34  -0.10     0.12
  SINCE OCT 1      8.38                      8.77  -0.39     5.72
  SINCE JAN 1      5.62                      5.82  -0.20     3.35

SNOWFALL (IN)
  YESTERDAY        0.0
  SNOW DEPTH       0

DEGREE DAYS
 HEATING
  YESTERDAY        0                         6     -6       11
  MONTH TO DATE   79                        77      2       78
  SINCE SEP 1     79                        77      2       78
  SINCE JUL 1     79                        89    -10       78

 COOLING
  YESTERDAY        2                         0      2        0
  MONTH TO DATE   24                        49    -25       42
  SINCE SEP 1     24                        49    -25       42
  SINCE JAN 1    775                       706     69     1115
..................................................................


WIND (MPH)
  RESULTANT WIND SPEED   2   RESULTANT WIND DIRECTION  NE (40)
  HIGHEST WIND SPEED    10   HIGHEST WIND DIRECTION     S (200)
  HIGHEST GUST SPEED    16   HIGHEST GUST DIRECTION     S (180)


SKY COVER
  POSSIBLE SUNSHINE  MM
  AVERAGE SKY COVER 0.0


WEATHER CONDITIONS
 THE FOLLOWING WEATHER WAS RECORDED YESTERDAY.
  FOG


RELATIVE HUMIDITY (PERCENT)
 HIGHEST    89
 LOWEST     29
 AVERAGE    59

..........................................................


THE PASCO WA CLIMATE NORMALS FOR TODAY
                         NORMAL    RECORD    YEAR
 MAXIMUM TEMPERATURE (F)   75        92      1996
 MINIMUM TEMPERATURE (F)   43        32      1999


SUNRISE AND SUNSET
SEPTEMBER 28 2016.....SUNRISE   652 AM PDT   SUNSET   641 PM PDT
SEPTEMBER 29 2016.....SUNRISE   653 AM PDT   SUNSET   639 PM PDT


-  INDICATES NEGATIVE NUMBERS.
R  INDICATES RECORD WAS SET OR TIED.
MM INDICATES DATA IS MISSING.
T  INDICATES TRACE AMOUNT.




$$
