000
CDUS46 KPDT 040918
CLIPSC

CLIMATE REPORT
NATIONAL WEATHER SERVICE PENDLETON OR
104 AM PST SUN DEC 4 2016


...................................

...THE PASCO WA CLIMATE SUMMARY FOR DECEMBER 3 2016...

CLIMATE NORMAL PERIOD 1981 TO 2010
CLIMATE RECORD PERIOD 1948 TO 2016


WEATHER ITEM   OBSERVED TIME   RECORD YEAR NORMAL DEPARTURE LAST
                VALUE   (LST)  VALUE       VALUE  FROM      YEAR
                                                  NORMAL
..................................................................
TEMPERATURE (F)
 YESTERDAY
  MAXIMUM         54    153 PM  67    2007  42     12       37
  MINIMUM         41    226 AM  16    2011  28     13       30
  AVERAGE         48                        35     13       34

PRECIPITATION (IN)
  YESTERDAY        0.00          0.22 1982   0.03  -0.03     0.01
  MONTH TO DATE    0.00                      0.09  -0.09     0.17
  SINCE OCT 1      3.12                      1.83   1.29     1.20
  SINCE JAN 1      8.74                      7.71   1.03     4.55

SNOWFALL (IN)
  YESTERDAY        0.0
  SNOW DEPTH       0

DEGREE DAYS
 HEATING
  YESTERDAY       17                        30    -13       31
  MONTH TO DATE   69                        88    -19      104
  SINCE DEC 1     69                        88    -19      104
  SINCE JUL 1   1015                      1317   -302     1206

 COOLING
  YESTERDAY        0                         0      0        0
  MONTH TO DATE    0                         0      0        0
  SINCE DEC 1      0                         0      0        0
  SINCE JAN 1    778                       710     68     1122
..................................................................


WIND (MPH)
  RESULTANT WIND SPEED  15   RESULTANT WIND DIRECTION  SW (230)
  HIGHEST WIND SPEED    30   HIGHEST WIND DIRECTION    SW (230)
  HIGHEST GUST SPEED    39   HIGHEST GUST DIRECTION    SW (230)


SKY COVER
  POSSIBLE SUNSHINE  MM
  AVERAGE SKY COVER 0.1


WEATHER CONDITIONS
 THE FOLLOWING WEATHER WAS RECORDED YESTERDAY.
  NO SIGNIFICANT WEATHER WAS OBSERVED.


RELATIVE HUMIDITY (PERCENT)
 HIGHEST    76
 LOWEST     54
 AVERAGE    65

..........................................................


THE PASCO WA CLIMATE NORMALS FOR TODAY
                         NORMAL    RECORD    YEAR
 MAXIMUM TEMPERATURE (F)   42        66      2007
 MINIMUM TEMPERATURE (F)   28         7      2013


SUNRISE AND SUNSET
DECEMBER  4 2016......SUNRISE   723 AM PST   SUNSET   411 PM PST
DECEMBER  5 2016......SUNRISE   724 AM PST   SUNSET   411 PM PST


-  INDICATES NEGATIVE NUMBERS.
R  INDICATES RECORD WAS SET OR TIED.
MM INDICATES DATA IS MISSING.
T  INDICATES TRACE AMOUNT.




$$
