000
CDUS46 KPDT 300034
CLIPSC

CLIMATE REPORT
NATIONAL WEATHER SERVICE PENDLETON OR
527 PM PDT WED JUL 29 2015


...................................

...THE PASCO WA CLIMATE SUMMARY FOR JULY 29 2015...
VALID TODAY AS OF 0500 PM LOCAL TIME.

CLIMATE NORMAL PERIOD 1981 TO 2010
CLIMATE RECORD PERIOD 1948 TO 2015


WEATHER ITEM   OBSERVED TIME   RECORD YEAR NORMAL DEPARTURE LAST
                VALUE   (LST)  VALUE       VALUE  FROM      YEAR
                                                  NORMAL
..................................................................
TEMPERATURE (F)
 TODAY
  MAXIMUM         96    353 PM 107    2014  93      3      107
  MINIMUM         48R   500 AM  54    2011  58    -10       58
                                      1989
  AVERAGE         72                        75     -3       83

PRECIPITATION (IN)
  TODAY            0.00         MM      MM   0.00   0.00     0.00
  MONTH TO DATE    T                         0.27  -0.27     0.03
  SINCE OCT 1      5.57                      8.15  -2.58     3.17
  SINCE JAN 1      3.20                      5.20  -2.00     2.59

SNOWFALL (IN)
  TODAY            0.0
  SNOW DEPTH       0

DEGREE DAYS
 HEATING
  TODAY            0                         0      0        0
  MONTH TO DATE    0                         1     -1        0
  SINCE JUN 1      1                        33    -32       18
  SINCE JUL 1      0                         1     -1        0

 COOLING
  TODAY            7                        10     -3       18
  MONTH TO DATE  365                       247    118      400
  SINCE JUN 1    681                       356    325      511
  SINCE JAN 1    763                       389    374      545
..................................................................


WIND (MPH)
  RESULTANT WIND SPEED   3   RESULTANT WIND DIRECTION  NE (60)
  HIGHEST WIND SPEED     9   HIGHEST WIND DIRECTION    NE (40)
  HIGHEST GUST SPEED    17   HIGHEST GUST DIRECTION    NE (30)


SKY COVER
  POSSIBLE SUNSHINE  MM
  AVERAGE SKY COVER 0.0


WEATHER CONDITIONS
 THE FOLLOWING WEATHER WAS RECORDED TODAY.
  NO SIGNIFICANT WEATHER WAS OBSERVED.


RELATIVE HUMIDITY (PERCENT)
 HIGHEST    86
 LOWEST     14
 AVERAGE    50

..........................................................


THE PASCO WA CLIMATE NORMALS FOR TOMORROW
                         NORMAL    RECORD    YEAR
 MAXIMUM TEMPERATURE (F)   93       107      2003
 MINIMUM TEMPERATURE (F)   58        53      2001


SUNRISE AND SUNSET
JULY 29 2015..........SUNRISE   534 AM PDT   SUNSET   831 PM PDT
JULY 30 2015..........SUNRISE   536 AM PDT   SUNSET   830 PM PDT


-  INDICATES NEGATIVE NUMBERS.
R  INDICATES RECORD WAS SET OR TIED.
MM INDICATES DATA IS MISSING.
T  INDICATES TRACE AMOUNT.




$$
