000
CDUS46 KPDT 280904
CLIPSC

CLIMATE REPORT
NATIONAL WEATHER SERVICE PENDLETON OR
200 AM PDT FRI JUL 28 2017


...................................

...THE PASCO WA CLIMATE SUMMARY FOR JULY 27 2017...

CLIMATE NORMAL PERIOD 1981 TO 2010
CLIMATE RECORD PERIOD 1948 TO 2017


WEATHER ITEM   OBSERVED TIME   RECORD YEAR NORMAL DEPARTURE LAST
                VALUE   (LST)  VALUE       VALUE  FROM      YEAR
                                                  NORMAL
..................................................................
TEMPERATURE (F)
 YESTERDAY
  MAXIMUM         97    330 PM 115    1939  93      4       98
  MINIMUM         69   1125 PM  48    1929  57     12       64
                                      1919
                                      1915
  AVERAGE         83                        75      8       81

PRECIPITATION (IN)
  YESTERDAY        0.00          0.40 1940   0.00   0.00     0.00
  MONTH TO DATE    T                         0.26  -0.26     0.33
  SINCE OCT 1      9.94                      8.14   1.80     8.10
  SINCE JAN 1      6.17                      5.19   0.98     5.34

SNOWFALL (IN)
  YESTERDAY        0.0
  SNOW DEPTH       0

DEGREE DAYS
 HEATING
  YESTERDAY        0                         0      0        0
  MONTH TO DATE    0                         1     -1        0
  SINCE JUN 1     26                        33     -7       30
  SINCE JUL 1      0                         1     -1        0

 COOLING
  YESTERDAY       18                        10      8       16
  MONTH TO DATE  316                       227     89      215
  SINCE JUN 1    462                       336    126      391
  SINCE JAN 1    511                       369    142      424
..................................................................


WIND (MPH)
  RESULTANT WIND SPEED   8   RESULTANT WIND DIRECTION  SW (210)
  HIGHEST WIND SPEED    18   HIGHEST WIND DIRECTION    SW (220)
  HIGHEST GUST SPEED    24   HIGHEST GUST DIRECTION    SW (240)


SKY COVER
  POSSIBLE SUNSHINE  MM
  AVERAGE SKY COVER 0.0


WEATHER CONDITIONS
 THE FOLLOWING WEATHER WAS RECORDED YESTERDAY.
  NO SIGNIFICANT WEATHER WAS OBSERVED.


RELATIVE HUMIDITY (PERCENT)
 HIGHEST    53
 LOWEST     13
 AVERAGE    33

..........................................................


THE PASCO WA CLIMATE NORMALS FOR TODAY
                         NORMAL    RECORD    YEAR
 MAXIMUM TEMPERATURE (F)   93       109      1934
 MINIMUM TEMPERATURE (F)   58        46      1926
                                             1917


SUNRISE AND SUNSET
JULY 28 2017..........SUNRISE   534 AM PDT   SUNSET   831 PM PDT
JULY 29 2017..........SUNRISE   535 AM PDT   SUNSET   830 PM PDT


-  INDICATES NEGATIVE NUMBERS.
R  INDICATES RECORD WAS SET OR TIED.
MM INDICATES DATA IS MISSING.
T  INDICATES TRACE AMOUNT.




$$
