000
CDUS46 KPDT 290910
CLIPSC

CLIMATE REPORT
NATIONAL WEATHER SERVICE PENDLETON OR
157 AM PDT FRI AUG 29 2014


...................................

...THE PASCO WA CLIMATE SUMMARY FOR AUGUST 28 2014...

CLIMATE NORMAL PERIOD 1981 TO 2010
CLIMATE RECORD PERIOD 1948 TO 2014


WEATHER ITEM   OBSERVED TIME   RECORD YEAR NORMAL DEPARTURE LAST
                VALUE   (LST)  VALUE       VALUE  FROM      YEAR
                                                  NORMAL
..................................................................
TEMPERATURE (F)
 YESTERDAY
  MAXIMUM         91    539 PM 103    1999  87      4       92
  MINIMUM         60    535 AM  44    2007  53      7       58
  AVERAGE         76                        70      6       75

PRECIPITATION (IN)
  YESTERDAY        0.00          0.07 1977   0.01  -0.01     0.00
  MONTH TO DATE    0.47                      0.23   0.24     0.35
  SINCE OCT 1      3.64                      8.39  -4.75     6.65
  SINCE JAN 1      3.06                      5.44  -2.38     3.29

SNOWFALL (IN)
  YESTERDAY        0.0
  SNOW DEPTH       0

DEGREE DAYS
 HEATING
  YESTERDAY        0                         1     -1        0
  MONTH TO DATE    0                         3     -3        0
  SINCE JUN 1     18                        40    -22       19
  SINCE JUL 1      0                         8     -8        0

 COOLING
  YESTERDAY       11                         6      5       10
  MONTH TO DATE  322                       232     90      293
  SINCE JUN 1    869                       609    260      788
  SINCE JAN 1    903                       642    261      834
..................................................................


WIND (MPH)
  RESULTANT WIND SPEED   1   RESULTANT WIND DIRECTION   W (250)
  HIGHEST WIND SPEED    17   HIGHEST WIND DIRECTION     S (190)
  HIGHEST GUST SPEED    20   HIGHEST GUST DIRECTION     S (200)


SKY COVER
  POSSIBLE SUNSHINE  MM
  AVERAGE SKY COVER 0.0


WEATHER CONDITIONS
 THE FOLLOWING WEATHER WAS RECORDED YESTERDAY.
  NO SIGNIFICANT WEATHER WAS OBSERVED.


RELATIVE HUMIDITY (PERCENT)
 HIGHEST    90
 LOWEST     17
 AVERAGE    54

..........................................................


THE PASCO WA CLIMATE NORMALS FOR TODAY
                         NORMAL    RECORD    YEAR
 MAXIMUM TEMPERATURE (F)   87       103      1998
 MINIMUM TEMPERATURE (F)   52        45      2010


SUNRISE AND SUNSET
AUGUST 29 2014........SUNRISE   613 AM PDT   SUNSET   741 PM PDT
AUGUST 30 2014........SUNRISE   614 AM PDT   SUNSET   739 PM PDT


-  INDICATES NEGATIVE NUMBERS.
R  INDICATES RECORD WAS SET OR TIED.
MM INDICATES DATA IS MISSING.
T  INDICATES TRACE AMOUNT.




$$
