000
CDUS46 KPDT 250909 RRA
CLIPSC

CLIMATE REPORT
NATIONAL WEATHER SERVICE PENDLETON OR
144 AM PDT TUE APR 25 2017


...................................

...THE PASCO WA CLIMATE SUMMARY FOR APRIL 24 2017...

CLIMATE NORMAL PERIOD 1981 TO 2010
CLIMATE RECORD PERIOD 1948 TO 2017


WEATHER ITEM   OBSERVED TIME   RECORD YEAR NORMAL DEPARTURE LAST
                VALUE   (LST)  VALUE       VALUE  FROM      YEAR
                                                  NORMAL
..................................................................
TEMPERATURE (F)
 YESTERDAY
  MAXIMUM         61    135 PM  83    2012  70     -9       70
                                      1999
  MINIMUM         48    628 AM  26    2002  39      9       46
  AVERAGE         55                        54      1       58

PRECIPITATION (IN)
  YESTERDAY        0.06          0.27 1974   0.02   0.04      T
  MONTH TO DATE    0.91                      0.54   0.37     0.28
  SINCE OCT 1      8.68                      6.36   2.32     5.79
  SINCE JAN 1      4.91                      3.41   1.50     3.03

SNOWFALL (IN)
  YESTERDAY        0.0
  SNOW DEPTH       0

DEGREE DAYS
 HEATING
  YESTERDAY       10                        11     -1        7
  MONTH TO DATE  302                       304     -2      143
  SINCE MAR 1    835                       882    -47      672
  SINCE JUL 1   5157                      4765    392     4190

 COOLING
  YESTERDAY        0                         0      0        0
  MONTH TO DATE    0                         0      0        4
  SINCE MAR 1      0                         0      0        4
  SINCE JAN 1      0                         0      0        4
..................................................................


WIND (MPH)
  RESULTANT WIND SPEED   9   RESULTANT WIND DIRECTION  SW (210)
  HIGHEST WIND SPEED    17   HIGHEST WIND DIRECTION    SW (230)
  HIGHEST GUST SPEED    22   HIGHEST GUST DIRECTION    SW (220)


SKY COVER
  POSSIBLE SUNSHINE  MM
  AVERAGE SKY COVER 0.9


WEATHER CONDITIONS
 THE FOLLOWING WEATHER WAS RECORDED YESTERDAY.
  LIGHT RAIN


RELATIVE HUMIDITY (PERCENT)
 HIGHEST    80
 LOWEST     46
 AVERAGE    63

..........................................................


THE PASCO WA CLIMATE NORMALS FOR TODAY
                         NORMAL    RECORD    YEAR
 MAXIMUM TEMPERATURE (F)   70        86      2001
 MINIMUM TEMPERATURE (F)   39        31      2009


SUNRISE AND SUNSET
APRIL 25 2017.........SUNRISE   552 AM PDT   SUNSET   758 PM PDT
APRIL 26 2017.........SUNRISE   550 AM PDT   SUNSET   759 PM PDT


-  INDICATES NEGATIVE NUMBERS.
R  INDICATES RECORD WAS SET OR TIED.
MM INDICATES DATA IS MISSING.
T  INDICATES TRACE AMOUNT.




$$
