000
CDUS46 KPDT 251222
CLIPSC

CLIMATE REPORT
NATIONAL WEATHER SERVICE PENDLETON OR
420 AM PST SUN JAN 25 2015


...................................

...THE PASCO WA CLIMATE SUMMARY FOR JANUARY 24 2015...

CLIMATE NORMAL PERIOD 1981 TO 2010
CLIMATE RECORD PERIOD 1948 TO 2015


WEATHER ITEM   OBSERVED TIME   RECORD YEAR NORMAL DEPARTURE LAST
                VALUE   (LST)  VALUE       VALUE  FROM      YEAR
                                                  NORMAL
..................................................................
TEMPERATURE (F)
 YESTERDAY
  MAXIMUM         46    254 PM  58    1992  43      3       34
  MINIMUM         31   1101 PM   4    2008  29      2       31
  AVERAGE         39                        36      3       33

PRECIPITATION (IN)
  YESTERDAY        0.00          0.85 1975   0.03  -0.03      T
  MONTH TO DATE    0.69                      1.02  -0.33     0.11
  SINCE OCT 1      3.06                      3.97  -0.91     0.69
  SINCE JAN 1      0.69                      1.02  -0.33     0.11

SNOWFALL (IN)
  YESTERDAY        0.0
  SNOW DEPTH       0

DEGREE DAYS
 HEATING
  YESTERDAY       26                        29     -3       32
  MONTH TO DATE  717                       735    -18      694
  SINCE DEC 1   1595                      1722   -127     1846
  SINCE JUL 1   2660                      2951   -291     3196

 COOLING
  YESTERDAY        0                         0      0        0
  MONTH TO DATE    0                         0      0        0
  SINCE DEC 1      0                         0      0        0
  SINCE JAN 1      0                         0      0        0
..................................................................


WIND (MPH)
  RESULTANT WIND SPEED  MM   RESULTANT WIND DIRECTION  MM
  HIGHEST WIND SPEED    13   HIGHEST WIND DIRECTION     N (360)
  HIGHEST GUST SPEED    14   HIGHEST GUST DIRECTION     N (350)


SKY COVER
  POSSIBLE SUNSHINE  MM
  AVERAGE SKY COVER  MM


WEATHER CONDITIONS
THE FOLLOWING WEATHER WAS RECORDED YESTERDAY.
  FOG


RELATIVE HUMIDITY (PERCENT)
 HIGHEST    MM
 LOWEST     MM
 AVERAGE    MM

..........................................................


THE PASCO WA CLIMATE NORMALS FOR TODAY
                         NORMAL    RECORD    YEAR
 MAXIMUM TEMPERATURE (F)   43        57      1992
 MINIMUM TEMPERATURE (F)   29         8      2008


SUNRISE AND SUNSET
JANUARY 25 2015.......SUNRISE   727 AM PST   SUNSET   451 PM PST
JANUARY 26 2015.......SUNRISE   726 AM PST   SUNSET   452 PM PST


-  INDICATES NEGATIVE NUMBERS.
R  INDICATES RECORD WAS SET OR TIED.
MM INDICATES DATA IS MISSING.
T  INDICATES TRACE AMOUNT.

$$
