000
CDUS46 KPDT 010028
CLIPSC

CLIMATE REPORT
NATIONAL WEATHER SERVICE PENDLETON OR
526 PM PDT SAT APR 30 2016


...................................

...THE YAKIMA WA CLIMATE SUMMARY FOR APRIL 30 2016...
VALID TODAY AS OF 0500 PM LOCAL TIME.

CLIMATE NORMAL PERIOD 1981 TO 2010
CLIMATE RECORD PERIOD 1946 TO 2016


WEATHER ITEM   OBSERVED TIME   RECORD YEAR NORMAL DEPARTURE LAST
                VALUE   (LST)  VALUE       VALUE  FROM      YEAR
                                                  NORMAL
..................................................................
TEMPERATURE (F)
 TODAY
  MAXIMUM         77    333 PM  87    1998  68      9       73
                                      1981
                                      1957
  MINIMUM         54    526 AM  25    1986  37     17       34
  AVERAGE         66                        52     14       54

PRECIPITATION (IN)
  TODAY            0.00          0.44 1987   0.02  -0.02     0.00
  MONTH TO DATE    0.27                      0.55  -0.28      T
  SINCE OCT 1      9.46                      6.21   3.25     4.52
  SINCE JAN 1      4.81                      3.09   1.72     2.42

SNOWFALL (IN)
  TODAY            0.0           0.0  2002   0.0    0.0      0.0
                                      2001
                                      2000
  MONTH TO DATE    0.0                       T      0.0      0.0
  SINCE JAN 1     12.5                       8.6    3.9      1.6
  SINCE JUL 1     31.4                      21.6    9.8      1.6
  SNOW DEPTH       0

DEGREE DAYS
 HEATING
  TODAY            0                        13    -13       11
  MONTH TO DATE  195                       477   -282      385
  SINCE MAR 1    754                      1155   -401      839
  SINCE JUL 1   4504                      5682  -1178     4421

 COOLING
  TODAY            1                         0      1        0
  MONTH TO DATE    7                         1      6        0
  SINCE MAR 1      7                         1      6        0
  SINCE JAN 1      7                         1      6        0
..................................................................


WIND (MPH)
  HIGHEST WIND SPEED    15   HIGHEST WIND DIRECTION    NE (40)
  HIGHEST GUST SPEED    19   HIGHEST GUST DIRECTION     N (20)
  AVERAGE WIND SPEED     7.3


SKY COVER
  POSSIBLE SUNSHINE  MM
  AVERAGE SKY COVER 0.6


WEATHER CONDITIONS
 THE FOLLOWING WEATHER WAS RECORDED TODAY.
  NO SIGNIFICANT WEATHER WAS OBSERVED.


RELATIVE HUMIDITY (PERCENT)
 HIGHEST    45           100 AM
 LOWEST     16           300 PM
 AVERAGE    31

..........................................................


THE YAKIMA WA CLIMATE NORMALS FOR TOMORROW
                         NORMAL    RECORD    YEAR
 MAXIMUM TEMPERATURE (F)   68        88      1998
 MINIMUM TEMPERATURE (F)   38        25      1954


SUNRISE AND SUNSET
APRIL 30 2016.........SUNRISE   548 AM PDT   SUNSET   811 PM PDT
MAY  1 2016...........SUNRISE   547 AM PDT   SUNSET   812 PM PDT


-  INDICATES NEGATIVE NUMBERS.
R  INDICATES RECORD WAS SET OR TIED.
MM INDICATES DATA IS MISSING.
T  INDICATES TRACE AMOUNT.




$$
