000
CDUS41 KALY 310627
CLIPSF


CLIMATE REPORT
NATIONAL WEATHER SERVICE ALBANY NY
226 AM EDT THU JUL 31 2014


...................................

...THE PITTSFIELD MA CLIMATE SUMMARY FOR JULY 30 2014...

CLIMATE NORMAL PERIOD 1981 TO 2010
CLIMATE RECORD PERIOD 9999 TO 9999


WEATHER ITEM   OBSERVED TIME   NORMAL DEPARTURE LAST
                VALUE   (LST)  VALUE  FROM      YEAR
                                      NORMAL
......................................................
TEMPERATURE (F)
 YESTERDAY
  MAXIMUM         72    433 PM  79     -7       75
  MINIMUM         54   1149 PM  57     -3       53
  AVERAGE         63            68     -5       64

PRECIPITATION (IN)
  YESTERDAY        0.00          0.18  -0.18     0.00
  MONTH TO DATE    9.22          4.07   5.15     1.31
  SINCE JUN 1     14.57          8.47   6.10     8.68
  SINCE JAN 1     28.57         25.51   3.06    23.27

DEGREE DAYS
 HEATING
  YESTERDAY        2             1      1        1
  MONTH TO DATE   16            30    -14        8
  SINCE JUN 1     74           131    -57      116
  SINCE JUL 1     16            30    -14        8

 COOLING
  YESTERDAY        0             4     -4        0
  MONTH TO DATE  114           109      5      225
  SINCE JUN 1    157           165     -8      311
  SINCE JAN 1    163           178    -15      336
......................................................


WIND (MPH)
  HIGHEST WIND SPEED    12   HIGHEST WIND DIRECTION     W (280)
  HIGHEST GUST SPEED    14   HIGHEST GUST DIRECTION     W (260)
  AVERAGE WIND SPEED     2.9


SKY COVER
  AVERAGE SKY COVER 0.5



RELATIVE HUMIDITY (PERCENT)
 HIGHEST   100
 LOWEST     41
 AVERAGE    71

..........................................................


THE PITTSFIELD MA CLIMATE NORMALS FOR TODAY
                         NORMAL
 MAXIMUM TEMPERATURE (F)   79
 MINIMUM TEMPERATURE (F)   57


SUNRISE AND SUNSET
JULY 31 2014..........SUNRISE   544 AM EDT   SUNSET   814 PM EDT
AUGUST  1 2014........SUNRISE   545 AM EDT   SUNSET   813 PM EDT


-  INDICATES NEGATIVE NUMBERS.
R  INDICATES RECORD WAS SET OR TIED.
MM INDICATES DATA IS MISSING.
T  INDICATES TRACE AMOUNT.




$$
