201
CDUS41 KALY 240621
CLIPSF


CLIMATE REPORT
NATIONAL WEATHER SERVICE ALBANY NY
220 AM EDT MON JUL 24 2017


...................................

...THE PITTSFIELD MA CLIMATE SUMMARY FOR JULY 23 2017...

CLIMATE NORMAL PERIOD 1981 TO 2010
CLIMATE RECORD PERIOD 9999 TO 9999


WEATHER ITEM   OBSERVED TIME   NORMAL DEPARTURE LAST
                VALUE   (LST)  VALUE  FROM      YEAR
                                      NORMAL
......................................................
TEMPERATURE (F)
 YESTERDAY
  MAXIMUM         78    213 PM  79     -1       88
  MINIMUM         58    224 AM  57      1       62
  AVERAGE         68            68      0       75

PRECIPITATION (IN)
  YESTERDAY        0.00          0.14  -0.14      T
  MONTH TO DATE    2.45          2.97  -0.52     2.13
  SINCE JUN 1      6.45          7.37  -0.92     4.63
  SINCE JAN 1     25.23         24.41   0.82    18.73

DEGREE DAYS
 HEATING
  YESTERDAY        0             1     -1        0
  MONTH TO DATE    5            23    -18       11
  SINCE JUN 1    111           124    -13       87
  SINCE JUL 1      5            23    -18       11

 COOLING
  YESTERDAY        3             4     -1       10
  MONTH TO DATE  105            81     24      106
  SINCE JUN 1    183           137     46      145
  SINCE JAN 1    197           150     47      186
......................................................


WIND (MPH)
  HIGHEST WIND SPEED    14   HIGHEST WIND DIRECTION    SE (140)
  HIGHEST GUST SPEED    18   HIGHEST GUST DIRECTION    SE (140)
  AVERAGE WIND SPEED     4.9


SKY COVER
  AVERAGE SKY COVER 0.5



RELATIVE HUMIDITY (PERCENT)
 HIGHEST   100
 LOWEST     54
 AVERAGE    77

..........................................................


THE PITTSFIELD MA CLIMATE NORMALS FOR TODAY
                         NORMAL
 MAXIMUM TEMPERATURE (F)   79
 MINIMUM TEMPERATURE (F)   57


SUNRISE AND SUNSET
JULY 24 2017..........SUNRISE   538 AM EDT   SUNSET   821 PM EDT
JULY 25 2017..........SUNRISE   539 AM EDT   SUNSET   820 PM EDT


-  INDICATES NEGATIVE NUMBERS.
R  INDICATES RECORD WAS SET OR TIED.
MM INDICATES DATA IS MISSING.
T  INDICATES TRACE AMOUNT.




$$
