000
CDUS41 KALY 300623
CLIPSF


CLIMATE REPORT
NATIONAL WEATHER SERVICE ALBANY NY
222 AM EDT TUE SEP 30 2014


...................................

...THE PITTSFIELD MA CLIMATE SUMMARY FOR SEPTEMBER 29 2014...

CLIMATE NORMAL PERIOD 1981 TO 2010
CLIMATE RECORD PERIOD 9999 TO 9999


WEATHER ITEM   OBSERVED TIME   NORMAL DEPARTURE LAST
                VALUE   (LST)  VALUE  FROM      YEAR
                                      NORMAL
......................................................
TEMPERATURE (F)
 YESTERDAY
  MAXIMUM         73   1244 PM  64      9       72
  MINIMUM         50    635 AM  43      7       41
  AVERAGE         62            53      9       57

PRECIPITATION (IN)
  YESTERDAY        0.00          0.18  -0.18      T
  MONTH TO DATE    1.41          3.79  -2.38     3.69
  SINCE SEP 1      1.41          3.79  -2.38     3.69
  SINCE JAN 1     32.33         33.57  -1.24    31.79

DEGREE DAYS
 HEATING
  YESTERDAY        3            12     -9        8
  MONTH TO DATE  199           202     -3      243
  SINCE SEP 1    199           202     -3      243
  SINCE JUL 1    272           280     -8      299

 COOLING
  YESTERDAY        0             0      0        0
  MONTH TO DATE   34            16     18       33
  SINCE SEP 1     34            16     18       33
  SINCE JAN 1    233           286    -53      433
......................................................


WIND (MPH)
  HIGHEST WIND SPEED     8   HIGHEST WIND DIRECTION     E (80)
  HIGHEST GUST SPEED    11   HIGHEST GUST DIRECTION     E (80)
  AVERAGE WIND SPEED     1.2


SKY COVER
  AVERAGE SKY COVER 0.3



RELATIVE HUMIDITY (PERCENT)
 HIGHEST   100
 LOWEST     61
 AVERAGE    81

..........................................................


THE PITTSFIELD MA CLIMATE NORMALS FOR TODAY
                         NORMAL
 MAXIMUM TEMPERATURE (F)   63
 MINIMUM TEMPERATURE (F)   43


SUNRISE AND SUNSET
SEPTEMBER 30 2014.....SUNRISE   649 AM EDT   SUNSET   636 PM EDT
OCTOBER  1 2014.......SUNRISE   650 AM EDT   SUNSET   635 PM EDT


-  INDICATES NEGATIVE NUMBERS.
R  INDICATES RECORD WAS SET OR TIED.
MM INDICATES DATA IS MISSING.
T  INDICATES TRACE AMOUNT.




$$
