000
CDUS41 KALY 130624
CLIPSF


CLIMATE REPORT
NATIONAL WEATHER SERVICE ALBANY NY
224 AM EDT SUN JUL 13 2014


...................................

...THE PITTSFIELD MA CLIMATE SUMMARY FOR JULY 12 2014...

CLIMATE NORMAL PERIOD 1981 TO 2010
CLIMATE RECORD PERIOD 9999 TO 9999


WEATHER ITEM   OBSERVED TIME   NORMAL DEPARTURE LAST
                VALUE   (LST)  VALUE  FROM      YEAR
                                      NORMAL
......................................................
TEMPERATURE (F)
 YESTERDAY
  MAXIMUM         82    305 PM  79      3       79
  MINIMUM         51    506 AM  56     -5       59
  AVERAGE         67            68     -1       69

PRECIPITATION (IN)
  YESTERDAY        0.00          0.13  -0.13     0.00
  MONTH TO DATE    2.52          1.42   1.10     0.45
  SINCE JUN 1      7.87          5.82   2.05     7.82
  SINCE JAN 1     21.87         22.86  -0.99    22.41

DEGREE DAYS
 HEATING
  YESTERDAY        0             1     -1        0
  MONTH TO DATE    3            12     -9        0
  SINCE JUN 1     61           113    -52      108
  SINCE JUL 1      3            12     -9        0

 COOLING
  YESTERDAY        2             4     -2        4
  MONTH TO DATE   59            41     18      115
  SINCE JUN 1    102            97      5      201
  SINCE JAN 1    108           110     -2      226
......................................................


WIND (MPH)
  HIGHEST WIND SPEED    15   HIGHEST WIND DIRECTION     W (250)
  HIGHEST GUST SPEED    19   HIGHEST GUST DIRECTION     S (190)
  AVERAGE WIND SPEED     5.5


SKY COVER
  AVERAGE SKY COVER 0.2



RELATIVE HUMIDITY (PERCENT)
 HIGHEST   100
 LOWEST     42
 AVERAGE    71

..........................................................


THE PITTSFIELD MA CLIMATE NORMALS FOR TODAY
                         NORMAL
 MAXIMUM TEMPERATURE (F)   79
 MINIMUM TEMPERATURE (F)   56


SUNRISE AND SUNSET
JULY 13 2014..........SUNRISE   528 AM EDT   SUNSET   830 PM EDT
JULY 14 2014..........SUNRISE   529 AM EDT   SUNSET   829 PM EDT


-  INDICATES NEGATIVE NUMBERS.
R  INDICATES RECORD WAS SET OR TIED.
MM INDICATES DATA IS MISSING.
T  INDICATES TRACE AMOUNT.




$$
