000
CDUS41 KALY 300629
CLIPSF


CLIMATE REPORT
NATIONAL WEATHER SERVICE ALBANY NY
228 AM EDT THU MAR 30 2017


...................................

...THE PITTSFIELD MA CLIMATE SUMMARY FOR MARCH 29 2017...

CLIMATE NORMAL PERIOD 1981 TO 2010
CLIMATE RECORD PERIOD 9999 TO 9999


WEATHER ITEM   OBSERVED TIME   NORMAL DEPARTURE LAST
                VALUE   (LST)  VALUE  FROM      YEAR
                                      NORMAL
......................................................
TEMPERATURE (F)
 YESTERDAY
  MAXIMUM         43   1230 PM  47     -4       41
  MINIMUM         30   1159 PM  26      4       29
  AVERAGE         37            37      0       35

PRECIPITATION (IN)
  YESTERDAY        0.00          0.14  -0.14     0.01
  MONTH TO DATE    2.12          3.09  -0.97     2.26
  SINCE MAR 1      2.12          3.09  -0.97     2.26
  SINCE JAN 1      7.70          8.69  -0.99     7.63

DEGREE DAYS
 HEATING
  YESTERDAY       28            28      0       30
  MONTH TO DATE 1071           971    100      763
  SINCE MAR 1   1071           971    100      763
  SINCE JUL 1   5773          6351   -578     5130

 COOLING
  YESTERDAY        0             0      0        0
  MONTH TO DATE    0             0      0        0
  SINCE MAR 1      0             0      0        0
  SINCE JAN 1      0             0      0        0
......................................................


WIND (MPH)
  HIGHEST WIND SPEED    20   HIGHEST WIND DIRECTION    NW (320)
  HIGHEST GUST SPEED    27   HIGHEST GUST DIRECTION     N (350)
  AVERAGE WIND SPEED     8.6


SKY COVER
  AVERAGE SKY COVER 0.8



RELATIVE HUMIDITY (PERCENT)
 HIGHEST    92
 LOWEST     47
 AVERAGE    70

..........................................................


THE PITTSFIELD MA CLIMATE NORMALS FOR TODAY
                         NORMAL
 MAXIMUM TEMPERATURE (F)   47
 MINIMUM TEMPERATURE (F)   27


SUNRISE AND SUNSET
MARCH 30 2017.........SUNRISE   639 AM EDT   SUNSET   717 PM EDT
MARCH 31 2017.........SUNRISE   637 AM EDT   SUNSET   718 PM EDT


-  INDICATES NEGATIVE NUMBERS.
R  INDICATES RECORD WAS SET OR TIED.
MM INDICATES DATA IS MISSING.
T  INDICATES TRACE AMOUNT.




$$
